116.202.128.228 - - [27/Nov/2022:13:01:34 -0800] "GET /TC%20Health%20Sources/navigation_bars/?C=S;O=A HTTP/1.1" 200 415 "-" "Mozilla/5.0 (compatible; BLEXBot/1.0; +http://webmeup-crawler.com/)" "tchealthsources.com"
116.202.128.228 - - [27/Nov/2022:13:01:38 -0800] "GET /TC%20Health%20Sources/sitebuilder/?C=D;O=A HTTP/1.1" 200 446 "-" "Mozilla/5.0 (compatible; BLEXBot/1.0; +http://webmeup-crawler.com/)" "tchealthsources.com"
116.202.128.228 - - [27/Nov/2022:13:01:43 -0800] "GET /TC%20Health%20Sources/sitebuilder/?C=M;O=A HTTP/1.1" 200 450 "-" "Mozilla/5.0 (compatible; BLEXBot/1.0; +http://webmeup-crawler.com/)" "tchealthsources.com"
116.202.128.228 - - [27/Nov/2022:13:01:50 -0800] "GET /TC%20Health%20Sources/sitebuilder/?C=N;O=D HTTP/1.1" 200 448 "-" "Mozilla/5.0 (compatible; BLEXBot/1.0; +http://webmeup-crawler.com/)" "tchealthsources.com"
116.202.128.228 - - [27/Nov/2022:13:01:55 -0800] "GET /TC%20Health%20Sources/sitebuilder/?C=S;O=A HTTP/1.1" 200 446 "-" "Mozilla/5.0 (compatible; BLEXBot/1.0; +http://webmeup-crawler.com/)" "tchealthsources.com"
116.202.128.228 - - [27/Nov/2022:13:02:37 -0800] "GET /TC%20Health%20Sources/sitebuilder/images/ HTTP/1.1" 200 2382 "-" "Mozilla/5.0 (compatible; BLEXBot/1.0; +http://webmeup-crawler.com/)" "tchealthsources.com"
116.202.128.228 - - [27/Nov/2022:13:02:44 -0800] "GET /TC%20Health%20Sources/sitebuilder/scripts/ HTTP/1.1" 200 399 "-" "Mozilla/5.0 (compatible; BLEXBot/1.0; +http://webmeup-crawler.com/)" "tchealthsources.com"
116.202.128.228 - - [27/Nov/2022:13:02:50 -0800] "GET /TC%20Health%20Sources/sitebuilder/server_meta.txt HTTP/1.1" 200 927 "-" "Mozilla/5.0 (compatible; BLEXBot/1.0; +http://webmeup-crawler.com/)" "tchealthsources.com"
116.202.128.228 - - [27/Nov/2022:13:02:55 -0800] "GET /TC%20Health%20Sources/tmp/?C=D;O=A HTTP/1.1" 200 386 "-" "Mozilla/5.0 (compatible; BLEXBot/1.0; +http://webmeup-crawler.com/)" "tchealthsources.com"
116.202.128.228 - - [27/Nov/2022:13:03:00 -0800] "GET /TC%20Health%20Sources/tmp/?C=M;O=A HTTP/1.1" 200 387 "-" "Mozilla/5.0 (compatible; BLEXBot/1.0; +http://webmeup-crawler.com/)" "tchealthsources.com"
116.202.128.228 - - [27/Nov/2022:13:03:06 -0800] "GET /TC%20Health%20Sources/tmp/?C=N;O=D HTTP/1.1" 200 384 "-" "Mozilla/5.0 (compatible; BLEXBot/1.0; +http://webmeup-crawler.com/)" "tchealthsources.com"
116.202.128.228 - - [27/Nov/2022:13:03:11 -0800] "GET /TC%20Health%20Sources/tmp/?C=S;O=A HTTP/1.1" 200 387 "-" "Mozilla/5.0 (compatible; BLEXBot/1.0; +http://webmeup-crawler.com/)" "tchealthsources.com"
116.202.128.228 - - [27/Nov/2022:13:03:16 -0800] "GET /TC%20Health%20Sources/yahoo_site_admin/?C=D;O=A HTTP/1.1" 200 429 "-" "Mozilla/5.0 (compatible; BLEXBot/1.0; +http://webmeup-crawler.com/)" "tchealthsources.com"
116.202.128.228 - - [27/Nov/2022:13:03:21 -0800] "GET /TC%20Health%20Sources/yahoo_site_admin/?C=M;O=A HTTP/1.1" 200 429 "-" "Mozilla/5.0 (compatible; BLEXBot/1.0; +http://webmeup-crawler.com/)" "tchealthsources.com"
116.202.128.228 - - [27/Nov/2022:13:03:25 -0800] "GET /TC%20Health%20Sources/yahoo_site_admin/?C=N;O=D HTTP/1.1" 200 427 "-" "Mozilla/5.0 (compatible; BLEXBot/1.0; +http://webmeup-crawler.com/)" "tchealthsources.com"
116.202.128.228 - - [27/Nov/2022:13:03:30 -0800] "GET /TC%20Health%20Sources/yahoo_site_admin/?C=S;O=A HTTP/1.1" 200 430 "-" "Mozilla/5.0 (compatible; BLEXBot/1.0; +http://webmeup-crawler.com/)" "tchealthsources.com"
116.202.128.228 - - [27/Nov/2022:13:03:36 -0800] "GET /TC%20Health%20Sources/yahoo_site_admin/assets/ HTTP/1.1" 200 389 "-" "Mozilla/5.0 (compatible; BLEXBot/1.0; +http://webmeup-crawler.com/)" "tchealthsources.com"
116.202.128.228 - - [27/Nov/2022:13:03:41 -0800] "GET /TC%20Health%20Sources/yahoo_site_admin/cache/ HTTP/1.1" 200 350 "-" "Mozilla/5.0 (compatible; BLEXBot/1.0; +http://webmeup-crawler.com/)" "tchealthsources.com"
116.202.128.228 - - [27/Nov/2022:13:03:44 -0800] "GET /TC%20Health%20Sources/yahoo_site_admin/credentials/ HTTP/1.1" 200 399 "-" "Mozilla/5.0 (compatible; BLEXBot/1.0; +http://webmeup-crawler.com/)" "tchealthsources.com"
116.202.128.228 - - [27/Nov/2022:13:03:46 -0800] "GET /TC%20Health%20Sources/yahoo_site_admin/logs/ HTTP/1.1" 200 396 "-" "Mozilla/5.0 (compatible; BLEXBot/1.0; +http://webmeup-crawler.com/)" "tchealthsources.com"
116.202.128.228 - - [27/Nov/2022:13:03:48 -0800] "GET /TC%20Health%20Sources/yahoo_site_admin1/?C=D;O=A HTTP/1.1" 200 418 "-" "Mozilla/5.0 (compatible; BLEXBot/1.0; +http://webmeup-crawler.com/)" "tchealthsources.com"
116.202.128.228 - - [27/Nov/2022:13:04:39 -0800] "GET /TC%20Health%20Sources/yahoo_site_admin1/?C=M;O=A HTTP/1.1" 200 418 "-" "Mozilla/5.0 (compatible; BLEXBot/1.0; +http://webmeup-crawler.com/)" "tchealthsources.com"
116.202.128.228 - - [27/Nov/2022:13:04:41 -0800] "GET /TC%20Health%20Sources/yahoo_site_admin1/?C=N;O=D HTTP/1.1" 200 416 "-" "Mozilla/5.0 (compatible; BLEXBot/1.0; +http://webmeup-crawler.com/)" "tchealthsources.com"
116.202.128.228 - - [27/Nov/2022:13:05:14 -0800] "GET /TC%20Health%20Sources/yahoo_site_admin1/?C=S;O=A HTTP/1.1" 200 418 "-" "Mozilla/5.0 (compatible; BLEXBot/1.0; +http://webmeup-crawler.com/)" "tchealthsources.com"
66.249.68.10 - - [27/Nov/2022:13:05:42 -0800] "GET /robots.txt HTTP/1.1" 404 88 "-" "Mozilla/5.0 (compatible; Googlebot/2.1; +http://www.google.com/bot.html)" "tchealthsources.com"
114.119.142.63 - - [27/Nov/2022:13:05:47 -0800] "GET /TC%20Health%20Sources/yahoo_site_admin1/?C=M%3BO%3DA HTTP/1.1" 200 418 "https://tchealthsources.com/TC%20Health%20Sources/yahoo_site_admin1?S=A" "Mozilla/5.0 (Linux; Android 7.0;) AppleWebKit/537.36 (KHTML, like Gecko) Mobile Safari/537.36 (compatible; PetalBot;+https://webmaster.petalsearch.com/site/petalbot)" "tchealthsources.com"
116.202.128.228 - - [27/Nov/2022:13:05:54 -0800] "GET /TC%20Health%20Sources/yahoo_site_admin1/cache/ HTTP/1.1" 200 351 "-" "Mozilla/5.0 (compatible; BLEXBot/1.0; +http://webmeup-crawler.com/)" "tchealthsources.com"
116.202.128.228 - - [27/Nov/2022:13:05:59 -0800] "GET /TC%20Health%20Sources/yahoo_site_admin1/credentials/ HTTP/1.1" 200 400 "-" "Mozilla/5.0 (compatible; BLEXBot/1.0; +http://webmeup-crawler.com/)" "tchealthsources.com"
116.202.128.228 - - [27/Nov/2022:13:06:03 -0800] "GET /Web%20DOWNLOAD%20images/?C=D;O=D HTTP/1.1" 200 440 "-" "Mozilla/5.0 (compatible; BLEXBot/1.0; +http://webmeup-crawler.com/)" "tchealthsources.com"
116.202.128.228 - - [27/Nov/2022:13:06:07 -0800] "GET /Web%20DOWNLOAD%20images/?C=M;O=D HTTP/1.1" 200 440 "-" "Mozilla/5.0 (compatible; BLEXBot/1.0; +http://webmeup-crawler.com/)" "tchealthsources.com"
116.202.128.228 - - [27/Nov/2022:13:06:12 -0800] "GET /Web%20DOWNLOAD%20images/?C=N;O=A HTTP/1.1" 200 442 "-" "Mozilla/5.0 (compatible; BLEXBot/1.0; +http://webmeup-crawler.com/)" "tchealthsources.com"
116.202.128.228 - - [27/Nov/2022:13:06:17 -0800] "GET /Web%20DOWNLOAD%20images/?C=S;O=D HTTP/1.1" 200 439 "-" "Mozilla/5.0 (compatible; BLEXBot/1.0; +http://webmeup-crawler.com/)" "tchealthsources.com"
116.202.128.228 - - [27/Nov/2022:13:06:25 -0800] "GET /_private/ HTTP/1.1" 403 170 "-" "Mozilla/5.0 (compatible; BLEXBot/1.0; +http://webmeup-crawler.com/)" "tchealthsources.com"
116.202.128.228 - - [27/Nov/2022:13:06:29 -0800] "GET /clipart/?C=D;O=D HTTP/1.1" 200 379 "-" "Mozilla/5.0 (compatible; BLEXBot/1.0; +http://webmeup-crawler.com/)" "tchealthsources.com"
116.202.128.228 - - [27/Nov/2022:13:06:34 -0800] "GET /clipart/?C=M;O=D HTTP/1.1" 200 379 "-" "Mozilla/5.0 (compatible; BLEXBot/1.0; +http://webmeup-crawler.com/)" "tchealthsources.com"
116.202.128.228 - - [27/Nov/2022:13:06:38 -0800] "GET /clipart/?C=N;O=A HTTP/1.1" 200 380 "-" "Mozilla/5.0 (compatible; BLEXBot/1.0; +http://webmeup-crawler.com/)" "tchealthsources.com"
116.202.128.228 - - [27/Nov/2022:13:06:42 -0800] "GET /clipart/?C=S;O=D HTTP/1.1" 200 379 "-" "Mozilla/5.0 (compatible; BLEXBot/1.0; +http://webmeup-crawler.com/)" "tchealthsources.com"
116.202.128.228 - - [27/Nov/2022:13:06:46 -0800] "GET /clipart/buttons/?C=D;O=A HTTP/1.1" 200 360 "-" "Mozilla/5.0 (compatible; BLEXBot/1.0; +http://webmeup-crawler.com/)" "tchealthsources.com"
116.202.128.228 - - [27/Nov/2022:13:06:51 -0800] "GET /clipart/buttons/?C=M;O=A HTTP/1.1" 200 360 "-" "Mozilla/5.0 (compatible; BLEXBot/1.0; +http://webmeup-crawler.com/)" "tchealthsources.com"
116.202.128.228 - - [27/Nov/2022:13:06:58 -0800] "GET /clipart/buttons/?C=N;O=D HTTP/1.1" 200 358 "-" "Mozilla/5.0 (compatible; BLEXBot/1.0; +http://webmeup-crawler.com/)" "tchealthsources.com"
116.202.128.228 - - [27/Nov/2022:13:07:06 -0800] "GET /clipart/buttons/?C=S;O=A HTTP/1.1" 200 360 "-" "Mozilla/5.0 (compatible; BLEXBot/1.0; +http://webmeup-crawler.com/)" "tchealthsources.com"
116.202.128.228 - - [27/Nov/2022:13:07:12 -0800] "GET /clipart/buttons/themes/ HTTP/1.1" 200 511 "-" "Mozilla/5.0 (compatible; BLEXBot/1.0; +http://webmeup-crawler.com/)" "tchealthsources.com"
116.202.128.228 - - [27/Nov/2022:13:07:16 -0800] "GET /clipart/images/?C=D;O=A HTTP/1.1" 200 359 "-" "Mozilla/5.0 (compatible; BLEXBot/1.0; +http://webmeup-crawler.com/)" "tchealthsources.com"
116.202.128.228 - - [27/Nov/2022:13:07:57 -0800] "GET /clipart/images/?C=N;O=D HTTP/1.1" 200 357 "-" "Mozilla/5.0 (compatible; BLEXBot/1.0; +http://webmeup-crawler.com/)" "tchealthsources.com"
116.202.128.228 - - [27/Nov/2022:13:08:38 -0800] "GET /clipart/images/general/ HTTP/1.1" 200 376 "-" "Mozilla/5.0 (compatible; BLEXBot/1.0; +http://webmeup-crawler.com/)" "tchealthsources.com"
116.202.128.228 - - [27/Nov/2022:13:08:43 -0800] "GET /navigation_bars/?C=D;O=D HTTP/1.1" 200 388 "-" "Mozilla/5.0 (compatible; BLEXBot/1.0; +http://webmeup-crawler.com/)" "tchealthsources.com"
116.202.128.228 - - [27/Nov/2022:13:08:50 -0800] "GET /navigation_bars/?C=M;O=D HTTP/1.1" 200 388 "-" "Mozilla/5.0 (compatible; BLEXBot/1.0; +http://webmeup-crawler.com/)" "tchealthsources.com"
116.202.128.228 - - [27/Nov/2022:13:08:55 -0800] "GET /navigation_bars/?C=N;O=A HTTP/1.1" 200 390 "-" "Mozilla/5.0 (compatible; BLEXBot/1.0; +http://webmeup-crawler.com/)" "tchealthsources.com"
116.202.128.228 - - [27/Nov/2022:13:09:02 -0800] "GET /navigation_bars/?C=S;O=D HTTP/1.1" 200 388 "-" "Mozilla/5.0 (compatible; BLEXBot/1.0; +http://webmeup-crawler.com/)" "tchealthsources.com"
51.222.253.7 - - [27/Nov/2022:13:09:02 -0800] "GET /TC%20Health%20Sources/sitebuilder/scripts/?C=N;O=A HTTP/1.1" 200 399 "-" "Mozilla/5.0 (compatible; AhrefsBot/7.0; +http://ahrefs.com/robot/)" "www.tchealthsources.com"
114.119.142.63 - - [27/Nov/2022:13:11:02 -0800] "GET /TC%20Health%20Sources/yahoo_site_admin1/assets?C=M%3BO%3DA HTTP/1.1" 301 1451 "https://tchealthsources.com/TC%20Health%20Sources/yahoo_site_admin1/assets?D=A" "Mozilla/5.0 (Linux; Android 7.0;) AppleWebKit/537.36 (KHTML, like Gecko) Mobile Safari/537.36 (compatible; PetalBot;+https://webmaster.petalsearch.com/site/petalbot)" "tchealthsources.com"
114.119.142.63 - - [27/Nov/2022:13:11:05 -0800] "GET /TC%20Health%20Sources/yahoo_site_admin1/assets/?C=M%3BO%3DA HTTP/1.1" 200 390 "https://tchealthsources.com/TC%20Health%20Sources/yahoo_site_admin1/assets?D=A" "Mozilla/5.0 (Linux; Android 7.0;) AppleWebKit/537.36 (KHTML, like Gecko) Mobile Safari/537.36 (compatible; PetalBot;+https://webmaster.petalsearch.com/site/petalbot)" "tchealthsources.com"
114.119.146.37 - - [27/Nov/2022:13:16:16 -0800] "GET /TC%20Health%20Sources/files HTTP/1.1" 301 1425 "https://tchealthsources.com/TC%20Health%20Sources?M=A" "Mozilla/5.0 (Linux; Android 7.0;) AppleWebKit/537.36 (KHTML, like Gecko) Mobile Safari/537.36 (compatible; PetalBot;+https://webmaster.petalsearch.com/site/petalbot)" "tchealthsources.com"
114.119.146.37 - - [27/Nov/2022:13:16:17 -0800] "GET /TC%20Health%20Sources/files/ HTTP/1.1" 200 441 "https://tchealthsources.com/TC%20Health%20Sources?M=A" "Mozilla/5.0 (Linux; Android 7.0;) AppleWebKit/537.36 (KHTML, like Gecko) Mobile Safari/537.36 (compatible; PetalBot;+https://webmaster.petalsearch.com/site/petalbot)" "tchealthsources.com"
114.119.135.7 - - [27/Nov/2022:13:21:31 -0800] "GET /TC%20Health%20Sources/logs/access_160422.log HTTP/1.1" 200 1702 "https://tchealthsources.com/TC%20Health%20Sources/logs" "Mozilla/5.0 (Linux; Android 7.0;) AppleWebKit/537.36 (KHTML, like Gecko) Mobile Safari/537.36 (compatible; PetalBot;+https://webmaster.petalsearch.com/site/petalbot)" "tchealthsources.com"
51.222.253.16 - - [27/Nov/2022:13:26:22 -0800] "GET /TC%20Health%20Sources/yahoo_site_admin/logs/?C=N;O=A HTTP/1.1" 200 396 "-" "Mozilla/5.0 (compatible; AhrefsBot/7.0; +http://ahrefs.com/robot/)" "tchealthsources.com"
114.119.135.7 - - [27/Nov/2022:13:26:42 -0800] "GET /TC%20Health%20Sources/_private?D=A HTTP/1.1" 301 1432 "https://tchealthsources.com/TC%20Health%20Sources/_private?N=D" "Mozilla/5.0 (Linux; Android 7.0;) AppleWebKit/537.36 (KHTML, like Gecko) Mobile Safari/537.36 (compatible; PetalBot;+https://webmaster.petalsearch.com/site/petalbot)" "tchealthsources.com"
114.119.135.7 - - [27/Nov/2022:13:26:44 -0800] "GET /TC%20Health%20Sources/_private/?D=A HTTP/1.1" 200 341 "https://tchealthsources.com/TC%20Health%20Sources/_private?N=D" "Mozilla/5.0 (Linux; Android 7.0;) AppleWebKit/537.36 (KHTML, like Gecko) Mobile Safari/537.36 (compatible; PetalBot;+https://webmaster.petalsearch.com/site/petalbot)" "tchealthsources.com"
114.119.144.184 - - [27/Nov/2022:13:31:48 -0800] "GET /clipart/buttons/themes?C=N%3BO%3DD HTTP/1.1" 301 1434 "http://tchealthsources.com/clipart/buttons/themes?M=D" "Mozilla/5.0 (Linux; Android 7.0;) AppleWebKit/537.36 (KHTML, like Gecko) Mobile Safari/537.36 (compatible; PetalBot;+https://webmaster.petalsearch.com/site/petalbot)" "tchealthsources.com"
114.119.144.184 - - [27/Nov/2022:13:31:49 -0800] "GET /clipart/buttons/themes/?C=N%3BO%3DD HTTP/1.1" 200 511 "http://tchealthsources.com/clipart/buttons/themes?M=D" "Mozilla/5.0 (Linux; Android 7.0;) AppleWebKit/537.36 (KHTML, like Gecko) Mobile Safari/537.36 (compatible; PetalBot;+https://webmaster.petalsearch.com/site/petalbot)" "tchealthsources.com"
114.119.142.63 - - [27/Nov/2022:13:37:00 -0800] "GET /TC%20Health%20Sources/clipart?M=A HTTP/1.1" 301 1431 "https://tchealthsources.com/TC%20Health%20Sources/clipart?D=A" "Mozilla/5.0 (Linux; Android 7.0;) AppleWebKit/537.36 (KHTML, like Gecko) Mobile Safari/537.36 (compatible; PetalBot;+https://webmaster.petalsearch.com/site/petalbot)" "tchealthsources.com"
114.119.142.63 - - [27/Nov/2022:13:37:01 -0800] "GET /TC%20Health%20Sources/clipart/?M=A HTTP/1.1" 200 391 "https://tchealthsources.com/TC%20Health%20Sources/clipart?D=A" "Mozilla/5.0 (Linux; Android 7.0;) AppleWebKit/537.36 (KHTML, like Gecko) Mobile Safari/537.36 (compatible; PetalBot;+https://webmaster.petalsearch.com/site/petalbot)" "tchealthsources.com"
114.119.144.184 - - [27/Nov/2022:13:42:11 -0800] "GET /TC%20Health%20Sources/clipart/buttons?S=D HTTP/1.1" 301 1436 "https://tchealthsources.com/TC%20Health%20Sources/clipart/buttons?S=A" "Mozilla/5.0 (Linux; Android 7.0;) AppleWebKit/537.36 (KHTML, like Gecko) Mobile Safari/537.36 (compatible; PetalBot;+https://webmaster.petalsearch.com/site/petalbot)" "tchealthsources.com"
114.119.144.184 - - [27/Nov/2022:13:42:12 -0800] "GET /TC%20Health%20Sources/clipart/buttons/?S=D HTTP/1.1" 200 383 "https://tchealthsources.com/TC%20Health%20Sources/clipart/buttons?S=A" "Mozilla/5.0 (Linux; Android 7.0;) AppleWebKit/537.36 (KHTML, like Gecko) Mobile Safari/537.36 (compatible; PetalBot;+https://webmaster.petalsearch.com/site/petalbot)" "tchealthsources.com"
114.119.150.65 - - [27/Nov/2022:13:47:23 -0800] "GET /TC%20Health%20Sources/logs/?C=M%3BO%3DA HTTP/1.1" 200 1066 "https://tchealthsources.com/TC%20Health%20Sources/logs" "Mozilla/5.0 (Linux; Android 7.0;) AppleWebKit/537.36 (KHTML, like Gecko) Mobile Safari/537.36 (compatible; PetalBot;+https://webmaster.petalsearch.com/site/petalbot)" "tchealthsources.com"
114.119.146.37 - - [27/Nov/2022:13:52:38 -0800] "GET /TC%20Health%20Sources/clipart?C=M%3BO%3DA HTTP/1.1" 301 1440 "https://tchealthsources.com/TC%20Health%20Sources/clipart?N=A" "Mozilla/5.0 (Linux; Android 7.0;) AppleWebKit/537.36 (KHTML, like Gecko) Mobile Safari/537.36 (compatible; PetalBot;+https://webmaster.petalsearch.com/site/petalbot)" "tchealthsources.com"
114.119.146.37 - - [27/Nov/2022:13:52:39 -0800] "GET /TC%20Health%20Sources/clipart/?C=M%3BO%3DA HTTP/1.1" 200 391 "https://tchealthsources.com/TC%20Health%20Sources/clipart?N=A" "Mozilla/5.0 (Linux; Android 7.0;) AppleWebKit/537.36 (KHTML, like Gecko) Mobile Safari/537.36 (compatible; PetalBot;+https://webmaster.petalsearch.com/site/petalbot)" "tchealthsources.com"
51.222.253.8 - - [27/Nov/2022:13:54:39 -0800] "GET /TC%20Health%20Sources/Index.html HTTP/1.1" 200 2664 "-" "Mozilla/5.0 (compatible; AhrefsBot/7.0; +http://ahrefs.com/robot/)" "tchealthsources.com"
114.119.135.133 - - [27/Nov/2022:13:57:48 -0800] "GET /TC%20Health%20Sources/clipart/buttons/themes/swoosh_blue?C=M%3BO%3DA HTTP/1.1" 301 1460 "https://tchealthsources.com/TC%20Health%20Sources/clipart/buttons/themes/swoosh_blue" "Mozilla/5.0 (Linux; Android 7.0;) AppleWebKit/537.36 (KHTML, like Gecko) Mobile Safari/537.36 (compatible; PetalBot;+https://webmaster.petalsearch.com/site/petalbot)" "tchealthsources.com"
114.119.135.133 - - [27/Nov/2022:13:57:49 -0800] "GET /TC%20Health%20Sources/clipart/buttons/themes/swoosh_blue/?C=M%3BO%3DA HTTP/1.1" 200 441 "https://tchealthsources.com/TC%20Health%20Sources/clipart/buttons/themes/swoosh_blue" "Mozilla/5.0 (Linux; Android 7.0;) AppleWebKit/537.36 (KHTML, like Gecko) Mobile Safari/537.36 (compatible; PetalBot;+https://webmaster.petalsearch.com/site/petalbot)" "tchealthsources.com"
114.119.131.131 - - [27/Nov/2022:14:02:25 -0800] "GET /robots.txt HTTP/1.1" 404 88 "-" "Mozilla/5.0 (compatible;PetalBot;+https://webmaster.petalsearch.com/site/petalbot)" "tchealthsources.com"
114.119.146.37 - - [27/Nov/2022:14:02:58 -0800] "GET /TC%20Health%20Sources/clipart/buttons/themes/jelly/?C=N%3BO%3DD HTTP/1.1" 200 439 "https://tchealthsources.com/TC%20Health%20Sources/clipart/buttons/themes/jelly?N=A" "Mozilla/5.0 (Linux; Android 7.0;) AppleWebKit/537.36 (KHTML, like Gecko) Mobile Safari/537.36 (compatible; PetalBot;+https://webmaster.petalsearch.com/site/petalbot)" "tchealthsources.com"
114.119.146.37 - - [27/Nov/2022:14:08:07 -0800] "GET /clipart/buttons/themes/jelly/ HTTP/1.1" 200 416 "http://tchealthsources.com/clipart/buttons/themes?D=A" "Mozilla/5.0 (Linux; Android 7.0;) AppleWebKit/537.36 (KHTML, like Gecko) Mobile Safari/537.36 (compatible; PetalBot;+https://webmaster.petalsearch.com/site/petalbot)" "tchealthsources.com"
114.119.135.187 - - [27/Nov/2022:14:12:55 -0800] "GET /robots.txt HTTP/1.1" 404 88 "-" "Mozilla/5.0 (compatible;PetalBot;+https://webmaster.petalsearch.com/site/petalbot)" "tchealthsources.com"
114.119.142.63 - - [27/Nov/2022:14:13:16 -0800] "GET /clipart/buttons/themes/?C=N%3BO%3DD HTTP/1.1" 200 511 "http://tchealthsources.com/clipart/buttons/themes?D=A" "Mozilla/5.0 (Linux; Android 7.0;) AppleWebKit/537.36 (KHTML, like Gecko) Mobile Safari/537.36 (compatible; PetalBot;+https://webmaster.petalsearch.com/site/petalbot)" "tchealthsources.com"
114.119.150.65 - - [27/Nov/2022:14:18:27 -0800] "GET /TC%20Health%20Sources/yahoo_site_admin/logs/?C=S%3BO%3DA HTTP/1.1" 200 396 "https://tchealthsources.com/TC%20Health%20Sources/yahoo_site_admin/logs" "Mozilla/5.0 (Linux; Android 7.0;) AppleWebKit/537.36 (KHTML, like Gecko) Mobile Safari/537.36 (compatible; PetalBot;+https://webmaster.petalsearch.com/site/petalbot)" "tchealthsources.com"
51.222.253.13 - - [27/Nov/2022:14:22:52 -0800] "GET /clipart/buttons/themes/?C=S;O=A HTTP/1.1" 200 511 "-" "Mozilla/5.0 (compatible; AhrefsBot/7.0; +http://ahrefs.com/robot/)" "tchealthsources.com"
114.119.135.7 - - [27/Nov/2022:14:23:35 -0800] "GET /TC%20Health%20Sources/logs/ HTTP/1.1" 200 1066 "https://tchealthsources.com/TC%20Health%20Sources?N=A" "Mozilla/5.0 (Linux; Android 7.0;) AppleWebKit/537.36 (KHTML, like Gecko) Mobile Safari/537.36 (compatible; PetalBot;+https://webmaster.petalsearch.com/site/petalbot)" "tchealthsources.com"
114.119.146.37 - - [27/Nov/2022:14:28:49 -0800] "GET /TC%20Health%20Sources/yahoo_site_admin1/assets?C=S%3BO%3DA HTTP/1.1" 301 1451 "https://tchealthsources.com/TC%20Health%20Sources/yahoo_site_admin1/assets?D=A" "Mozilla/5.0 (Linux; Android 7.0;) AppleWebKit/537.36 (KHTML, like Gecko) Mobile Safari/537.36 (compatible; PetalBot;+https://webmaster.petalsearch.com/site/petalbot)" "tchealthsources.com"
114.119.146.37 - - [27/Nov/2022:14:28:53 -0800] "GET /TC%20Health%20Sources/yahoo_site_admin1/assets/?C=S%3BO%3DA HTTP/1.1" 200 390 "https://tchealthsources.com/TC%20Health%20Sources/yahoo_site_admin1/assets?D=A" "Mozilla/5.0 (Linux; Android 7.0;) AppleWebKit/537.36 (KHTML, like Gecko) Mobile Safari/537.36 (compatible; PetalBot;+https://webmaster.petalsearch.com/site/petalbot)" "tchealthsources.com"
114.119.143.11 - - [27/Nov/2022:14:34:03 -0800] "GET /robots.txt HTTP/1.1" 404 88 "-" "Mozilla/5.0 (Linux; Android 7.0;) AppleWebKit/537.36 (KHTML, like Gecko) Mobile Safari/537.36 (compatible; PetalBot;+https://webmaster.petalsearch.com/site/petalbot)" "tchealthsources.com"
114.119.150.65 - - [27/Nov/2022:14:39:07 -0800] "GET /TC%20Health%20Sources/clipart/buttons/themes/simple?C=M%3BO%3DA HTTP/1.1" 301 1454 "https://tchealthsources.com/TC%20Health%20Sources/clipart/buttons/themes/simple?N=A" "Mozilla/5.0 (Linux; Android 7.0;) AppleWebKit/537.36 (KHTML, like Gecko) Mobile Safari/537.36 (compatible; PetalBot;+https://webmaster.petalsearch.com/site/petalbot)" "tchealthsources.com"
114.119.150.65 - - [27/Nov/2022:14:39:07 -0800] "GET /TC%20Health%20Sources/clipart/buttons/themes/simple/?C=M%3BO%3DA HTTP/1.1" 200 440 "https://tchealthsources.com/TC%20Health%20Sources/clipart/buttons/themes/simple?N=A" "Mozilla/5.0 (Linux; Android 7.0;) AppleWebKit/537.36 (KHTML, like Gecko) Mobile Safari/537.36 (compatible; PetalBot;+https://webmaster.petalsearch.com/site/petalbot)" "tchealthsources.com"
114.119.146.37 - - [27/Nov/2022:14:44:16 -0800] "GET /TC%20Health%20Sources/images/ HTTP/1.1" 200 1393 "https://tchealthsources.com/TC%20Health%20Sources?N=A" "Mozilla/5.0 (Linux; Android 7.0;) AppleWebKit/537.36 (KHTML, like Gecko) Mobile Safari/537.36 (compatible; PetalBot;+https://webmaster.petalsearch.com/site/petalbot)" "tchealthsources.com"
114.119.150.65 - - [27/Nov/2022:14:49:27 -0800] "GET /TC%20Health%20Sources/_private/?C=N%3BO%3DD HTTP/1.1" 200 341 "https://tchealthsources.com/TC%20Health%20Sources/_private/?C=S%3BO%3DA" "Mozilla/5.0 (Linux; Android 7.0;) AppleWebKit/537.36 (KHTML, like Gecko) Mobile Safari/537.36 (compatible; PetalBot;+https://webmaster.petalsearch.com/site/petalbot)" "tchealthsources.com"
51.222.253.7 - - [27/Nov/2022:14:52:00 -0800] "GET /clipart/buttons/themes/?C=M;O=A HTTP/1.1" 200 511 "-" "Mozilla/5.0 (compatible; AhrefsBot/7.0; +http://ahrefs.com/robot/)" "tchealthsources.com"
114.119.135.7 - - [27/Nov/2022:14:54:43 -0800] "GET /TC%20Health%20Sources/clipart/buttons/themes/sky_blue?C=M%3BO%3DA HTTP/1.1" 301 1459 "https://tchealthsources.com/TC%20Health%20Sources/clipart/buttons/themes/sky_blue?N=A" "Mozilla/5.0 (Linux; Android 7.0;) AppleWebKit/537.36 (KHTML, like Gecko) Mobile Safari/537.36 (compatible; PetalBot;+https://webmaster.petalsearch.com/site/petalbot)" "tchealthsources.com"
114.119.135.7 - - [27/Nov/2022:14:54:44 -0800] "GET /TC%20Health%20Sources/clipart/buttons/themes/sky_blue/?C=M%3BO%3DA HTTP/1.1" 200 445 "https://tchealthsources.com/TC%20Health%20Sources/clipart/buttons/themes/sky_blue?N=A" "Mozilla/5.0 (Linux; Android 7.0;) AppleWebKit/537.36 (KHTML, like Gecko) Mobile Safari/537.36 (compatible; PetalBot;+https://webmaster.petalsearch.com/site/petalbot)" "tchealthsources.com"
114.119.135.133 - - [27/Nov/2022:14:59:48 -0800] "GET /TC%20Health%20Sources/clipart/buttons/themes/jelly?M=D HTTP/1.1" 301 1445 "https://tchealthsources.com/TC%20Health%20Sources/clipart/buttons/themes/jelly?M=A" "Mozilla/5.0 (Linux; Android 7.0;) AppleWebKit/537.36 (KHTML, like Gecko) Mobile Safari/537.36 (compatible; PetalBot;+https://webmaster.petalsearch.com/site/petalbot)" "tchealthsources.com"
114.119.135.133 - - [27/Nov/2022:14:59:48 -0800] "GET /TC%20Health%20Sources/clipart/buttons/themes/jelly/?M=D HTTP/1.1" 200 439 "https://tchealthsources.com/TC%20Health%20Sources/clipart/buttons/themes/jelly?M=A" "Mozilla/5.0 (Linux; Android 7.0;) AppleWebKit/537.36 (KHTML, like Gecko) Mobile Safari/537.36 (compatible; PetalBot;+https://webmaster.petalsearch.com/site/petalbot)" "tchealthsources.com"
114.119.135.133 - - [27/Nov/2022:15:04:58 -0800] "GET /clipart/buttons?D=D HTTP/1.1" 301 1419 "http://tchealthsources.com/clipart/buttons?D=A" "Mozilla/5.0 (Linux; Android 7.0;) AppleWebKit/537.36 (KHTML, like Gecko) Mobile Safari/537.36 (compatible; PetalBot;+https://webmaster.petalsearch.com/site/petalbot)" "tchealthsources.com"
114.119.135.133 - - [27/Nov/2022:15:04:59 -0800] "GET /clipart/buttons/?D=D HTTP/1.1" 200 360 "http://tchealthsources.com/clipart/buttons?D=A" "Mozilla/5.0 (Linux; Android 7.0;) AppleWebKit/537.36 (KHTML, like Gecko) Mobile Safari/537.36 (compatible; PetalBot;+https://webmaster.petalsearch.com/site/petalbot)" "tchealthsources.com"
114.119.144.184 - - [27/Nov/2022:15:10:11 -0800] "GET /TC%20Health%20Sources/clipart/buttons/themes/swoosh_blue HTTP/1.1" 301 1447 "https://tchealthsources.com/TC%20Health%20Sources/clipart/buttons/themes?N=D" "Mozilla/5.0 (Linux; Android 7.0;) AppleWebKit/537.36 (KHTML, like Gecko) Mobile Safari/537.36 (compatible; PetalBot;+https://webmaster.petalsearch.com/site/petalbot)" "tchealthsources.com"
114.119.144.184 - - [27/Nov/2022:15:10:12 -0800] "GET /TC%20Health%20Sources/clipart/buttons/themes/swoosh_blue/ HTTP/1.1" 200 441 "https://tchealthsources.com/TC%20Health%20Sources/clipart/buttons/themes?N=D" "Mozilla/5.0 (Linux; Android 7.0;) AppleWebKit/537.36 (KHTML, like Gecko) Mobile Safari/537.36 (compatible; PetalBot;+https://webmaster.petalsearch.com/site/petalbot)" "tchealthsources.com"
114.119.142.63 - - [27/Nov/2022:15:15:20 -0800] "GET /clipart/buttons/themes/jelly?M=A HTTP/1.1" 301 1429 "http://tchealthsources.com/clipart/buttons/themes/jelly?D=A" "Mozilla/5.0 (Linux; Android 7.0;) AppleWebKit/537.36 (KHTML, like Gecko) Mobile Safari/537.36 (compatible; PetalBot;+https://webmaster.petalsearch.com/site/petalbot)" "tchealthsources.com"
114.119.142.63 - - [27/Nov/2022:15:15:21 -0800] "GET /clipart/buttons/themes/jelly/?M=A HTTP/1.1" 200 416 "http://tchealthsources.com/clipart/buttons/themes/jelly?D=A" "Mozilla/5.0 (Linux; Android 7.0;) AppleWebKit/537.36 (KHTML, like Gecko) Mobile Safari/537.36 (compatible; PetalBot;+https://webmaster.petalsearch.com/site/petalbot)" "tchealthsources.com"
52.32.217.42 - - [27/Nov/2022:15:23:57 -0800] "GET / HTTP/1.1" 200 493 "-" "Mozilla/5.0 (X11; Linux x86_64) AppleWebKit/537.36 (KHTML, like Gecko) Chrome/83.0.4103.97 Safari/537.36" "tchealthsources.com"
34.214.98.223 - - [27/Nov/2022:15:23:57 -0800] "GET / HTTP/1.1" 200 493 "-" "Mozilla/5.0 (X11; Linux x86_64) AppleWebKit/537.36 (KHTML, like Gecko) Chrome/83.0.4103.97 Safari/537.36" "tchealthsources.com"
35.88.39.100 - - [27/Nov/2022:15:24:15 -0800] "GET /favicon.ico HTTP/1.1" 404 88 "-" "Mozilla/5.0 (X11; Linux x86_64) AppleWebKit/537.36 (KHTML, like Gecko) Chrome/83.0.4103.97 Safari/537.36" "tchealthsources.com"
35.88.39.100 - - [27/Nov/2022:15:24:15 -0800] "GET / HTTP/1.1" 200 493 "-" "Mozilla/5.0 (X11; Linux x86_64) AppleWebKit/537.36 (KHTML, like Gecko) Chrome/83.0.4103.97 Safari/537.36" "tchealthsources.com"
51.222.253.6 - - [27/Nov/2022:15:25:52 -0800] "GET /TC%20Health%20Sources/Index.html HTTP/1.1" 200 2664 "-" "Mozilla/5.0 (compatible; AhrefsBot/7.0; +http://ahrefs.com/robot/)" "www.tchealthsources.com"
51.222.253.2 - - [27/Nov/2022:15:25:57 -0800] "GET /TC%20Health%20Sources/sitebuilder/images/agent2-103x85.jpg HTTP/1.1" 200 2156 "-" "Mozilla/5.0 (compatible; AhrefsBot/7.0; +http://ahrefs.com/robot/)" "www.tchealthsources.com"
51.222.253.11 - - [27/Nov/2022:15:26:02 -0800] "GET /TC%20Health%20Sources/sitebuilder/images/logo_2_-397x86.jpg HTTP/1.1" 200 8563 "-" "Mozilla/5.0 (compatible; AhrefsBot/7.0; +http://ahrefs.com/robot/)" "www.tchealthsources.com"
35.90.227.4 - - [27/Nov/2022:15:36:41 -0800] "GET /favicon.ico HTTP/1.1" 404 88 "-" "Mozilla/5.0 (X11; Linux x86_64) AppleWebKit/537.36 (KHTML, like Gecko) Chrome/83.0.4103.97 Safari/537.36" "tchealthsources.com"
51.222.253.9 - - [27/Nov/2022:15:40:57 -0800] "GET /TC%20Health%20Sources/clipart/buttons/themes/?C=D;O=A HTTP/1.1" 200 479 "-" "Mozilla/5.0 (compatible; AhrefsBot/7.0; +http://ahrefs.com/robot/)" "tchealthsources.com"
51.222.253.1 - - [27/Nov/2022:15:46:41 -0800] "GET /clipart/buttons/themes/?C=D;O=A HTTP/1.1" 200 511 "-" "Mozilla/5.0 (compatible; AhrefsBot/7.0; +http://ahrefs.com/robot/)" "tchealthsources.com"
51.222.253.16 - - [27/Nov/2022:15:48:06 -0800] "GET /navigation_bars/ HTTP/1.1" 200 390 "-" "Mozilla/5.0 (compatible; AhrefsBot/7.0; +http://ahrefs.com/robot/)" "tchealthsources.com"
114.119.137.142 - - [27/Nov/2022:15:54:02 -0800] "GET /TC%20Health%20Sources/includes?N=A HTTP/1.1" 301 1431 "https://tchealthsources.com/TC%20Health%20Sources/includes?S=A" "Mozilla/5.0 (Linux; Android 7.0;) AppleWebKit/537.36 (KHTML, like Gecko) Mobile Safari/537.36 (compatible; PetalBot;+https://webmaster.petalsearch.com/site/petalbot)" "tchealthsources.com"
114.119.137.142 - - [27/Nov/2022:15:54:03 -0800] "GET /TC%20Health%20Sources/includes/?N=A HTTP/1.1" 200 376 "https://tchealthsources.com/TC%20Health%20Sources/includes?S=A" "Mozilla/5.0 (Linux; Android 7.0;) AppleWebKit/537.36 (KHTML, like Gecko) Mobile Safari/537.36 (compatible; PetalBot;+https://webmaster.petalsearch.com/site/petalbot)" "tchealthsources.com"
114.119.142.63 - - [27/Nov/2022:16:01:35 -0800] "GET /TC%20Health%20Sources/logs/access_160303.log HTTP/1.1" 200 943 "https://tchealthsources.com/TC%20Health%20Sources/logs" "Mozilla/5.0 (Linux; Android 7.0;) AppleWebKit/537.36 (KHTML, like Gecko) Mobile Safari/537.36 (compatible; PetalBot;+https://webmaster.petalsearch.com/site/petalbot)" "tchealthsources.com"
51.222.253.7 - - [27/Nov/2022:16:07:20 -0800] "GET /clipart/buttons/themes/view-screen/ HTTP/1.1" 200 433 "-" "Mozilla/5.0 (compatible; AhrefsBot/7.0; +http://ahrefs.com/robot/)" "tchealthsources.com"
51.222.253.7 - - [27/Nov/2022:16:29:15 -0800] "GET /clipart/buttons/themes/jelly/ HTTP/1.1" 200 416 "-" "Mozilla/5.0 (compatible; AhrefsBot/7.0; +http://ahrefs.com/robot/)" "tchealthsources.com"
114.119.144.184 - - [27/Nov/2022:16:29:59 -0800] "GET /clipart/buttons/themes/simple HTTP/1.1" 301 1424 "http://tchealthsources.com/clipart/buttons/themes?C=N%3BO%3DD" "Mozilla/5.0 (Linux; Android 7.0;) AppleWebKit/537.36 (KHTML, like Gecko) Mobile Safari/537.36 (compatible; PetalBot;+https://webmaster.petalsearch.com/site/petalbot)" "tchealthsources.com"
114.119.144.184 - - [27/Nov/2022:16:30:02 -0800] "GET /clipart/buttons/themes/simple/ HTTP/1.1" 200 417 "http://tchealthsources.com/clipart/buttons/themes?C=N%3BO%3DD" "Mozilla/5.0 (Linux; Android 7.0;) AppleWebKit/537.36 (KHTML, like Gecko) Mobile Safari/537.36 (compatible; PetalBot;+https://webmaster.petalsearch.com/site/petalbot)" "tchealthsources.com"
114.119.144.184 - - [27/Nov/2022:16:47:15 -0800] "GET /TC%20Health%20Sources/sitebuilder/scripts?C=N%3BO%3DD HTTP/1.1" 301 1448 "https://tchealthsources.com/TC%20Health%20Sources/sitebuilder/scripts?N=A" "Mozilla/5.0 (Linux; Android 7.0;) AppleWebKit/537.36 (KHTML, like Gecko) Mobile Safari/537.36 (compatible; PetalBot;+https://webmaster.petalsearch.com/site/petalbot)" "tchealthsources.com"
114.119.144.184 - - [27/Nov/2022:16:47:18 -0800] "GET /TC%20Health%20Sources/sitebuilder/scripts/?C=N%3BO%3DD HTTP/1.1" 200 399 "https://tchealthsources.com/TC%20Health%20Sources/sitebuilder/scripts?N=A" "Mozilla/5.0 (Linux; Android 7.0;) AppleWebKit/537.36 (KHTML, like Gecko) Mobile Safari/537.36 (compatible; PetalBot;+https://webmaster.petalsearch.com/site/petalbot)" "tchealthsources.com"
51.222.253.13 - - [27/Nov/2022:16:51:33 -0800] "GET /clipart/buttons/themes/sky_blue/ HTTP/1.1" 200 422 "-" "Mozilla/5.0 (compatible; AhrefsBot/7.0; +http://ahrefs.com/robot/)" "tchealthsources.com"
76.180.189.1 - - [27/Nov/2022:16:51:50 -0800] "GET / HTTP/1.1" 200 493 "-" "Mozilla/5.0 (Linux; Android 9; KFMAWI) AppleWebKit/537.36 (KHTML, like Gecko) Silk/106.3.5 like Chrome/106.0.5249.170 Safari/537.36" "tchealthsources.com"
76.180.189.1 - - [27/Nov/2022:16:51:53 -0800] "GET /favicon.ico HTTP/1.1" 404 88 "http://tchealthsources.com/" "Mozilla/5.0 (Linux; Android 9; KFMAWI) AppleWebKit/537.36 (KHTML, like Gecko) Silk/106.3.5 like Chrome/106.0.5249.170 Safari/537.36" "tchealthsources.com"
51.222.253.3 - - [27/Nov/2022:17:02:41 -0800] "GET /clipart/buttons/themes/designer3/ HTTP/1.1" 200 422 "-" "Mozilla/5.0 (compatible; AhrefsBot/7.0; +http://ahrefs.com/robot/)" "tchealthsources.com"
51.222.253.11 - - [27/Nov/2022:17:13:25 -0800] "GET /clipart/buttons/themes/swoosh_blue/ HTTP/1.1" 200 419 "-" "Mozilla/5.0 (compatible; AhrefsBot/7.0; +http://ahrefs.com/robot/)" "tchealthsources.com"
114.119.137.142 - - [27/Nov/2022:17:14:28 -0800] "GET /TC%20Health%20Sources/Index.html HTTP/1.1" 200 2664 "https://tchealthsources.com/TC%20Health%20Sources?N=A" "Mozilla/5.0 (Linux; Android 7.0;) AppleWebKit/537.36 (KHTML, like Gecko) Mobile Safari/537.36 (compatible; PetalBot;+https://webmaster.petalsearch.com/site/petalbot)" "tchealthsources.com"
51.222.253.11 - - [27/Nov/2022:17:24:41 -0800] "GET /clipart/buttons/themes/simple/ HTTP/1.1" 200 417 "-" "Mozilla/5.0 (compatible; AhrefsBot/7.0; +http://ahrefs.com/robot/)" "tchealthsources.com"
51.222.253.7 - - [27/Nov/2022:17:36:19 -0800] "GET /clipart/buttons/themes/designer1/ HTTP/1.1" 200 423 "-" "Mozilla/5.0 (compatible; AhrefsBot/7.0; +http://ahrefs.com/robot/)" "tchealthsources.com"
51.222.253.3 - - [27/Nov/2022:17:47:01 -0800] "GET /clipart/buttons/themes/gray/ HTTP/1.1" 200 409 "-" "Mozilla/5.0 (compatible; AhrefsBot/7.0; +http://ahrefs.com/robot/)" "tchealthsources.com"
51.222.253.6 - - [27/Nov/2022:17:57:15 -0800] "GET /clipart/buttons/themes/?C=N;O=A HTTP/1.1" 200 511 "-" "Mozilla/5.0 (compatible; AhrefsBot/7.0; +http://ahrefs.com/robot/)" "tchealthsources.com"
114.119.144.184 - - [27/Nov/2022:17:57:58 -0800] "GET /TC%20Health%20Sources/yahoo_site_admin1/ HTTP/1.1" 200 418 "https://tchealthsources.com/TC%20Health%20Sources/yahoo_site_admin1/cache?D=A" "Mozilla/5.0 (Linux; Android 7.0;) AppleWebKit/537.36 (KHTML, like Gecko) Mobile Safari/537.36 (compatible; PetalBot;+https://webmaster.petalsearch.com/site/petalbot)" "tchealthsources.com"
51.222.253.3 - - [27/Nov/2022:18:08:27 -0800] "GET /TC%20Health%20Sources/clipart/images/general/ HTTP/1.1" 200 403 "-" "Mozilla/5.0 (compatible; AhrefsBot/7.0; +http://ahrefs.com/robot/)" "www.tchealthsources.com"
114.119.135.7 - - [27/Nov/2022:18:13:30 -0800] "GET /?C=M%3BO%3DA HTTP/1.1" 200 493 "https://tchealthsources.com?C=N%3BO%3DD" "Mozilla/5.0 (compatible;PetalBot;+https://webmaster.petalsearch.com/site/petalbot)" "tchealthsources.com"
54.36.148.193 - - [27/Nov/2022:18:19:27 -0800] "GET /robots.txt HTTP/1.1" 404 88 "-" "Mozilla/5.0 (compatible; AhrefsBot/7.0; +http://ahrefs.com/robot/)" "tchealthsources.com"
51.222.253.3 - - [27/Nov/2022:18:19:29 -0800] "GET /TC%20Health%20Sources/?C=M;O=D HTTP/1.1" 200 548 "-" "Mozilla/5.0 (compatible; AhrefsBot/7.0; +http://ahrefs.com/robot/)" "tchealthsources.com"
114.119.142.63 - - [27/Nov/2022:18:27:14 -0800] "GET /clipart/buttons/themes/simple?N=D HTTP/1.1" 301 1430 "http://tchealthsources.com/clipart/buttons/themes/simple?N=A" "Mozilla/5.0 (Linux; Android 7.0;) AppleWebKit/537.36 (KHTML, like Gecko) Mobile Safari/537.36 (compatible; PetalBot;+https://webmaster.petalsearch.com/site/petalbot)" "tchealthsources.com"
114.119.142.63 - - [27/Nov/2022:18:27:14 -0800] "GET /clipart/buttons/themes/simple/?N=D HTTP/1.1" 200 417 "http://tchealthsources.com/clipart/buttons/themes/simple?N=A" "Mozilla/5.0 (Linux; Android 7.0;) AppleWebKit/537.36 (KHTML, like Gecko) Mobile Safari/537.36 (compatible; PetalBot;+https://webmaster.petalsearch.com/site/petalbot)" "tchealthsources.com"
51.222.253.4 - - [27/Nov/2022:18:33:12 -0800] "GET /TC%20Health%20Sources/Index.html HTTP/1.1" 200 2664 "-" "Mozilla/5.0 (compatible; AhrefsBot/7.0; +http://ahrefs.com/robot/)" "tchealthsources.com"
114.119.150.65 - - [27/Nov/2022:18:35:52 -0800] "GET /TC%20Health%20Sources/logs/?C=S%3BO%3DA HTTP/1.1" 200 1066 "https://tchealthsources.com/TC%20Health%20Sources/logs" "Mozilla/5.0 (Linux; Android 7.0;) AppleWebKit/537.36 (KHTML, like Gecko) Mobile Safari/537.36 (compatible; PetalBot;+https://webmaster.petalsearch.com/site/petalbot)" "tchealthsources.com"
114.119.150.65 - - [27/Nov/2022:18:41:09 -0800] "GET /clipart/buttons?D=A HTTP/1.1" 301 1419 "http://tchealthsources.com/clipart/buttons/" "Mozilla/5.0 (Linux; Android 7.0;) AppleWebKit/537.36 (KHTML, like Gecko) Mobile Safari/537.36 (compatible; PetalBot;+https://webmaster.petalsearch.com/site/petalbot)" "tchealthsources.com"
114.119.150.65 - - [27/Nov/2022:18:41:10 -0800] "GET /clipart/buttons/?D=A HTTP/1.1" 200 360 "http://tchealthsources.com/clipart/buttons/" "Mozilla/5.0 (Linux; Android 7.0;) AppleWebKit/537.36 (KHTML, like Gecko) Mobile Safari/537.36 (compatible; PetalBot;+https://webmaster.petalsearch.com/site/petalbot)" "tchealthsources.com"
51.222.253.3 - - [27/Nov/2022:18:48:06 -0800] "GET /TC%20Health%20Sources/yahoo_site_admin1/cache/?C=M;O=D HTTP/1.1" 200 349 "-" "Mozilla/5.0 (compatible; AhrefsBot/7.0; +http://ahrefs.com/robot/)" "tchealthsources.com"
51.222.253.14 - - [27/Nov/2022:18:56:46 -0800] "GET / HTTP/1.1" 200 493 "-" "Mozilla/5.0 (compatible; AhrefsBot/7.0; +http://ahrefs.com/robot/)" "tchealthsources.com"
114.119.142.63 - - [27/Nov/2022:19:09:01 -0800] "GET /TC%20Health%20Sources/tmp?N=A HTTP/1.1" 301 1429 "https://tchealthsources.com/TC%20Health%20Sources/tmp?D=D" "Mozilla/5.0 (Linux; Android 7.0;) AppleWebKit/537.36 (KHTML, like Gecko) Mobile Safari/537.36 (compatible; PetalBot;+https://webmaster.petalsearch.com/site/petalbot)" "tchealthsources.com"
114.119.142.63 - - [27/Nov/2022:19:09:02 -0800] "GET /TC%20Health%20Sources/tmp/?N=A HTTP/1.1" 200 386 "https://tchealthsources.com/TC%20Health%20Sources/tmp?D=D" "Mozilla/5.0 (Linux; Android 7.0;) AppleWebKit/537.36 (KHTML, like Gecko) Mobile Safari/537.36 (compatible; PetalBot;+https://webmaster.petalsearch.com/site/petalbot)" "tchealthsources.com"
51.222.253.20 - - [27/Nov/2022:19:11:08 -0800] "GET /TC%20Health%20Sources/Index.html HTTP/1.1" 200 2664 "-" "Mozilla/5.0 (compatible; AhrefsBot/7.0; +http://ahrefs.com/robot/)" "www.tchealthsources.com"
51.222.253.13 - - [27/Nov/2022:19:11:16 -0800] "GET /TC%20Health%20Sources/sitebuilder/images/agent2-103x85.jpg HTTP/1.1" 200 2156 "-" "Mozilla/5.0 (compatible; AhrefsBot/7.0; +http://ahrefs.com/robot/)" "www.tchealthsources.com"
51.222.253.13 - - [27/Nov/2022:19:11:26 -0800] "GET /TC%20Health%20Sources/sitebuilder/images/logo_2_-397x86.jpg HTTP/1.1" 200 8563 "-" "Mozilla/5.0 (compatible; AhrefsBot/7.0; +http://ahrefs.com/robot/)" "www.tchealthsources.com"
114.119.137.142 - - [27/Nov/2022:19:16:44 -0800] "GET /TC%20Health%20Sources/clipart/images/general?N=D HTTP/1.1" 301 1441 "https://tchealthsources.com/TC%20Health%20Sources/clipart/images/general?N=A" "Mozilla/5.0 (Linux; Android 7.0;) AppleWebKit/537.36 (KHTML, like Gecko) Mobile Safari/537.36 (compatible; PetalBot;+https://webmaster.petalsearch.com/site/petalbot)" "tchealthsources.com"
114.119.137.142 - - [27/Nov/2022:19:16:45 -0800] "GET /TC%20Health%20Sources/clipart/images/general/?N=D HTTP/1.1" 200 403 "https://tchealthsources.com/TC%20Health%20Sources/clipart/images/general?N=A" "Mozilla/5.0 (Linux; Android 7.0;) AppleWebKit/537.36 (KHTML, like Gecko) Mobile Safari/537.36 (compatible; PetalBot;+https://webmaster.petalsearch.com/site/petalbot)" "tchealthsources.com"
114.119.146.37 - - [27/Nov/2022:19:34:30 -0800] "GET /TC%20Health%20Sources/files?N=D HTTP/1.1" 301 1429 "https://tchealthsources.com/TC%20Health%20Sources/files?N=A" "Mozilla/5.0 (Linux; Android 7.0;) AppleWebKit/537.36 (KHTML, like Gecko) Mobile Safari/537.36 (compatible; PetalBot;+https://webmaster.petalsearch.com/site/petalbot)" "tchealthsources.com"
114.119.146.37 - - [27/Nov/2022:19:34:30 -0800] "GET /TC%20Health%20Sources/files/?N=D HTTP/1.1" 200 441 "https://tchealthsources.com/TC%20Health%20Sources/files?N=A" "Mozilla/5.0 (Linux; Android 7.0;) AppleWebKit/537.36 (KHTML, like Gecko) Mobile Safari/537.36 (compatible; PetalBot;+https://webmaster.petalsearch.com/site/petalbot)" "tchealthsources.com"
152.136.127.126 - - [27/Nov/2022:19:35:55 -0800] "GET / HTTP/1.1" 200 493 "-" "Mozilla/5.0 (Macintosh; Intel Mac OS X 10_15_7) AppleWebKit/537.36 (KHTML, like Gecko) Chrome/85.0.4183.121 Safari/537.36" "tchealthsources.com"
51.222.253.8 - - [27/Nov/2022:19:40:05 -0800] "GET /TC%20Health%20Sources/yahoo_site_admin1/credentials/?C=S;O=D HTTP/1.1" 200 398 "-" "Mozilla/5.0 (compatible; AhrefsBot/7.0; +http://ahrefs.com/robot/)" "tchealthsources.com"
114.119.143.11 - - [27/Nov/2022:19:45:16 -0800] "GET /_private/ HTTP/1.1" 403 170 "https://tchealthsources.com?C=N%3BO%3DD" "Mozilla/5.0 (Linux; Android 7.0;) AppleWebKit/537.36 (KHTML, like Gecko) Mobile Safari/537.36 (compatible; PetalBot;+https://webmaster.petalsearch.com/site/petalbot)" "tchealthsources.com"
114.119.143.11 - - [27/Nov/2022:19:50:31 -0800] "GET /TC%20Health%20Sources/sitebuilder/scripts/layers.js HTTP/1.1" 200 1127 "https://tchealthsources.com/TC%20Health%20Sources/sitebuilder/scripts?D=A" "Mozilla/5.0 (Linux; Android 7.0;) AppleWebKit/537.36 (KHTML, like Gecko) Mobile Safari/537.36 (compatible; PetalBot;+https://webmaster.petalsearch.com/site/petalbot)" "tchealthsources.com"
114.119.142.63 - - [27/Nov/2022:19:55:47 -0800] "GET /TC%20Health%20Sources/clipart/buttons/themes?M=A HTTP/1.1" 301 1441 "https://tchealthsources.com/TC%20Health%20Sources/clipart/buttons/themes?S=D" "Mozilla/5.0 (Linux; Android 7.0;) AppleWebKit/537.36 (KHTML, like Gecko) Mobile Safari/537.36 (compatible; PetalBot;+https://webmaster.petalsearch.com/site/petalbot)" "tchealthsources.com"
114.119.142.63 - - [27/Nov/2022:19:55:48 -0800] "GET /TC%20Health%20Sources/clipart/buttons/themes/?M=A HTTP/1.1" 200 479 "https://tchealthsources.com/TC%20Health%20Sources/clipart/buttons/themes?S=D" "Mozilla/5.0 (Linux; Android 7.0;) AppleWebKit/537.36 (KHTML, like Gecko) Mobile Safari/537.36 (compatible; PetalBot;+https://webmaster.petalsearch.com/site/petalbot)" "tchealthsources.com"
114.119.137.142 - - [27/Nov/2022:20:01:07 -0800] "GET /clipart/buttons/themes/simple/?C=N%3BO%3DD HTTP/1.1" 200 417 "http://tchealthsources.com/clipart/buttons/themes/simple?N=A" "Mozilla/5.0 (Linux; Android 7.0;) AppleWebKit/537.36 (KHTML, like Gecko) Mobile Safari/537.36 (compatible; PetalBot;+https://webmaster.petalsearch.com/site/petalbot)" "tchealthsources.com"
114.119.135.7 - - [27/Nov/2022:20:06:19 -0800] "GET /TC%20Health%20Sources/media?N=D HTTP/1.1" 301 1430 "https://tchealthsources.com/TC%20Health%20Sources/media" "Mozilla/5.0 (Linux; Android 7.0;) AppleWebKit/537.36 (KHTML, like Gecko) Mobile Safari/537.36 (compatible; PetalBot;+https://webmaster.petalsearch.com/site/petalbot)" "tchealthsources.com"
114.119.135.7 - - [27/Nov/2022:20:06:20 -0800] "GET /TC%20Health%20Sources/media/?N=D HTTP/1.1" 200 409 "https://tchealthsources.com/TC%20Health%20Sources/media" "Mozilla/5.0 (Linux; Android 7.0;) AppleWebKit/537.36 (KHTML, like Gecko) Mobile Safari/537.36 (compatible; PetalBot;+https://webmaster.petalsearch.com/site/petalbot)" "tchealthsources.com"
51.222.253.19 - - [27/Nov/2022:20:10:00 -0800] "GET /TC%20Health%20Sources/clipart/buttons/themes/view-screen/?C=S;O=A HTTP/1.1" 200 443 "-" "Mozilla/5.0 (compatible; AhrefsBot/7.0; +http://ahrefs.com/robot/)" "www.tchealthsources.com"
114.119.146.37 - - [27/Nov/2022:20:11:31 -0800] "GET /TC%20Health%20Sources/clipart/buttons/themes/designer3/ HTTP/1.1" 200 444 "https://tchealthsources.com/TC%20Health%20Sources/clipart/buttons/themes/" "Mozilla/5.0 (Linux; Android 7.0;) AppleWebKit/537.36 (KHTML, like Gecko) Mobile Safari/537.36 (compatible; PetalBot;+https://webmaster.petalsearch.com/site/petalbot)" "tchealthsources.com"
51.222.253.4 - - [27/Nov/2022:20:39:42 -0800] "GET /clipart/buttons/themes/sky_blue/?C=M;O=A HTTP/1.1" 200 423 "-" "Mozilla/5.0 (compatible; AhrefsBot/7.0; +http://ahrefs.com/robot/)" "tchealthsources.com"
51.222.253.16 - - [27/Nov/2022:21:13:45 -0800] "GET /TC%20Health%20Sources/yahoo_site_admin/?C=N;O=D HTTP/1.1" 200 427 "-" "Mozilla/5.0 (compatible; AhrefsBot/7.0; +http://ahrefs.com/robot/)" "tchealthsources.com"
51.222.253.11 - - [27/Nov/2022:21:33:01 -0800] "GET /TC%20Health%20Sources/?C=N;O=D HTTP/1.1" 200 550 "-" "Mozilla/5.0 (compatible; AhrefsBot/7.0; +http://ahrefs.com/robot/)" "www.tchealthsources.com"
51.222.253.6 - - [27/Nov/2022:21:41:08 -0800] "GET /clipart/buttons/themes/sky_blue/?C=D;O=A HTTP/1.1" 200 422 "-" "Mozilla/5.0 (compatible; AhrefsBot/7.0; +http://ahrefs.com/robot/)" "tchealthsources.com"
51.222.253.17 - - [27/Nov/2022:22:06:44 -0800] "GET / HTTP/1.1" 200 493 "-" "Mozilla/5.0 (compatible; AhrefsBot/7.0; +http://ahrefs.com/robot/)" "tchealthsources.com"
167.114.113.132 - - [27/Nov/2022:22:06:59 -0800] "HEAD / HTTP/1.1" 200 - "-" "Mozilla/5.0 (Windows NT 10.0; Win64; x64) AppleWebKit/537.36 (KHTML, like Gecko) Chrome/74.0.3729.169 Safari/537.36" "tchealthsources.com"
167.114.113.132 - - [27/Nov/2022:22:06:59 -0800] "HEAD /wordpress HTTP/1.1" 404 - "-" "Mozilla/5.0 (Windows NT 10.0; Win64; x64) AppleWebKit/537.36 (KHTML, like Gecko) Chrome/74.0.3729.169 Safari/537.36" "tchealthsources.com"
167.114.113.132 - - [27/Nov/2022:22:06:59 -0800] "HEAD /Wordpress HTTP/1.1" 404 - "-" "Mozilla/5.0 (Windows NT 10.0; Win64; x64) AppleWebKit/537.36 (KHTML, like Gecko) Chrome/74.0.3729.169 Safari/537.36" "tchealthsources.com"
167.114.113.132 - - [27/Nov/2022:22:06:59 -0800] "HEAD /WORDPRESS HTTP/1.1" 404 - "-" "Mozilla/5.0 (Windows NT 10.0; Win64; x64) AppleWebKit/537.36 (KHTML, like Gecko) Chrome/74.0.3729.169 Safari/537.36" "tchealthsources.com"
167.114.113.132 - - [27/Nov/2022:22:06:59 -0800] "HEAD /WordPress HTTP/1.1" 404 - "-" "Mozilla/5.0 (Windows NT 10.0; Win64; x64) AppleWebKit/537.36 (KHTML, like Gecko) Chrome/74.0.3729.169 Safari/537.36" "tchealthsources.com"
167.114.113.132 - - [27/Nov/2022:22:06:59 -0800] "HEAD /wp HTTP/1.1" 404 - "-" "Mozilla/5.0 (Windows NT 10.0; Win64; x64) AppleWebKit/537.36 (KHTML, like Gecko) Chrome/74.0.3729.169 Safari/537.36" "tchealthsources.com"
167.114.113.132 - - [27/Nov/2022:22:07:00 -0800] "HEAD /Wp HTTP/1.1" 404 - "-" "Mozilla/5.0 (Windows NT 10.0; Win64; x64) AppleWebKit/537.36 (KHTML, like Gecko) Chrome/74.0.3729.169 Safari/537.36" "tchealthsources.com"
167.114.113.132 - - [27/Nov/2022:22:07:00 -0800] "HEAD /WP HTTP/1.1" 404 - "-" "Mozilla/5.0 (Windows NT 10.0; Win64; x64) AppleWebKit/537.36 (KHTML, like Gecko) Chrome/74.0.3729.169 Safari/537.36" "tchealthsources.com"
167.114.113.132 - - [27/Nov/2022:22:07:00 -0800] "HEAD /old HTTP/1.1" 404 - "-" "Mozilla/5.0 (Windows NT 10.0; Win64; x64) AppleWebKit/537.36 (KHTML, like Gecko) Chrome/74.0.3729.169 Safari/537.36" "tchealthsources.com"
167.114.113.132 - - [27/Nov/2022:22:07:00 -0800] "HEAD /Old HTTP/1.1" 404 - "-" "Mozilla/5.0 (Windows NT 10.0; Win64; x64) AppleWebKit/537.36 (KHTML, like Gecko) Chrome/74.0.3729.169 Safari/537.36" "tchealthsources.com"
167.114.113.132 - - [27/Nov/2022:22:07:00 -0800] "HEAD /OLD HTTP/1.1" 404 - "-" "Mozilla/5.0 (Windows NT 10.0; Win64; x64) AppleWebKit/537.36 (KHTML, like Gecko) Chrome/74.0.3729.169 Safari/537.36" "tchealthsources.com"
167.114.113.132 - - [27/Nov/2022:22:07:00 -0800] "HEAD /oldsite HTTP/1.1" 404 - "-" "Mozilla/5.0 (Windows NT 10.0; Win64; x64) AppleWebKit/537.36 (KHTML, like Gecko) Chrome/74.0.3729.169 Safari/537.36" "tchealthsources.com"
167.114.113.132 - - [27/Nov/2022:22:07:00 -0800] "HEAD /new HTTP/1.1" 404 - "-" "Mozilla/5.0 (Windows NT 10.0; Win64; x64) AppleWebKit/537.36 (KHTML, like Gecko) Chrome/74.0.3729.169 Safari/537.36" "tchealthsources.com"
167.114.113.132 - - [27/Nov/2022:22:07:00 -0800] "HEAD /New HTTP/1.1" 404 - "-" "Mozilla/5.0 (Windows NT 10.0; Win64; x64) AppleWebKit/537.36 (KHTML, like Gecko) Chrome/74.0.3729.169 Safari/537.36" "tchealthsources.com"
167.114.113.132 - - [27/Nov/2022:22:07:00 -0800] "HEAD /NEW HTTP/1.1" 404 - "-" "Mozilla/5.0 (Windows NT 10.0; Win64; x64) AppleWebKit/537.36 (KHTML, like Gecko) Chrome/74.0.3729.169 Safari/537.36" "tchealthsources.com"
167.114.113.132 - - [27/Nov/2022:22:07:00 -0800] "HEAD /wp-old HTTP/1.1" 404 - "-" "Mozilla/5.0 (Windows NT 10.0; Win64; x64) AppleWebKit/537.36 (KHTML, like Gecko) Chrome/74.0.3729.169 Safari/537.36" "tchealthsources.com"
167.114.113.132 - - [27/Nov/2022:22:07:00 -0800] "HEAD /2022 HTTP/1.1" 404 - "-" "Mozilla/5.0 (Windows NT 10.0; Win64; x64) AppleWebKit/537.36 (KHTML, like Gecko) Chrome/74.0.3729.169 Safari/537.36" "tchealthsources.com"
167.114.113.132 - - [27/Nov/2022:22:07:01 -0800] "HEAD /2020 HTTP/1.1" 404 - "-" "Mozilla/5.0 (Windows NT 10.0; Win64; x64) AppleWebKit/537.36 (KHTML, like Gecko) Chrome/74.0.3729.169 Safari/537.36" "tchealthsources.com"
167.114.113.132 - - [27/Nov/2022:22:07:01 -0800] "HEAD /2019 HTTP/1.1" 404 - "-" "Mozilla/5.0 (Windows NT 10.0; Win64; x64) AppleWebKit/537.36 (KHTML, like Gecko) Chrome/74.0.3729.169 Safari/537.36" "tchealthsources.com"
167.114.113.132 - - [27/Nov/2022:22:07:01 -0800] "HEAD /2018 HTTP/1.1" 404 - "-" "Mozilla/5.0 (Windows NT 10.0; Win64; x64) AppleWebKit/537.36 (KHTML, like Gecko) Chrome/74.0.3729.169 Safari/537.36" "tchealthsources.com"
167.114.113.132 - - [27/Nov/2022:22:07:01 -0800] "HEAD /backup HTTP/1.1" 404 - "-" "Mozilla/5.0 (Windows NT 10.0; Win64; x64) AppleWebKit/537.36 (KHTML, like Gecko) Chrome/74.0.3729.169 Safari/537.36" "tchealthsources.com"
