51.222.253.18 - - [27/Nov/2022:04:00:06 -0800] "GET /robots.txt HTTP/1.1" 404 88 "-" "Mozilla/5.0 (compatible; AhrefsBot/7.0; +http://ahrefs.com/robot/)" "tchealthsources.com"
51.222.253.1 - - [27/Nov/2022:04:00:08 -0800] "GET /TC%20Health%20Sources/files/ HTTP/1.1" 200 441 "-" "Mozilla/5.0 (compatible; AhrefsBot/7.0; +http://ahrefs.com/robot/)" "tchealthsources.com"
114.119.146.37 - - [27/Nov/2022:04:03:09 -0800] "GET /TC%20Health%20Sources/logs/access_160308.log HTTP/1.1" 200 1010 "https://tchealthsources.com/TC%20Health%20Sources/logs" "Mozilla/5.0 (Linux; Android 7.0;) AppleWebKit/537.36 (KHTML, like Gecko) Mobile Safari/537.36 (compatible; PetalBot;+https://webmaster.petalsearch.com/site/petalbot)" "tchealthsources.com"
114.119.135.7 - - [27/Nov/2022:04:08:21 -0800] "GET /TC%20Health%20Sources/images?C=D%3BO%3DA HTTP/1.1" 301 1434 "https://tchealthsources.com/TC%20Health%20Sources/images" "Mozilla/5.0 (Linux; Android 7.0;) AppleWebKit/537.36 (KHTML, like Gecko) Mobile Safari/537.36 (compatible; PetalBot;+https://webmaster.petalsearch.com/site/petalbot)" "tchealthsources.com"
114.119.135.7 - - [27/Nov/2022:04:08:22 -0800] "GET /TC%20Health%20Sources/images/?C=D%3BO%3DA HTTP/1.1" 200 1393 "https://tchealthsources.com/TC%20Health%20Sources/images" "Mozilla/5.0 (Linux; Android 7.0;) AppleWebKit/537.36 (KHTML, like Gecko) Mobile Safari/537.36 (compatible; PetalBot;+https://webmaster.petalsearch.com/site/petalbot)" "tchealthsources.com"
114.119.146.37 - - [27/Nov/2022:04:13:31 -0800] "GET /TC%20Health%20Sources/logs/access_160304.log HTTP/1.1" 200 1092 "https://tchealthsources.com/TC%20Health%20Sources/logs" "Mozilla/5.0 (Linux; Android 7.0;) AppleWebKit/537.36 (KHTML, like Gecko) Mobile Safari/537.36 (compatible; PetalBot;+https://webmaster.petalsearch.com/site/petalbot)" "tchealthsources.com"
51.222.253.13 - - [27/Nov/2022:04:16:04 -0800] "GET /clipart/buttons/themes/sky_blue/?C=N;O=D HTTP/1.1" 200 417 "-" "Mozilla/5.0 (compatible; AhrefsBot/7.0; +http://ahrefs.com/robot/)" "www.tchealthsources.com"
114.119.144.184 - - [27/Nov/2022:04:18:48 -0800] "GET /TC%20Health%20Sources/clipart/buttons/themes/jelly/ HTTP/1.1" 200 439 "https://tchealthsources.com/TC%20Health%20Sources/clipart/buttons/themes?D=A" "Mozilla/5.0 (Linux; Android 7.0;) AppleWebKit/537.36 (KHTML, like Gecko) Mobile Safari/537.36 (compatible; PetalBot;+https://webmaster.petalsearch.com/site/petalbot)" "tchealthsources.com"
114.119.143.11 - - [27/Nov/2022:04:23:53 -0800] "GET /TC%20Health%20Sources/clipart/buttons/themes/ HTTP/1.1" 200 479 "https://tchealthsources.com/TC%20Health%20Sources/clipart/buttons/themes/designer3?M=A" "Mozilla/5.0 (Linux; Android 7.0;) AppleWebKit/537.36 (KHTML, like Gecko) Mobile Safari/537.36 (compatible; PetalBot;+https://webmaster.petalsearch.com/site/petalbot)" "tchealthsources.com"
114.119.144.184 - - [27/Nov/2022:04:29:06 -0800] "GET /TC%20Health%20Sources/clipart/buttons/themes?D=D HTTP/1.1" 301 1441 "https://tchealthsources.com/TC%20Health%20Sources/clipart/buttons/themes?D=A" "Mozilla/5.0 (Linux; Android 7.0;) AppleWebKit/537.36 (KHTML, like Gecko) Mobile Safari/537.36 (compatible; PetalBot;+https://webmaster.petalsearch.com/site/petalbot)" "tchealthsources.com"
114.119.144.184 - - [27/Nov/2022:04:29:07 -0800] "GET /TC%20Health%20Sources/clipart/buttons/themes/?D=D HTTP/1.1" 200 479 "https://tchealthsources.com/TC%20Health%20Sources/clipart/buttons/themes?D=A" "Mozilla/5.0 (Linux; Android 7.0;) AppleWebKit/537.36 (KHTML, like Gecko) Mobile Safari/537.36 (compatible; PetalBot;+https://webmaster.petalsearch.com/site/petalbot)" "tchealthsources.com"
51.222.253.10 - - [27/Nov/2022:04:31:17 -0800] "GET /TC%20Health%20Sources/includes/?C=M;O=D HTTP/1.1" 200 374 "-" "Mozilla/5.0 (compatible; AhrefsBot/7.0; +http://ahrefs.com/robot/)" "tchealthsources.com"
114.119.146.37 - - [27/Nov/2022:04:34:17 -0800] "GET /TC%20Health%20Sources/clipart/buttons/themes/view-screen?D=D HTTP/1.1" 301 1449 "https://tchealthsources.com/TC%20Health%20Sources/clipart/buttons/themes/view-screen?D=A" "Mozilla/5.0 (Linux; Android 7.0;) AppleWebKit/537.36 (KHTML, like Gecko) Mobile Safari/537.36 (compatible; PetalBot;+https://webmaster.petalsearch.com/site/petalbot)" "tchealthsources.com"
114.119.146.37 - - [27/Nov/2022:04:34:18 -0800] "GET /TC%20Health%20Sources/clipart/buttons/themes/view-screen/?D=D HTTP/1.1" 200 442 "https://tchealthsources.com/TC%20Health%20Sources/clipart/buttons/themes/view-screen?D=A" "Mozilla/5.0 (Linux; Android 7.0;) AppleWebKit/537.36 (KHTML, like Gecko) Mobile Safari/537.36 (compatible; PetalBot;+https://webmaster.petalsearch.com/site/petalbot)" "tchealthsources.com"
114.119.144.184 - - [27/Nov/2022:04:40:32 -0800] "GET /clipart/buttons/themes/designer1/?C=M%3BO%3DA HTTP/1.1" 200 423 "http://tchealthsources.com/clipart/buttons/themes/designer1?M=A" "Mozilla/5.0 (Linux; Android 7.0;) AppleWebKit/537.36 (KHTML, like Gecko) Mobile Safari/537.36 (compatible; PetalBot;+https://webmaster.petalsearch.com/site/petalbot)" "tchealthsources.com"
114.119.146.37 - - [27/Nov/2022:04:45:43 -0800] "GET /TC%20Health%20Sources/yahoo_site_admin/credentials?M=A HTTP/1.1" 301 1445 "https://tchealthsources.com/TC%20Health%20Sources/yahoo_site_admin/credentials?N=A" "Mozilla/5.0 (Linux; Android 7.0;) AppleWebKit/537.36 (KHTML, like Gecko) Mobile Safari/537.36 (compatible; PetalBot;+https://webmaster.petalsearch.com/site/petalbot)" "tchealthsources.com"
114.119.146.37 - - [27/Nov/2022:04:45:44 -0800] "GET /TC%20Health%20Sources/yahoo_site_admin/credentials/?M=A HTTP/1.1" 200 399 "https://tchealthsources.com/TC%20Health%20Sources/yahoo_site_admin/credentials?N=A" "Mozilla/5.0 (Linux; Android 7.0;) AppleWebKit/537.36 (KHTML, like Gecko) Mobile Safari/537.36 (compatible; PetalBot;+https://webmaster.petalsearch.com/site/petalbot)" "tchealthsources.com"
51.222.253.1 - - [27/Nov/2022:04:46:42 -0800] "GET /TC%20Health%20Sources/includes/?C=D;O=D HTTP/1.1" 200 374 "-" "Mozilla/5.0 (compatible; AhrefsBot/7.0; +http://ahrefs.com/robot/)" "tchealthsources.com"
114.119.144.184 - - [27/Nov/2022:04:50:55 -0800] "GET /TC%20Health%20Sources/clipart/buttons/themes?S=D HTTP/1.1" 301 1441 "https://tchealthsources.com/TC%20Health%20Sources/clipart/buttons/themes?S=A" "Mozilla/5.0 (Linux; Android 7.0;) AppleWebKit/537.36 (KHTML, like Gecko) Mobile Safari/537.36 (compatible; PetalBot;+https://webmaster.petalsearch.com/site/petalbot)" "tchealthsources.com"
114.119.144.184 - - [27/Nov/2022:04:50:57 -0800] "GET /TC%20Health%20Sources/clipart/buttons/themes/?S=D HTTP/1.1" 200 479 "https://tchealthsources.com/TC%20Health%20Sources/clipart/buttons/themes?S=A" "Mozilla/5.0 (Linux; Android 7.0;) AppleWebKit/537.36 (KHTML, like Gecko) Mobile Safari/537.36 (compatible; PetalBot;+https://webmaster.petalsearch.com/site/petalbot)" "tchealthsources.com"
114.119.146.37 - - [27/Nov/2022:04:56:06 -0800] "GET /clipart/images/general?M=D HTTP/1.1" 301 1425 "http://tchealthsources.com/clipart/images/general?M=A" "Mozilla/5.0 (Linux; Android 7.0;) AppleWebKit/537.36 (KHTML, like Gecko) Mobile Safari/537.36 (compatible; PetalBot;+https://webmaster.petalsearch.com/site/petalbot)" "tchealthsources.com"
114.119.146.37 - - [27/Nov/2022:04:56:06 -0800] "GET /clipart/images/general/?M=D HTTP/1.1" 200 376 "http://tchealthsources.com/clipart/images/general?M=A" "Mozilla/5.0 (Linux; Android 7.0;) AppleWebKit/537.36 (KHTML, like Gecko) Mobile Safari/537.36 (compatible; PetalBot;+https://webmaster.petalsearch.com/site/petalbot)" "tchealthsources.com"
114.119.142.63 - - [27/Nov/2022:05:01:17 -0800] "GET /clipart/buttons/themes/sky_blue/?C=M%3BO%3DA HTTP/1.1" 200 422 "http://tchealthsources.com/clipart/buttons/themes/sky_blue/?C=N%3BO%3DD" "Mozilla/5.0 (Linux; Android 7.0;) AppleWebKit/537.36 (KHTML, like Gecko) Mobile Safari/537.36 (compatible; PetalBot;+https://webmaster.petalsearch.com/site/petalbot)" "tchealthsources.com"
51.222.253.13 - - [27/Nov/2022:05:02:24 -0800] "GET /clipart/buttons/themes/view-screen/?C=D;O=A HTTP/1.1" 200 433 "-" "Mozilla/5.0 (compatible; AhrefsBot/7.0; +http://ahrefs.com/robot/)" "tchealthsources.com"
114.119.150.65 - - [27/Nov/2022:05:06:31 -0800] "GET /TC%20Health%20Sources/yahoo_site_admin1/assets/images?C=S%3BO%3DA HTTP/1.1" 301 1455 "https://tchealthsources.com/TC%20Health%20Sources/yahoo_site_admin1/assets/images?D=D" "Mozilla/5.0 (Linux; Android 7.0;) AppleWebKit/537.36 (KHTML, like Gecko) Mobile Safari/537.36 (compatible; PetalBot;+https://webmaster.petalsearch.com/site/petalbot)" "tchealthsources.com"
114.119.150.65 - - [27/Nov/2022:05:06:32 -0800] "GET /TC%20Health%20Sources/yahoo_site_admin1/assets/images/?C=S%3BO%3DA HTTP/1.1" 200 357 "https://tchealthsources.com/TC%20Health%20Sources/yahoo_site_admin1/assets/images?D=D" "Mozilla/5.0 (Linux; Android 7.0;) AppleWebKit/537.36 (KHTML, like Gecko) Mobile Safari/537.36 (compatible; PetalBot;+https://webmaster.petalsearch.com/site/petalbot)" "tchealthsources.com"
114.119.142.63 - - [27/Nov/2022:05:11:37 -0800] "GET /?C=N%3BO%3DD HTTP/1.1" 200 493 "https://tchealthsources.com/" "Mozilla/5.0 (Linux; Android 7.0;) AppleWebKit/537.36 (KHTML, like Gecko) Mobile Safari/537.36 (compatible; PetalBot;+https://webmaster.petalsearch.com/site/petalbot)" "tchealthsources.com"
114.119.142.63 - - [27/Nov/2022:05:16:47 -0800] "GET /navigation_bars?M=D HTTP/1.1" 301 1419 "https://tchealthsources.com/navigation_bars?M=A" "Mozilla/5.0 (Linux; Android 7.0;) AppleWebKit/537.36 (KHTML, like Gecko) Mobile Safari/537.36 (compatible; PetalBot;+https://webmaster.petalsearch.com/site/petalbot)" "tchealthsources.com"
114.119.142.63 - - [27/Nov/2022:05:16:47 -0800] "GET /navigation_bars/?M=D HTTP/1.1" 200 390 "https://tchealthsources.com/navigation_bars?M=A" "Mozilla/5.0 (Linux; Android 7.0;) AppleWebKit/537.36 (KHTML, like Gecko) Mobile Safari/537.36 (compatible; PetalBot;+https://webmaster.petalsearch.com/site/petalbot)" "tchealthsources.com"
51.222.253.12 - - [27/Nov/2022:05:19:40 -0800] "GET /TC%20Health%20Sources/yahoo_site_admin/cache/?C=N;O=D HTTP/1.1" 200 348 "-" "Mozilla/5.0 (compatible; AhrefsBot/7.0; +http://ahrefs.com/robot/)" "tchealthsources.com"
114.119.146.37 - - [27/Nov/2022:05:21:57 -0800] "GET /TC%20Health%20Sources/sitebuilder?M=A HTTP/1.1" 301 1434 "https://tchealthsources.com/TC%20Health%20Sources/sitebuilder?D=A" "Mozilla/5.0 (Linux; Android 7.0;) AppleWebKit/537.36 (KHTML, like Gecko) Mobile Safari/537.36 (compatible; PetalBot;+https://webmaster.petalsearch.com/site/petalbot)" "tchealthsources.com"
114.119.146.37 - - [27/Nov/2022:05:21:58 -0800] "GET /TC%20Health%20Sources/sitebuilder/?M=A HTTP/1.1" 200 446 "https://tchealthsources.com/TC%20Health%20Sources/sitebuilder?D=A" "Mozilla/5.0 (Linux; Android 7.0;) AppleWebKit/537.36 (KHTML, like Gecko) Mobile Safari/537.36 (compatible; PetalBot;+https://webmaster.petalsearch.com/site/petalbot)" "tchealthsources.com"
114.119.143.11 - - [27/Nov/2022:05:28:47 -0800] "GET /TC%20Health%20Sources/clipart HTTP/1.1" 301 1426 "https://tchealthsources.com/TC%20Health%20Sources/clipart/buttons?S=D" "Mozilla/5.0 (Linux; Android 7.0;) AppleWebKit/537.36 (KHTML, like Gecko) Mobile Safari/537.36 (compatible; PetalBot;+https://webmaster.petalsearch.com/site/petalbot)" "tchealthsources.com"
114.119.143.11 - - [27/Nov/2022:05:28:47 -0800] "GET /TC%20Health%20Sources/clipart/ HTTP/1.1" 200 391 "https://tchealthsources.com/TC%20Health%20Sources/clipart/buttons?S=D" "Mozilla/5.0 (Linux; Android 7.0;) AppleWebKit/537.36 (KHTML, like Gecko) Mobile Safari/537.36 (compatible; PetalBot;+https://webmaster.petalsearch.com/site/petalbot)" "tchealthsources.com"
114.119.143.11 - - [27/Nov/2022:05:33:59 -0800] "GET /TC%20Health%20Sources/yahoo_site_admin1?N=A HTTP/1.1" 301 1438 "https://tchealthsources.com/TC%20Health%20Sources/yahoo_site_admin1?N=D" "Mozilla/5.0 (Linux; Android 7.0;) AppleWebKit/537.36 (KHTML, like Gecko) Mobile Safari/537.36 (compatible; PetalBot;+https://webmaster.petalsearch.com/site/petalbot)" "tchealthsources.com"
114.119.143.11 - - [27/Nov/2022:05:34:01 -0800] "GET /TC%20Health%20Sources/yahoo_site_admin1/?N=A HTTP/1.1" 200 418 "https://tchealthsources.com/TC%20Health%20Sources/yahoo_site_admin1?N=D" "Mozilla/5.0 (Linux; Android 7.0;) AppleWebKit/537.36 (KHTML, like Gecko) Mobile Safari/537.36 (compatible; PetalBot;+https://webmaster.petalsearch.com/site/petalbot)" "tchealthsources.com"
51.222.253.8 - - [27/Nov/2022:05:34:17 -0800] "GET /TC%20Health%20Sources/includes/ice/ HTTP/1.1" 200 439 "-" "Mozilla/5.0 (compatible; AhrefsBot/7.0; +http://ahrefs.com/robot/)" "www.tchealthsources.com"
114.119.143.11 - - [27/Nov/2022:05:39:10 -0800] "GET /TC%20Health%20Sources/sitebuilder/server_meta.txt HTTP/1.1" 200 927 "https://tchealthsources.com/TC%20Health%20Sources/sitebuilder/?C=N%3BO%3DD" "Mozilla/5.0 (Linux; Android 7.0;) AppleWebKit/537.36 (KHTML, like Gecko) Mobile Safari/537.36 (compatible; PetalBot;+https://webmaster.petalsearch.com/site/petalbot)" "tchealthsources.com"
114.119.146.37 - - [27/Nov/2022:05:44:17 -0800] "GET /TC%20Health%20Sources/logs/access_160307.log HTTP/1.1" 200 945 "https://tchealthsources.com/TC%20Health%20Sources/logs" "Mozilla/5.0 (Linux; Android 7.0;) AppleWebKit/537.36 (KHTML, like Gecko) Mobile Safari/537.36 (compatible; PetalBot;+https://webmaster.petalsearch.com/site/petalbot)" "tchealthsources.com"
185.191.171.33 - - [27/Nov/2022:05:46:02 -0800] "GET /robots.txt HTTP/1.1" 404 88 "-" "Mozilla/5.0 (compatible; SemrushBot/7~bl; +http://www.semrush.com/bot.html)" "www.tchealthsources.com"
185.191.171.17 - - [27/Nov/2022:05:46:03 -0800] "GET /TC%20Health%20Sources/_private/?C=D%3BO%3DA HTTP/1.1" 200 341 "-" "Mozilla/5.0 (compatible; SemrushBot/7~bl; +http://www.semrush.com/bot.html)" "www.tchealthsources.com"
51.222.253.6 - - [27/Nov/2022:05:49:23 -0800] "GET /clipart/buttons/themes/view-screen/?C=S;O=A HTTP/1.1" 200 433 "-" "Mozilla/5.0 (compatible; AhrefsBot/7.0; +http://ahrefs.com/robot/)" "tchealthsources.com"
114.119.143.11 - - [27/Nov/2022:05:49:28 -0800] "GET /clipart/buttons/themes/gray?M=A HTTP/1.1" 301 1428 "http://tchealthsources.com/clipart/buttons/themes/gray?N=D" "Mozilla/5.0 (Linux; Android 7.0;) AppleWebKit/537.36 (KHTML, like Gecko) Mobile Safari/537.36 (compatible; PetalBot;+https://webmaster.petalsearch.com/site/petalbot)" "tchealthsources.com"
114.119.143.11 - - [27/Nov/2022:05:49:28 -0800] "GET /clipart/buttons/themes/gray/?M=A HTTP/1.1" 200 409 "http://tchealthsources.com/clipart/buttons/themes/gray?N=D" "Mozilla/5.0 (Linux; Android 7.0;) AppleWebKit/537.36 (KHTML, like Gecko) Mobile Safari/537.36 (compatible; PetalBot;+https://webmaster.petalsearch.com/site/petalbot)" "tchealthsources.com"
114.119.146.37 - - [27/Nov/2022:05:54:37 -0800] "GET /TC%20Health%20Sources/media?D=D HTTP/1.1" 301 1429 "https://tchealthsources.com/TC%20Health%20Sources/media?D=A" "Mozilla/5.0 (Linux; Android 7.0;) AppleWebKit/537.36 (KHTML, like Gecko) Mobile Safari/537.36 (compatible; PetalBot;+https://webmaster.petalsearch.com/site/petalbot)" "tchealthsources.com"
114.119.146.37 - - [27/Nov/2022:05:54:38 -0800] "GET /TC%20Health%20Sources/media/?D=D HTTP/1.1" 200 409 "https://tchealthsources.com/TC%20Health%20Sources/media?D=A" "Mozilla/5.0 (Linux; Android 7.0;) AppleWebKit/537.36 (KHTML, like Gecko) Mobile Safari/537.36 (compatible; PetalBot;+https://webmaster.petalsearch.com/site/petalbot)" "tchealthsources.com"
185.191.171.5 - - [27/Nov/2022:05:57:18 -0800] "GET /robots.txt HTTP/1.1" 404 88 "-" "Mozilla/5.0 (compatible; SemrushBot/7~bl; +http://www.semrush.com/bot.html)" "tchealthsources.com"
185.191.171.39 - - [27/Nov/2022:05:57:19 -0800] "GET /TC%20Health%20Sources/yahoo_site_admin/credentials/?C=N%3BO%3DD HTTP/1.1" 200 399 "-" "Mozilla/5.0 (compatible; SemrushBot/7~bl; +http://www.semrush.com/bot.html)" "tchealthsources.com"
114.119.135.133 - - [27/Nov/2022:05:59:49 -0800] "GET /TC%20Health%20Sources/logs/access_160415.log HTTP/1.1" 200 2782 "https://tchealthsources.com/TC%20Health%20Sources/logs" "Mozilla/5.0 (Linux; Android 7.0;) AppleWebKit/537.36 (KHTML, like Gecko) Mobile Safari/537.36 (compatible; PetalBot;+https://webmaster.petalsearch.com/site/petalbot)" "tchealthsources.com"
114.119.150.65 - - [27/Nov/2022:06:05:00 -0800] "GET /TC%20Health%20Sources/clipart/buttons/?C=S%3BO%3DA HTTP/1.1" 200 383 "https://tchealthsources.com/TC%20Health%20Sources/clipart/buttons?S=A" "Mozilla/5.0 (Linux; Android 7.0;) AppleWebKit/537.36 (KHTML, like Gecko) Mobile Safari/537.36 (compatible; PetalBot;+https://webmaster.petalsearch.com/site/petalbot)" "tchealthsources.com"
51.222.253.4 - - [27/Nov/2022:06:07:59 -0800] "GET /clipart/buttons/themes/view-screen/?C=M;O=A HTTP/1.1" 200 433 "-" "Mozilla/5.0 (compatible; AhrefsBot/7.0; +http://ahrefs.com/robot/)" "tchealthsources.com"
114.119.135.133 - - [27/Nov/2022:06:10:12 -0800] "GET /TC%20Health%20Sources/yahoo_site_admin1/cache?D=A HTTP/1.1" 301 1441 "https://tchealthsources.com/TC%20Health%20Sources/yahoo_site_admin1/cache" "Mozilla/5.0 (Linux; Android 7.0;) AppleWebKit/537.36 (KHTML, like Gecko) Mobile Safari/537.36 (compatible; PetalBot;+https://webmaster.petalsearch.com/site/petalbot)" "tchealthsources.com"
114.119.135.133 - - [27/Nov/2022:06:10:13 -0800] "GET /TC%20Health%20Sources/yahoo_site_admin1/cache/?D=A HTTP/1.1" 200 351 "https://tchealthsources.com/TC%20Health%20Sources/yahoo_site_admin1/cache" "Mozilla/5.0 (Linux; Android 7.0;) AppleWebKit/537.36 (KHTML, like Gecko) Mobile Safari/537.36 (compatible; PetalBot;+https://webmaster.petalsearch.com/site/petalbot)" "tchealthsources.com"
114.119.135.133 - - [27/Nov/2022:06:15:21 -0800] "GET /TC%20Health%20Sources/tmp?D=A HTTP/1.1" 301 1429 "https://tchealthsources.com/TC%20Health%20Sources/tmp?D=D" "Mozilla/5.0 (Linux; Android 7.0;) AppleWebKit/537.36 (KHTML, like Gecko) Mobile Safari/537.36 (compatible; PetalBot;+https://webmaster.petalsearch.com/site/petalbot)" "tchealthsources.com"
114.119.135.133 - - [27/Nov/2022:06:15:22 -0800] "GET /TC%20Health%20Sources/tmp/?D=A HTTP/1.1" 200 386 "https://tchealthsources.com/TC%20Health%20Sources/tmp?D=D" "Mozilla/5.0 (Linux; Android 7.0;) AppleWebKit/537.36 (KHTML, like Gecko) Mobile Safari/537.36 (compatible; PetalBot;+https://webmaster.petalsearch.com/site/petalbot)" "tchealthsources.com"
114.119.135.133 - - [27/Nov/2022:06:20:31 -0800] "GET /clipart/buttons/themes/sky_blue/?C=D%3BO%3DA HTTP/1.1" 200 422 "http://tchealthsources.com/clipart/buttons/themes/sky_blue?S=D" "Mozilla/5.0 (Linux; Android 7.0;) AppleWebKit/537.36 (KHTML, like Gecko) Mobile Safari/537.36 (compatible; PetalBot;+https://webmaster.petalsearch.com/site/petalbot)" "tchealthsources.com"
114.119.135.133 - - [27/Nov/2022:06:25:41 -0800] "GET /TC%20Health%20Sources/clipart/images/?C=S%3BO%3DA HTTP/1.1" 200 382 "https://tchealthsources.com/TC%20Health%20Sources/clipart/images/" "Mozilla/5.0 (Linux; Android 7.0;) AppleWebKit/537.36 (KHTML, like Gecko) Mobile Safari/537.36 (compatible; PetalBot;+https://webmaster.petalsearch.com/site/petalbot)" "tchealthsources.com"
114.119.135.133 - - [27/Nov/2022:06:30:51 -0800] "GET /TC%20Health%20Sources/clipart/images/general?C=N%3BO%3DD HTTP/1.1" 301 1450 "https://tchealthsources.com/TC%20Health%20Sources/clipart/images/general?S=D" "Mozilla/5.0 (Linux; Android 7.0;) AppleWebKit/537.36 (KHTML, like Gecko) Mobile Safari/537.36 (compatible; PetalBot;+https://webmaster.petalsearch.com/site/petalbot)" "tchealthsources.com"
114.119.135.133 - - [27/Nov/2022:06:30:52 -0800] "GET /TC%20Health%20Sources/clipart/images/general/?C=N%3BO%3DD HTTP/1.1" 200 403 "https://tchealthsources.com/TC%20Health%20Sources/clipart/images/general?S=D" "Mozilla/5.0 (Linux; Android 7.0;) AppleWebKit/537.36 (KHTML, like Gecko) Mobile Safari/537.36 (compatible; PetalBot;+https://webmaster.petalsearch.com/site/petalbot)" "tchealthsources.com"
114.119.135.7 - - [27/Nov/2022:06:36:38 -0800] "GET /TC%20Health%20Sources/clipart/buttons/themes/view-screen/?C=N%3BO%3DD HTTP/1.1" 200 442 "https://tchealthsources.com/TC%20Health%20Sources/clipart/buttons/themes/view-screen/?C=D%3BO%3DA" "Mozilla/5.0 (Linux; Android 7.0;) AppleWebKit/537.36 (KHTML, like Gecko) Mobile Safari/537.36 (compatible; PetalBot;+https://webmaster.petalsearch.com/site/petalbot)" "tchealthsources.com"
114.119.150.65 - - [27/Nov/2022:06:47:45 -0800] "GET /TC%20Health%20Sources/sitebuilder/?C=S%3BO%3DA HTTP/1.1" 200 446 "https://tchealthsources.com/TC%20Health%20Sources/sitebuilder/?C=N%3BO%3DD" "Mozilla/5.0 (Linux; Android 7.0;) AppleWebKit/537.36 (KHTML, like Gecko) Mobile Safari/537.36 (compatible; PetalBot;+https://webmaster.petalsearch.com/site/petalbot)" "tchealthsources.com"
35.189.215.79 - - [27/Nov/2022:07:03:12 -0800] "GET / HTTP/1.1" 200 1331 "-" "Mozilla/5.0 (Windows NT 10.0; Win64; x64) AppleWebKit/537.36 (KHTML, like Gecko) Chrome/84.0.4147.105 Safari/537.36" "www.tchealthsources.com"
51.222.253.14 - - [27/Nov/2022:07:12:02 -0800] "GET /TC%20Health%20Sources/sitebuilder/?C=N;O=A HTTP/1.1" 200 446 "-" "Mozilla/5.0 (compatible; AhrefsBot/7.0; +http://ahrefs.com/robot/)" "www.tchealthsources.com"
51.222.253.14 - - [27/Nov/2022:07:27:03 -0800] "GET /TC%20Health%20Sources/sitebuilder/scripts/?C=D;O=D HTTP/1.1" 200 397 "-" "Mozilla/5.0 (compatible; AhrefsBot/7.0; +http://ahrefs.com/robot/)" "tchealthsources.com"
51.222.253.5 - - [27/Nov/2022:07:56:15 -0800] "GET /TC%20Health%20Sources/sitebuilder/scripts/?C=S;O=D HTTP/1.1" 200 397 "-" "Mozilla/5.0 (compatible; AhrefsBot/7.0; +http://ahrefs.com/robot/)" "tchealthsources.com"
45.134.140.24 - - [27/Nov/2022:08:06:03 -0800] "GET / HTTP/1.1" 200 493 "-" "Mozilla/5.0 (X11; Linux i686) AppleWebKit/537.36 (KHTML, like Gecko) Chrome/103.0.0.0 Safari/537.36 Vivaldi/5.3.2679.68" "tchealthsources.com"
45.134.140.24 - - [27/Nov/2022:08:06:03 -0800] "GET /?C=N;O=D HTTP/1.1" 200 492 "http://tchealthsources.com" "Mozilla/5.0 (X11; Linux i686) AppleWebKit/537.36 (KHTML, like Gecko) Chrome/103.0.0.0 Safari/537.36 Vivaldi/5.3.2679.68" "tchealthsources.com"
45.134.140.24 - - [27/Nov/2022:08:06:34 -0800] "GET /?C=M;O=A HTTP/1.1" 200 494 "http://tchealthsources.com" "Mozilla/5.0 (X11; Linux i686) AppleWebKit/537.36 (KHTML, like Gecko) Chrome/103.0.0.0 Safari/537.36 Vivaldi/5.3.2679.68" "tchealthsources.com"
45.134.140.24 - - [27/Nov/2022:08:06:34 -0800] "GET /clipart/ HTTP/1.1" 200 380 "http://tchealthsources.com" "Mozilla/5.0 (X11; Linux i686) AppleWebKit/537.36 (KHTML, like Gecko) Chrome/103.0.0.0 Safari/537.36 Vivaldi/5.3.2679.68" "tchealthsources.com"
45.134.140.24 - - [27/Nov/2022:08:06:35 -0800] "GET /?C=S;O=A HTTP/1.1" 200 495 "http://tchealthsources.com" "Mozilla/5.0 (X11; Linux i686) AppleWebKit/537.36 (KHTML, like Gecko) Chrome/103.0.0.0 Safari/537.36 Vivaldi/5.3.2679.68" "tchealthsources.com"
45.134.140.24 - - [27/Nov/2022:08:06:35 -0800] "GET /_private/ HTTP/1.1" 403 170 "http://tchealthsources.com" "Mozilla/5.0 (X11; Linux i686) AppleWebKit/537.36 (KHTML, like Gecko) Chrome/103.0.0.0 Safari/537.36 Vivaldi/5.3.2679.68" "tchealthsources.com"
45.134.140.24 - - [27/Nov/2022:08:06:36 -0800] "GET /?C=D;O=A HTTP/1.1" 200 493 "http://tchealthsources.com" "Mozilla/5.0 (X11; Linux i686) AppleWebKit/537.36 (KHTML, like Gecko) Chrome/103.0.0.0 Safari/537.36 Vivaldi/5.3.2679.68" "tchealthsources.com"
45.134.140.24 - - [27/Nov/2022:08:06:36 -0800] "GET /Web%20DOWNLOAD%20images/ HTTP/1.1" 200 442 "http://tchealthsources.com" "Mozilla/5.0 (X11; Linux i686) AppleWebKit/537.36 (KHTML, like Gecko) Chrome/103.0.0.0 Safari/537.36 Vivaldi/5.3.2679.68" "tchealthsources.com"
45.134.140.24 - - [27/Nov/2022:08:06:37 -0800] "GET /Index.html HTTP/1.1" 200 450 "http://tchealthsources.com" "Mozilla/5.0 (X11; Linux i686) AppleWebKit/537.36 (KHTML, like Gecko) Chrome/103.0.0.0 Safari/537.36 Vivaldi/5.3.2679.68" "tchealthsources.com"
45.134.140.24 - - [27/Nov/2022:08:06:37 -0800] "GET /TC%20Health%20Sources/ HTTP/1.1" 200 564 "http://tchealthsources.com" "Mozilla/5.0 (X11; Linux i686) AppleWebKit/537.36 (KHTML, like Gecko) Chrome/103.0.0.0 Safari/537.36 Vivaldi/5.3.2679.68" "tchealthsources.com"
114.119.144.184 - - [27/Nov/2022:08:24:53 -0800] "GET /TC%20Health%20Sources/yahoo_site_admin1?C=D%3BO%3DA HTTP/1.1" 301 1447 "https://tchealthsources.com/TC%20Health%20Sources/yahoo_site_admin1?S=A" "Mozilla/5.0 (Linux; Android 7.0;) AppleWebKit/537.36 (KHTML, like Gecko) Mobile Safari/537.36 (compatible; PetalBot;+https://webmaster.petalsearch.com/site/petalbot)" "tchealthsources.com"
114.119.144.184 - - [27/Nov/2022:08:24:53 -0800] "GET /TC%20Health%20Sources/yahoo_site_admin1/?C=D%3BO%3DA HTTP/1.1" 200 418 "https://tchealthsources.com/TC%20Health%20Sources/yahoo_site_admin1?S=A" "Mozilla/5.0 (Linux; Android 7.0;) AppleWebKit/537.36 (KHTML, like Gecko) Mobile Safari/537.36 (compatible; PetalBot;+https://webmaster.petalsearch.com/site/petalbot)" "tchealthsources.com"
51.222.253.5 - - [27/Nov/2022:08:25:14 -0800] "GET /clipart/buttons/themes/designer1/?C=S;O=A HTTP/1.1" 200 421 "-" "Mozilla/5.0 (compatible; AhrefsBot/7.0; +http://ahrefs.com/robot/)" "www.tchealthsources.com"
54.36.148.77 - - [27/Nov/2022:08:55:15 -0800] "GET /robots.txt HTTP/1.1" 404 88 "-" "Mozilla/5.0 (compatible; AhrefsBot/7.0; +http://ahrefs.com/robot/)" "tchealthsources.com"
51.222.253.9 - - [27/Nov/2022:08:55:17 -0800] "GET /TC%20Health%20Sources/clipart/images/general/?C=D;O=D HTTP/1.1" 200 401 "-" "Mozilla/5.0 (compatible; AhrefsBot/7.0; +http://ahrefs.com/robot/)" "tchealthsources.com"
114.119.144.184 - - [27/Nov/2022:09:04:38 -0800] "GET /TC%20Health%20Sources/yahoo_site_admin/logs/ HTTP/1.1" 200 396 "https://tchealthsources.com/TC%20Health%20Sources/yahoo_site_admin?D=A" "Mozilla/5.0 (Linux; Android 7.0;) AppleWebKit/537.36 (KHTML, like Gecko) Mobile Safari/537.36 (compatible; PetalBot;+https://webmaster.petalsearch.com/site/petalbot)" "tchealthsources.com"
51.222.253.19 - - [27/Nov/2022:09:20:27 -0800] "GET /TC%20Health%20Sources/yahoo_site_admin/logs/?C=M;O=A HTTP/1.1" 200 395 "-" "Mozilla/5.0 (compatible; AhrefsBot/7.0; +http://ahrefs.com/robot/)" "tchealthsources.com"
34.78.156.95 - - [27/Nov/2022:09:26:48 -0800] "HEAD / HTTP/1.1" 200 - "-" "Apache-HttpClient/4.5.5 (Java/11.0.9)" "www.tchealthsources.com"
51.222.253.5 - - [27/Nov/2022:09:52:44 -0800] "GET /robots.txt HTTP/1.1" 404 88 "-" "Mozilla/5.0 (compatible; AhrefsBot/7.0; +http://ahrefs.com/robot/)" "www.tchealthsources.com"
51.222.253.18 - - [27/Nov/2022:09:52:47 -0800] "GET /TC%20Health%20Sources/logs/ HTTP/1.1" 200 1066 "-" "Mozilla/5.0 (compatible; AhrefsBot/7.0; +http://ahrefs.com/robot/)" "www.tchealthsources.com"
51.222.253.5 - - [27/Nov/2022:10:09:13 -0800] "GET /TC%20Health%20Sources/yahoo_site_admin/logs/?C=D;O=A HTTP/1.1" 200 396 "-" "Mozilla/5.0 (compatible; AhrefsBot/7.0; +http://ahrefs.com/robot/)" "tchealthsources.com"
51.222.253.16 - - [27/Nov/2022:10:26:01 -0800] "GET /robots.txt HTTP/1.1" 404 88 "-" "Mozilla/5.0 (compatible; AhrefsBot/7.0; +http://ahrefs.com/robot/)" "www.tchealthsources.com"
51.222.253.14 - - [27/Nov/2022:10:26:03 -0800] "GET /clipart/buttons/themes/designer3/?C=S;O=D HTTP/1.1" 200 420 "-" "Mozilla/5.0 (compatible; AhrefsBot/7.0; +http://ahrefs.com/robot/)" "www.tchealthsources.com"
114.119.142.63 - - [27/Nov/2022:10:31:10 -0800] "GET /TC%20Health%20Sources/yahoo_site_admin/assets/images/ HTTP/1.1" 200 356 "https://tchealthsources.com/TC%20Health%20Sources/yahoo_site_admin/assets?S=D" "Mozilla/5.0 (Linux; Android 7.0;) AppleWebKit/537.36 (KHTML, like Gecko) Mobile Safari/537.36 (compatible; PetalBot;+https://webmaster.petalsearch.com/site/petalbot)" "tchealthsources.com"
51.222.253.5 - - [27/Nov/2022:10:42:27 -0800] "GET /TC%20Health%20Sources/clipart/?C=N;O=D HTTP/1.1" 200 389 "-" "Mozilla/5.0 (compatible; AhrefsBot/7.0; +http://ahrefs.com/robot/)" "tchealthsources.com"
51.222.253.12 - - [27/Nov/2022:10:57:21 -0800] "GET /TC%20Health%20Sources/sitebuilder/scripts/?C=D;O=A HTTP/1.1" 200 399 "-" "Mozilla/5.0 (compatible; AhrefsBot/7.0; +http://ahrefs.com/robot/)" "www.tchealthsources.com"
114.119.143.11 - - [27/Nov/2022:11:09:05 -0800] "GET /TC%20Health%20Sources/sitebuilder?C=S%3BO%3DA HTTP/1.1" 301 1442 "https://tchealthsources.com/TC%20Health%20Sources/sitebuilder?C=N%3BO%3DD" "Mozilla/5.0 (Linux; Android 7.0;) AppleWebKit/537.36 (KHTML, like Gecko) Mobile Safari/537.36 (compatible; PetalBot;+https://webmaster.petalsearch.com/site/petalbot)" "tchealthsources.com"
114.119.143.11 - - [27/Nov/2022:11:09:06 -0800] "GET /TC%20Health%20Sources/sitebuilder/?C=S%3BO%3DA HTTP/1.1" 200 446 "https://tchealthsources.com/TC%20Health%20Sources/sitebuilder?C=N%3BO%3DD" "Mozilla/5.0 (Linux; Android 7.0;) AppleWebKit/537.36 (KHTML, like Gecko) Mobile Safari/537.36 (compatible; PetalBot;+https://webmaster.petalsearch.com/site/petalbot)" "tchealthsources.com"
51.222.253.19 - - [27/Nov/2022:11:13:47 -0800] "GET /TC%20Health%20Sources/_private/?C=M;O=D HTTP/1.1" 200 339 "-" "Mozilla/5.0 (compatible; AhrefsBot/7.0; +http://ahrefs.com/robot/)" "tchealthsources.com"
51.222.253.2 - - [27/Nov/2022:11:22:16 -0800] "GET /TC%20Health%20Sources/sitebuilder/scripts/?C=M;O=A HTTP/1.1" 200 399 "-" "Mozilla/5.0 (compatible; AhrefsBot/7.0; +http://ahrefs.com/robot/)" "www.tchealthsources.com"
114.119.143.11 - - [27/Nov/2022:11:26:55 -0800] "GET /TC%20Health%20Sources/_private?M=D HTTP/1.1" 301 1432 "https://tchealthsources.com/TC%20Health%20Sources/_private?M=A" "Mozilla/5.0 (Linux; Android 7.0;) AppleWebKit/537.36 (KHTML, like Gecko) Mobile Safari/537.36 (compatible; PetalBot;+https://webmaster.petalsearch.com/site/petalbot)" "tchealthsources.com"
114.119.143.11 - - [27/Nov/2022:11:26:55 -0800] "GET /TC%20Health%20Sources/_private/?M=D HTTP/1.1" 200 341 "https://tchealthsources.com/TC%20Health%20Sources/_private?M=A" "Mozilla/5.0 (Linux; Android 7.0;) AppleWebKit/537.36 (KHTML, like Gecko) Mobile Safari/537.36 (compatible; PetalBot;+https://webmaster.petalsearch.com/site/petalbot)" "tchealthsources.com"
114.119.143.11 - - [27/Nov/2022:11:32:09 -0800] "GET /TC%20Health%20Sources/clipart/buttons/themes/?C=M%3BO%3DA HTTP/1.1" 200 479 "https://tchealthsources.com/TC%20Health%20Sources/clipart/buttons/themes?D=A" "Mozilla/5.0 (Linux; Android 7.0;) AppleWebKit/537.36 (KHTML, like Gecko) Mobile Safari/537.36 (compatible; PetalBot;+https://webmaster.petalsearch.com/site/petalbot)" "tchealthsources.com"
114.119.150.65 - - [27/Nov/2022:11:37:16 -0800] "GET /TC%20Health%20Sources/logs/access_160312.log HTTP/1.1" 200 1816 "https://tchealthsources.com/TC%20Health%20Sources/logs" "Mozilla/5.0 (Linux; Android 7.0;) AppleWebKit/537.36 (KHTML, like Gecko) Mobile Safari/537.36 (compatible; PetalBot;+https://webmaster.petalsearch.com/site/petalbot)" "tchealthsources.com"
51.222.253.9 - - [27/Nov/2022:11:39:32 -0800] "GET /TC%20Health%20Sources/tmp/ HTTP/1.1" 200 386 "-" "Mozilla/5.0 (compatible; AhrefsBot/7.0; +http://ahrefs.com/robot/)" "www.tchealthsources.com"
114.119.137.142 - - [27/Nov/2022:11:47:44 -0800] "GET /TC%20Health%20Sources/yahoo_site_admin/cache?S=A HTTP/1.1" 301 1440 "https://tchealthsources.com/TC%20Health%20Sources/yahoo_site_admin/cache?D=A" "Mozilla/5.0 (Linux; Android 7.0;) AppleWebKit/537.36 (KHTML, like Gecko) Mobile Safari/537.36 (compatible; PetalBot;+https://webmaster.petalsearch.com/site/petalbot)" "tchealthsources.com"
114.119.137.142 - - [27/Nov/2022:11:47:44 -0800] "GET /TC%20Health%20Sources/yahoo_site_admin/cache/?S=A HTTP/1.1" 200 350 "https://tchealthsources.com/TC%20Health%20Sources/yahoo_site_admin/cache?D=A" "Mozilla/5.0 (Linux; Android 7.0;) AppleWebKit/537.36 (KHTML, like Gecko) Mobile Safari/537.36 (compatible; PetalBot;+https://webmaster.petalsearch.com/site/petalbot)" "tchealthsources.com"
51.222.253.11 - - [27/Nov/2022:11:47:58 -0800] "GET /TC%20Health%20Sources/images/ HTTP/1.1" 200 1393 "-" "Mozilla/5.0 (compatible; AhrefsBot/7.0; +http://ahrefs.com/robot/)" "www.tchealthsources.com"
51.222.253.18 - - [27/Nov/2022:11:55:12 -0800] "GET /TC%20Health%20Sources/yahoo_site_admin/logs/?C=N;O=D HTTP/1.1" 200 394 "-" "Mozilla/5.0 (compatible; AhrefsBot/7.0; +http://ahrefs.com/robot/)" "tchealthsources.com"
114.119.135.7 - - [27/Nov/2022:11:58:06 -0800] "GET /TC%20Health%20Sources/yahoo_site_admin1/credentials/ HTTP/1.1" 200 400 "https://tchealthsources.com/TC%20Health%20Sources/yahoo_site_admin1?S=A" "Mozilla/5.0 (Linux; Android 7.0;) AppleWebKit/537.36 (KHTML, like Gecko) Mobile Safari/537.36 (compatible; PetalBot;+https://webmaster.petalsearch.com/site/petalbot)" "tchealthsources.com"
64.124.8.57 - - [27/Nov/2022:12:00:22 -0800] "GET /robots.txt HTTP/1.1" 404 88 "-" "Mozilla/5.0 (X11; Linux x86_64) AppleWebKit/537.36 (KHTML, like Gecko) Chrome/61.0.3163.79 Safari/537.36" "tchealthsources.com"
64.124.8.57 - - [27/Nov/2022:12:00:22 -0800] "GET /navigation_bars/navbar.nav HTTP/1.1" 304 - "-" "Mozilla/5.0 (X11; Linux x86_64) AppleWebKit/537.36 (KHTML, like Gecko) Chrome/61.0.3163.79 Safari/537.36" "tchealthsources.com"
51.222.253.20 - - [27/Nov/2022:12:02:55 -0800] "GET /TC%20Health%20Sources/yahoo_site_admin/assets/images/?C=M;O=D HTTP/1.1" 200 354 "-" "Mozilla/5.0 (compatible; AhrefsBot/7.0; +http://ahrefs.com/robot/)" "tchealthsources.com"
114.119.143.11 - - [27/Nov/2022:12:03:15 -0800] "GET /clipart/buttons/themes/swoosh_blue?C=N%3BO%3DD HTTP/1.1" 301 1445 "http://tchealthsources.com/clipart/buttons/themes/swoosh_blue?M=D" "Mozilla/5.0 (Linux; Android 7.0;) AppleWebKit/537.36 (KHTML, like Gecko) Mobile Safari/537.36 (compatible; PetalBot;+https://webmaster.petalsearch.com/site/petalbot)" "tchealthsources.com"
114.119.143.11 - - [27/Nov/2022:12:03:15 -0800] "GET /clipart/buttons/themes/swoosh_blue/?C=N%3BO%3DD HTTP/1.1" 200 419 "http://tchealthsources.com/clipart/buttons/themes/swoosh_blue?M=D" "Mozilla/5.0 (Linux; Android 7.0;) AppleWebKit/537.36 (KHTML, like Gecko) Mobile Safari/537.36 (compatible; PetalBot;+https://webmaster.petalsearch.com/site/petalbot)" "tchealthsources.com"
114.119.135.7 - - [27/Nov/2022:12:08:28 -0800] "GET /TC%20Health%20Sources/logs/access_160316.log HTTP/1.1" 200 1554 "https://tchealthsources.com/TC%20Health%20Sources/logs" "Mozilla/5.0 (Linux; Android 7.0;) AppleWebKit/537.36 (KHTML, like Gecko) Mobile Safari/537.36 (compatible; PetalBot;+https://webmaster.petalsearch.com/site/petalbot)" "tchealthsources.com"
51.222.253.4 - - [27/Nov/2022:12:10:09 -0800] "GET /TC%20Health%20Sources/yahoo_site_admin/logs/?C=N;O=D HTTP/1.1" 200 394 "-" "Mozilla/5.0 (compatible; AhrefsBot/7.0; +http://ahrefs.com/robot/)" "www.tchealthsources.com"
114.119.137.142 - - [27/Nov/2022:12:13:40 -0800] "GET /TC%20Health%20Sources/logs/access_160429.log HTTP/1.1" 200 1932 "https://tchealthsources.com/TC%20Health%20Sources/logs" "Mozilla/5.0 (Linux; Android 7.0;) AppleWebKit/537.36 (KHTML, like Gecko) Mobile Safari/537.36 (compatible; PetalBot;+https://webmaster.petalsearch.com/site/petalbot)" "tchealthsources.com"
95.108.213.63 - - [27/Nov/2022:12:15:29 -0800] "GET /robots.txt HTTP/1.1" 404 73 "-" "Mozilla/5.0 (compatible; YandexBot/3.0; +http://yandex.com/bots)" "tchealthsources.com"
5.255.253.142 - - [27/Nov/2022:12:15:33 -0800] "GET / HTTP/1.1" 200 493 "-" "Mozilla/5.0 (compatible; YandexBot/3.0; +http://yandex.com/bots)" "tchealthsources.com"
51.222.253.6 - - [27/Nov/2022:12:17:50 -0800] "GET /clipart/buttons/themes/designer3/?C=N;O=D HTTP/1.1" 200 416 "-" "Mozilla/5.0 (compatible; AhrefsBot/7.0; +http://ahrefs.com/robot/)" "tchealthsources.com"
114.119.146.37 - - [27/Nov/2022:12:18:55 -0800] "GET /TC%20Health%20Sources/tmp/?C=S%3BO%3DA HTTP/1.1" 200 386 "https://tchealthsources.com/TC%20Health%20Sources/tmp?M=D" "Mozilla/5.0 (Linux; Android 7.0;) AppleWebKit/537.36 (KHTML, like Gecko) Mobile Safari/537.36 (compatible; PetalBot;+https://webmaster.petalsearch.com/site/petalbot)" "tchealthsources.com"
74.84.150.150 - - [27/Nov/2022:12:20:10 -0800] "GET /robots.txt HTTP/1.1" 404 88 "-" "test" "tchealthsources.com"
68.69.184.202 - - [27/Nov/2022:12:20:11 -0800] "GET / HTTP/1.1" 200 493 "-" "test" "tchealthsources.com"
114.119.142.63 - - [27/Nov/2022:12:24:09 -0800] "GET /TC%20Health%20Sources/yahoo_site_admin/logs/log.txt HTTP/1.1" 200 280 "https://tchealthsources.com/TC%20Health%20Sources/yahoo_site_admin/logs" "Mozilla/5.0 (Linux; Android 7.0;) AppleWebKit/537.36 (KHTML, like Gecko) Mobile Safari/537.36 (compatible; PetalBot;+https://webmaster.petalsearch.com/site/petalbot)" "tchealthsources.com"
208.100.26.244 - - [27/Nov/2022:12:25:01 -0800] "GET / HTTP/1.1" 200 493 "-" "Mozilla/5.0 (Windows NT 6.1; Win64; x64) AppleWebKit/537.36 (KHTML, like Gecko) Chrome/84.0.4115.0 Safari/537.36 Edg/84.0.488.1" "tchealthsources.com"
208.100.26.248 - - [27/Nov/2022:12:25:06 -0800] "GET / HTTP/1.1" 200 493 "-" "Mozilla/5.0 (Windows NT 10.0; Win64; x64) AppleWebKit/537.36 (KHTML, like Gecko) Chrome/79.0.4101.79 Safari/537.36" "tchealthsources.com"
51.222.253.5 - - [27/Nov/2022:12:26:39 -0800] "GET /TC%20Health%20Sources/yahoo_site_admin1/?C=D;O=D HTTP/1.1" 200 416 "-" "Mozilla/5.0 (compatible; AhrefsBot/7.0; +http://ahrefs.com/robot/)" "tchealthsources.com"
114.119.137.142 - - [27/Nov/2022:12:29:21 -0800] "GET /TC%20Health%20Sources/navigation_bars?C=S%3BO%3DA HTTP/1.1" 301 1446 "https://tchealthsources.com/TC%20Health%20Sources/navigation_bars?S=A" "Mozilla/5.0 (Linux; Android 7.0;) AppleWebKit/537.36 (KHTML, like Gecko) Mobile Safari/537.36 (compatible; PetalBot;+https://webmaster.petalsearch.com/site/petalbot)" "tchealthsources.com"
114.119.137.142 - - [27/Nov/2022:12:29:22 -0800] "GET /TC%20Health%20Sources/navigation_bars/?C=S%3BO%3DA HTTP/1.1" 200 415 "https://tchealthsources.com/TC%20Health%20Sources/navigation_bars?S=A" "Mozilla/5.0 (Linux; Android 7.0;) AppleWebKit/537.36 (KHTML, like Gecko) Mobile Safari/537.36 (compatible; PetalBot;+https://webmaster.petalsearch.com/site/petalbot)" "tchealthsources.com"
114.119.135.133 - - [27/Nov/2022:12:34:36 -0800] "GET /Web%20DOWNLOAD%20images?S=D HTTP/1.1" 301 1433 "http://tchealthsources.com/Web%20DOWNLOAD%20images?S=A" "Mozilla/5.0 (Linux; Android 7.0;) AppleWebKit/537.36 (KHTML, like Gecko) Mobile Safari/537.36 (compatible; PetalBot;+https://webmaster.petalsearch.com/site/petalbot)" "tchealthsources.com"
114.119.135.133 - - [27/Nov/2022:12:34:39 -0800] "GET /Web%20DOWNLOAD%20images/?S=D HTTP/1.1" 200 442 "http://tchealthsources.com/Web%20DOWNLOAD%20images?S=A" "Mozilla/5.0 (Linux; Android 7.0;) AppleWebKit/537.36 (KHTML, like Gecko) Mobile Safari/537.36 (compatible; PetalBot;+https://webmaster.petalsearch.com/site/petalbot)" "tchealthsources.com"
51.222.253.5 - - [27/Nov/2022:12:35:58 -0800] "GET /TC%20Health%20Sources/yahoo_site_admin/logs/?C=S;O=A HTTP/1.1" 200 396 "-" "Mozilla/5.0 (compatible; AhrefsBot/7.0; +http://ahrefs.com/robot/)" "tchealthsources.com"
114.119.146.37 - - [27/Nov/2022:12:39:46 -0800] "GET /TC%20Health%20Sources/clipart/images/?C=D%3BO%3DA HTTP/1.1" 200 382 "https://tchealthsources.com/TC%20Health%20Sources/clipart/images?N=A" "Mozilla/5.0 (Linux; Android 7.0;) AppleWebKit/537.36 (KHTML, like Gecko) Mobile Safari/537.36 (compatible; PetalBot;+https://webmaster.petalsearch.com/site/petalbot)" "tchealthsources.com"
51.222.253.2 - - [27/Nov/2022:12:43:28 -0800] "GET /TC%20Health%20Sources/clipart/buttons/themes/ HTTP/1.1" 200 479 "-" "Mozilla/5.0 (compatible; AhrefsBot/7.0; +http://ahrefs.com/robot/)" "www.tchealthsources.com"
114.119.144.184 - - [27/Nov/2022:12:45:00 -0800] "GET /clipart/buttons/themes/swoosh_blue/?C=N%3BO%3DD HTTP/1.1" 200 419 "http://tchealthsources.com/clipart/buttons/themes/swoosh_blue?N=D" "Mozilla/5.0 (Linux; Android 7.0;) AppleWebKit/537.36 (KHTML, like Gecko) Mobile Safari/537.36 (compatible; PetalBot;+https://webmaster.petalsearch.com/site/petalbot)" "tchealthsources.com"
51.222.253.3 - - [27/Nov/2022:12:47:04 -0800] "GET /TC%20Health%20Sources/yahoo_site_admin1/ HTTP/1.1" 200 418 "-" "Mozilla/5.0 (compatible; AhrefsBot/7.0; +http://ahrefs.com/robot/)" "tchealthsources.com"
51.222.253.17 - - [27/Nov/2022:12:49:41 -0800] "GET /Index.html HTTP/1.1" 200 450 "-" "Mozilla/5.0 (compatible; AhrefsBot/7.0; +http://ahrefs.com/robot/)" "tchealthsources.com"
114.119.135.7 - - [27/Nov/2022:12:50:12 -0800] "GET /TC%20Health%20Sources/yahoo_site_admin/assets/images/?C=M%3BO%3DA HTTP/1.1" 200 356 "https://tchealthsources.com/TC%20Health%20Sources/yahoo_site_admin/assets/images?M=A" "Mozilla/5.0 (Linux; Android 7.0;) AppleWebKit/537.36 (KHTML, like Gecko) Mobile Safari/537.36 (compatible; PetalBot;+https://webmaster.petalsearch.com/site/petalbot)" "tchealthsources.com"
64.124.8.53 - - [27/Nov/2022:12:54:44 -0800] "GET /robots.txt HTTP/1.1" 404 88 "-" "Mozilla/5.0 (X11; Linux x86_64) AppleWebKit/537.36 (KHTML, like Gecko) Chrome/61.0.3163.79 Safari/537.36" "tchealthsources.com"
64.124.8.53 - - [27/Nov/2022:12:54:44 -0800] "GET /TC%20Health%20Sources/tmp/mailError.log HTTP/1.1" 304 - "-" "Mozilla/5.0 (X11; Linux x86_64) AppleWebKit/537.36 (KHTML, like Gecko) Chrome/61.0.3163.79 Safari/537.36" "tchealthsources.com"
51.222.253.17 - - [27/Nov/2022:12:55:08 -0800] "GET / HTTP/1.1" 200 493 "-" "Mozilla/5.0 (compatible; AhrefsBot/7.0; +http://ahrefs.com/robot/)" "www.tchealthsources.com"
114.119.143.11 - - [27/Nov/2022:12:55:24 -0800] "GET /clipart/buttons/themes/jelly/?C=S%3BO%3DA HTTP/1.1" 200 416 "http://tchealthsources.com/clipart/buttons/themes/jelly?S=A" "Mozilla/5.0 (Linux; Android 7.0;) AppleWebKit/537.36 (KHTML, like Gecko) Mobile Safari/537.36 (compatible; PetalBot;+https://webmaster.petalsearch.com/site/petalbot)" "tchealthsources.com"
116.202.128.228 - - [27/Nov/2022:12:56:13 -0800] "GET /robots.txt HTTP/1.1" 404 88 "-" "Mozilla/5.0 (compatible; BLEXBot/1.0; +http://webmeup-crawler.com/)" "tchealthsources.com"
116.202.128.228 - - [27/Nov/2022:12:56:13 -0800] "GET /sitemap HTTP/1.1" 404 88 "-" "Mozilla/5.0 (compatible; BLEXBot/1.0; +http://webmeup-crawler.com/)" "tchealthsources.com"
116.202.128.228 - - [27/Nov/2022:12:56:15 -0800] "GET /sitemap.txt HTTP/1.1" 404 88 "-" "Mozilla/5.0 (compatible; BLEXBot/1.0; +http://webmeup-crawler.com/)" "tchealthsources.com"
116.202.128.228 - - [27/Nov/2022:12:57:02 -0800] "GET /TC%20Health%20Sources/?C=M;O=D HTTP/1.1" 200 548 "-" "Mozilla/5.0 (compatible; BLEXBot/1.0; +http://webmeup-crawler.com/)" "tchealthsources.com"
116.202.128.228 - - [27/Nov/2022:12:57:09 -0800] "GET /TC%20Health%20Sources/?C=N;O=A HTTP/1.1" 200 564 "-" "Mozilla/5.0 (compatible; BLEXBot/1.0; +http://webmeup-crawler.com/)" "tchealthsources.com"
116.202.128.228 - - [27/Nov/2022:12:57:13 -0800] "GET /TC%20Health%20Sources/?C=S;O=D HTTP/1.1" 200 555 "-" "Mozilla/5.0 (compatible; BLEXBot/1.0; +http://webmeup-crawler.com/)" "tchealthsources.com"
116.202.128.228 - - [27/Nov/2022:12:57:25 -0800] "GET /TC%20Health%20Sources/_private/?C=D;O=A HTTP/1.1" 200 341 "-" "Mozilla/5.0 (compatible; BLEXBot/1.0; +http://webmeup-crawler.com/)" "tchealthsources.com"
116.202.128.228 - - [27/Nov/2022:12:57:32 -0800] "GET /TC%20Health%20Sources/_private/?C=M;O=A HTTP/1.1" 200 341 "-" "Mozilla/5.0 (compatible; BLEXBot/1.0; +http://webmeup-crawler.com/)" "tchealthsources.com"
116.202.128.228 - - [27/Nov/2022:12:57:37 -0800] "GET /TC%20Health%20Sources/_private/?C=N;O=D HTTP/1.1" 200 339 "-" "Mozilla/5.0 (compatible; BLEXBot/1.0; +http://webmeup-crawler.com/)" "tchealthsources.com"
116.202.128.228 - - [27/Nov/2022:12:57:44 -0800] "GET /TC%20Health%20Sources/_private/?C=S;O=A HTTP/1.1" 200 341 "-" "Mozilla/5.0 (compatible; BLEXBot/1.0; +http://webmeup-crawler.com/)" "tchealthsources.com"
116.202.128.228 - - [27/Nov/2022:12:58:27 -0800] "GET /TC%20Health%20Sources/clipart/?C=D;O=A HTTP/1.1" 200 391 "-" "Mozilla/5.0 (compatible; BLEXBot/1.0; +http://webmeup-crawler.com/)" "tchealthsources.com"
116.202.128.228 - - [27/Nov/2022:12:58:33 -0800] "GET /TC%20Health%20Sources/clipart/?C=M;O=A HTTP/1.1" 200 391 "-" "Mozilla/5.0 (compatible; BLEXBot/1.0; +http://webmeup-crawler.com/)" "tchealthsources.com"
116.202.128.228 - - [27/Nov/2022:12:58:37 -0800] "GET /TC%20Health%20Sources/clipart/?C=N;O=D HTTP/1.1" 200 389 "-" "Mozilla/5.0 (compatible; BLEXBot/1.0; +http://webmeup-crawler.com/)" "tchealthsources.com"
116.202.128.228 - - [27/Nov/2022:12:58:44 -0800] "GET /TC%20Health%20Sources/clipart/?C=S;O=A HTTP/1.1" 200 391 "-" "Mozilla/5.0 (compatible; BLEXBot/1.0; +http://webmeup-crawler.com/)" "tchealthsources.com"
116.202.128.228 - - [27/Nov/2022:12:58:49 -0800] "GET /TC%20Health%20Sources/clipart/buttons/ HTTP/1.1" 200 383 "-" "Mozilla/5.0 (compatible; BLEXBot/1.0; +http://webmeup-crawler.com/)" "tchealthsources.com"
116.202.128.228 - - [27/Nov/2022:12:58:57 -0800] "GET /TC%20Health%20Sources/clipart/images/ HTTP/1.1" 200 382 "-" "Mozilla/5.0 (compatible; BLEXBot/1.0; +http://webmeup-crawler.com/)" "tchealthsources.com"
116.202.128.228 - - [27/Nov/2022:12:59:01 -0800] "GET /TC%20Health%20Sources/files/?C=D;O=A HTTP/1.1" 200 441 "-" "Mozilla/5.0 (compatible; BLEXBot/1.0; +http://webmeup-crawler.com/)" "tchealthsources.com"
116.202.128.228 - - [27/Nov/2022:12:59:05 -0800] "GET /TC%20Health%20Sources/files/?C=M;O=A HTTP/1.1" 200 441 "-" "Mozilla/5.0 (compatible; BLEXBot/1.0; +http://webmeup-crawler.com/)" "tchealthsources.com"
116.202.128.228 - - [27/Nov/2022:12:59:11 -0800] "GET /TC%20Health%20Sources/files/?C=N;O=D HTTP/1.1" 200 440 "-" "Mozilla/5.0 (compatible; BLEXBot/1.0; +http://webmeup-crawler.com/)" "tchealthsources.com"
116.202.128.228 - - [27/Nov/2022:12:59:26 -0800] "GET /TC%20Health%20Sources/files/?C=S;O=A HTTP/1.1" 200 441 "-" "Mozilla/5.0 (compatible; BLEXBot/1.0; +http://webmeup-crawler.com/)" "tchealthsources.com"
116.202.128.228 - - [27/Nov/2022:12:59:30 -0800] "GET /TC%20Health%20Sources/files/International_health_insurance.htm HTTP/1.1" 200 5116 "-" "Mozilla/5.0 (compatible; BLEXBot/1.0; +http://webmeup-crawler.com/)" "tchealthsources.com"
116.202.128.228 - - [27/Nov/2022:12:59:35 -0800] "GET /TC%20Health%20Sources/images/?C=D;O=A HTTP/1.1" 200 1393 "-" "Mozilla/5.0 (compatible; BLEXBot/1.0; +http://webmeup-crawler.com/)" "tchealthsources.com"
116.202.128.228 - - [27/Nov/2022:12:59:41 -0800] "GET /TC%20Health%20Sources/images/?C=M;O=A HTTP/1.1" 200 1404 "-" "Mozilla/5.0 (compatible; BLEXBot/1.0; +http://webmeup-crawler.com/)" "tchealthsources.com"
116.202.128.228 - - [27/Nov/2022:12:59:46 -0800] "GET /TC%20Health%20Sources/images/?C=N;O=D HTTP/1.1" 200 1381 "-" "Mozilla/5.0 (compatible; BLEXBot/1.0; +http://webmeup-crawler.com/)" "tchealthsources.com"
116.202.128.228 - - [27/Nov/2022:12:59:53 -0800] "GET /TC%20Health%20Sources/images/?C=S;O=A HTTP/1.1" 200 1404 "-" "Mozilla/5.0 (compatible; BLEXBot/1.0; +http://webmeup-crawler.com/)" "tchealthsources.com"
116.202.128.228 - - [27/Nov/2022:13:00:32 -0800] "GET /TC%20Health%20Sources/includes/?C=M;O=A HTTP/1.1" 200 376 "-" "Mozilla/5.0 (compatible; BLEXBot/1.0; +http://webmeup-crawler.com/)" "tchealthsources.com"
114.119.150.65 - - [27/Nov/2022:13:00:35 -0800] "GET /TC%20Health%20Sources/clipart/buttons/themes/simple?M=D HTTP/1.1" 301 1445 "https://tchealthsources.com/TC%20Health%20Sources/clipart/buttons/themes/simple?M=A" "Mozilla/5.0 (Linux; Android 7.0;) AppleWebKit/537.36 (KHTML, like Gecko) Mobile Safari/537.36 (compatible; PetalBot;+https://webmaster.petalsearch.com/site/petalbot)" "tchealthsources.com"
114.119.150.65 - - [27/Nov/2022:13:00:36 -0800] "GET /TC%20Health%20Sources/clipart/buttons/themes/simple/?M=D HTTP/1.1" 200 440 "https://tchealthsources.com/TC%20Health%20Sources/clipart/buttons/themes/simple?M=A" "Mozilla/5.0 (Linux; Android 7.0;) AppleWebKit/537.36 (KHTML, like Gecko) Mobile Safari/537.36 (compatible; PetalBot;+https://webmaster.petalsearch.com/site/petalbot)" "tchealthsources.com"
116.202.128.228 - - [27/Nov/2022:13:00:37 -0800] "GET /TC%20Health%20Sources/includes/?C=N;O=D HTTP/1.1" 200 374 "-" "Mozilla/5.0 (compatible; BLEXBot/1.0; +http://webmeup-crawler.com/)" "tchealthsources.com"
116.202.128.228 - - [27/Nov/2022:13:00:42 -0800] "GET /TC%20Health%20Sources/includes/?C=S;O=A HTTP/1.1" 200 376 "-" "Mozilla/5.0 (compatible; BLEXBot/1.0; +http://webmeup-crawler.com/)" "tchealthsources.com"
116.202.128.228 - - [27/Nov/2022:13:00:49 -0800] "GET /TC%20Health%20Sources/includes/ice/ HTTP/1.1" 200 439 "-" "Mozilla/5.0 (compatible; BLEXBot/1.0; +http://webmeup-crawler.com/)" "tchealthsources.com"
116.202.128.228 - - [27/Nov/2022:13:00:54 -0800] "GET /TC%20Health%20Sources/logs/?C=D;O=A HTTP/1.1" 200 1066 "-" "Mozilla/5.0 (compatible; BLEXBot/1.0; +http://webmeup-crawler.com/)" "tchealthsources.com"
116.202.128.228 - - [27/Nov/2022:13:01:00 -0800] "GET /TC%20Health%20Sources/logs/?C=M;O=A HTTP/1.1" 200 1070 "-" "Mozilla/5.0 (compatible; BLEXBot/1.0; +http://webmeup-crawler.com/)" "tchealthsources.com"
116.202.128.228 - - [27/Nov/2022:13:01:04 -0800] "GET /TC%20Health%20Sources/logs/?C=N;O=D HTTP/1.1" 200 1051 "-" "Mozilla/5.0 (compatible; BLEXBot/1.0; +http://webmeup-crawler.com/)" "tchealthsources.com"
116.202.128.228 - - [27/Nov/2022:13:01:09 -0800] "GET /TC%20Health%20Sources/logs/?C=S;O=A HTTP/1.1" 200 1064 "-" "Mozilla/5.0 (compatible; BLEXBot/1.0; +http://webmeup-crawler.com/)" "tchealthsources.com"
116.202.128.228 - - [27/Nov/2022:13:01:15 -0800] "GET /TC%20Health%20Sources/media/ HTTP/1.1" 200 409 "-" "Mozilla/5.0 (compatible; BLEXBot/1.0; +http://webmeup-crawler.com/)" "tchealthsources.com"
116.202.128.228 - - [27/Nov/2022:13:01:20 -0800] "GET /TC%20Health%20Sources/navigation_bars/?C=D;O=A HTTP/1.1" 200 415 "-" "Mozilla/5.0 (compatible; BLEXBot/1.0; +http://webmeup-crawler.com/)" "tchealthsources.com"
116.202.128.228 - - [27/Nov/2022:13:01:25 -0800] "GET /TC%20Health%20Sources/navigation_bars/?C=M;O=A HTTP/1.1" 200 415 "-" "Mozilla/5.0 (compatible; BLEXBot/1.0; +http://webmeup-crawler.com/)" "tchealthsources.com"
116.202.128.228 - - [27/Nov/2022:13:01:29 -0800] "GET /TC%20Health%20Sources/navigation_bars/?C=N;O=D HTTP/1.1" 200 412 "-" "Mozilla/5.0 (compatible; BLEXBot/1.0; +http://webmeup-crawler.com/)" "tchealthsources.com"
