51.222.253.19 - - [10/Nov/2022:14:21:03 -0800] "GET /Web%20DOWNLOAD%20images/?C=M;O=A HTTP/1.1" 200 442 "-" "Mozilla/5.0 (compatible; AhrefsBot/7.0; +http://ahrefs.com/robot/)" "www.tchealthsources.com"
114.119.136.134 - - [10/Nov/2022:14:25:40 -0800] "GET /TC%20Health%20Sources/clipart/buttons/themes/jelly?D=D HTTP/1.1" 301 1445 "https://tchealthsources.com/TC%20Health%20Sources/clipart/buttons/themes/jelly?D=A" "Mozilla/5.0 (Linux; Android 7.0;) AppleWebKit/537.36 (KHTML, like Gecko) Mobile Safari/537.36 (compatible; PetalBot;+https://webmaster.petalsearch.com/site/petalbot)" "tchealthsources.com"
114.119.136.134 - - [10/Nov/2022:14:25:41 -0800] "GET /TC%20Health%20Sources/clipart/buttons/themes/jelly/?D=D HTTP/1.1" 200 439 "https://tchealthsources.com/TC%20Health%20Sources/clipart/buttons/themes/jelly?D=A" "Mozilla/5.0 (Linux; Android 7.0;) AppleWebKit/537.36 (KHTML, like Gecko) Mobile Safari/537.36 (compatible; PetalBot;+https://webmaster.petalsearch.com/site/petalbot)" "tchealthsources.com"
114.119.136.109 - - [10/Nov/2022:14:31:45 -0800] "GET /TC%20Health%20Sources/yahoo_site_admin/?C=D%3BO%3DA HTTP/1.1" 200 429 "https://tchealthsources.com/TC%20Health%20Sources/yahoo_site_admin?M=D" "Mozilla/5.0 (Linux; Android 7.0;) AppleWebKit/537.36 (KHTML, like Gecko) Mobile Safari/537.36 (compatible; PetalBot;+https://webmaster.petalsearch.com/site/petalbot)" "tchealthsources.com"
114.119.136.109 - - [10/Nov/2022:14:36:47 -0800] "GET /TC%20Health%20Sources/_private?M=A HTTP/1.1" 301 1432 "https://tchealthsources.com/TC%20Health%20Sources/_private?N=D" "Mozilla/5.0 (Linux; Android 7.0;) AppleWebKit/537.36 (KHTML, like Gecko) Mobile Safari/537.36 (compatible; PetalBot;+https://webmaster.petalsearch.com/site/petalbot)" "tchealthsources.com"
114.119.136.109 - - [10/Nov/2022:14:36:48 -0800] "GET /TC%20Health%20Sources/_private/?M=A HTTP/1.1" 200 341 "https://tchealthsources.com/TC%20Health%20Sources/_private?N=D" "Mozilla/5.0 (Linux; Android 7.0;) AppleWebKit/537.36 (KHTML, like Gecko) Mobile Safari/537.36 (compatible; PetalBot;+https://webmaster.petalsearch.com/site/petalbot)" "tchealthsources.com"
34.125.46.38 - - [10/Nov/2022:14:39:04 -0800] "GET / HTTP/1.1" 200 493 "-" "python-requests/2.28.1" "tchealthsources.com"
114.119.134.224 - - [10/Nov/2022:14:41:49 -0800] "GET /TC%20Health%20Sources/logs/access_160305.log HTTP/1.1" 200 1238 "https://tchealthsources.com/TC%20Health%20Sources/logs?N=A" "Mozilla/5.0 (Linux; Android 7.0;) AppleWebKit/537.36 (KHTML, like Gecko) Mobile Safari/537.36 (compatible; PetalBot;+https://webmaster.petalsearch.com/site/petalbot)" "tchealthsources.com"
205.169.39.63 - - [10/Nov/2022:14:43:36 -0800] "GET /Web%20DOWNLOAD%20images/Header%20Banner.jpg HTTP/1.1" 200 139024 "-" "Mozilla/5.0 (Windows NT 10.0) AppleWebKit/537.36 (KHTML, like Gecko) Chrome/106.0.0.0 Safari/537.36" "tchealthsources.com"
51.222.253.1 - - [10/Nov/2022:14:48:24 -0800] "GET /TC%20Health%20Sources/includes/ice/?C=M;O=A HTTP/1.1" 200 439 "-" "Mozilla/5.0 (compatible; AhrefsBot/7.0; +http://ahrefs.com/robot/)" "www.tchealthsources.com"
114.119.136.109 - - [10/Nov/2022:14:51:10 -0800] "GET /TC%20Health%20Sources/clipart/buttons/themes/jelly?M=A HTTP/1.1" 301 1445 "https://tchealthsources.com/TC%20Health%20Sources/clipart/buttons/themes/jelly?S=D" "Mozilla/5.0 (Linux; Android 7.0;) AppleWebKit/537.36 (KHTML, like Gecko) Mobile Safari/537.36 (compatible; PetalBot;+https://webmaster.petalsearch.com/site/petalbot)" "tchealthsources.com"
114.119.136.109 - - [10/Nov/2022:14:51:11 -0800] "GET /TC%20Health%20Sources/clipart/buttons/themes/jelly/?M=A HTTP/1.1" 200 439 "https://tchealthsources.com/TC%20Health%20Sources/clipart/buttons/themes/jelly?S=D" "Mozilla/5.0 (Linux; Android 7.0;) AppleWebKit/537.36 (KHTML, like Gecko) Mobile Safari/537.36 (compatible; PetalBot;+https://webmaster.petalsearch.com/site/petalbot)" "tchealthsources.com"
114.119.136.109 - - [10/Nov/2022:14:56:13 -0800] "GET /TC%20Health%20Sources/includes?S=A HTTP/1.1" 301 1431 "https://tchealthsources.com/TC%20Health%20Sources/includes?S=D" "Mozilla/5.0 (Linux; Android 7.0;) AppleWebKit/537.36 (KHTML, like Gecko) Mobile Safari/537.36 (compatible; PetalBot;+https://webmaster.petalsearch.com/site/petalbot)" "tchealthsources.com"
114.119.136.109 - - [10/Nov/2022:14:56:14 -0800] "GET /TC%20Health%20Sources/includes/?S=A HTTP/1.1" 200 376 "https://tchealthsources.com/TC%20Health%20Sources/includes?S=D" "Mozilla/5.0 (Linux; Android 7.0;) AppleWebKit/537.36 (KHTML, like Gecko) Mobile Safari/537.36 (compatible; PetalBot;+https://webmaster.petalsearch.com/site/petalbot)" "tchealthsources.com"
114.119.136.12 - - [10/Nov/2022:15:01:19 -0800] "GET /clipart/buttons?C=S%3BO%3DA HTTP/1.1" 301 1428 "http://tchealthsources.com/clipart/buttons?M=D" "Mozilla/5.0 (Linux; Android 7.0;) AppleWebKit/537.36 (KHTML, like Gecko) Mobile Safari/537.36 (compatible; PetalBot;+https://webmaster.petalsearch.com/site/petalbot)" "tchealthsources.com"
114.119.136.12 - - [10/Nov/2022:15:01:20 -0800] "GET /clipart/buttons/?C=S%3BO%3DA HTTP/1.1" 200 360 "http://tchealthsources.com/clipart/buttons?M=D" "Mozilla/5.0 (Linux; Android 7.0;) AppleWebKit/537.36 (KHTML, like Gecko) Mobile Safari/537.36 (compatible; PetalBot;+https://webmaster.petalsearch.com/site/petalbot)" "tchealthsources.com"
114.119.134.224 - - [10/Nov/2022:15:06:21 -0800] "GET /TC%20Health%20Sources/clipart/buttons/themes/gray?D=D HTTP/1.1" 301 1445 "https://tchealthsources.com/TC%20Health%20Sources/clipart/buttons/themes/gray?D=A" "Mozilla/5.0 (Linux; Android 7.0;) AppleWebKit/537.36 (KHTML, like Gecko) Mobile Safari/537.36 (compatible; PetalBot;+https://webmaster.petalsearch.com/site/petalbot)" "tchealthsources.com"
114.119.134.224 - - [10/Nov/2022:15:06:30 -0800] "GET /TC%20Health%20Sources/clipart/buttons/themes/gray/?D=D HTTP/1.1" 200 435 "https://tchealthsources.com/TC%20Health%20Sources/clipart/buttons/themes/gray?D=A" "Mozilla/5.0 (Linux; Android 7.0;) AppleWebKit/537.36 (KHTML, like Gecko) Mobile Safari/537.36 (compatible; PetalBot;+https://webmaster.petalsearch.com/site/petalbot)" "tchealthsources.com"
114.119.136.13 - - [10/Nov/2022:15:11:25 -0800] "GET /TC%20Health%20Sources/yahoo_site_admin?N=A HTTP/1.1" 301 1437 "https://tchealthsources.com/TC%20Health%20Sources/yahoo_site_admin?D=D" "Mozilla/5.0 (Linux; Android 7.0;) AppleWebKit/537.36 (KHTML, like Gecko) Mobile Safari/537.36 (compatible; PetalBot;+https://webmaster.petalsearch.com/site/petalbot)" "tchealthsources.com"
114.119.136.13 - - [10/Nov/2022:15:11:28 -0800] "GET /TC%20Health%20Sources/yahoo_site_admin/?N=A HTTP/1.1" 200 429 "https://tchealthsources.com/TC%20Health%20Sources/yahoo_site_admin?D=D" "Mozilla/5.0 (Linux; Android 7.0;) AppleWebKit/537.36 (KHTML, like Gecko) Mobile Safari/537.36 (compatible; PetalBot;+https://webmaster.petalsearch.com/site/petalbot)" "tchealthsources.com"
54.149.223.166 - - [10/Nov/2022:15:13:32 -0800] "GET / HTTP/1.1" 200 493 "-" "Mozilla/5.0 (X11; Linux x86_64) AppleWebKit/537.36 (KHTML, like Gecko) Chrome/83.0.4103.97 Safari/537.36" "tchealthsources.com"
34.221.70.11 - - [10/Nov/2022:15:13:34 -0800] "GET / HTTP/1.1" 200 493 "-" "Mozilla/5.0 (X11; Linux x86_64) AppleWebKit/537.36 (KHTML, like Gecko) Chrome/83.0.4103.97 Safari/537.36" "tchealthsources.com"
35.89.239.211 - - [10/Nov/2022:15:13:56 -0800] "GET /favicon.ico HTTP/1.1" 404 88 "-" "Mozilla/5.0 (X11; Linux x86_64) AppleWebKit/537.36 (KHTML, like Gecko) Chrome/83.0.4103.97 Safari/537.36" "tchealthsources.com"
35.89.239.211 - - [10/Nov/2022:15:13:57 -0800] "GET / HTTP/1.1" 200 493 "-" "Mozilla/5.0 (X11; Linux x86_64) AppleWebKit/537.36 (KHTML, like Gecko) Chrome/83.0.4103.97 Safari/537.36" "tchealthsources.com"
34.220.9.204 - - [10/Nov/2022:15:14:39 -0800] "GET /favicon.ico HTTP/1.1" 404 88 "-" "Mozilla/5.0 (X11; Linux x86_64) AppleWebKit/537.36 (KHTML, like Gecko) Chrome/83.0.4103.97 Safari/537.36" "tchealthsources.com"
34.220.9.204 - - [10/Nov/2022:15:14:41 -0800] "GET / HTTP/1.1" 200 493 "-" "Mozilla/5.0 (X11; Linux x86_64) AppleWebKit/537.36 (KHTML, like Gecko) Chrome/83.0.4103.97 Safari/537.36" "tchealthsources.com"
114.119.136.134 - - [10/Nov/2022:15:16:46 -0800] "GET /clipart/images?S=D HTTP/1.1" 301 1418 "http://tchealthsources.com/clipart/images?S=A" "Mozilla/5.0 (Linux; Android 7.0;) AppleWebKit/537.36 (KHTML, like Gecko) Mobile Safari/537.36 (compatible; PetalBot;+https://webmaster.petalsearch.com/site/petalbot)" "tchealthsources.com"
114.119.136.134 - - [10/Nov/2022:15:16:46 -0800] "GET /clipart/images/?S=D HTTP/1.1" 200 359 "http://tchealthsources.com/clipart/images?S=A" "Mozilla/5.0 (Linux; Android 7.0;) AppleWebKit/537.36 (KHTML, like Gecko) Mobile Safari/537.36 (compatible; PetalBot;+https://webmaster.petalsearch.com/site/petalbot)" "tchealthsources.com"
51.222.253.20 - - [10/Nov/2022:15:19:00 -0800] "GET /TC%20Health%20Sources/includes/ice/?C=D;O=A HTTP/1.1" 200 439 "-" "Mozilla/5.0 (compatible; AhrefsBot/7.0; +http://ahrefs.com/robot/)" "www.tchealthsources.com"
114.119.136.134 - - [10/Nov/2022:15:21:47 -0800] "GET /TC%20Health%20Sources/logs/access_160405.log HTTP/1.1" 200 2549 "https://tchealthsources.com/TC%20Health%20Sources/logs?N=A" "Mozilla/5.0 (Linux; Android 7.0;) AppleWebKit/537.36 (KHTML, like Gecko) Mobile Safari/537.36 (compatible; PetalBot;+https://webmaster.petalsearch.com/site/petalbot)" "tchealthsources.com"
51.222.253.14 - - [10/Nov/2022:15:23:23 -0800] "GET /TC%20Health%20Sources/sitebuilder/scripts/?C=N;O=A HTTP/1.1" 200 399 "-" "Mozilla/5.0 (compatible; AhrefsBot/7.0; +http://ahrefs.com/robot/)" "tchealthsources.com"
114.119.136.13 - - [10/Nov/2022:15:26:50 -0800] "GET /clipart/buttons/themes/designer3?C=N%3BO%3DD HTTP/1.1" 301 1439 "http://tchealthsources.com/clipart/buttons/themes/designer3?N=A" "Mozilla/5.0 (Linux; Android 7.0;) AppleWebKit/537.36 (KHTML, like Gecko) Mobile Safari/537.36 (compatible; PetalBot;+https://webmaster.petalsearch.com/site/petalbot)" "tchealthsources.com"
114.119.136.13 - - [10/Nov/2022:15:26:50 -0800] "GET /clipart/buttons/themes/designer3/?C=N%3BO%3DD HTTP/1.1" 200 422 "http://tchealthsources.com/clipart/buttons/themes/designer3?N=A" "Mozilla/5.0 (Linux; Android 7.0;) AppleWebKit/537.36 (KHTML, like Gecko) Mobile Safari/537.36 (compatible; PetalBot;+https://webmaster.petalsearch.com/site/petalbot)" "tchealthsources.com"
114.119.136.134 - - [10/Nov/2022:15:31:53 -0800] "GET /TC%20Health%20Sources/yahoo_site_admin1/credentials?C=D%3BO%3DA HTTP/1.1" 301 1454 "https://tchealthsources.com/TC%20Health%20Sources/yahoo_site_admin1/credentials?C=M%3BO%3DA" "Mozilla/5.0 (Linux; Android 7.0;) AppleWebKit/537.36 (KHTML, like Gecko) Mobile Safari/537.36 (compatible; PetalBot;+https://webmaster.petalsearch.com/site/petalbot)" "tchealthsources.com"
114.119.136.134 - - [10/Nov/2022:15:31:54 -0800] "GET /TC%20Health%20Sources/yahoo_site_admin1/credentials/?C=D%3BO%3DA HTTP/1.1" 200 400 "https://tchealthsources.com/TC%20Health%20Sources/yahoo_site_admin1/credentials?C=M%3BO%3DA" "Mozilla/5.0 (Linux; Android 7.0;) AppleWebKit/537.36 (KHTML, like Gecko) Mobile Safari/537.36 (compatible; PetalBot;+https://webmaster.petalsearch.com/site/petalbot)" "tchealthsources.com"
114.119.135.212 - - [10/Nov/2022:15:34:35 -0800] "GET /robots.txt HTTP/1.1" 404 88 "-" "Mozilla/5.0 (compatible;PetalBot;+https://webmaster.petalsearch.com/site/petalbot)" "tchealthsources.com"
114.119.136.134 - - [10/Nov/2022:15:36:58 -0800] "GET /TC%20Health%20Sources/clipart/?C=M%3BO%3DA HTTP/1.1" 200 391 "https://tchealthsources.com/TC%20Health%20Sources/clipart?M=A" "Mozilla/5.0 (Linux; Android 7.0;) AppleWebKit/537.36 (KHTML, like Gecko) Mobile Safari/537.36 (compatible; PetalBot;+https://webmaster.petalsearch.com/site/petalbot)" "tchealthsources.com"
114.119.136.109 - - [10/Nov/2022:15:42:00 -0800] "GET /navigation_bars/index.nav HTTP/1.1" 200 4991 "-" "Mozilla/5.0 (Linux; Android 7.0;) AppleWebKit/537.36 (KHTML, like Gecko) Mobile Safari/537.36 (compatible; PetalBot;+https://webmaster.petalsearch.com/site/petalbot)" "tchealthsources.com"
114.119.147.248 - - [10/Nov/2022:15:46:02 -0800] "GET /robots.txt HTTP/1.1" 404 88 "-" "Mozilla/5.0 (compatible;PetalBot;+https://webmaster.petalsearch.com/site/petalbot)" "tchealthsources.com"
114.119.136.134 - - [10/Nov/2022:15:47:06 -0800] "GET /TC%20Health%20Sources/navigation_bars?D=D HTTP/1.1" 301 1437 "https://tchealthsources.com/TC%20Health%20Sources/navigation_bars?D=A" "Mozilla/5.0 (Linux; Android 7.0;) AppleWebKit/537.36 (KHTML, like Gecko) Mobile Safari/537.36 (compatible; PetalBot;+https://webmaster.petalsearch.com/site/petalbot)" "tchealthsources.com"
114.119.136.134 - - [10/Nov/2022:15:47:06 -0800] "GET /TC%20Health%20Sources/navigation_bars/?D=D HTTP/1.1" 200 415 "https://tchealthsources.com/TC%20Health%20Sources/navigation_bars?D=A" "Mozilla/5.0 (Linux; Android 7.0;) AppleWebKit/537.36 (KHTML, like Gecko) Mobile Safari/537.36 (compatible; PetalBot;+https://webmaster.petalsearch.com/site/petalbot)" "tchealthsources.com"
44.211.26.253 - - [10/Nov/2022:15:48:11 -0800] "GET /robots.txt HTTP/1.1" 404 73 "-" "Mozilla/5.0 (X11; Linux x86_64) AppleWebKit/537.36 (KHTML, like Gecko) Chrome/94.0.4606.81 Safari/537.36" "tchealthsources.com"
44.211.26.253 - - [10/Nov/2022:15:48:11 -0800] "GET / HTTP/1.1" 200 1331 "-" "Mozilla/5.0 (X11; Linux x86_64) AppleWebKit/537.36 (KHTML, like Gecko) Chrome/94.0.4606.81 Safari/537.36" "tchealthsources.com"
207.46.13.237 - - [10/Nov/2022:15:49:15 -0800] "GET /robots.txt HTTP/1.1" 404 88 "-" "Mozilla/5.0 (compatible; bingbot/2.0; +http://www.bing.com/bingbot.htm)" "www.tchealthsources.com"
207.46.13.237 - - [10/Nov/2022:15:49:15 -0800] "GET /robots.txt HTTP/1.1" 404 88 "-" "Mozilla/5.0 (compatible; bingbot/2.0; +http://www.bing.com/bingbot.htm)" "www.tchealthsources.com"
157.55.39.102 - - [10/Nov/2022:15:49:22 -0800] "GET /TC%20Health%20Sources/logs/access_160423.log HTTP/1.1" 200 690 "-" "Mozilla/5.0 AppleWebKit/537.36 (KHTML, like Gecko; compatible; bingbot/2.0; +http://www.bing.com/bingbot.htm) Chrome/103.0.5060.134 Safari/537.36" "www.tchealthsources.com"
114.119.136.113 - - [10/Nov/2022:15:52:11 -0800] "GET /TC%20Health%20Sources/clipart/buttons/themes/designer1?N=D HTTP/1.1" 301 1447 "https://tchealthsources.com/TC%20Health%20Sources/clipart/buttons/themes/designer1" "Mozilla/5.0 (Linux; Android 7.0;) AppleWebKit/537.36 (KHTML, like Gecko) Mobile Safari/537.36 (compatible; PetalBot;+https://webmaster.petalsearch.com/site/petalbot)" "tchealthsources.com"
114.119.136.113 - - [10/Nov/2022:15:52:12 -0800] "GET /TC%20Health%20Sources/clipart/buttons/themes/designer1/?N=D HTTP/1.1" 200 446 "https://tchealthsources.com/TC%20Health%20Sources/clipart/buttons/themes/designer1" "Mozilla/5.0 (Linux; Android 7.0;) AppleWebKit/537.36 (KHTML, like Gecko) Mobile Safari/537.36 (compatible; PetalBot;+https://webmaster.petalsearch.com/site/petalbot)" "tchealthsources.com"
114.119.136.113 - - [10/Nov/2022:15:57:14 -0800] "GET /TC%20Health%20Sources/sitebuilder/applets/?C=S%3BO%3DA HTTP/1.1" 200 405 "https://tchealthsources.com/TC%20Health%20Sources/sitebuilder/applets?S=D" "Mozilla/5.0 (Linux; Android 7.0;) AppleWebKit/537.36 (KHTML, like Gecko) Mobile Safari/537.36 (compatible; PetalBot;+https://webmaster.petalsearch.com/site/petalbot)" "tchealthsources.com"
114.119.136.13 - - [10/Nov/2022:16:02:17 -0800] "GET /clipart/images/general?C=D%3BO%3DA HTTP/1.1" 301 1433 "http://tchealthsources.com/clipart/images/general?M=D" "Mozilla/5.0 (Linux; Android 7.0;) AppleWebKit/537.36 (KHTML, like Gecko) Mobile Safari/537.36 (compatible; PetalBot;+https://webmaster.petalsearch.com/site/petalbot)" "tchealthsources.com"
114.119.136.13 - - [10/Nov/2022:16:02:17 -0800] "GET /clipart/images/general/?C=D%3BO%3DA HTTP/1.1" 200 376 "http://tchealthsources.com/clipart/images/general?M=D" "Mozilla/5.0 (Linux; Android 7.0;) AppleWebKit/537.36 (KHTML, like Gecko) Mobile Safari/537.36 (compatible; PetalBot;+https://webmaster.petalsearch.com/site/petalbot)" "tchealthsources.com"
51.222.253.3 - - [10/Nov/2022:16:04:10 -0800] "GET / HTTP/1.1" 200 493 "-" "Mozilla/5.0 (compatible; AhrefsBot/7.0; +http://ahrefs.com/robot/)" "tchealthsources.com"
114.119.134.224 - - [10/Nov/2022:16:07:24 -0800] "GET /clipart/buttons/themes/designer3?C=S%3BO%3DA HTTP/1.1" 301 1439 "http://tchealthsources.com/clipart/buttons/themes/designer3?N=A" "Mozilla/5.0 (Linux; Android 7.0;) AppleWebKit/537.36 (KHTML, like Gecko) Mobile Safari/537.36 (compatible; PetalBot;+https://webmaster.petalsearch.com/site/petalbot)" "tchealthsources.com"
114.119.134.224 - - [10/Nov/2022:16:07:28 -0800] "GET /clipart/buttons/themes/designer3/?C=S%3BO%3DA HTTP/1.1" 200 422 "http://tchealthsources.com/clipart/buttons/themes/designer3?N=A" "Mozilla/5.0 (Linux; Android 7.0;) AppleWebKit/537.36 (KHTML, like Gecko) Mobile Safari/537.36 (compatible; PetalBot;+https://webmaster.petalsearch.com/site/petalbot)" "tchealthsources.com"
185.36.81.21 - - [10/Nov/2022:16:12:21 -0800] "GET /wp-admin/upload_index.php?auth=test HTTP/1.1" 404 73 "-" "Mozilla/5.0 (Windows NT 6.3; Win64; x64) AppleWebKit/537.36 (KHTML, like Gecko) Chrome/75.0.3770.100 Safari/537.36" "tchealthsources.com"
114.119.136.12 - - [10/Nov/2022:16:12:26 -0800] "GET /_private HTTP/1.1" 301 1410 "http://tchealthsources.com?C=D%3BO%3DA" "Mozilla/5.0 (Linux; Android 7.0;) AppleWebKit/537.36 (KHTML, like Gecko) Mobile Safari/537.36 (compatible; PetalBot;+https://webmaster.petalsearch.com/site/petalbot)" "tchealthsources.com"
114.119.136.12 - - [10/Nov/2022:16:12:27 -0800] "GET /_private/ HTTP/1.1" 403 170 "http://tchealthsources.com?C=D%3BO%3DA" "Mozilla/5.0 (Linux; Android 7.0;) AppleWebKit/537.36 (KHTML, like Gecko) Mobile Safari/537.36 (compatible; PetalBot;+https://webmaster.petalsearch.com/site/petalbot)" "tchealthsources.com"
114.119.136.113 - - [10/Nov/2022:16:17:29 -0800] "GET /TC%20Health%20Sources/logs/access_160428.log HTTP/1.1" 200 1372 "https://tchealthsources.com/TC%20Health%20Sources/logs?N=A" "Mozilla/5.0 (Linux; Android 7.0;) AppleWebKit/537.36 (KHTML, like Gecko) Mobile Safari/537.36 (compatible; PetalBot;+https://webmaster.petalsearch.com/site/petalbot)" "tchealthsources.com"
51.222.253.2 - - [10/Nov/2022:16:22:15 -0800] "GET /TC%20Health%20Sources/includes/ice/?C=S;O=A HTTP/1.1" 200 440 "-" "Mozilla/5.0 (compatible; AhrefsBot/7.0; +http://ahrefs.com/robot/)" "www.tchealthsources.com"
114.119.136.128 - - [10/Nov/2022:16:22:34 -0800] "GET /clipart/images?S=A HTTP/1.1" 301 1418 "http://tchealthsources.com/clipart/images?D=D" "Mozilla/5.0 (Linux; Android 7.0;) AppleWebKit/537.36 (KHTML, like Gecko) Mobile Safari/537.36 (compatible; PetalBot;+https://webmaster.petalsearch.com/site/petalbot)" "tchealthsources.com"
114.119.136.128 - - [10/Nov/2022:16:22:35 -0800] "GET /clipart/images/?S=A HTTP/1.1" 200 359 "http://tchealthsources.com/clipart/images?D=D" "Mozilla/5.0 (Linux; Android 7.0;) AppleWebKit/537.36 (KHTML, like Gecko) Mobile Safari/537.36 (compatible; PetalBot;+https://webmaster.petalsearch.com/site/petalbot)" "tchealthsources.com"
114.119.136.109 - - [10/Nov/2022:16:27:37 -0800] "GET /TC%20Health%20Sources/clipart/images/general/?C=M%3BO%3DA HTTP/1.1" 200 403 "https://tchealthsources.com/TC%20Health%20Sources/clipart/images/general/?C=S%3BO%3DA" "Mozilla/5.0 (Linux; Android 7.0;) AppleWebKit/537.36 (KHTML, like Gecko) Mobile Safari/537.36 (compatible; PetalBot;+https://webmaster.petalsearch.com/site/petalbot)" "tchealthsources.com"
114.119.134.224 - - [10/Nov/2022:16:32:44 -0800] "GET /clipart/buttons/themes/jelly?C=S%3BO%3DA HTTP/1.1" 301 1437 "http://tchealthsources.com/clipart/buttons/themes/jelly?S=D" "Mozilla/5.0 (Linux; Android 7.0;) AppleWebKit/537.36 (KHTML, like Gecko) Mobile Safari/537.36 (compatible; PetalBot;+https://webmaster.petalsearch.com/site/petalbot)" "tchealthsources.com"
114.119.134.224 - - [10/Nov/2022:16:32:44 -0800] "GET /clipart/buttons/themes/jelly/?C=S%3BO%3DA HTTP/1.1" 200 416 "http://tchealthsources.com/clipart/buttons/themes/jelly?S=D" "Mozilla/5.0 (Linux; Android 7.0;) AppleWebKit/537.36 (KHTML, like Gecko) Mobile Safari/537.36 (compatible; PetalBot;+https://webmaster.petalsearch.com/site/petalbot)" "tchealthsources.com"
51.222.253.13 - - [10/Nov/2022:16:40:10 -0800] "GET /TC%20Health%20Sources/clipart/buttons/themes/swoosh_blue/?C=S;O=A HTTP/1.1" 200 439 "-" "Mozilla/5.0 (compatible; AhrefsBot/7.0; +http://ahrefs.com/robot/)" "tchealthsources.com"
114.119.136.128 - - [10/Nov/2022:16:41:25 -0800] "GET /?C=M%3BO%3DA HTTP/1.1" 200 493 "http://tchealthsources.com/?C=D%3BO%3DA" "Mozilla/5.0 (compatible;PetalBot;+https://webmaster.petalsearch.com/site/petalbot)" "tchealthsources.com"
114.119.136.109 - - [10/Nov/2022:16:46:28 -0800] "GET /TC%20Health%20Sources/sitebuilder?C=D%3BO%3DA HTTP/1.1" 301 1442 "https://tchealthsources.com/TC%20Health%20Sources/sitebuilder?C=N%3BO%3DD" "Mozilla/5.0 (Linux; Android 7.0;) AppleWebKit/537.36 (KHTML, like Gecko) Mobile Safari/537.36 (compatible; PetalBot;+https://webmaster.petalsearch.com/site/petalbot)" "tchealthsources.com"
114.119.136.109 - - [10/Nov/2022:16:46:29 -0800] "GET /TC%20Health%20Sources/sitebuilder/?C=D%3BO%3DA HTTP/1.1" 200 446 "https://tchealthsources.com/TC%20Health%20Sources/sitebuilder?C=N%3BO%3DD" "Mozilla/5.0 (Linux; Android 7.0;) AppleWebKit/537.36 (KHTML, like Gecko) Mobile Safari/537.36 (compatible; PetalBot;+https://webmaster.petalsearch.com/site/petalbot)" "tchealthsources.com"
114.119.136.109 - - [10/Nov/2022:16:51:31 -0800] "GET /TC%20Health%20Sources/yahoo_site_admin/assets/images/ HTTP/1.1" 200 356 "https://tchealthsources.com/TC%20Health%20Sources/yahoo_site_admin/assets?M=A" "Mozilla/5.0 (Linux; Android 7.0;) AppleWebKit/537.36 (KHTML, like Gecko) Mobile Safari/537.36 (compatible; PetalBot;+https://webmaster.petalsearch.com/site/petalbot)" "tchealthsources.com"
114.119.136.12 - - [10/Nov/2022:16:56:38 -0800] "GET /TC%20Health%20Sources/yahoo_site_admin/cache/?C=S%3BO%3DA HTTP/1.1" 200 350 "https://tchealthsources.com/TC%20Health%20Sources/yahoo_site_admin/cache?M=D" "Mozilla/5.0 (Linux; Android 7.0;) AppleWebKit/537.36 (KHTML, like Gecko) Mobile Safari/537.36 (compatible; PetalBot;+https://webmaster.petalsearch.com/site/petalbot)" "tchealthsources.com"
51.222.253.3 - - [10/Nov/2022:16:58:33 -0800] "GET /TC%20Health%20Sources/clipart/buttons/themes/swoosh_blue/?C=M;O=A HTTP/1.1" 200 441 "-" "Mozilla/5.0 (compatible; AhrefsBot/7.0; +http://ahrefs.com/robot/)" "tchealthsources.com"
114.119.136.13 - - [10/Nov/2022:17:01:43 -0800] "GET /TC%20Health%20Sources/navigation_bars?C=M%3BO%3DA HTTP/1.1" 301 1446 "https://tchealthsources.com/TC%20Health%20Sources/navigation_bars?S=A" "Mozilla/5.0 (Linux; Android 7.0;) AppleWebKit/537.36 (KHTML, like Gecko) Mobile Safari/537.36 (compatible; PetalBot;+https://webmaster.petalsearch.com/site/petalbot)" "tchealthsources.com"
114.119.136.13 - - [10/Nov/2022:17:01:45 -0800] "GET /TC%20Health%20Sources/navigation_bars/?C=M%3BO%3DA HTTP/1.1" 200 415 "https://tchealthsources.com/TC%20Health%20Sources/navigation_bars?S=A" "Mozilla/5.0 (Linux; Android 7.0;) AppleWebKit/537.36 (KHTML, like Gecko) Mobile Safari/537.36 (compatible; PetalBot;+https://webmaster.petalsearch.com/site/petalbot)" "tchealthsources.com"
114.119.136.109 - - [10/Nov/2022:17:06:49 -0800] "GET /TC%20Health%20Sources/clipart/buttons/themes/designer3 HTTP/1.1" 301 1443 "https://tchealthsources.com/TC%20Health%20Sources/clipart/buttons/themes?N=D" "Mozilla/5.0 (Linux; Android 7.0;) AppleWebKit/537.36 (KHTML, like Gecko) Mobile Safari/537.36 (compatible; PetalBot;+https://webmaster.petalsearch.com/site/petalbot)" "tchealthsources.com"
114.119.136.109 - - [10/Nov/2022:17:06:50 -0800] "GET /TC%20Health%20Sources/clipart/buttons/themes/designer3/ HTTP/1.1" 200 444 "https://tchealthsources.com/TC%20Health%20Sources/clipart/buttons/themes?N=D" "Mozilla/5.0 (Linux; Android 7.0;) AppleWebKit/537.36 (KHTML, like Gecko) Mobile Safari/537.36 (compatible; PetalBot;+https://webmaster.petalsearch.com/site/petalbot)" "tchealthsources.com"
114.119.136.109 - - [10/Nov/2022:17:11:59 -0800] "GET /TC%20Health%20Sources/clipart/buttons/themes/gray/?C=S%3BO%3DA HTTP/1.1" 200 435 "https://tchealthsources.com/TC%20Health%20Sources/clipart/buttons/themes/gray?C=D%3BO%3DA" "Mozilla/5.0 (Linux; Android 7.0;) AppleWebKit/537.36 (KHTML, like Gecko) Mobile Safari/537.36 (compatible; PetalBot;+https://webmaster.petalsearch.com/site/petalbot)" "tchealthsources.com"
114.119.136.13 - - [10/Nov/2022:17:17:04 -0800] "GET /TC%20Health%20Sources/?C=D%3BO%3DA HTTP/1.1" 200 564 "https://tchealthsources.com/TC%20Health%20Sources?D=D" "Mozilla/5.0 (Linux; Android 7.0;) AppleWebKit/537.36 (KHTML, like Gecko) Mobile Safari/537.36 (compatible; PetalBot;+https://webmaster.petalsearch.com/site/petalbot)" "tchealthsources.com"
51.222.253.5 - - [10/Nov/2022:17:17:29 -0800] "GET /TC%20Health%20Sources/sitebuilder/images/?C=M;O=A HTTP/1.1" 200 2392 "-" "Mozilla/5.0 (compatible; AhrefsBot/7.0; +http://ahrefs.com/robot/)" "tchealthsources.com"
114.119.136.109 - - [10/Nov/2022:17:22:12 -0800] "GET /TC%20Health%20Sources/yahoo_site_admin/assets/?C=D%3BO%3DA HTTP/1.1" 200 389 "https://tchealthsources.com/TC%20Health%20Sources/yahoo_site_admin/assets?M=A" "Mozilla/5.0 (Linux; Android 7.0;) AppleWebKit/537.36 (KHTML, like Gecko) Mobile Safari/537.36 (compatible; PetalBot;+https://webmaster.petalsearch.com/site/petalbot)" "tchealthsources.com"
114.119.136.134 - - [10/Nov/2022:17:27:17 -0800] "GET /TC%20Health%20Sources/images?M=A HTTP/1.1" 301 1425 "http://tchealthsources.com/TC%20Health%20Sources/images/" "Mozilla/5.0 (Linux; Android 7.0;) AppleWebKit/537.36 (KHTML, like Gecko) Mobile Safari/537.36 (compatible; PetalBot;+https://webmaster.petalsearch.com/site/petalbot)" "tchealthsources.com"
114.119.136.134 - - [10/Nov/2022:17:27:19 -0800] "GET /TC%20Health%20Sources/images/?M=A HTTP/1.1" 200 1393 "http://tchealthsources.com/TC%20Health%20Sources/images/" "Mozilla/5.0 (Linux; Android 7.0;) AppleWebKit/537.36 (KHTML, like Gecko) Mobile Safari/537.36 (compatible; PetalBot;+https://webmaster.petalsearch.com/site/petalbot)" "tchealthsources.com"
114.119.136.13 - - [10/Nov/2022:17:32:28 -0800] "GET /TC%20Health%20Sources/navigation_bars?M=D HTTP/1.1" 301 1437 "https://tchealthsources.com/TC%20Health%20Sources/navigation_bars?M=A" "Mozilla/5.0 (Linux; Android 7.0;) AppleWebKit/537.36 (KHTML, like Gecko) Mobile Safari/537.36 (compatible; PetalBot;+https://webmaster.petalsearch.com/site/petalbot)" "tchealthsources.com"
114.119.136.13 - - [10/Nov/2022:17:32:28 -0800] "GET /TC%20Health%20Sources/navigation_bars/?M=D HTTP/1.1" 200 415 "https://tchealthsources.com/TC%20Health%20Sources/navigation_bars?M=A" "Mozilla/5.0 (Linux; Android 7.0;) AppleWebKit/537.36 (KHTML, like Gecko) Mobile Safari/537.36 (compatible; PetalBot;+https://webmaster.petalsearch.com/site/petalbot)" "tchealthsources.com"
114.119.136.109 - - [10/Nov/2022:17:37:32 -0800] "GET /TC%20Health%20Sources/sitebuilder/applets?D=D HTTP/1.1" 301 1439 "https://tchealthsources.com/TC%20Health%20Sources/sitebuilder/applets?D=A" "Mozilla/5.0 (Linux; Android 7.0;) AppleWebKit/537.36 (KHTML, like Gecko) Mobile Safari/537.36 (compatible; PetalBot;+https://webmaster.petalsearch.com/site/petalbot)" "tchealthsources.com"
114.119.136.109 - - [10/Nov/2022:17:37:33 -0800] "GET /TC%20Health%20Sources/sitebuilder/applets/?D=D HTTP/1.1" 200 405 "https://tchealthsources.com/TC%20Health%20Sources/sitebuilder/applets?D=A" "Mozilla/5.0 (Linux; Android 7.0;) AppleWebKit/537.36 (KHTML, like Gecko) Mobile Safari/537.36 (compatible; PetalBot;+https://webmaster.petalsearch.com/site/petalbot)" "tchealthsources.com"
51.222.253.2 - - [10/Nov/2022:17:42:35 -0800] "GET / HTTP/1.1" 200 493 "-" "Mozilla/5.0 (compatible; AhrefsBot/7.0; +http://ahrefs.com/robot/)" "www.tchealthsources.com"
114.119.136.12 - - [10/Nov/2022:17:42:40 -0800] "GET /Web%20DOWNLOAD%20images?C=D%3BO%3DA HTTP/1.1" 301 1441 "https://tchealthsources.com/Web%20DOWNLOAD%20images?C=S%3BO%3DA" "Mozilla/5.0 (Linux; Android 7.0;) AppleWebKit/537.36 (KHTML, like Gecko) Mobile Safari/537.36 (compatible; PetalBot;+https://webmaster.petalsearch.com/site/petalbot)" "tchealthsources.com"
114.119.136.12 - - [10/Nov/2022:17:42:41 -0800] "GET /Web%20DOWNLOAD%20images/?C=D%3BO%3DA HTTP/1.1" 200 442 "https://tchealthsources.com/Web%20DOWNLOAD%20images?C=S%3BO%3DA" "Mozilla/5.0 (Linux; Android 7.0;) AppleWebKit/537.36 (KHTML, like Gecko) Mobile Safari/537.36 (compatible; PetalBot;+https://webmaster.petalsearch.com/site/petalbot)" "tchealthsources.com"
114.119.136.134 - - [10/Nov/2022:17:47:55 -0800] "GET /clipart/images?C=S%3BO%3DA HTTP/1.1" 301 1427 "http://tchealthsources.com/clipart/images?C=N%3BO%3DD" "Mozilla/5.0 (Linux; Android 7.0;) AppleWebKit/537.36 (KHTML, like Gecko) Mobile Safari/537.36 (compatible; PetalBot;+https://webmaster.petalsearch.com/site/petalbot)" "tchealthsources.com"
114.119.136.134 - - [10/Nov/2022:17:47:57 -0800] "GET /clipart/images/?C=S%3BO%3DA HTTP/1.1" 200 359 "http://tchealthsources.com/clipart/images?C=N%3BO%3DD" "Mozilla/5.0 (Linux; Android 7.0;) AppleWebKit/537.36 (KHTML, like Gecko) Mobile Safari/537.36 (compatible; PetalBot;+https://webmaster.petalsearch.com/site/petalbot)" "tchealthsources.com"
5.189.170.101 - - [10/Nov/2022:17:48:46 -0800] "HEAD /wordpress HTTP/1.1" 404 - "-" "Mozilla/5.0 (Windows NT 10.0; Win64; x64) AppleWebKit/537.36 (KHTML, like Gecko) Chrome/74.0.3729.169 Safari/537.36" "tchealthsources.com"
5.189.170.101 - - [10/Nov/2022:17:48:46 -0800] "HEAD / HTTP/1.1" 200 - "-" "Mozilla/5.0 (Windows NT 10.0; Win64; x64) AppleWebKit/537.36 (KHTML, like Gecko) Chrome/74.0.3729.169 Safari/537.36" "tchealthsources.com"
5.189.170.101 - - [10/Nov/2022:17:48:47 -0800] "HEAD /wp HTTP/1.1" 404 - "-" "Mozilla/5.0 (Windows NT 10.0; Win64; x64) AppleWebKit/537.36 (KHTML, like Gecko) Chrome/74.0.3729.169 Safari/537.36" "tchealthsources.com"
5.189.170.101 - - [10/Nov/2022:17:48:47 -0800] "HEAD /bc HTTP/1.1" 404 - "-" "Mozilla/5.0 (Windows NT 10.0; Win64; x64) AppleWebKit/537.36 (KHTML, like Gecko) Chrome/74.0.3729.169 Safari/537.36" "tchealthsources.com"
5.189.170.101 - - [10/Nov/2022:17:48:47 -0800] "HEAD /bk HTTP/1.1" 404 - "-" "Mozilla/5.0 (Windows NT 10.0; Win64; x64) AppleWebKit/537.36 (KHTML, like Gecko) Chrome/74.0.3729.169 Safari/537.36" "tchealthsources.com"
5.189.170.101 - - [10/Nov/2022:17:48:47 -0800] "HEAD /backup HTTP/1.1" 404 - "-" "Mozilla/5.0 (Windows NT 10.0; Win64; x64) AppleWebKit/537.36 (KHTML, like Gecko) Chrome/74.0.3729.169 Safari/537.36" "tchealthsources.com"
5.189.170.101 - - [10/Nov/2022:17:48:47 -0800] "HEAD /old HTTP/1.1" 404 - "-" "Mozilla/5.0 (Windows NT 10.0; Win64; x64) AppleWebKit/537.36 (KHTML, like Gecko) Chrome/74.0.3729.169 Safari/537.36" "tchealthsources.com"
5.189.170.101 - - [10/Nov/2022:17:48:48 -0800] "HEAD /new HTTP/1.1" 404 - "-" "Mozilla/5.0 (Windows NT 10.0; Win64; x64) AppleWebKit/537.36 (KHTML, like Gecko) Chrome/74.0.3729.169 Safari/537.36" "tchealthsources.com"
5.189.170.101 - - [10/Nov/2022:17:48:48 -0800] "HEAD /main HTTP/1.1" 404 - "-" "Mozilla/5.0 (Windows NT 10.0; Win64; x64) AppleWebKit/537.36 (KHTML, like Gecko) Chrome/74.0.3729.169 Safari/537.36" "tchealthsources.com"
5.189.170.101 - - [10/Nov/2022:17:48:48 -0800] "HEAD /home HTTP/1.1" 404 - "-" "Mozilla/5.0 (Windows NT 10.0; Win64; x64) AppleWebKit/537.36 (KHTML, like Gecko) Chrome/74.0.3729.169 Safari/537.36" "tchealthsources.com"
114.119.134.224 - - [10/Nov/2022:17:52:53 -0800] "GET /TC%20Health%20Sources/sitebuilder?C=M%3BO%3DA HTTP/1.1" 301 1442 "https://tchealthsources.com/TC%20Health%20Sources/sitebuilder?C=N%3BO%3DD" "Mozilla/5.0 (Linux; Android 7.0;) AppleWebKit/537.36 (KHTML, like Gecko) Mobile Safari/537.36 (compatible; PetalBot;+https://webmaster.petalsearch.com/site/petalbot)" "tchealthsources.com"
114.119.134.224 - - [10/Nov/2022:17:52:54 -0800] "GET /TC%20Health%20Sources/sitebuilder/?C=M%3BO%3DA HTTP/1.1" 200 446 "https://tchealthsources.com/TC%20Health%20Sources/sitebuilder?C=N%3BO%3DD" "Mozilla/5.0 (Linux; Android 7.0;) AppleWebKit/537.36 (KHTML, like Gecko) Mobile Safari/537.36 (compatible; PetalBot;+https://webmaster.petalsearch.com/site/petalbot)" "tchealthsources.com"
114.119.136.109 - - [10/Nov/2022:17:58:58 -0800] "GET /TC%20Health%20Sources/yahoo_site_admin1/assets/?C=S%3BO%3DA HTTP/1.1" 200 390 "https://tchealthsources.com/TC%20Health%20Sources/yahoo_site_admin1/assets?S=D" "Mozilla/5.0 (Linux; Android 7.0;) AppleWebKit/537.36 (KHTML, like Gecko) Mobile Safari/537.36 (compatible; PetalBot;+https://webmaster.petalsearch.com/site/petalbot)" "tchealthsources.com"
51.222.253.13 - - [10/Nov/2022:18:17:29 -0800] "GET /TC%20Health%20Sources/includes/ice/ide.html HTTP/1.1" 200 703 "-" "Mozilla/5.0 (compatible; AhrefsBot/7.0; +http://ahrefs.com/robot/)" "www.tchealthsources.com"
85.208.98.23 - - [10/Nov/2022:18:19:19 -0800] "GET /robots.txt HTTP/1.1" 404 88 "-" "Mozilla/5.0 (compatible; SemrushBot-BA; +http://www.semrush.com/bot.html)" "tchealthsources.com"
85.208.98.23 - - [10/Nov/2022:18:19:19 -0800] "GET /robots.txt HTTP/1.1" 404 88 "-" "Mozilla/5.0 (compatible; SemrushBot-BA; +http://www.semrush.com/bot.html)" "www.tchealthsources.com"
85.208.98.31 - - [10/Nov/2022:18:19:35 -0800] "GET /TC%20Health%20Sources/files/International_health_insurance.htm HTTP/1.1" 200 5116 "-" "Mozilla/5.0 (compatible; SemrushBot-BA; +http://www.semrush.com/bot.html)" "tchealthsources.com"
34.76.242.182 - - [10/Nov/2022:18:32:41 -0800] "GET / HTTP/1.1" 200 1331 "-" "Mozilla/5.0 (Windows NT 10.0; Win64; x64) AppleWebKit/537.36 (KHTML, like Gecko) Chrome/84.0.4147.105 Safari/537.36" "www.tchealthsources.com"
114.119.136.113 - - [10/Nov/2022:18:34:45 -0800] "GET /clipart/images/general HTTP/1.1" 301 1420 "http://tchealthsources.com/clipart/images?S=D" "Mozilla/5.0 (Linux; Android 7.0;) AppleWebKit/537.36 (KHTML, like Gecko) Mobile Safari/537.36 (compatible; PetalBot;+https://webmaster.petalsearch.com/site/petalbot)" "tchealthsources.com"
114.119.136.113 - - [10/Nov/2022:18:34:45 -0800] "GET /clipart/images/general/ HTTP/1.1" 200 376 "http://tchealthsources.com/clipart/images?S=D" "Mozilla/5.0 (Linux; Android 7.0;) AppleWebKit/537.36 (KHTML, like Gecko) Mobile Safari/537.36 (compatible; PetalBot;+https://webmaster.petalsearch.com/site/petalbot)" "tchealthsources.com"
85.208.98.23 - - [10/Nov/2022:18:39:14 -0800] "GET /robots.txt HTTP/1.1" 404 88 "-" "Mozilla/5.0 (compatible; SemrushBot-BA; +http://www.semrush.com/bot.html)" "tchealthsources.com"
85.208.98.23 - - [10/Nov/2022:18:39:18 -0800] "GET /robots.txt HTTP/1.1" 404 88 "-" "Mozilla/5.0 (compatible; SemrushBot-BA; +http://www.semrush.com/bot.html)" "www.tchealthsources.com"
85.208.98.20 - - [10/Nov/2022:18:39:39 -0800] "GET /TC%20Health%20Sources/files/International_health_insurance.htm HTTP/1.1" 200 5116 "-" "Mozilla/5.0 (compatible; SemrushBot-BA; +http://www.semrush.com/bot.html)" "www.tchealthsources.com"
135.181.79.106 - - [10/Nov/2022:19:09:51 -0800] "GET /robots.txt HTTP/1.1" 404 73 "-" "Mozilla/5.0 (compatible; MJ12bot/v1.4.8; http://mj12bot.com/)" "tchealthsources.com"
135.181.79.106 - - [10/Nov/2022:19:09:53 -0800] "GET /TC%20Health%20Sources/clipart/?C=N;O=D HTTP/1.1" 200 389 "-" "Mozilla/5.0 (compatible; MJ12bot/v1.4.8; http://mj12bot.com/)" "tchealthsources.com"
135.181.79.106 - - [10/Nov/2022:19:09:55 -0800] "GET /TC%20Health%20Sources/clipart/images/?C=N;O=A HTTP/1.1" 200 382 "-" "Mozilla/5.0 (compatible; MJ12bot/v1.4.8; http://mj12bot.com/)" "tchealthsources.com"
135.181.79.106 - - [10/Nov/2022:19:09:57 -0800] "GET /TC%20Health%20Sources/navigation_bars/?C=D;O=A HTTP/1.1" 200 415 "-" "Mozilla/5.0 (compatible; MJ12bot/v1.4.8; http://mj12bot.com/)" "tchealthsources.com"
135.181.79.106 - - [10/Nov/2022:19:09:59 -0800] "GET /TC%20Health%20Sources/navigation_bars/?C=M;O=A HTTP/1.1" 200 415 "-" "Mozilla/5.0 (compatible; MJ12bot/v1.4.8; http://mj12bot.com/)" "tchealthsources.com"
135.181.79.106 - - [10/Nov/2022:19:10:01 -0800] "GET /TC%20Health%20Sources/navigation_bars/?C=N;O=D HTTP/1.1" 200 412 "-" "Mozilla/5.0 (compatible; MJ12bot/v1.4.8; http://mj12bot.com/)" "tchealthsources.com"
135.181.79.106 - - [10/Nov/2022:19:10:03 -0800] "GET /TC%20Health%20Sources/navigation_bars/?C=S;O=A HTTP/1.1" 200 415 "-" "Mozilla/5.0 (compatible; MJ12bot/v1.4.8; http://mj12bot.com/)" "tchealthsources.com"
114.119.136.113 - - [10/Nov/2022:19:17:50 -0800] "GET /clipart/buttons/themes/sky_blue?C=S%3BO%3DA HTTP/1.1" 301 1443 "http://tchealthsources.com/clipart/buttons/themes/sky_blue?C=M%3BO%3DA" "Mozilla/5.0 (Linux; Android 7.0;) AppleWebKit/537.36 (KHTML, like Gecko) Mobile Safari/537.36 (compatible; PetalBot;+https://webmaster.petalsearch.com/site/petalbot)" "tchealthsources.com"
114.119.136.113 - - [10/Nov/2022:19:17:52 -0800] "GET /clipart/buttons/themes/sky_blue/?C=S%3BO%3DA HTTP/1.1" 200 422 "http://tchealthsources.com/clipart/buttons/themes/sky_blue?C=M%3BO%3DA" "Mozilla/5.0 (Linux; Android 7.0;) AppleWebKit/537.36 (KHTML, like Gecko) Mobile Safari/537.36 (compatible; PetalBot;+https://webmaster.petalsearch.com/site/petalbot)" "tchealthsources.com"
114.119.136.12 - - [10/Nov/2022:19:46:01 -0800] "GET /TC%20Health%20Sources/navigation_bars?S=D HTTP/1.1" 301 1437 "https://tchealthsources.com/TC%20Health%20Sources/navigation_bars?S=A" "Mozilla/5.0 (Linux; Android 7.0;) AppleWebKit/537.36 (KHTML, like Gecko) Mobile Safari/537.36 (compatible; PetalBot;+https://webmaster.petalsearch.com/site/petalbot)" "tchealthsources.com"
114.119.136.12 - - [10/Nov/2022:19:46:01 -0800] "GET /TC%20Health%20Sources/navigation_bars/?S=D HTTP/1.1" 200 415 "https://tchealthsources.com/TC%20Health%20Sources/navigation_bars?S=A" "Mozilla/5.0 (Linux; Android 7.0;) AppleWebKit/537.36 (KHTML, like Gecko) Mobile Safari/537.36 (compatible; PetalBot;+https://webmaster.petalsearch.com/site/petalbot)" "tchealthsources.com"
44.192.74.31 - - [10/Nov/2022:19:46:04 -0800] "GET /robots.txt HTTP/1.1" 404 73 "-" "Mozilla/5.0 (X11; Linux x86_64) AppleWebKit/537.36 (KHTML, like Gecko) Chrome/94.0.4606.81 Safari/537.36" "tchealthsources.com"
44.192.74.31 - - [10/Nov/2022:19:46:04 -0800] "GET / HTTP/1.1" 200 1331 "-" "Mozilla/5.0 (X11; Linux x86_64) AppleWebKit/537.36 (KHTML, like Gecko) Chrome/94.0.4606.81 Safari/537.36" "tchealthsources.com"
114.119.136.12 - - [10/Nov/2022:19:53:19 -0800] "GET /Web%20DOWNLOAD%20images/?C=M%3BO%3DA HTTP/1.1" 200 442 "https://tchealthsources.com/Web%20DOWNLOAD%20images?M=A" "Mozilla/5.0 (Linux; Android 7.0;) AppleWebKit/537.36 (KHTML, like Gecko) Mobile Safari/537.36 (compatible; PetalBot;+https://webmaster.petalsearch.com/site/petalbot)" "tchealthsources.com"
114.119.136.128 - - [10/Nov/2022:20:11:45 -0800] "GET /TC%20Health%20Sources/files/International_health_insurance.htm HTTP/1.1" 200 5116 "https://tchealthsources.com/TC%20Health%20Sources/files?M=D" "Mozilla/5.0 (Linux; Android 7.0;) AppleWebKit/537.36 (KHTML, like Gecko) Mobile Safari/537.36 (compatible; PetalBot;+https://webmaster.petalsearch.com/site/petalbot)" "tchealthsources.com"
114.119.136.113 - - [10/Nov/2022:20:16:51 -0800] "GET /TC%20Health%20Sources/clipart/buttons/themes/swoosh_blue HTTP/1.1" 301 1447 "https://tchealthsources.com/TC%20Health%20Sources/clipart/buttons/themes?N=D" "Mozilla/5.0 (Linux; Android 7.0;) AppleWebKit/537.36 (KHTML, like Gecko) Mobile Safari/537.36 (compatible; PetalBot;+https://webmaster.petalsearch.com/site/petalbot)" "tchealthsources.com"
114.119.136.113 - - [10/Nov/2022:20:16:52 -0800] "GET /TC%20Health%20Sources/clipart/buttons/themes/swoosh_blue/ HTTP/1.1" 200 441 "https://tchealthsources.com/TC%20Health%20Sources/clipart/buttons/themes?N=D" "Mozilla/5.0 (Linux; Android 7.0;) AppleWebKit/537.36 (KHTML, like Gecko) Mobile Safari/537.36 (compatible; PetalBot;+https://webmaster.petalsearch.com/site/petalbot)" "tchealthsources.com"
34.228.199.180 - - [10/Nov/2022:20:26:01 -0800] "GET /robots.txt HTTP/1.1" 404 73 "-" "Mozilla/5.0 (X11; Linux x86_64) AppleWebKit/537.36 (KHTML, like Gecko) Chrome/94.0.4606.81 Safari/537.36" "tchealthsources.com"
34.228.199.180 - - [10/Nov/2022:20:26:01 -0800] "GET / HTTP/1.1" 200 1331 "-" "Mozilla/5.0 (X11; Linux x86_64) AppleWebKit/537.36 (KHTML, like Gecko) Chrome/94.0.4606.81 Safari/537.36" "tchealthsources.com"
51.222.253.8 - - [10/Nov/2022:20:43:13 -0800] "GET /TC%20Health%20Sources/yahoo_site_admin1/cache/ HTTP/1.1" 200 351 "-" "Mozilla/5.0 (compatible; AhrefsBot/7.0; +http://ahrefs.com/robot/)" "www.tchealthsources.com"
114.119.136.113 - - [10/Nov/2022:20:59:42 -0800] "GET /TC%20Health%20Sources/clipart/buttons?M=A HTTP/1.1" 301 1436 "https://tchealthsources.com/TC%20Health%20Sources/clipart/buttons?M=D" "Mozilla/5.0 (Linux; Android 7.0;) AppleWebKit/537.36 (KHTML, like Gecko) Mobile Safari/537.36 (compatible; PetalBot;+https://webmaster.petalsearch.com/site/petalbot)" "tchealthsources.com"
114.119.136.113 - - [10/Nov/2022:20:59:50 -0800] "GET /TC%20Health%20Sources/clipart/buttons/?M=A HTTP/1.1" 200 383 "https://tchealthsources.com/TC%20Health%20Sources/clipart/buttons?M=D" "Mozilla/5.0 (Linux; Android 7.0;) AppleWebKit/537.36 (KHTML, like Gecko) Mobile Safari/537.36 (compatible; PetalBot;+https://webmaster.petalsearch.com/site/petalbot)" "tchealthsources.com"
114.119.136.13 - - [10/Nov/2022:21:04:48 -0800] "GET /TC%20Health%20Sources/includes HTTP/1.1" 301 1422 "https://tchealthsources.com/TC%20Health%20Sources/includes/ice?C=N%3BO%3DD" "Mozilla/5.0 (Linux; Android 7.0;) AppleWebKit/537.36 (KHTML, like Gecko) Mobile Safari/537.36 (compatible; PetalBot;+https://webmaster.petalsearch.com/site/petalbot)" "tchealthsources.com"
114.119.136.13 - - [10/Nov/2022:21:04:51 -0800] "GET /TC%20Health%20Sources/includes/ HTTP/1.1" 200 376 "https://tchealthsources.com/TC%20Health%20Sources/includes/ice?C=N%3BO%3DD" "Mozilla/5.0 (Linux; Android 7.0;) AppleWebKit/537.36 (KHTML, like Gecko) Mobile Safari/537.36 (compatible; PetalBot;+https://webmaster.petalsearch.com/site/petalbot)" "tchealthsources.com"
51.222.253.19 - - [10/Nov/2022:21:13:36 -0800] "GET /clipart/buttons/themes/gray/?C=D;O=A HTTP/1.1" 200 409 "-" "Mozilla/5.0 (compatible; AhrefsBot/7.0; +http://ahrefs.com/robot/)" "www.tchealthsources.com"
190.6.199.98 - - [10/Nov/2022:22:22:10 -0800] "GET / HTTP/1.1" 200 493 "-" "Mozilla/5.0 (Windows NT 10.0; Win64; x64) AppleWebKit/537.36 (KHTML, like Gecko) Chrome/85.0.4183.121 Safari/537.36" "tchealthsources.com"
37.139.53.7 - - [10/Nov/2022:22:23:51 -0800] "GET / HTTP/1.1" 200 493 "http://tchealthsources.com" "Mozilla/5.0 (Windows NT 10.0; WOW64) AppleWebKit/537.36 (KHTML, like Gecko) Chrome/103.0.0.0 Safari/537.36" "tchealthsources.com"
37.139.53.7 - - [10/Nov/2022:22:23:56 -0800] "GET /Index.html HTTP/1.1" 200 450 "http://tchealthsources.com" "Mozilla/5.0 (Windows NT 10.0; WOW64) AppleWebKit/537.36 (KHTML, like Gecko) Chrome/103.0.0.0 Safari/537.36" "tchealthsources.com"
185.191.171.20 - - [10/Nov/2022:22:36:39 -0800] "GET /robots.txt HTTP/1.1" 404 88 "-" "Mozilla/5.0 (compatible; SemrushBot/7~bl; +http://www.semrush.com/bot.html)" "tchealthsources.com"
185.191.171.4 - - [10/Nov/2022:22:36:39 -0800] "GET /TC%20Health%20Sources/files/International_health_insurance.htm HTTP/1.1" 200 5116 "-" "Mozilla/5.0 (compatible; SemrushBot/7~bl; +http://www.semrush.com/bot.html)" "tchealthsources.com"
51.222.253.8 - - [10/Nov/2022:22:52:16 -0800] "GET /TC%20Health%20Sources/yahoo_site_admin1/cache/?C=M;O=A HTTP/1.1" 200 351 "-" "Mozilla/5.0 (compatible; AhrefsBot/7.0; +http://ahrefs.com/robot/)" "www.tchealthsources.com"
54.85.199.187 - - [10/Nov/2022:23:24:06 -0800] "GET /robots.txt HTTP/1.1" 404 73 "-" "Mozilla/5.0 (X11; Linux x86_64) AppleWebKit/537.36 (KHTML, like Gecko) Chrome/94.0.4606.81 Safari/537.36" "tchealthsources.com"
54.85.199.187 - - [10/Nov/2022:23:24:06 -0800] "GET /TC%20Health%20Sources/ HTTP/1.1" 200 2530 "-" "Mozilla/5.0 (X11; Linux x86_64) AppleWebKit/537.36 (KHTML, like Gecko) Chrome/94.0.4606.81 Safari/537.36" "tchealthsources.com"
54.85.199.187 - - [10/Nov/2022:23:37:10 -0800] "GET /TC%20Health%20Sources/ HTTP/1.1" 200 2530 "-" "Mozilla/5.0 (X11; Linux x86_64) AppleWebKit/537.36 (KHTML, like Gecko) Chrome/94.0.4606.81 Safari/537.36" "tchealthsources.com"
51.222.253.10 - - [11/Nov/2022:00:13:00 -0800] "GET /TC%20Health%20Sources/yahoo_site_admin1/cache/?C=D;O=A HTTP/1.1" 200 351 "-" "Mozilla/5.0 (compatible; AhrefsBot/7.0; +http://ahrefs.com/robot/)" "www.tchealthsources.com"
51.222.253.5 - - [11/Nov/2022:00:18:47 -0800] "GET /clipart/buttons/themes/gray/?C=M;O=A HTTP/1.1" 200 410 "-" "Mozilla/5.0 (compatible; AhrefsBot/7.0; +http://ahrefs.com/robot/)" "www.tchealthsources.com"
185.191.171.20 - - [11/Nov/2022:00:20:46 -0800] "GET /robots.txt HTTP/1.1" 404 88 "-" "Mozilla/5.0 (compatible; SemrushBot/7~bl; +http://www.semrush.com/bot.html)" "www.tchealthsources.com"
185.191.171.21 - - [11/Nov/2022:00:20:46 -0800] "GET /TC%20Health%20Sources/files/International_health_insurance.htm HTTP/1.1" 200 5116 "-" "Mozilla/5.0 (compatible; SemrushBot/7~bl; +http://www.semrush.com/bot.html)" "www.tchealthsources.com"
51.222.253.15 - - [11/Nov/2022:00:20:54 -0800] "GET /clipart/buttons/themes/gray/?C=S;O=A HTTP/1.1" 200 410 "-" "Mozilla/5.0 (compatible; AhrefsBot/7.0; +http://ahrefs.com/robot/)" "www.tchealthsources.com"
20.58.184.127 - - [11/Nov/2022:00:29:06 -0800] "GET / HTTP/1.1" 200 1331 "-" "Mozilla/5.0 (Windows NT 10.0; Win64; x64) AppleWebKit/537.36 (KHTML, like Gecko) Chrome/78.0.3904.108 Safari/537.36" "tchealthsources.com"
20.58.184.127 - - [11/Nov/2022:00:29:07 -0800] "GET / HTTP/1.1" 200 1331 "-" "Mozilla/5.0 (Windows NT 10.0; Win64; x64) AppleWebKit/537.36 (KHTML, like Gecko) Chrome/78.0.3904.108 Safari/537.36" "tchealthsources.com"
20.58.184.127 - - [11/Nov/2022:00:29:07 -0800] "GET /wp-includes/wlwmanifest.xml HTTP/1.1" 404 73 "-" "Mozilla/5.0 (Windows NT 10.0; Win64; x64) AppleWebKit/537.36 (KHTML, like Gecko) Chrome/78.0.3904.108 Safari/537.36" "tchealthsources.com"
20.58.184.127 - - [11/Nov/2022:00:29:07 -0800] "GET / HTTP/1.1" 200 1331 "-" "Mozilla/5.0 (Windows NT 10.0; Win64; x64) AppleWebKit/537.36 (KHTML, like Gecko) Chrome/78.0.3904.108 Safari/537.36" "tchealthsources.com"
20.58.184.127 - - [11/Nov/2022:00:29:08 -0800] "GET /blog/wp-includes/wlwmanifest.xml HTTP/1.1" 404 73 "-" "Mozilla/5.0 (Windows NT 10.0; Win64; x64) AppleWebKit/537.36 (KHTML, like Gecko) Chrome/78.0.3904.108 Safari/537.36" "tchealthsources.com"
20.58.184.127 - - [11/Nov/2022:00:29:08 -0800] "GET /web/wp-includes/wlwmanifest.xml HTTP/1.1" 404 73 "-" "Mozilla/5.0 (Windows NT 10.0; Win64; x64) AppleWebKit/537.36 (KHTML, like Gecko) Chrome/78.0.3904.108 Safari/537.36" "tchealthsources.com"
20.58.184.127 - - [11/Nov/2022:00:29:08 -0800] "GET /wordpress/wp-includes/wlwmanifest.xml HTTP/1.1" 404 73 "-" "Mozilla/5.0 (Windows NT 10.0; Win64; x64) AppleWebKit/537.36 (KHTML, like Gecko) Chrome/78.0.3904.108 Safari/537.36" "tchealthsources.com"
20.58.184.127 - - [11/Nov/2022:00:29:09 -0800] "GET /website/wp-includes/wlwmanifest.xml HTTP/1.1" 404 73 "-" "Mozilla/5.0 (Windows NT 10.0; Win64; x64) AppleWebKit/537.36 (KHTML, like Gecko) Chrome/78.0.3904.108 Safari/537.36" "tchealthsources.com"
20.58.184.127 - - [11/Nov/2022:00:29:09 -0800] "GET /news/wp-includes/wlwmanifest.xml HTTP/1.1" 404 73 "-" "Mozilla/5.0 (Windows NT 10.0; Win64; x64) AppleWebKit/537.36 (KHTML, like Gecko) Chrome/78.0.3904.108 Safari/537.36" "tchealthsources.com"
20.58.184.127 - - [11/Nov/2022:00:31:10 -0800] "GET /wp1/wp-includes/wlwmanifest.xml HTTP/1.1" 404 73 "-" "Mozilla/5.0 (Windows NT 10.0; Win64; x64) AppleWebKit/537.36 (KHTML, like Gecko) Chrome/78.0.3904.108 Safari/537.36" "tchealthsources.com"
20.58.184.127 - - [11/Nov/2022:00:31:10 -0800] "GET /media/wp-includes/wlwmanifest.xml HTTP/1.1" 404 73 "-" "Mozilla/5.0 (Windows NT 10.0; Win64; x64) AppleWebKit/537.36 (KHTML, like Gecko) Chrome/78.0.3904.108 Safari/537.36" "tchealthsources.com"
20.58.184.127 - - [11/Nov/2022:00:31:11 -0800] "GET /wp2/wp-includes/wlwmanifest.xml HTTP/1.1" 404 73 "-" "Mozilla/5.0 (Windows NT 10.0; Win64; x64) AppleWebKit/537.36 (KHTML, like Gecko) Chrome/78.0.3904.108 Safari/537.36" "tchealthsources.com"
20.58.184.127 - - [11/Nov/2022:00:31:11 -0800] "GET /cms/wp-includes/wlwmanifest.xml HTTP/1.1" 404 73 "-" "Mozilla/5.0 (Windows NT 10.0; Win64; x64) AppleWebKit/537.36 (KHTML, like Gecko) Chrome/78.0.3904.108 Safari/537.36" "tchealthsources.com"
51.222.253.17 - - [11/Nov/2022:00:55:46 -0800] "GET /TC%20Health%20Sources/?C=S;O=D HTTP/1.1" 200 555 "-" "Mozilla/5.0 (compatible; AhrefsBot/7.0; +http://ahrefs.com/robot/)" "www.tchealthsources.com"
66.249.79.146 - - [11/Nov/2022:01:22:04 -0800] "GET /robots.txt HTTP/1.1" 404 88 "-" "Mozilla/5.0 (compatible; Googlebot/2.1; +http://www.google.com/bot.html)" "www.tchealthsources.com"
20.115.55.161 - - [11/Nov/2022:01:42:25 -0800] "GET /wp-content/ HTTP/1.1" 404 88 "-" "Mozilla/5.0 (Macintosh; Intel Mac OS X 10.15; rv:77.0) Gecko/20100101 Firefox/77.0" "tchealthsources.com"
34.68.255.58 - - [11/Nov/2022:01:47:54 -0800] "GET / HTTP/1.1" 200 1331 "-" "Mozilla/5.0 (Windows NT 10.0; Win64; x64) AppleWebKit/537.36 (KHTML, like Gecko) Chrome/88.0.4240.193 Safari/537.36" "tchealthsources.com"
34.68.255.58 - - [11/Nov/2022:01:47:55 -0800] "GET / HTTP/1.1" 200 1331 "-" "Mozilla/5.0 (Windows NT 10.0; Win64; x64) AppleWebKit/537.36 (KHTML, like Gecko) Chrome/88.0.4240.193 Safari/537.36" "tchealthsources.com"
34.68.255.58 - - [11/Nov/2022:01:47:56 -0800] "GET /wp-includes/wlwmanifest.xml HTTP/1.1" 404 73 "-" "Mozilla/5.0 (Windows NT 10.0; Win64; x64) AppleWebKit/537.36 (KHTML, like Gecko) Chrome/88.0.4240.193 Safari/537.36" "tchealthsources.com"
34.68.255.58 - - [11/Nov/2022:01:47:56 -0800] "GET /xmlrpc.php?rsd HTTP/1.1" 500 4947 "-" "Mozilla/5.0 (Windows NT 10.0; Win64; x64) AppleWebKit/537.36 (KHTML, like Gecko) Chrome/88.0.4240.193 Safari/537.36" "tchealthsources.com"
