87.250.224.116 - - [10/Nov/2022:04:29:09 -0800] "GET /robots.txt HTTP/1.1" 404 73 "-" "Mozilla/5.0 (compatible; YandexBot/3.0; +http://yandex.com/bots)" "tchealthsources.com"
87.250.224.134 - - [10/Nov/2022:04:29:24 -0800] "GET /TC%20Health%20Sources/yahoo_site_admin1/assets/ HTTP/1.1" 200 390 "-" "Mozilla/5.0 (compatible; YandexBot/3.0; +http://yandex.com/bots)" "tchealthsources.com"
114.119.136.134 - - [10/Nov/2022:04:30:53 -0800] "GET /clipart/buttons/themes/designer1?C=N%3BO%3DD HTTP/1.1" 301 1439 "http://tchealthsources.com/clipart/buttons/themes/designer1?S=A" "Mozilla/5.0 (Linux; Android 7.0;) AppleWebKit/537.36 (KHTML, like Gecko) Mobile Safari/537.36 (compatible; PetalBot;+https://webmaster.petalsearch.com/site/petalbot)" "tchealthsources.com"
114.119.136.134 - - [10/Nov/2022:04:30:53 -0800] "GET /clipart/buttons/themes/designer1/?C=N%3BO%3DD HTTP/1.1" 200 423 "http://tchealthsources.com/clipart/buttons/themes/designer1?S=A" "Mozilla/5.0 (Linux; Android 7.0;) AppleWebKit/537.36 (KHTML, like Gecko) Mobile Safari/537.36 (compatible; PetalBot;+https://webmaster.petalsearch.com/site/petalbot)" "tchealthsources.com"
42.236.10.122 - - [10/Nov/2022:04:41:28 -0800] "GET / HTTP/1.1" 200 493 "http://tchealthsources.com/" "Mozilla/5.0 (Windows NT 6.1; WOW64) AppleWebKit/537.36 (KHTML, like Gecko) Chrome/50.0.2661.102 Safari/537.36; 360Spider" "tchealthsources.com"
52.139.215.41 - - [10/Nov/2022:04:48:04 -0800] "POST / HTTP/1.1" 404 88 "-" "Mozilla/5.0 (Linux; U; Android 4.4.2; en-US; HM NOTE 1W Build/KOT49H) AppleWebKit/534.30 (KHTML, like Gecko) Version/4.0 UCBrowser/11.0.5.850 U3/0.8.0 Mobile Safari/534.30" "tchealthsources.com"
52.139.215.41 - - [10/Nov/2022:04:48:06 -0800] "POST / HTTP/1.1" 404 88 "-" "Mozilla/5.0 (Linux; U; Android 4.4.2; en-US; HM NOTE 1W Build/KOT49H) AppleWebKit/534.30 (KHTML, like Gecko) Version/4.0 UCBrowser/11.0.5.850 U3/0.8.0 Mobile Safari/534.30" "tchealthsources.com"
52.139.215.41 - - [10/Nov/2022:04:48:09 -0800] "GET /vendor/phpunit/phpunit/src/Util/PHP/eval-stdin.php HTTP/1.1" 404 88 "-" "python-requests/2.28.1" "tchealthsources.com"
114.119.136.109 - - [10/Nov/2022:05:22:11 -0800] "GET /TC%20Health%20Sources/navigation_bars/?C=D%3BO%3DA HTTP/1.1" 200 415 "https://tchealthsources.com/TC%20Health%20Sources/navigation_bars?N=A" "Mozilla/5.0 (Linux; Android 7.0;) AppleWebKit/537.36 (KHTML, like Gecko) Mobile Safari/537.36 (compatible; PetalBot;+https://webmaster.petalsearch.com/site/petalbot)" "tchealthsources.com"
114.119.136.12 - - [10/Nov/2022:05:27:14 -0800] "GET /TC%20Health%20Sources/includes?M=A HTTP/1.1" 301 1431 "https://tchealthsources.com/TC%20Health%20Sources/includes?S=A" "Mozilla/5.0 (Linux; Android 7.0;) AppleWebKit/537.36 (KHTML, like Gecko) Mobile Safari/537.36 (compatible; PetalBot;+https://webmaster.petalsearch.com/site/petalbot)" "tchealthsources.com"
114.119.136.12 - - [10/Nov/2022:05:27:14 -0800] "GET /TC%20Health%20Sources/includes/?M=A HTTP/1.1" 200 376 "https://tchealthsources.com/TC%20Health%20Sources/includes?S=A" "Mozilla/5.0 (Linux; Android 7.0;) AppleWebKit/537.36 (KHTML, like Gecko) Mobile Safari/537.36 (compatible; PetalBot;+https://webmaster.petalsearch.com/site/petalbot)" "tchealthsources.com"
114.119.136.128 - - [10/Nov/2022:05:32:15 -0800] "GET /TC%20Health%20Sources/_private?S=D HTTP/1.1" 301 1432 "https://tchealthsources.com/TC%20Health%20Sources/_private?S=A" "Mozilla/5.0 (Linux; Android 7.0;) AppleWebKit/537.36 (KHTML, like Gecko) Mobile Safari/537.36 (compatible; PetalBot;+https://webmaster.petalsearch.com/site/petalbot)" "tchealthsources.com"
114.119.136.128 - - [10/Nov/2022:05:32:15 -0800] "GET /TC%20Health%20Sources/_private/?S=D HTTP/1.1" 200 341 "https://tchealthsources.com/TC%20Health%20Sources/_private?S=A" "Mozilla/5.0 (Linux; Android 7.0;) AppleWebKit/537.36 (KHTML, like Gecko) Mobile Safari/537.36 (compatible; PetalBot;+https://webmaster.petalsearch.com/site/petalbot)" "tchealthsources.com"
114.119.136.12 - - [10/Nov/2022:05:37:22 -0800] "GET /navigation_bars/?C=D%3BO%3DA HTTP/1.1" 200 390 "https://tchealthsources.com/navigation_bars?N=A" "Mozilla/5.0 (Linux; Android 7.0;) AppleWebKit/537.36 (KHTML, like Gecko) Mobile Safari/537.36 (compatible; PetalBot;+https://webmaster.petalsearch.com/site/petalbot)" "tchealthsources.com"
114.119.134.224 - - [10/Nov/2022:05:42:23 -0800] "GET /TC%20Health%20Sources/clipart/buttons/themes/simple/?C=M%3BO%3DA HTTP/1.1" 200 440 "https://tchealthsources.com/TC%20Health%20Sources/clipart/buttons/themes/simple/?C=N%3BO%3DD" "Mozilla/5.0 (Linux; Android 7.0;) AppleWebKit/537.36 (KHTML, like Gecko) Mobile Safari/537.36 (compatible; PetalBot;+https://webmaster.petalsearch.com/site/petalbot)" "tchealthsources.com"
114.119.136.128 - - [10/Nov/2022:05:57:13 -0800] "GET /clipart HTTP/1.1" 301 1409 "http://tchealthsources.com?C=D%3BO%3DA" "Mozilla/5.0 (Linux; Android 7.0;) AppleWebKit/537.36 (KHTML, like Gecko) Mobile Safari/537.36 (compatible; PetalBot;+https://webmaster.petalsearch.com/site/petalbot)" "tchealthsources.com"
34.68.255.58 - - [10/Nov/2022:06:02:36 -0800] "GET / HTTP/1.1" 200 1331 "-" "Mozilla/5.0 (Windows NT 10.0; Win64; x64) AppleWebKit/537.36 (KHTML, like Gecko) Chrome/88.0.4240.193 Safari/537.36" "tchealthsources.com"
34.68.255.58 - - [10/Nov/2022:06:02:37 -0800] "GET / HTTP/1.1" 200 1331 "-" "Mozilla/5.0 (Windows NT 10.0; Win64; x64) AppleWebKit/537.36 (KHTML, like Gecko) Chrome/88.0.4240.193 Safari/537.36" "tchealthsources.com"
34.68.255.58 - - [10/Nov/2022:06:02:38 -0800] "GET /wp-includes/wlwmanifest.xml HTTP/1.1" 404 73 "-" "Mozilla/5.0 (Windows NT 10.0; Win64; x64) AppleWebKit/537.36 (KHTML, like Gecko) Chrome/88.0.4240.193 Safari/537.36" "tchealthsources.com"
34.68.255.58 - - [10/Nov/2022:06:02:38 -0800] "GET /xmlrpc.php?rsd HTTP/1.1" 500 4947 "-" "Mozilla/5.0 (Windows NT 10.0; Win64; x64) AppleWebKit/537.36 (KHTML, like Gecko) Chrome/88.0.4240.193 Safari/537.36" "tchealthsources.com"
34.68.255.58 - - [10/Nov/2022:06:02:39 -0800] "GET / HTTP/1.1" 200 1331 "-" "Mozilla/5.0 (Windows NT 10.0; Win64; x64) AppleWebKit/537.36 (KHTML, like Gecko) Chrome/88.0.4240.193 Safari/537.36" "tchealthsources.com"
34.68.255.58 - - [10/Nov/2022:06:02:40 -0800] "GET /blog/wp-includes/wlwmanifest.xml HTTP/1.1" 404 73 "-" "Mozilla/5.0 (Windows NT 10.0; Win64; x64) AppleWebKit/537.36 (KHTML, like Gecko) Chrome/88.0.4240.193 Safari/537.36" "tchealthsources.com"
34.68.255.58 - - [10/Nov/2022:06:02:40 -0800] "GET /web/wp-includes/wlwmanifest.xml HTTP/1.1" 404 73 "-" "Mozilla/5.0 (Windows NT 10.0; Win64; x64) AppleWebKit/537.36 (KHTML, like Gecko) Chrome/88.0.4240.193 Safari/537.36" "tchealthsources.com"
34.68.255.58 - - [10/Nov/2022:06:02:40 -0800] "GET /wordpress/wp-includes/wlwmanifest.xml HTTP/1.1" 404 73 "-" "Mozilla/5.0 (Windows NT 10.0; Win64; x64) AppleWebKit/537.36 (KHTML, like Gecko) Chrome/88.0.4240.193 Safari/537.36" "tchealthsources.com"
34.68.255.58 - - [10/Nov/2022:06:02:40 -0800] "GET /website/wp-includes/wlwmanifest.xml HTTP/1.1" 404 73 "-" "Mozilla/5.0 (Windows NT 10.0; Win64; x64) AppleWebKit/537.36 (KHTML, like Gecko) Chrome/88.0.4240.193 Safari/537.36" "tchealthsources.com"
34.68.255.58 - - [10/Nov/2022:06:02:41 -0800] "GET /wp/wp-includes/wlwmanifest.xml HTTP/1.1" 404 73 "-" "Mozilla/5.0 (Windows NT 10.0; Win64; x64) AppleWebKit/537.36 (KHTML, like Gecko) Chrome/88.0.4240.193 Safari/537.36" "tchealthsources.com"
34.68.255.58 - - [10/Nov/2022:06:02:41 -0800] "GET /news/wp-includes/wlwmanifest.xml HTTP/1.1" 404 73 "-" "Mozilla/5.0 (Windows NT 10.0; Win64; x64) AppleWebKit/537.36 (KHTML, like Gecko) Chrome/88.0.4240.193 Safari/537.36" "tchealthsources.com"
34.68.255.58 - - [10/Nov/2022:06:02:41 -0800] "GET /2019/wp-includes/wlwmanifest.xml HTTP/1.1" 404 73 "-" "Mozilla/5.0 (Windows NT 10.0; Win64; x64) AppleWebKit/537.36 (KHTML, like Gecko) Chrome/88.0.4240.193 Safari/537.36" "tchealthsources.com"
34.68.255.58 - - [10/Nov/2022:06:02:41 -0800] "GET /shop/wp-includes/wlwmanifest.xml HTTP/1.1" 404 73 "-" "Mozilla/5.0 (Windows NT 10.0; Win64; x64) AppleWebKit/537.36 (KHTML, like Gecko) Chrome/88.0.4240.193 Safari/537.36" "tchealthsources.com"
34.68.255.58 - - [10/Nov/2022:06:02:41 -0800] "GET /wp1/wp-includes/wlwmanifest.xml HTTP/1.1" 404 73 "-" "Mozilla/5.0 (Windows NT 10.0; Win64; x64) AppleWebKit/537.36 (KHTML, like Gecko) Chrome/88.0.4240.193 Safari/537.36" "tchealthsources.com"
34.68.255.58 - - [10/Nov/2022:06:03:42 -0800] "GET /site/wp-includes/wlwmanifest.xml HTTP/1.1" 404 73 "-" "Mozilla/5.0 (Windows NT 10.0; Win64; x64) AppleWebKit/537.36 (KHTML, like Gecko) Chrome/88.0.4240.193 Safari/537.36" "tchealthsources.com"
34.68.255.58 - - [10/Nov/2022:06:03:42 -0800] "GET /cms/wp-includes/wlwmanifest.xml HTTP/1.1" 404 73 "-" "Mozilla/5.0 (Windows NT 10.0; Win64; x64) AppleWebKit/537.36 (KHTML, like Gecko) Chrome/88.0.4240.193 Safari/537.36" "tchealthsources.com"
34.68.255.58 - - [10/Nov/2022:06:03:42 -0800] "GET /sito/wp-includes/wlwmanifest.xml HTTP/1.1" 404 73 "-" "Mozilla/5.0 (Windows NT 10.0; Win64; x64) AppleWebKit/537.36 (KHTML, like Gecko) Chrome/88.0.4240.193 Safari/537.36" "tchealthsources.com"
114.119.136.113 - - [10/Nov/2022:06:10:36 -0800] "GET /TC%20Health%20Sources/clipart?M=D HTTP/1.1" 301 1431 "https://tchealthsources.com/TC%20Health%20Sources/clipart?M=A" "Mozilla/5.0 (Linux; Android 7.0;) AppleWebKit/537.36 (KHTML, like Gecko) Mobile Safari/537.36 (compatible; PetalBot;+https://webmaster.petalsearch.com/site/petalbot)" "tchealthsources.com"
114.119.136.113 - - [10/Nov/2022:06:10:38 -0800] "GET /TC%20Health%20Sources/clipart/?M=D HTTP/1.1" 200 391 "https://tchealthsources.com/TC%20Health%20Sources/clipart?M=A" "Mozilla/5.0 (Linux; Android 7.0;) AppleWebKit/537.36 (KHTML, like Gecko) Mobile Safari/537.36 (compatible; PetalBot;+https://webmaster.petalsearch.com/site/petalbot)" "tchealthsources.com"
114.119.134.224 - - [10/Nov/2022:06:17:18 -0800] "GET /clipart/buttons/themes/jelly/ HTTP/1.1" 200 416 "http://tchealthsources.com/clipart/buttons/themes?C=D%3BO%3DA" "Mozilla/5.0 (Linux; Android 7.0;) AppleWebKit/537.36 (KHTML, like Gecko) Mobile Safari/537.36 (compatible; PetalBot;+https://webmaster.petalsearch.com/site/petalbot)" "tchealthsources.com"
114.119.136.128 - - [10/Nov/2022:06:27:27 -0800] "GET /clipart/buttons/themes?C=M%3BO%3DA HTTP/1.1" 301 1434 "http://tchealthsources.com/clipart/buttons/themes?C=N%3BO%3DD" "Mozilla/5.0 (Linux; Android 7.0;) AppleWebKit/537.36 (KHTML, like Gecko) Mobile Safari/537.36 (compatible; PetalBot;+https://webmaster.petalsearch.com/site/petalbot)" "tchealthsources.com"
114.119.136.128 - - [10/Nov/2022:06:27:28 -0800] "GET /clipart/buttons/themes/?C=M%3BO%3DA HTTP/1.1" 200 511 "http://tchealthsources.com/clipart/buttons/themes?C=N%3BO%3DD" "Mozilla/5.0 (Linux; Android 7.0;) AppleWebKit/537.36 (KHTML, like Gecko) Mobile Safari/537.36 (compatible; PetalBot;+https://webmaster.petalsearch.com/site/petalbot)" "tchealthsources.com"
114.119.136.134 - - [10/Nov/2022:06:34:42 -0800] "GET /TC%20Health%20Sources/yahoo_site_admin1/cache?M=A HTTP/1.1" 301 1441 "https://tchealthsources.com/TC%20Health%20Sources/yahoo_site_admin1/cache" "Mozilla/5.0 (Linux; Android 7.0;) AppleWebKit/537.36 (KHTML, like Gecko) Mobile Safari/537.36 (compatible; PetalBot;+https://webmaster.petalsearch.com/site/petalbot)" "tchealthsources.com"
114.119.136.134 - - [10/Nov/2022:06:34:43 -0800] "GET /TC%20Health%20Sources/yahoo_site_admin1/cache/?M=A HTTP/1.1" 200 351 "https://tchealthsources.com/TC%20Health%20Sources/yahoo_site_admin1/cache" "Mozilla/5.0 (Linux; Android 7.0;) AppleWebKit/537.36 (KHTML, like Gecko) Mobile Safari/537.36 (compatible; PetalBot;+https://webmaster.petalsearch.com/site/petalbot)" "tchealthsources.com"
114.119.134.224 - - [10/Nov/2022:06:39:46 -0800] "GET /TC%20Health%20Sources/clipart/buttons/themes/simple?C=M%3BO%3DA HTTP/1.1" 301 1454 "https://tchealthsources.com/TC%20Health%20Sources/clipart/buttons/themes/simple?N=A" "Mozilla/5.0 (Linux; Android 7.0;) AppleWebKit/537.36 (KHTML, like Gecko) Mobile Safari/537.36 (compatible; PetalBot;+https://webmaster.petalsearch.com/site/petalbot)" "tchealthsources.com"
114.119.134.224 - - [10/Nov/2022:06:39:47 -0800] "GET /TC%20Health%20Sources/clipart/buttons/themes/simple/?C=M%3BO%3DA HTTP/1.1" 200 440 "https://tchealthsources.com/TC%20Health%20Sources/clipart/buttons/themes/simple?N=A" "Mozilla/5.0 (Linux; Android 7.0;) AppleWebKit/537.36 (KHTML, like Gecko) Mobile Safari/537.36 (compatible; PetalBot;+https://webmaster.petalsearch.com/site/petalbot)" "tchealthsources.com"
114.119.136.134 - - [10/Nov/2022:06:49:49 -0800] "GET /?C=D%3BO%3DA HTTP/1.1" 200 493 "http://tchealthsources.com/?C=D%3BO%3DA" "Mozilla/5.0 (Linux; Android 7.0;) AppleWebKit/537.36 (KHTML, like Gecko) Mobile Safari/537.36 (compatible; PetalBot;+https://webmaster.petalsearch.com/site/petalbot)" "tchealthsources.com"
51.103.123.174 - - [10/Nov/2022:06:51:42 -0800] "GET / HTTP/1.1" 200 493 "-" "python-requests/2.27.1" "tchealthsources.com"
114.119.134.224 - - [10/Nov/2022:06:54:56 -0800] "GET /TC%20Health%20Sources/logs/access_160402.log HTTP/1.1" 200 1026 "https://tchealthsources.com/TC%20Health%20Sources/logs?N=A" "Mozilla/5.0 (Linux; Android 7.0;) AppleWebKit/537.36 (KHTML, like Gecko) Mobile Safari/537.36 (compatible; PetalBot;+https://webmaster.petalsearch.com/site/petalbot)" "tchealthsources.com"
66.249.68.14 - - [10/Nov/2022:06:56:51 -0800] "GET /robots.txt HTTP/1.1" 404 88 "-" "Mozilla/5.0 (compatible; Googlebot/2.1; +http://www.google.com/bot.html)" "tchealthsources.com"
66.249.68.18 - - [10/Nov/2022:06:56:51 -0800] "GET /favicon.ico HTTP/1.1" 404 88 "-" "Googlebot-Image/1.0" "tchealthsources.com"
114.119.136.12 - - [10/Nov/2022:07:00:10 -0800] "GET /TC%20Health%20Sources/clipart/images/general?C=N%3BO%3DD HTTP/1.1" 301 1450 "https://tchealthsources.com/TC%20Health%20Sources/clipart/images/general?S=D" "Mozilla/5.0 (Linux; Android 7.0;) AppleWebKit/537.36 (KHTML, like Gecko) Mobile Safari/537.36 (compatible; PetalBot;+https://webmaster.petalsearch.com/site/petalbot)" "tchealthsources.com"
114.119.136.12 - - [10/Nov/2022:07:00:10 -0800] "GET /TC%20Health%20Sources/clipart/images/general/?C=N%3BO%3DD HTTP/1.1" 200 403 "https://tchealthsources.com/TC%20Health%20Sources/clipart/images/general?S=D" "Mozilla/5.0 (Linux; Android 7.0;) AppleWebKit/537.36 (KHTML, like Gecko) Mobile Safari/537.36 (compatible; PetalBot;+https://webmaster.petalsearch.com/site/petalbot)" "tchealthsources.com"
199.168.185.232 - - [10/Nov/2022:07:04:29 -0800] "GET /wp-login.php HTTP/1.1" 404 88 "-" "Mozilla/5.0 (Windows NT 10.0; Win64; x64; rv:96.0) Gecko/20100101 Firefox/96" "tchealthsources.com"
114.119.136.12 - - [10/Nov/2022:07:05:11 -0800] "GET /TC%20Health%20Sources/clipart/buttons/themes HTTP/1.1" 301 1437 "https://tchealthsources.com/TC%20Health%20Sources/clipart/buttons/themes/view-screen?C=S%3BO%3DA" "Mozilla/5.0 (Linux; Android 7.0;) AppleWebKit/537.36 (KHTML, like Gecko) Mobile Safari/537.36 (compatible; PetalBot;+https://webmaster.petalsearch.com/site/petalbot)" "tchealthsources.com"
114.119.136.12 - - [10/Nov/2022:07:05:12 -0800] "GET /TC%20Health%20Sources/clipart/buttons/themes/ HTTP/1.1" 200 479 "https://tchealthsources.com/TC%20Health%20Sources/clipart/buttons/themes/view-screen?C=S%3BO%3DA" "Mozilla/5.0 (Linux; Android 7.0;) AppleWebKit/537.36 (KHTML, like Gecko) Mobile Safari/537.36 (compatible; PetalBot;+https://webmaster.petalsearch.com/site/petalbot)" "tchealthsources.com"
114.119.134.224 - - [10/Nov/2022:07:10:16 -0800] "GET /TC%20Health%20Sources/tmp/?C=M%3BO%3DA HTTP/1.1" 200 386 "https://tchealthsources.com/TC%20Health%20Sources/tmp?S=D" "Mozilla/5.0 (Linux; Android 7.0;) AppleWebKit/537.36 (KHTML, like Gecko) Mobile Safari/537.36 (compatible; PetalBot;+https://webmaster.petalsearch.com/site/petalbot)" "tchealthsources.com"
54.36.148.121 - - [10/Nov/2022:07:11:07 -0800] "GET /robots.txt HTTP/1.1" 404 88 "-" "Mozilla/5.0 (compatible; AhrefsBot/7.0; +http://ahrefs.com/robot/)" "tchealthsources.com"
51.222.253.20 - - [10/Nov/2022:07:11:09 -0800] "GET / HTTP/1.1" 200 493 "-" "Mozilla/5.0 (compatible; AhrefsBot/7.0; +http://ahrefs.com/robot/)" "tchealthsources.com"
114.119.136.12 - - [10/Nov/2022:07:15:18 -0800] "GET /clipart/images/general?D=D HTTP/1.1" 301 1425 "http://tchealthsources.com/clipart/images/general?D=A" "Mozilla/5.0 (Linux; Android 7.0;) AppleWebKit/537.36 (KHTML, like Gecko) Mobile Safari/537.36 (compatible; PetalBot;+https://webmaster.petalsearch.com/site/petalbot)" "tchealthsources.com"
114.119.136.12 - - [10/Nov/2022:07:15:18 -0800] "GET /clipart/images/general/?D=D HTTP/1.1" 200 376 "http://tchealthsources.com/clipart/images/general?D=A" "Mozilla/5.0 (Linux; Android 7.0;) AppleWebKit/537.36 (KHTML, like Gecko) Mobile Safari/537.36 (compatible; PetalBot;+https://webmaster.petalsearch.com/site/petalbot)" "tchealthsources.com"
114.119.136.113 - - [10/Nov/2022:07:20:22 -0800] "GET /clipart/buttons/themes/gray/?C=M%3BO%3DA HTTP/1.1" 200 409 "http://tchealthsources.com/clipart/buttons/themes/gray/?C=S%3BO%3DA" "Mozilla/5.0 (Linux; Android 7.0;) AppleWebKit/537.36 (KHTML, like Gecko) Mobile Safari/537.36 (compatible; PetalBot;+https://webmaster.petalsearch.com/site/petalbot)" "tchealthsources.com"
114.119.136.113 - - [10/Nov/2022:07:25:23 -0800] "GET /clipart/?C=M%3BO%3DA HTTP/1.1" 200 380 "http://tchealthsources.com/clipart?N=A" "Mozilla/5.0 (Linux; Android 7.0;) AppleWebKit/537.36 (KHTML, like Gecko) Mobile Safari/537.36 (compatible; PetalBot;+https://webmaster.petalsearch.com/site/petalbot)" "tchealthsources.com"
51.222.253.8 - - [10/Nov/2022:07:31:06 -0800] "GET / HTTP/1.1" 200 493 "-" "Mozilla/5.0 (compatible; AhrefsBot/7.0; +http://ahrefs.com/robot/)" "www.tchealthsources.com"
114.119.134.224 - - [10/Nov/2022:07:35:30 -0800] "GET /TC%20Health%20Sources/yahoo_site_admin?C=S%3BO%3DA HTTP/1.1" 301 1446 "https://tchealthsources.com/TC%20Health%20Sources/yahoo_site_admin?D=D" "Mozilla/5.0 (Linux; Android 7.0;) AppleWebKit/537.36 (KHTML, like Gecko) Mobile Safari/537.36 (compatible; PetalBot;+https://webmaster.petalsearch.com/site/petalbot)" "tchealthsources.com"
114.119.134.224 - - [10/Nov/2022:07:35:31 -0800] "GET /TC%20Health%20Sources/yahoo_site_admin/?C=S%3BO%3DA HTTP/1.1" 200 429 "https://tchealthsources.com/TC%20Health%20Sources/yahoo_site_admin?D=D" "Mozilla/5.0 (Linux; Android 7.0;) AppleWebKit/537.36 (KHTML, like Gecko) Mobile Safari/537.36 (compatible; PetalBot;+https://webmaster.petalsearch.com/site/petalbot)" "tchealthsources.com"
51.222.253.14 - - [10/Nov/2022:07:36:41 -0800] "GET /TC%20Health%20Sources/navigation_bars/?C=N;O=D HTTP/1.1" 200 412 "-" "Mozilla/5.0 (compatible; AhrefsBot/7.0; +http://ahrefs.com/robot/)" "tchealthsources.com"
114.119.136.13 - - [10/Nov/2022:07:40:33 -0800] "GET /TC%20Health%20Sources/includes/ice?C=M%3BO%3DA HTTP/1.1" 301 1442 "https://tchealthsources.com/TC%20Health%20Sources/includes/ice?D=D" "Mozilla/5.0 (Linux; Android 7.0;) AppleWebKit/537.36 (KHTML, like Gecko) Mobile Safari/537.36 (compatible; PetalBot;+https://webmaster.petalsearch.com/site/petalbot)" "tchealthsources.com"
114.119.136.13 - - [10/Nov/2022:07:40:34 -0800] "GET /TC%20Health%20Sources/includes/ice/?C=M%3BO%3DA HTTP/1.1" 200 439 "https://tchealthsources.com/TC%20Health%20Sources/includes/ice?D=D" "Mozilla/5.0 (Linux; Android 7.0;) AppleWebKit/537.36 (KHTML, like Gecko) Mobile Safari/537.36 (compatible; PetalBot;+https://webmaster.petalsearch.com/site/petalbot)" "tchealthsources.com"
51.222.253.10 - - [10/Nov/2022:07:45:34 -0800] "GET /TC%20Health%20Sources/navigation_bars/ HTTP/1.1" 200 415 "-" "Mozilla/5.0 (compatible; AhrefsBot/7.0; +http://ahrefs.com/robot/)" "www.tchealthsources.com"
114.119.136.12 - - [10/Nov/2022:07:45:35 -0800] "GET /TC%20Health%20Sources/clipart/buttons/themes/designer1?M=A HTTP/1.1" 301 1447 "https://tchealthsources.com/TC%20Health%20Sources/clipart/buttons/themes/designer1" "Mozilla/5.0 (Linux; Android 7.0;) AppleWebKit/537.36 (KHTML, like Gecko) Mobile Safari/537.36 (compatible; PetalBot;+https://webmaster.petalsearch.com/site/petalbot)" "tchealthsources.com"
114.119.136.12 - - [10/Nov/2022:07:45:36 -0800] "GET /TC%20Health%20Sources/clipart/buttons/themes/designer1/?M=A HTTP/1.1" 200 446 "https://tchealthsources.com/TC%20Health%20Sources/clipart/buttons/themes/designer1" "Mozilla/5.0 (Linux; Android 7.0;) AppleWebKit/537.36 (KHTML, like Gecko) Mobile Safari/537.36 (compatible; PetalBot;+https://webmaster.petalsearch.com/site/petalbot)" "tchealthsources.com"
114.119.134.224 - - [10/Nov/2022:07:50:38 -0800] "GET /TC%20Health%20Sources/clipart/images?N=D HTTP/1.1" 301 1435 "https://tchealthsources.com/TC%20Health%20Sources/clipart/images?N=A" "Mozilla/5.0 (Linux; Android 7.0;) AppleWebKit/537.36 (KHTML, like Gecko) Mobile Safari/537.36 (compatible; PetalBot;+https://webmaster.petalsearch.com/site/petalbot)" "tchealthsources.com"
114.119.134.224 - - [10/Nov/2022:07:50:38 -0800] "GET /TC%20Health%20Sources/clipart/images/?N=D HTTP/1.1" 200 382 "https://tchealthsources.com/TC%20Health%20Sources/clipart/images?N=A" "Mozilla/5.0 (Linux; Android 7.0;) AppleWebKit/537.36 (KHTML, like Gecko) Mobile Safari/537.36 (compatible; PetalBot;+https://webmaster.petalsearch.com/site/petalbot)" "tchealthsources.com"
54.36.148.91 - - [10/Nov/2022:07:51:16 -0800] "GET /robots.txt HTTP/1.1" 404 88 "-" "Mozilla/5.0 (compatible; AhrefsBot/7.0; +http://ahrefs.com/robot/)" "tchealthsources.com"
51.222.253.9 - - [10/Nov/2022:07:51:16 -0800] "GET /clipart/buttons/themes/sky_blue/?C=N;O=D HTTP/1.1" 200 417 "-" "Mozilla/5.0 (compatible; AhrefsBot/7.0; +http://ahrefs.com/robot/)" "tchealthsources.com"
114.119.136.134 - - [10/Nov/2022:07:55:41 -0800] "GET /TC%20Health%20Sources/sitebuilder/scripts?C=N%3BO%3DD HTTP/1.1" 301 1448 "https://tchealthsources.com/TC%20Health%20Sources/sitebuilder/scripts?N=A" "Mozilla/5.0 (Linux; Android 7.0;) AppleWebKit/537.36 (KHTML, like Gecko) Mobile Safari/537.36 (compatible; PetalBot;+https://webmaster.petalsearch.com/site/petalbot)" "tchealthsources.com"
114.119.136.134 - - [10/Nov/2022:07:55:42 -0800] "GET /TC%20Health%20Sources/sitebuilder/scripts/?C=N%3BO%3DD HTTP/1.1" 200 399 "https://tchealthsources.com/TC%20Health%20Sources/sitebuilder/scripts?N=A" "Mozilla/5.0 (Linux; Android 7.0;) AppleWebKit/537.36 (KHTML, like Gecko) Mobile Safari/537.36 (compatible; PetalBot;+https://webmaster.petalsearch.com/site/petalbot)" "tchealthsources.com"
51.222.253.20 - - [10/Nov/2022:07:57:37 -0800] "GET /TC%20Health%20Sources/images/?C=S;O=D HTTP/1.1" 200 1408 "-" "Mozilla/5.0 (compatible; AhrefsBot/7.0; +http://ahrefs.com/robot/)" "tchealthsources.com"
114.119.136.128 - - [10/Nov/2022:08:01:21 -0800] "GET /TC%20Health%20Sources/clipart/buttons/themes/gray?N=D HTTP/1.1" 301 1445 "https://tchealthsources.com/TC%20Health%20Sources/clipart/buttons/themes/gray?N=A" "Mozilla/5.0 (Linux; Android 7.0;) AppleWebKit/537.36 (KHTML, like Gecko) Mobile Safari/537.36 (compatible; PetalBot;+https://webmaster.petalsearch.com/site/petalbot)" "tchealthsources.com"
114.119.136.128 - - [10/Nov/2022:08:01:32 -0800] "GET /TC%20Health%20Sources/clipart/buttons/themes/gray/?N=D HTTP/1.1" 200 435 "https://tchealthsources.com/TC%20Health%20Sources/clipart/buttons/themes/gray?N=A" "Mozilla/5.0 (Linux; Android 7.0;) AppleWebKit/537.36 (KHTML, like Gecko) Mobile Safari/537.36 (compatible; PetalBot;+https://webmaster.petalsearch.com/site/petalbot)" "tchealthsources.com"
51.222.253.11 - - [10/Nov/2022:08:03:30 -0800] "GET /clipart/buttons/themes/?C=S;O=A HTTP/1.1" 200 511 "-" "Mozilla/5.0 (compatible; AhrefsBot/7.0; +http://ahrefs.com/robot/)" "www.tchealthsources.com"
114.119.136.113 - - [10/Nov/2022:08:05:47 -0800] "GET /TC%20Health%20Sources/yahoo_site_admin/cache/?C=M%3BO%3DA HTTP/1.1" 200 350 "https://tchealthsources.com/TC%20Health%20Sources/yahoo_site_admin/cache?M=D" "Mozilla/5.0 (Linux; Android 7.0;) AppleWebKit/537.36 (KHTML, like Gecko) Mobile Safari/537.36 (compatible; PetalBot;+https://webmaster.petalsearch.com/site/petalbot)" "tchealthsources.com"
51.222.253.5 - - [10/Nov/2022:08:09:27 -0800] "GET /TC%20Health%20Sources/sitebuilder/?C=N;O=A HTTP/1.1" 200 446 "-" "Mozilla/5.0 (compatible; AhrefsBot/7.0; +http://ahrefs.com/robot/)" "tchealthsources.com"
114.119.136.113 - - [10/Nov/2022:08:10:59 -0800] "GET /TC%20Health%20Sources/sitebuilder/applets?D=A HTTP/1.1" 301 1439 "https://tchealthsources.com/TC%20Health%20Sources/sitebuilder/applets?M=A" "Mozilla/5.0 (Linux; Android 7.0;) AppleWebKit/537.36 (KHTML, like Gecko) Mobile Safari/537.36 (compatible; PetalBot;+https://webmaster.petalsearch.com/site/petalbot)" "tchealthsources.com"
114.119.136.113 - - [10/Nov/2022:08:11:01 -0800] "GET /TC%20Health%20Sources/sitebuilder/applets/?D=A HTTP/1.1" 200 405 "https://tchealthsources.com/TC%20Health%20Sources/sitebuilder/applets?M=A" "Mozilla/5.0 (Linux; Android 7.0;) AppleWebKit/537.36 (KHTML, like Gecko) Mobile Safari/537.36 (compatible; PetalBot;+https://webmaster.petalsearch.com/site/petalbot)" "tchealthsources.com"
51.222.253.18 - - [10/Nov/2022:08:14:28 -0800] "GET /clipart/buttons/themes/?C=M;O=A HTTP/1.1" 200 511 "-" "Mozilla/5.0 (compatible; AhrefsBot/7.0; +http://ahrefs.com/robot/)" "www.tchealthsources.com"
114.119.136.134 - - [10/Nov/2022:08:15:54 -0800] "GET /clipart/buttons/themes/gray?D=A HTTP/1.1" 301 1428 "http://tchealthsources.com/clipart/buttons/themes/gray?N=D" "Mozilla/5.0 (Linux; Android 7.0;) AppleWebKit/537.36 (KHTML, like Gecko) Mobile Safari/537.36 (compatible; PetalBot;+https://webmaster.petalsearch.com/site/petalbot)" "tchealthsources.com"
114.119.136.134 - - [10/Nov/2022:08:15:54 -0800] "GET /clipart/buttons/themes/gray/?D=A HTTP/1.1" 200 409 "http://tchealthsources.com/clipart/buttons/themes/gray?N=D" "Mozilla/5.0 (Linux; Android 7.0;) AppleWebKit/537.36 (KHTML, like Gecko) Mobile Safari/537.36 (compatible; PetalBot;+https://webmaster.petalsearch.com/site/petalbot)" "tchealthsources.com"
51.222.253.11 - - [10/Nov/2022:08:19:44 -0800] "GET /clipart/buttons/themes/?C=D;O=A HTTP/1.1" 200 511 "-" "Mozilla/5.0 (compatible; AhrefsBot/7.0; +http://ahrefs.com/robot/)" "www.tchealthsources.com"
114.119.136.134 - - [10/Nov/2022:08:20:57 -0800] "GET /Web%20DOWNLOAD%20images?C=M%3BO%3DA HTTP/1.1" 301 1442 "https://tchealthsources.com/Web%20DOWNLOAD%20images?C=S%3BO%3DA" "Mozilla/5.0 (Linux; Android 7.0;) AppleWebKit/537.36 (KHTML, like Gecko) Mobile Safari/537.36 (compatible; PetalBot;+https://webmaster.petalsearch.com/site/petalbot)" "tchealthsources.com"
114.119.136.134 - - [10/Nov/2022:08:21:00 -0800] "GET /Web%20DOWNLOAD%20images/?C=M%3BO%3DA HTTP/1.1" 200 442 "https://tchealthsources.com/Web%20DOWNLOAD%20images?C=S%3BO%3DA" "Mozilla/5.0 (Linux; Android 7.0;) AppleWebKit/537.36 (KHTML, like Gecko) Mobile Safari/537.36 (compatible; PetalBot;+https://webmaster.petalsearch.com/site/petalbot)" "tchealthsources.com"
51.222.253.17 - - [10/Nov/2022:08:25:53 -0800] "GET /TC%20Health%20Sources/clipart/buttons/themes/swoosh_blue/?C=D;O=A HTTP/1.1" 200 441 "-" "Mozilla/5.0 (compatible; AhrefsBot/7.0; +http://ahrefs.com/robot/)" "tchealthsources.com"
114.119.136.113 - - [10/Nov/2022:08:25:59 -0800] "GET /TC%20Health%20Sources/clipart/buttons/themes/designer3?S=D HTTP/1.1" 301 1447 "https://tchealthsources.com/TC%20Health%20Sources/clipart/buttons/themes/designer3?S=A" "Mozilla/5.0 (Linux; Android 7.0;) AppleWebKit/537.36 (KHTML, like Gecko) Mobile Safari/537.36 (compatible; PetalBot;+https://webmaster.petalsearch.com/site/petalbot)" "tchealthsources.com"
114.119.136.113 - - [10/Nov/2022:08:26:01 -0800] "GET /TC%20Health%20Sources/clipart/buttons/themes/designer3/?S=D HTTP/1.1" 200 444 "https://tchealthsources.com/TC%20Health%20Sources/clipart/buttons/themes/designer3?S=A" "Mozilla/5.0 (Linux; Android 7.0;) AppleWebKit/537.36 (KHTML, like Gecko) Mobile Safari/537.36 (compatible; PetalBot;+https://webmaster.petalsearch.com/site/petalbot)" "tchealthsources.com"
51.222.253.9 - - [10/Nov/2022:08:31:01 -0800] "GET /TC%20Health%20Sources/sitebuilder/images/?C=D;O=A HTTP/1.1" 200 2382 "-" "Mozilla/5.0 (compatible; AhrefsBot/7.0; +http://ahrefs.com/robot/)" "tchealthsources.com"
114.119.136.113 - - [10/Nov/2022:08:31:03 -0800] "GET /TC%20Health%20Sources/sitebuilder/scripts HTTP/1.1" 301 1434 "https://tchealthsources.com/TC%20Health%20Sources/sitebuilder?M=D" "Mozilla/5.0 (Linux; Android 7.0;) AppleWebKit/537.36 (KHTML, like Gecko) Mobile Safari/537.36 (compatible; PetalBot;+https://webmaster.petalsearch.com/site/petalbot)" "tchealthsources.com"
114.119.136.113 - - [10/Nov/2022:08:31:04 -0800] "GET /TC%20Health%20Sources/sitebuilder/scripts/ HTTP/1.1" 200 399 "https://tchealthsources.com/TC%20Health%20Sources/sitebuilder?M=D" "Mozilla/5.0 (Linux; Android 7.0;) AppleWebKit/537.36 (KHTML, like Gecko) Mobile Safari/537.36 (compatible; PetalBot;+https://webmaster.petalsearch.com/site/petalbot)" "tchealthsources.com"
51.222.253.14 - - [10/Nov/2022:08:35:03 -0800] "GET /TC%20Health%20Sources/clipart/buttons/themes/?C=D;O=A HTTP/1.1" 200 479 "-" "Mozilla/5.0 (compatible; AhrefsBot/7.0; +http://ahrefs.com/robot/)" "tchealthsources.com"
114.119.136.134 - - [10/Nov/2022:08:36:04 -0800] "GET /TC%20Health%20Sources?S=A HTTP/1.1" 301 1425 "https://tchealthsources.com/TC%20Health%20Sources?N=A" "Mozilla/5.0 (Linux; Android 7.0;) AppleWebKit/537.36 (KHTML, like Gecko) Mobile Safari/537.36 (compatible; PetalBot;+https://webmaster.petalsearch.com/site/petalbot)" "tchealthsources.com"
114.119.136.134 - - [10/Nov/2022:08:36:05 -0800] "GET /TC%20Health%20Sources/?S=A HTTP/1.1" 200 564 "https://tchealthsources.com/TC%20Health%20Sources?N=A" "Mozilla/5.0 (Linux; Android 7.0;) AppleWebKit/537.36 (KHTML, like Gecko) Mobile Safari/537.36 (compatible; PetalBot;+https://webmaster.petalsearch.com/site/petalbot)" "tchealthsources.com"
114.119.136.12 - - [10/Nov/2022:08:41:13 -0800] "GET /?C=N%3BO%3DD HTTP/1.1" 200 493 "https://tchealthsources.com/" "Mozilla/5.0 (Linux; Android 7.0;) AppleWebKit/537.36 (KHTML, like Gecko) Mobile Safari/537.36 (compatible; PetalBot;+https://webmaster.petalsearch.com/site/petalbot)" "tchealthsources.com"
114.119.136.134 - - [10/Nov/2022:08:46:09 -0800] "GET /TC%20Health%20Sources/clipart/buttons?C=M%3BO%3DA HTTP/1.1" 301 1445 "https://tchealthsources.com/TC%20Health%20Sources/clipart/buttons?C=N%3BO%3DD" "Mozilla/5.0 (Linux; Android 7.0;) AppleWebKit/537.36 (KHTML, like Gecko) Mobile Safari/537.36 (compatible; PetalBot;+https://webmaster.petalsearch.com/site/petalbot)" "tchealthsources.com"
114.119.136.134 - - [10/Nov/2022:08:46:10 -0800] "GET /TC%20Health%20Sources/clipart/buttons/?C=M%3BO%3DA HTTP/1.1" 200 383 "https://tchealthsources.com/TC%20Health%20Sources/clipart/buttons?C=N%3BO%3DD" "Mozilla/5.0 (Linux; Android 7.0;) AppleWebKit/537.36 (KHTML, like Gecko) Mobile Safari/537.36 (compatible; PetalBot;+https://webmaster.petalsearch.com/site/petalbot)" "tchealthsources.com"
114.119.136.128 - - [10/Nov/2022:08:51:15 -0800] "GET /TC%20Health%20Sources/clipart/buttons/themes/gray/ HTTP/1.1" 200 435 "https://tchealthsources.com/TC%20Health%20Sources/clipart/buttons/themes?C=M%3BO%3DA" "Mozilla/5.0 (Linux; Android 7.0;) AppleWebKit/537.36 (KHTML, like Gecko) Mobile Safari/537.36 (compatible; PetalBot;+https://webmaster.petalsearch.com/site/petalbot)" "tchealthsources.com"
114.119.136.109 - - [10/Nov/2022:08:56:16 -0800] "GET /TC%20Health%20Sources/sitebuilder/images?C=M%3BO%3DA HTTP/1.1" 301 1447 "https://tchealthsources.com/TC%20Health%20Sources/sitebuilder/images?S=D" "Mozilla/5.0 (Linux; Android 7.0;) AppleWebKit/537.36 (KHTML, like Gecko) Mobile Safari/537.36 (compatible; PetalBot;+https://webmaster.petalsearch.com/site/petalbot)" "tchealthsources.com"
114.119.136.109 - - [10/Nov/2022:08:56:17 -0800] "GET /TC%20Health%20Sources/sitebuilder/images/?C=M%3BO%3DA HTTP/1.1" 200 2382 "https://tchealthsources.com/TC%20Health%20Sources/sitebuilder/images?S=D" "Mozilla/5.0 (Linux; Android 7.0;) AppleWebKit/537.36 (KHTML, like Gecko) Mobile Safari/537.36 (compatible; PetalBot;+https://webmaster.petalsearch.com/site/petalbot)" "tchealthsources.com"
114.119.136.12 - - [10/Nov/2022:09:01:19 -0800] "GET /TC%20Health%20Sources/media?M=A HTTP/1.1" 301 1430 "https://tchealthsources.com/TC%20Health%20Sources/media?D=D" "Mozilla/5.0 (Linux; Android 7.0;) AppleWebKit/537.36 (KHTML, like Gecko) Mobile Safari/537.36 (compatible; PetalBot;+https://webmaster.petalsearch.com/site/petalbot)" "tchealthsources.com"
114.119.136.12 - - [10/Nov/2022:09:01:21 -0800] "GET /TC%20Health%20Sources/media/?M=A HTTP/1.1" 200 409 "https://tchealthsources.com/TC%20Health%20Sources/media?D=D" "Mozilla/5.0 (Linux; Android 7.0;) AppleWebKit/537.36 (KHTML, like Gecko) Mobile Safari/537.36 (compatible; PetalBot;+https://webmaster.petalsearch.com/site/petalbot)" "tchealthsources.com"
114.119.134.224 - - [10/Nov/2022:09:06:22 -0800] "GET /clipart/buttons/themes/sky_blue/?C=M%3BO%3DA HTTP/1.1" 200 422 "http://tchealthsources.com/clipart/buttons/themes/sky_blue?M=D" "Mozilla/5.0 (Linux; Android 7.0;) AppleWebKit/537.36 (KHTML, like Gecko) Mobile Safari/537.36 (compatible; PetalBot;+https://webmaster.petalsearch.com/site/petalbot)" "tchealthsources.com"
114.119.136.134 - - [10/Nov/2022:09:11:25 -0800] "GET /TC%20Health%20Sources?C=D%3BO%3DA HTTP/1.1" 301 1435 "https://tchealthsources.com/TC%20Health%20Sources?C=N%3BO%3DD" "Mozilla/5.0 (Linux; Android 7.0;) AppleWebKit/537.36 (KHTML, like Gecko) Mobile Safari/537.36 (compatible; PetalBot;+https://webmaster.petalsearch.com/site/petalbot)" "tchealthsources.com"
114.119.136.134 - - [10/Nov/2022:09:11:28 -0800] "GET /TC%20Health%20Sources/?C=D%3BO%3DA HTTP/1.1" 200 564 "https://tchealthsources.com/TC%20Health%20Sources?C=N%3BO%3DD" "Mozilla/5.0 (Linux; Android 7.0;) AppleWebKit/537.36 (KHTML, like Gecko) Mobile Safari/537.36 (compatible; PetalBot;+https://webmaster.petalsearch.com/site/petalbot)" "tchealthsources.com"
114.119.136.113 - - [10/Nov/2022:09:16:28 -0800] "GET /TC%20Health%20Sources/clipart/buttons/themes/designer1/?C=D%3BO%3DA HTTP/1.1" 200 446 "https://tchealthsources.com/TC%20Health%20Sources/clipart/buttons/themes/designer1?S=A" "Mozilla/5.0 (Linux; Android 7.0;) AppleWebKit/537.36 (KHTML, like Gecko) Mobile Safari/537.36 (compatible; PetalBot;+https://webmaster.petalsearch.com/site/petalbot)" "tchealthsources.com"
114.119.136.128 - - [10/Nov/2022:09:21:29 -0800] "GET /TC%20Health%20Sources/yahoo_site_admin/assets/images?C=S%3BO%3DA HTTP/1.1" 301 1455 "https://tchealthsources.com/TC%20Health%20Sources/yahoo_site_admin/assets/images?S=A" "Mozilla/5.0 (Linux; Android 7.0;) AppleWebKit/537.36 (KHTML, like Gecko) Mobile Safari/537.36 (compatible; PetalBot;+https://webmaster.petalsearch.com/site/petalbot)" "tchealthsources.com"
114.119.136.128 - - [10/Nov/2022:09:21:29 -0800] "GET /TC%20Health%20Sources/yahoo_site_admin/assets/images/?C=S%3BO%3DA HTTP/1.1" 200 356 "https://tchealthsources.com/TC%20Health%20Sources/yahoo_site_admin/assets/images?S=A" "Mozilla/5.0 (Linux; Android 7.0;) AppleWebKit/537.36 (KHTML, like Gecko) Mobile Safari/537.36 (compatible; PetalBot;+https://webmaster.petalsearch.com/site/petalbot)" "tchealthsources.com"
51.222.253.4 - - [10/Nov/2022:09:24:00 -0800] "GET /TC%20Health%20Sources/clipart/buttons/themes/?C=M;O=A HTTP/1.1" 200 481 "-" "Mozilla/5.0 (compatible; AhrefsBot/7.0; +http://ahrefs.com/robot/)" "tchealthsources.com"
114.119.136.113 - - [10/Nov/2022:09:26:32 -0800] "GET /clipart/buttons/themes/jelly?M=D HTTP/1.1" 301 1429 "http://tchealthsources.com/clipart/buttons/themes/jelly?M=A" "Mozilla/5.0 (Linux; Android 7.0;) AppleWebKit/537.36 (KHTML, like Gecko) Mobile Safari/537.36 (compatible; PetalBot;+https://webmaster.petalsearch.com/site/petalbot)" "tchealthsources.com"
114.119.136.113 - - [10/Nov/2022:09:26:32 -0800] "GET /clipart/buttons/themes/jelly/?M=D HTTP/1.1" 200 416 "http://tchealthsources.com/clipart/buttons/themes/jelly?M=A" "Mozilla/5.0 (Linux; Android 7.0;) AppleWebKit/537.36 (KHTML, like Gecko) Mobile Safari/537.36 (compatible; PetalBot;+https://webmaster.petalsearch.com/site/petalbot)" "tchealthsources.com"
114.119.136.113 - - [10/Nov/2022:09:31:35 -0800] "GET /TC%20Health%20Sources/sitebuilder/applets?C=M%3BO%3DA HTTP/1.1" 301 1448 "https://tchealthsources.com/TC%20Health%20Sources/sitebuilder/applets?D=D" "Mozilla/5.0 (Linux; Android 7.0;) AppleWebKit/537.36 (KHTML, like Gecko) Mobile Safari/537.36 (compatible; PetalBot;+https://webmaster.petalsearch.com/site/petalbot)" "tchealthsources.com"
114.119.136.113 - - [10/Nov/2022:09:31:35 -0800] "GET /TC%20Health%20Sources/sitebuilder/applets/?C=M%3BO%3DA HTTP/1.1" 200 405 "https://tchealthsources.com/TC%20Health%20Sources/sitebuilder/applets?D=D" "Mozilla/5.0 (Linux; Android 7.0;) AppleWebKit/537.36 (KHTML, like Gecko) Mobile Safari/537.36 (compatible; PetalBot;+https://webmaster.petalsearch.com/site/petalbot)" "tchealthsources.com"
114.119.136.12 - - [10/Nov/2022:09:36:40 -0800] "GET /TC%20Health%20Sources/yahoo_site_admin1/assets/?C=M%3BO%3DA HTTP/1.1" 200 390 "https://tchealthsources.com/TC%20Health%20Sources/yahoo_site_admin1/assets?S=D" "Mozilla/5.0 (Linux; Android 7.0;) AppleWebKit/537.36 (KHTML, like Gecko) Mobile Safari/537.36 (compatible; PetalBot;+https://webmaster.petalsearch.com/site/petalbot)" "tchealthsources.com"
114.119.136.134 - - [10/Nov/2022:09:41:44 -0800] "GET /TC%20Health%20Sources/clipart/images/general/?C=D%3BO%3DA HTTP/1.1" 200 403 "https://tchealthsources.com/TC%20Health%20Sources/clipart/images/general/?C=S%3BO%3DA" "Mozilla/5.0 (Linux; Android 7.0;) AppleWebKit/537.36 (KHTML, like Gecko) Mobile Safari/537.36 (compatible; PetalBot;+https://webmaster.petalsearch.com/site/petalbot)" "tchealthsources.com"
114.119.136.128 - - [10/Nov/2022:10:04:45 -0800] "GET /TC%20Health%20Sources/logs/access_160314.log HTTP/1.1" 200 1839 "https://tchealthsources.com/TC%20Health%20Sources/logs?N=A" "Mozilla/5.0 (Linux; Android 7.0;) AppleWebKit/537.36 (KHTML, like Gecko) Mobile Safari/537.36 (compatible; PetalBot;+https://webmaster.petalsearch.com/site/petalbot)" "tchealthsources.com"
51.222.253.7 - - [10/Nov/2022:10:16:36 -0800] "GET /TC%20Health%20Sources/clipart/buttons/themes/simple/ HTTP/1.1" 200 440 "-" "Mozilla/5.0 (compatible; AhrefsBot/7.0; +http://ahrefs.com/robot/)" "tchealthsources.com"
114.119.136.113 - - [10/Nov/2022:10:18:10 -0800] "GET /TC%20Health%20Sources/sitebuilder/applets?M=A HTTP/1.1" 301 1439 "https://tchealthsources.com/TC%20Health%20Sources/sitebuilder/applets?S=D" "Mozilla/5.0 (Linux; Android 7.0;) AppleWebKit/537.36 (KHTML, like Gecko) Mobile Safari/537.36 (compatible; PetalBot;+https://webmaster.petalsearch.com/site/petalbot)" "tchealthsources.com"
114.119.136.113 - - [10/Nov/2022:10:18:12 -0800] "GET /TC%20Health%20Sources/sitebuilder/applets/?M=A HTTP/1.1" 200 405 "https://tchealthsources.com/TC%20Health%20Sources/sitebuilder/applets?S=D" "Mozilla/5.0 (Linux; Android 7.0;) AppleWebKit/537.36 (KHTML, like Gecko) Mobile Safari/537.36 (compatible; PetalBot;+https://webmaster.petalsearch.com/site/petalbot)" "tchealthsources.com"
149.56.150.101 - - [10/Nov/2022:10:25:58 -0800] "GET / HTTP/1.1" 200 1331 "-" "Mozilla/5.0 (compatible; Dataprovider.com)" "www.tchealthsources.com"
149.56.150.101 - - [10/Nov/2022:10:25:59 -0800] "GET /robots.txt HTTP/1.1" 404 73 "-" "Mozilla/5.0 (compatible; Dataprovider.com)" "www.tchealthsources.com"
149.56.150.101 - - [10/Nov/2022:10:25:59 -0800] "GET /sitemap.xml HTTP/1.1" 404 73 "-" "Mozilla/5.0 (compatible; Dataprovider.com)" "www.tchealthsources.com"
149.56.150.101 - - [10/Nov/2022:10:25:59 -0800] "GET / HTTP/1.1" 200 1331 "-" "Mozilla/5.0 (compatible; Dataprovider.com)" "www.tchealthsources.com"
149.56.150.101 - - [10/Nov/2022:10:26:00 -0800] "GET /?C=N;O=D HTTP/1.1" 200 1331 "-" "Mozilla/5.0 (compatible; Dataprovider.com)" "www.tchealthsources.com"
149.56.150.101 - - [10/Nov/2022:10:26:01 -0800] "GET /?C=M;O=A HTTP/1.1" 200 1331 "-" "Mozilla/5.0 (compatible; Dataprovider.com)" "www.tchealthsources.com"
149.56.150.101 - - [10/Nov/2022:10:26:03 -0800] "GET /?C=S;O=A HTTP/1.1" 200 1331 "-" "Mozilla/5.0 (compatible; Dataprovider.com)" "www.tchealthsources.com"
149.56.150.101 - - [10/Nov/2022:10:26:04 -0800] "GET /?C=D;O=A HTTP/1.1" 200 1331 "-" "Mozilla/5.0 (compatible; Dataprovider.com)" "www.tchealthsources.com"
149.56.150.101 - - [10/Nov/2022:10:26:05 -0800] "GET /Index.html HTTP/1.1" 200 678 "-" "Mozilla/5.0 (compatible; Dataprovider.com)" "www.tchealthsources.com"
149.56.150.101 - - [10/Nov/2022:10:26:06 -0800] "GET /TC%20Health%20Sources/ HTTP/1.1" 200 2530 "-" "Mozilla/5.0 (compatible; Dataprovider.com)" "www.tchealthsources.com"
149.56.150.101 - - [10/Nov/2022:10:26:07 -0800] "GET /Web%20DOWNLOAD%20images/ HTTP/1.1" 200 1055 "-" "Mozilla/5.0 (compatible; Dataprovider.com)" "www.tchealthsources.com"
149.56.150.101 - - [10/Nov/2022:10:26:08 -0800] "GET /_private/ HTTP/1.1" 403 239 "-" "Mozilla/5.0 (compatible; Dataprovider.com)" "www.tchealthsources.com"
149.56.150.101 - - [10/Nov/2022:10:26:09 -0800] "GET /clipart/ HTTP/1.1" 200 849 "-" "Mozilla/5.0 (compatible; Dataprovider.com)" "www.tchealthsources.com"
149.56.150.101 - - [10/Nov/2022:10:26:10 -0800] "GET /navigation_bars/ HTTP/1.1" 200 871 "-" "Mozilla/5.0 (compatible; Dataprovider.com)" "www.tchealthsources.com"
149.56.150.101 - - [10/Nov/2022:10:26:11 -0800] "GET /ads.txt HTTP/1.1" 404 73 "-" "Mozilla/5.0 (compatible; Dataprovider.com)" "www.tchealthsources.com"
149.56.150.101 - - [10/Nov/2022:10:26:11 -0800] "GET / HTTP/1.1" 200 1331 "-" "Mozilla/5.0 (Linux; Android 5.1.1; SM-G925F Build/LMY47X) AppleWebKit/537.36 (KHTML, like Gecko) Chrome/45.0.2454.94 Mobile Safari/537.36" "www.tchealthsources.com"
149.56.160.192 - - [10/Nov/2022:10:26:35 -0800] "GET / HTTP/1.1" 200 493 "-" "Mozilla/5.0 (compatible; Dataprovider.com)" "www.tchealthsources.com"
114.119.136.109 - - [10/Nov/2022:10:27:06 -0800] "GET /TC%20Health%20Sources/yahoo_site_admin/credentials?M=D HTTP/1.1" 301 1445 "https://tchealthsources.com/TC%20Health%20Sources/yahoo_site_admin/credentials?M=A" "Mozilla/5.0 (Linux; Android 7.0;) AppleWebKit/537.36 (KHTML, like Gecko) Mobile Safari/537.36 (compatible; PetalBot;+https://webmaster.petalsearch.com/site/petalbot)" "tchealthsources.com"
114.119.136.109 - - [10/Nov/2022:10:27:06 -0800] "GET /TC%20Health%20Sources/yahoo_site_admin/credentials/?M=D HTTP/1.1" 200 399 "https://tchealthsources.com/TC%20Health%20Sources/yahoo_site_admin/credentials?M=A" "Mozilla/5.0 (Linux; Android 7.0;) AppleWebKit/537.36 (KHTML, like Gecko) Mobile Safari/537.36 (compatible; PetalBot;+https://webmaster.petalsearch.com/site/petalbot)" "tchealthsources.com"
137.226.113.44 - - [10/Nov/2022:10:27:27 -0800] "GET / HTTP/1.1" 200 493 "-" "Mozilla/5.0 zgrab/0.x (compatible; Researchscan/http; +http://researchscan.comsys.rwth-aachen.de)" "www.tchealthsources.com"
208.67.104.188 - - [10/Nov/2022:10:30:55 -0800] "HEAD / HTTP/1.1" 200 - "-" "python-requests/2.25.1" "tchealthsources.com"
208.67.104.188 - - [10/Nov/2022:10:30:55 -0800] "GET / HTTP/1.1" 200 493 "-" "Mozilla/5.0 (Macintosh; Intel Mac OS X 10_10_1) AppleWebKit/537.36 (KHTML, like Gecko) Chrome/39.0.2171.95 Safari/537.36" "tchealthsources.com"
208.67.104.188 - - [10/Nov/2022:10:30:56 -0800] "GET /Index.html HTTP/1.1" 200 450 "-" "Mozilla/5.0 (Macintosh; Intel Mac OS X 10_10_1) AppleWebKit/537.36 (KHTML, like Gecko) Chrome/39.0.2171.95 Safari/537.36" "tchealthsources.com"
208.67.104.188 - - [10/Nov/2022:10:30:57 -0800] "GET /TC%20Health%20Sources/ HTTP/1.1" 200 564 "-" "Mozilla/5.0 (Macintosh; Intel Mac OS X 10_10_1) AppleWebKit/537.36 (KHTML, like Gecko) Chrome/39.0.2171.95 Safari/537.36" "tchealthsources.com"
208.67.104.188 - - [10/Nov/2022:10:30:58 -0800] "GET /Web%20DOWNLOAD%20images/ HTTP/1.1" 200 442 "-" "Mozilla/5.0 (Macintosh; Intel Mac OS X 10_10_1) AppleWebKit/537.36 (KHTML, like Gecko) Chrome/39.0.2171.95 Safari/537.36" "tchealthsources.com"
208.67.104.188 - - [10/Nov/2022:10:30:59 -0800] "GET /_private/ HTTP/1.1" 403 170 "-" "Mozilla/5.0 (Macintosh; Intel Mac OS X 10_10_1) AppleWebKit/537.36 (KHTML, like Gecko) Chrome/39.0.2171.95 Safari/537.36" "tchealthsources.com"
208.67.104.188 - - [10/Nov/2022:10:31:00 -0800] "GET /clipart/ HTTP/1.1" 200 380 "-" "Mozilla/5.0 (Macintosh; Intel Mac OS X 10_10_1) AppleWebKit/537.36 (KHTML, like Gecko) Chrome/39.0.2171.95 Safari/537.36" "tchealthsources.com"
208.67.104.188 - - [10/Nov/2022:10:31:01 -0800] "GET /navigation_bars/ HTTP/1.1" 200 390 "-" "Mozilla/5.0 (Macintosh; Intel Mac OS X 10_10_1) AppleWebKit/537.36 (KHTML, like Gecko) Chrome/39.0.2171.95 Safari/537.36" "tchealthsources.com"
51.222.253.17 - - [10/Nov/2022:10:54:21 -0800] "GET /clipart/buttons/themes/designer1/?C=D;O=D HTTP/1.1" 200 418 "-" "Mozilla/5.0 (compatible; AhrefsBot/7.0; +http://ahrefs.com/robot/)" "tchealthsources.com"
51.222.253.14 - - [10/Nov/2022:11:06:14 -0800] "GET /TC%20Health%20Sources/clipart/buttons/themes/jelly/?C=D;O=A HTTP/1.1" 200 439 "-" "Mozilla/5.0 (compatible; AhrefsBot/7.0; +http://ahrefs.com/robot/)" "tchealthsources.com"
51.222.253.3 - - [10/Nov/2022:11:18:40 -0800] "GET /clipart/buttons/themes/simple/?C=D;O=A HTTP/1.1" 200 417 "-" "Mozilla/5.0 (compatible; AhrefsBot/7.0; +http://ahrefs.com/robot/)" "tchealthsources.com"
51.222.253.17 - - [10/Nov/2022:11:31:24 -0800] "GET /clipart/buttons/themes/simple/?C=M;O=A HTTP/1.1" 200 415 "-" "Mozilla/5.0 (compatible; AhrefsBot/7.0; +http://ahrefs.com/robot/)" "tchealthsources.com"
51.222.253.13 - - [10/Nov/2022:11:44:00 -0800] "GET /clipart/buttons/themes/simple/?C=S;O=A HTTP/1.1" 200 417 "-" "Mozilla/5.0 (compatible; AhrefsBot/7.0; +http://ahrefs.com/robot/)" "tchealthsources.com"
51.222.253.13 - - [10/Nov/2022:12:35:20 -0800] "GET /clipart/buttons/themes/simple/?C=N;O=A HTTP/1.1" 200 417 "-" "Mozilla/5.0 (compatible; AhrefsBot/7.0; +http://ahrefs.com/robot/)" "tchealthsources.com"
165.22.89.172 - - [10/Nov/2022:12:40:15 -0800] "GET /defau1t.php HTTP/1.1" 404 73 "-" "Mozilla/5.0 (iPhone; CPU iPhone OS 12_4_8 like Mac OS X) AppleWebKit/605.1.15 (KHTML, like Gecko) Version/12.1.2 Mobile/15E148 Safari/604.1" "tchealthsources.com"
165.22.89.172 - - [10/Nov/2022:12:40:15 -0800] "GET /defau11.php HTTP/1.1" 404 73 "-" "Mozilla/5.0 (iPhone; CPU iPhone OS 14_6 like Mac OS X) AppleWebKit/605.1.15 (KHTML, like Gecko) CriOS/91.0.4472.80 Mobile/15E148 Safari/604.1" "tchealthsources.com"
165.22.89.172 - - [10/Nov/2022:12:40:15 -0800] "GET /defaul1.php HTTP/1.1" 404 73 "-" "Mozilla/5.0 (Windows NT 10.0; Win64; x64) AppleWebKit/537.36 (KHTML, like Gecko) Chrome/92.0.4515.107 Safari/537.36" "tchealthsources.com"
51.222.253.6 - - [10/Nov/2022:12:58:51 -0800] "GET /TC%20Health%20Sources/clipart/buttons/themes/jelly/?C=S;O=A HTTP/1.1" 200 437 "-" "Mozilla/5.0 (compatible; AhrefsBot/7.0; +http://ahrefs.com/robot/)" "tchealthsources.com"
51.222.253.5 - - [10/Nov/2022:13:21:33 -0800] "GET /TC%20Health%20Sources/clipart/buttons/themes/?C=N;O=A HTTP/1.1" 200 479 "-" "Mozilla/5.0 (compatible; AhrefsBot/7.0; +http://ahrefs.com/robot/)" "tchealthsources.com"
114.119.136.12 - - [10/Nov/2022:13:32:45 -0800] "GET /TC%20Health%20Sources/sitebuilder/scripts?S=D HTTP/1.1" 301 1439 "https://tchealthsources.com/TC%20Health%20Sources/sitebuilder/scripts?S=A" "Mozilla/5.0 (Linux; Android 7.0;) AppleWebKit/537.36 (KHTML, like Gecko) Mobile Safari/537.36 (compatible; PetalBot;+https://webmaster.petalsearch.com/site/petalbot)" "tchealthsources.com"
114.119.136.12 - - [10/Nov/2022:13:32:46 -0800] "GET /TC%20Health%20Sources/sitebuilder/scripts/?S=D HTTP/1.1" 200 399 "https://tchealthsources.com/TC%20Health%20Sources/sitebuilder/scripts?S=A" "Mozilla/5.0 (Linux; Android 7.0;) AppleWebKit/537.36 (KHTML, like Gecko) Mobile Safari/537.36 (compatible; PetalBot;+https://webmaster.petalsearch.com/site/petalbot)" "tchealthsources.com"
20.15.111.24 - - [10/Nov/2022:13:36:54 -0800] "GET / HTTP/1.1" 200 493 "-" "Go-http-client/1.1" "tchealthsources.com"
20.15.111.24 - - [10/Nov/2022:13:36:54 -0800] "GET /wp-includes/css/buttons.css HTTP/1.1" 404 88 "-" "Go-http-client/1.1" "tchealthsources.com"
20.15.111.24 - - [10/Nov/2022:13:36:55 -0800] "GET /media/system/js/core.js HTTP/1.1" 404 88 "-" "Go-http-client/1.1" "tchealthsources.com"
114.119.136.113 - - [10/Nov/2022:13:38:21 -0800] "GET /TC%20Health%20Sources/clipart/buttons/themes/designer1/?C=S%3BO%3DA HTTP/1.1" 200 446 "https://tchealthsources.com/TC%20Health%20Sources/clipart/buttons/themes/designer1?S=A" "Mozilla/5.0 (Linux; Android 7.0;) AppleWebKit/537.36 (KHTML, like Gecko) Mobile Safari/537.36 (compatible; PetalBot;+https://webmaster.petalsearch.com/site/petalbot)" "tchealthsources.com"
34.78.128.92 - - [10/Nov/2022:13:40:42 -0800] "GET / HTTP/1.1" 200 1331 "-" "Mozilla/5.0 (Windows NT 10.0; Win64; x64) AppleWebKit/537.36 (KHTML, like Gecko) Chrome/84.0.4147.105 Safari/537.36" "www.tchealthsources.com"
54.36.149.74 - - [10/Nov/2022:13:44:40 -0800] "GET /robots.txt HTTP/1.1" 404 88 "-" "Mozilla/5.0 (compatible; AhrefsBot/7.0; +http://ahrefs.com/robot/)" "www.tchealthsources.com"
51.222.253.4 - - [10/Nov/2022:13:44:41 -0800] "GET /TC%20Health%20Sources/clipart/buttons/themes/gray/?C=S;O=A HTTP/1.1" 200 435 "-" "Mozilla/5.0 (compatible; AhrefsBot/7.0; +http://ahrefs.com/robot/)" "www.tchealthsources.com"
54.36.148.244 - - [10/Nov/2022:14:03:25 -0800] "GET /robots.txt HTTP/1.1" 404 88 "-" "Mozilla/5.0 (compatible; AhrefsBot/7.0; +http://ahrefs.com/robot/)" "www.tchealthsources.com"
51.222.253.14 - - [10/Nov/2022:14:03:26 -0800] "GET /TC%20Health%20Sources/clipart/buttons/themes/ HTTP/1.1" 200 479 "-" "Mozilla/5.0 (compatible; AhrefsBot/7.0; +http://ahrefs.com/robot/)" "www.tchealthsources.com"
51.222.253.5 - - [10/Nov/2022:14:05:50 -0800] "GET /TC%20Health%20Sources/?C=N;O=D HTTP/1.1" 200 550 "-" "Mozilla/5.0 (compatible; AhrefsBot/7.0; +http://ahrefs.com/robot/)" "tchealthsources.com"
51.222.253.17 - - [10/Nov/2022:14:07:18 -0800] "GET /Web%20DOWNLOAD%20images/?C=D;O=A HTTP/1.1" 200 442 "-" "Mozilla/5.0 (compatible; AhrefsBot/7.0; +http://ahrefs.com/robot/)" "www.tchealthsources.com"
