185.191.171.35 - - [05/Nov/2022:05:02:42 -0700] "GET /robots.txt HTTP/1.1" 404 88 "-" "Mozilla/5.0 (compatible; SemrushBot/7~bl; +http://www.semrush.com/bot.html)" "tchealthsources.com"
185.191.171.14 - - [05/Nov/2022:05:02:43 -0700] "GET /TC%20Health%20Sources/sitebuilder/scripts/?C=D%3BO%3DA HTTP/1.1" 200 399 "-" "Mozilla/5.0 (compatible; SemrushBot/7~bl; +http://www.semrush.com/bot.html)" "tchealthsources.com"
51.222.253.10 - - [05/Nov/2022:05:14:13 -0700] "GET /TC%20Health%20Sources/yahoo_site_admin/cache/?C=M;O=D HTTP/1.1" 200 348 "-" "Mozilla/5.0 (compatible; AhrefsBot/7.0; +http://ahrefs.com/robot/)" "tchealthsources.com"
185.191.171.20 - - [05/Nov/2022:05:15:20 -0700] "GET /TC%20Health%20Sources/clipart/buttons/themes/designer1/?C=M%3BO%3DA HTTP/1.1" 200 446 "-" "Mozilla/5.0 (compatible; SemrushBot/7~bl; +http://www.semrush.com/bot.html)" "tchealthsources.com"
185.191.171.14 - - [05/Nov/2022:05:18:38 -0700] "GET /TC%20Health%20Sources/yahoo_site_admin/?C=S%3BO%3DA HTTP/1.1" 200 429 "-" "Mozilla/5.0 (compatible; SemrushBot/7~bl; +http://www.semrush.com/bot.html)" "tchealthsources.com"
185.191.171.1 - - [05/Nov/2022:05:22:15 -0700] "GET /clipart/buttons/themes/view-screen/?C=D%3BO%3DA HTTP/1.1" 200 433 "-" "Mozilla/5.0 (compatible; SemrushBot/7~bl; +http://www.semrush.com/bot.html)" "tchealthsources.com"
185.191.171.24 - - [05/Nov/2022:05:24:16 -0700] "GET /TC%20Health%20Sources/clipart/buttons/themes/sky_blue/ HTTP/1.1" 200 445 "-" "Mozilla/5.0 (compatible; SemrushBot/7~bl; +http://www.semrush.com/bot.html)" "tchealthsources.com"
185.191.171.12 - - [05/Nov/2022:05:32:04 -0700] "GET /TC%20Health%20Sources/includes/ice/?C=N%3BO%3DD HTTP/1.1" 200 439 "-" "Mozilla/5.0 (compatible; SemrushBot/7~bl; +http://www.semrush.com/bot.html)" "tchealthsources.com"
185.191.171.22 - - [05/Nov/2022:05:33:09 -0700] "GET /TC%20Health%20Sources/includes/ice/ HTTP/1.1" 200 439 "-" "Mozilla/5.0 (compatible; SemrushBot/7~bl; +http://www.semrush.com/bot.html)" "tchealthsources.com"
185.191.171.22 - - [05/Nov/2022:05:36:28 -0700] "GET /TC%20Health%20Sources/clipart/buttons/themes/designer1/?C=D%3BO%3DA HTTP/1.1" 200 446 "-" "Mozilla/5.0 (compatible; SemrushBot/7~bl; +http://www.semrush.com/bot.html)" "tchealthsources.com"
185.191.171.4 - - [05/Nov/2022:05:36:56 -0700] "GET /TC%20Health%20Sources/sitebuilder/?C=D%3BO%3DA HTTP/1.1" 200 446 "-" "Mozilla/5.0 (compatible; SemrushBot/7~bl; +http://www.semrush.com/bot.html)" "tchealthsources.com"
97.107.142.157 - - [05/Nov/2022:05:40:39 -0700] "GET / HTTP/1.1" 200 493 "-" "Mozilla/5.0 (Macintosh; Intel Mac OS X 12.6; rv:102.0) Gecko/20100101 Firefox/102.0" "www.tchealthsources.com"
51.222.253.19 - - [05/Nov/2022:05:42:59 -0700] "GET /TC%20Health%20Sources/yahoo_site_admin/cache/?C=D;O=D HTTP/1.1" 200 348 "-" "Mozilla/5.0 (compatible; AhrefsBot/7.0; +http://ahrefs.com/robot/)" "tchealthsources.com"
185.191.171.45 - - [05/Nov/2022:05:47:51 -0700] "GET /TC%20Health%20Sources/clipart/buttons/themes/designer1/?C=D%3BO%3DA HTTP/1.1" 200 446 "-" "Mozilla/5.0 (compatible; SemrushBot/7~bl; +http://www.semrush.com/bot.html)" "tchealthsources.com"
185.191.171.21 - - [05/Nov/2022:05:49:03 -0700] "GET /clipart/buttons/themes/?C=M%3BO%3DA HTTP/1.1" 200 511 "-" "Mozilla/5.0 (compatible; SemrushBot/7~bl; +http://www.semrush.com/bot.html)" "tchealthsources.com"
185.191.171.39 - - [05/Nov/2022:05:52:47 -0700] "GET /TC%20Health%20Sources/clipart/buttons/themes/swoosh_blue/?C=S%3BO%3DA HTTP/1.1" 200 441 "-" "Mozilla/5.0 (compatible; SemrushBot/7~bl; +http://www.semrush.com/bot.html)" "tchealthsources.com"
185.191.171.25 - - [05/Nov/2022:05:56:56 -0700] "GET /TC%20Health%20Sources/logs/access_160328.log HTTP/1.1" 200 941 "-" "Mozilla/5.0 (compatible; SemrushBot/7~bl; +http://www.semrush.com/bot.html)" "tchealthsources.com"
185.191.171.20 - - [05/Nov/2022:05:57:43 -0700] "GET /TC%20Health%20Sources/yahoo_site_admin1/cache/?C=D%3BO%3DA HTTP/1.1" 200 351 "-" "Mozilla/5.0 (compatible; SemrushBot/7~bl; +http://www.semrush.com/bot.html)" "tchealthsources.com"
185.191.171.7 - - [05/Nov/2022:06:03:15 -0700] "GET /robots.txt HTTP/1.1" 404 88 "-" "Mozilla/5.0 (compatible; SemrushBot/7~bl; +http://www.semrush.com/bot.html)" "tchealthsources.com"
185.191.171.25 - - [05/Nov/2022:06:03:16 -0700] "GET /TC%20Health%20Sources/yahoo_site_admin/logs/?C=M%3BO%3DA HTTP/1.1" 200 396 "-" "Mozilla/5.0 (compatible; SemrushBot/7~bl; +http://www.semrush.com/bot.html)" "tchealthsources.com"
66.249.73.212 - - [05/Nov/2022:06:07:30 -0700] "GET /robots.txt HTTP/1.1" 404 88 "-" "Mozilla/5.0 (compatible; Googlebot/2.1; +http://www.google.com/bot.html)" "www.tchealthsources.com"
185.191.171.35 - - [05/Nov/2022:06:08:09 -0700] "GET /TC%20Health%20Sources/logs/?C=D%3BO%3DA HTTP/1.1" 200 1066 "-" "Mozilla/5.0 (compatible; SemrushBot/7~bl; +http://www.semrush.com/bot.html)" "tchealthsources.com"
51.222.253.14 - - [05/Nov/2022:06:08:31 -0700] "GET /TC%20Health%20Sources/clipart/buttons/?C=S;O=A HTTP/1.1" 200 383 "-" "Mozilla/5.0 (compatible; AhrefsBot/7.0; +http://ahrefs.com/robot/)" "tchealthsources.com"
185.191.171.33 - - [05/Nov/2022:06:08:50 -0700] "GET /clipart/buttons/themes/designer1/?C=N%3BO%3DD HTTP/1.1" 200 423 "-" "Mozilla/5.0 (compatible; SemrushBot/7~bl; +http://www.semrush.com/bot.html)" "tchealthsources.com"
185.191.171.38 - - [05/Nov/2022:06:10:46 -0700] "GET /TC%20Health%20Sources/navigation_bars/?C=M%3BO%3DA HTTP/1.1" 200 415 "-" "Mozilla/5.0 (compatible; SemrushBot/7~bl; +http://www.semrush.com/bot.html)" "tchealthsources.com"
185.191.171.5 - - [05/Nov/2022:06:11:40 -0700] "GET /TC%20Health%20Sources/logs/access_160406.log HTTP/1.1" 200 1430 "-" "Mozilla/5.0 (compatible; SemrushBot/7~bl; +http://www.semrush.com/bot.html)" "tchealthsources.com"
114.119.136.12 - - [05/Nov/2022:06:15:50 -0700] "GET /TC%20Health%20Sources/media?C=M%3BO%3DA HTTP/1.1" 301 1434 "http://tchealthsources.com/TC%20Health%20Sources/media" "Mozilla/5.0 (Linux; Android 7.0;) AppleWebKit/537.36 (KHTML, like Gecko) Mobile Safari/537.36 (compatible; PetalBot;+https://webmaster.petalsearch.com/site/petalbot)" "tchealthsources.com"
114.119.136.12 - - [05/Nov/2022:06:15:50 -0700] "GET /TC%20Health%20Sources/media/?C=M%3BO%3DA HTTP/1.1" 200 409 "http://tchealthsources.com/TC%20Health%20Sources/media" "Mozilla/5.0 (Linux; Android 7.0;) AppleWebKit/537.36 (KHTML, like Gecko) Mobile Safari/537.36 (compatible; PetalBot;+https://webmaster.petalsearch.com/site/petalbot)" "tchealthsources.com"
185.191.171.42 - - [05/Nov/2022:06:20:27 -0700] "GET /TC%20Health%20Sources/clipart/buttons/themes/view-screen/?C=N%3BO%3DD HTTP/1.1" 200 442 "-" "Mozilla/5.0 (compatible; SemrushBot/7~bl; +http://www.semrush.com/bot.html)" "tchealthsources.com"
185.191.171.34 - - [05/Nov/2022:06:21:32 -0700] "GET /clipart/buttons/themes/simple/?C=N%3BO%3DD HTTP/1.1" 200 417 "-" "Mozilla/5.0 (compatible; SemrushBot/7~bl; +http://www.semrush.com/bot.html)" "tchealthsources.com"
51.222.253.4 - - [05/Nov/2022:06:27:15 -0700] "GET /TC%20Health%20Sources/yahoo_site_admin/credentials/ HTTP/1.1" 200 399 "-" "Mozilla/5.0 (compatible; AhrefsBot/7.0; +http://ahrefs.com/robot/)" "tchealthsources.com"
114.119.136.128 - - [05/Nov/2022:06:30:42 -0700] "GET /clipart/buttons/themes/swoosh_blue/?C=M%3BO%3DA HTTP/1.1" 200 419 "http://tchealthsources.com/clipart/buttons/themes/swoosh_blue?D=A" "Mozilla/5.0 (Linux; Android 7.0;) AppleWebKit/537.36 (KHTML, like Gecko) Mobile Safari/537.36 (compatible; PetalBot;+https://webmaster.petalsearch.com/site/petalbot)" "tchealthsources.com"
51.222.253.12 - - [05/Nov/2022:06:30:49 -0700] "GET /TC%20Health%20Sources/yahoo_site_admin/logs/ HTTP/1.1" 200 396 "-" "Mozilla/5.0 (compatible; AhrefsBot/7.0; +http://ahrefs.com/robot/)" "tchealthsources.com"
185.191.171.8 - - [05/Nov/2022:06:33:50 -0700] "GET /robots.txt HTTP/1.1" 404 88 "-" "Mozilla/5.0 (compatible; SemrushBot/7~bl; +http://www.semrush.com/bot.html)" "www.tchealthsources.com"
185.191.171.5 - - [05/Nov/2022:06:33:51 -0700] "GET /clipart/buttons/themes/jelly/?C=M%3BO%3DA HTTP/1.1" 200 416 "-" "Mozilla/5.0 (compatible; SemrushBot/7~bl; +http://www.semrush.com/bot.html)" "www.tchealthsources.com"
114.119.136.109 - - [05/Nov/2022:06:38:56 -0700] "GET /clipart/buttons/themes/sky_blue/?C=D%3BO%3DA HTTP/1.1" 200 422 "http://tchealthsources.com/clipart/buttons/themes/sky_blue?S=A" "Mozilla/5.0 (Linux; Android 7.0;) AppleWebKit/537.36 (KHTML, like Gecko) Mobile Safari/537.36 (compatible; PetalBot;+https://webmaster.petalsearch.com/site/petalbot)" "tchealthsources.com"
185.191.171.1 - - [05/Nov/2022:06:44:31 -0700] "GET /clipart/images/general/?C=S%3BO%3DA HTTP/1.1" 200 376 "-" "Mozilla/5.0 (compatible; SemrushBot/7~bl; +http://www.semrush.com/bot.html)" "tchealthsources.com"
114.119.136.113 - - [05/Nov/2022:06:45:49 -0700] "GET /TC%20Health%20Sources/yahoo_site_admin1/assets?C=S%3BO%3DA HTTP/1.1" 301 1451 "https://tchealthsources.com/TC%20Health%20Sources/yahoo_site_admin1/assets?D=A" "Mozilla/5.0 (Linux; Android 7.0;) AppleWebKit/537.36 (KHTML, like Gecko) Mobile Safari/537.36 (compatible; PetalBot;+https://webmaster.petalsearch.com/site/petalbot)" "tchealthsources.com"
114.119.136.113 - - [05/Nov/2022:06:45:54 -0700] "GET /TC%20Health%20Sources/yahoo_site_admin1/assets/?C=S%3BO%3DA HTTP/1.1" 200 390 "https://tchealthsources.com/TC%20Health%20Sources/yahoo_site_admin1/assets?D=A" "Mozilla/5.0 (Linux; Android 7.0;) AppleWebKit/537.36 (KHTML, like Gecko) Mobile Safari/537.36 (compatible; PetalBot;+https://webmaster.petalsearch.com/site/petalbot)" "tchealthsources.com"
185.191.171.25 - - [05/Nov/2022:06:47:48 -0700] "GET /clipart/buttons/themes/simple/?C=N%3BO%3DD HTTP/1.1" 200 417 "-" "Mozilla/5.0 (compatible; SemrushBot/7~bl; +http://www.semrush.com/bot.html)" "www.tchealthsources.com"
185.191.171.2 - - [05/Nov/2022:06:49:48 -0700] "GET /TC%20Health%20Sources/logs/access_160412.log HTTP/1.1" 200 2282 "-" "Mozilla/5.0 (compatible; SemrushBot/7~bl; +http://www.semrush.com/bot.html)" "www.tchealthsources.com"
114.119.136.134 - - [05/Nov/2022:06:50:35 -0700] "GET /TC%20Health%20Sources/logs/access_160304.log HTTP/1.1" 200 1092 "https://tchealthsources.com/TC%20Health%20Sources/logs?S=A" "Mozilla/5.0 (Linux; Android 7.0;) AppleWebKit/537.36 (KHTML, like Gecko) Mobile Safari/537.36 (compatible; PetalBot;+https://webmaster.petalsearch.com/site/petalbot)" "tchealthsources.com"
54.36.148.60 - - [05/Nov/2022:06:51:59 -0700] "GET /clipart/buttons/themes/view-screen/?C=N;O=D HTTP/1.1" 200 431 "-" "Mozilla/5.0 (compatible; AhrefsBot/7.0; +http://ahrefs.com/robot/)" "www.tchealthsources.com"
114.119.136.128 - - [05/Nov/2022:06:55:31 -0700] "GET /TC%20Health%20Sources/sitebuilder/images?N=D HTTP/1.1" 301 1438 "https://tchealthsources.com/TC%20Health%20Sources/sitebuilder/images" "Mozilla/5.0 (Linux; Android 7.0;) AppleWebKit/537.36 (KHTML, like Gecko) Mobile Safari/537.36 (compatible; PetalBot;+https://webmaster.petalsearch.com/site/petalbot)" "tchealthsources.com"
114.119.136.128 - - [05/Nov/2022:06:55:32 -0700] "GET /TC%20Health%20Sources/sitebuilder/images/?N=D HTTP/1.1" 200 2382 "https://tchealthsources.com/TC%20Health%20Sources/sitebuilder/images" "Mozilla/5.0 (Linux; Android 7.0;) AppleWebKit/537.36 (KHTML, like Gecko) Mobile Safari/537.36 (compatible; PetalBot;+https://webmaster.petalsearch.com/site/petalbot)" "tchealthsources.com"
185.191.171.35 - - [05/Nov/2022:06:58:33 -0700] "GET /TC%20Health%20Sources/sitebuilder/scripts/?C=M%3BO%3DA HTTP/1.1" 200 399 "-" "Mozilla/5.0 (compatible; SemrushBot/7~bl; +http://www.semrush.com/bot.html)" "tchealthsources.com"
185.191.171.10 - - [05/Nov/2022:06:59:03 -0700] "GET /TC%20Health%20Sources/logs/access.log HTTP/1.1" 200 1713 "-" "Mozilla/5.0 (compatible; SemrushBot/7~bl; +http://www.semrush.com/bot.html)" "tchealthsources.com"
185.191.171.22 - - [05/Nov/2022:07:00:09 -0700] "GET /TC%20Health%20Sources/includes/ice/ide.html HTTP/1.1" 200 703 "-" "Mozilla/5.0 (compatible; SemrushBot/7~bl; +http://www.semrush.com/bot.html)" "tchealthsources.com"
114.119.134.224 - - [05/Nov/2022:07:00:32 -0700] "GET /clipart/images/general HTTP/1.1" 301 1420 "http://tchealthsources.com/clipart/images?S=D" "Mozilla/5.0 (Linux; Android 7.0;) AppleWebKit/537.36 (KHTML, like Gecko) Mobile Safari/537.36 (compatible; PetalBot;+https://webmaster.petalsearch.com/site/petalbot)" "tchealthsources.com"
114.119.134.224 - - [05/Nov/2022:07:00:32 -0700] "GET /clipart/images/general/ HTTP/1.1" 200 376 "http://tchealthsources.com/clipart/images?S=D" "Mozilla/5.0 (Linux; Android 7.0;) AppleWebKit/537.36 (KHTML, like Gecko) Mobile Safari/537.36 (compatible; PetalBot;+https://webmaster.petalsearch.com/site/petalbot)" "tchealthsources.com"
185.191.171.4 - - [05/Nov/2022:07:02:50 -0700] "GET /TC%20Health%20Sources/clipart/buttons/?C=S%3BO%3DA HTTP/1.1" 200 383 "-" "Mozilla/5.0 (compatible; SemrushBot/7~bl; +http://www.semrush.com/bot.html)" "tchealthsources.com"
185.191.171.39 - - [05/Nov/2022:07:05:11 -0700] "GET /robots.txt HTTP/1.1" 404 88 "-" "Mozilla/5.0 (compatible; SemrushBot/7~bl; +http://www.semrush.com/bot.html)" "tchealthsources.com"
185.191.171.38 - - [05/Nov/2022:07:05:13 -0700] "GET /TC%20Health%20Sources/clipart/buttons/themes/simple/ HTTP/1.1" 200 440 "-" "Mozilla/5.0 (compatible; SemrushBot/7~bl; +http://www.semrush.com/bot.html)" "tchealthsources.com"
114.119.136.13 - - [05/Nov/2022:07:05:34 -0700] "GET /TC%20Health%20Sources?S=A HTTP/1.1" 301 1425 "https://tchealthsources.com/TC%20Health%20Sources?N=A" "Mozilla/5.0 (Linux; Android 7.0;) AppleWebKit/537.36 (KHTML, like Gecko) Mobile Safari/537.36 (compatible; PetalBot;+https://webmaster.petalsearch.com/site/petalbot)" "tchealthsources.com"
114.119.136.13 - - [05/Nov/2022:07:05:36 -0700] "GET /TC%20Health%20Sources/?S=A HTTP/1.1" 200 564 "https://tchealthsources.com/TC%20Health%20Sources?N=A" "Mozilla/5.0 (Linux; Android 7.0;) AppleWebKit/537.36 (KHTML, like Gecko) Mobile Safari/537.36 (compatible; PetalBot;+https://webmaster.petalsearch.com/site/petalbot)" "tchealthsources.com"
185.191.171.40 - - [05/Nov/2022:07:08:41 -0700] "GET /clipart/buttons/themes/swoosh_blue/?C=N%3BO%3DD HTTP/1.1" 200 419 "-" "Mozilla/5.0 (compatible; SemrushBot/7~bl; +http://www.semrush.com/bot.html)" "tchealthsources.com"
185.191.171.5 - - [05/Nov/2022:07:08:49 -0700] "GET /TC%20Health%20Sources/clipart/images/general/?C=S%3BO%3DA HTTP/1.1" 200 403 "-" "Mozilla/5.0 (compatible; SemrushBot/7~bl; +http://www.semrush.com/bot.html)" "tchealthsources.com"
114.119.136.13 - - [05/Nov/2022:07:10:40 -0700] "GET /TC%20Health%20Sources/clipart/buttons?C=S%3BO%3DA HTTP/1.1" 301 1445 "https://tchealthsources.com/TC%20Health%20Sources/clipart/buttons?C=N%3BO%3DD" "Mozilla/5.0 (Linux; Android 7.0;) AppleWebKit/537.36 (KHTML, like Gecko) Mobile Safari/537.36 (compatible; PetalBot;+https://webmaster.petalsearch.com/site/petalbot)" "tchealthsources.com"
114.119.136.13 - - [05/Nov/2022:07:10:46 -0700] "GET /TC%20Health%20Sources/clipart/buttons/?C=S%3BO%3DA HTTP/1.1" 200 383 "https://tchealthsources.com/TC%20Health%20Sources/clipart/buttons?C=N%3BO%3DD" "Mozilla/5.0 (Linux; Android 7.0;) AppleWebKit/537.36 (KHTML, like Gecko) Mobile Safari/537.36 (compatible; PetalBot;+https://webmaster.petalsearch.com/site/petalbot)" "tchealthsources.com"
185.191.171.33 - - [05/Nov/2022:07:11:38 -0700] "GET /?C=S%3BO%3DA HTTP/1.1" 200 493 "-" "Mozilla/5.0 (compatible; SemrushBot/7~bl; +http://www.semrush.com/bot.html)" "tchealthsources.com"
51.222.253.19 - - [05/Nov/2022:07:14:13 -0700] "GET /TC%20Health%20Sources/logs/?C=D;O=A HTTP/1.1" 200 1066 "-" "Mozilla/5.0 (compatible; AhrefsBot/7.0; +http://ahrefs.com/robot/)" "www.tchealthsources.com"
185.191.171.1 - - [05/Nov/2022:07:15:29 -0700] "GET /TC%20Health%20Sources/clipart/buttons/themes/jelly/?C=N%3BO%3DD HTTP/1.1" 200 439 "-" "Mozilla/5.0 (compatible; SemrushBot/7~bl; +http://www.semrush.com/bot.html)" "tchealthsources.com"
114.119.136.128 - - [05/Nov/2022:07:15:32 -0700] "GET /TC%20Health%20Sources/yahoo_site_admin1/assets/images/?C=S%3BO%3DA HTTP/1.1" 200 357 "https://tchealthsources.com/TC%20Health%20Sources/yahoo_site_admin1/assets/images/?C=N%3BO%3DD" "Mozilla/5.0 (Linux; Android 7.0;) AppleWebKit/537.36 (KHTML, like Gecko) Mobile Safari/537.36 (compatible; PetalBot;+https://webmaster.petalsearch.com/site/petalbot)" "tchealthsources.com"
114.119.136.13 - - [05/Nov/2022:07:20:34 -0700] "GET /TC%20Health%20Sources/clipart/buttons/themes/designer3/?C=S%3BO%3DA HTTP/1.1" 200 444 "https://tchealthsources.com/TC%20Health%20Sources/clipart/buttons/themes/designer3?C=N%3BO%3DD" "Mozilla/5.0 (Linux; Android 7.0;) AppleWebKit/537.36 (KHTML, like Gecko) Mobile Safari/537.36 (compatible; PetalBot;+https://webmaster.petalsearch.com/site/petalbot)" "tchealthsources.com"
114.119.136.113 - - [05/Nov/2022:07:25:34 -0700] "GET /clipart/buttons/themes/designer1?M=D HTTP/1.1" 301 1431 "http://tchealthsources.com/clipart/buttons/themes/designer1?M=A" "Mozilla/5.0 (Linux; Android 7.0;) AppleWebKit/537.36 (KHTML, like Gecko) Mobile Safari/537.36 (compatible; PetalBot;+https://webmaster.petalsearch.com/site/petalbot)" "tchealthsources.com"
114.119.136.113 - - [05/Nov/2022:07:25:35 -0700] "GET /clipart/buttons/themes/designer1/?M=D HTTP/1.1" 200 423 "http://tchealthsources.com/clipart/buttons/themes/designer1?M=A" "Mozilla/5.0 (Linux; Android 7.0;) AppleWebKit/537.36 (KHTML, like Gecko) Mobile Safari/537.36 (compatible; PetalBot;+https://webmaster.petalsearch.com/site/petalbot)" "tchealthsources.com"
185.191.171.40 - - [05/Nov/2022:07:29:25 -0700] "GET /clipart/buttons/themes/gray/?C=M%3BO%3DA HTTP/1.1" 200 409 "-" "Mozilla/5.0 (compatible; SemrushBot/7~bl; +http://www.semrush.com/bot.html)" "tchealthsources.com"
114.119.134.224 - - [05/Nov/2022:07:30:34 -0700] "GET /TC%20Health%20Sources/sitebuilder?C=M%3BO%3DA HTTP/1.1" 301 1442 "https://tchealthsources.com/TC%20Health%20Sources/sitebuilder?C=N%3BO%3DD" "Mozilla/5.0 (Linux; Android 7.0;) AppleWebKit/537.36 (KHTML, like Gecko) Mobile Safari/537.36 (compatible; PetalBot;+https://webmaster.petalsearch.com/site/petalbot)" "tchealthsources.com"
114.119.134.224 - - [05/Nov/2022:07:30:35 -0700] "GET /TC%20Health%20Sources/sitebuilder/?C=M%3BO%3DA HTTP/1.1" 200 446 "https://tchealthsources.com/TC%20Health%20Sources/sitebuilder?C=N%3BO%3DD" "Mozilla/5.0 (Linux; Android 7.0;) AppleWebKit/537.36 (KHTML, like Gecko) Mobile Safari/537.36 (compatible; PetalBot;+https://webmaster.petalsearch.com/site/petalbot)" "tchealthsources.com"
185.191.171.39 - - [05/Nov/2022:07:30:49 -0700] "GET /TC%20Health%20Sources/logs/access_160307.log HTTP/1.1" 200 945 "-" "Mozilla/5.0 (compatible; SemrushBot/7~bl; +http://www.semrush.com/bot.html)" "tchealthsources.com"
185.191.171.1 - - [05/Nov/2022:07:31:27 -0700] "GET /TC%20Health%20Sources/sitebuilder/applets/TimeStamp.class HTTP/1.1" 200 6829 "-" "Mozilla/5.0 (compatible; SemrushBot/7~bl; +http://www.semrush.com/bot.html)" "www.tchealthsources.com"
138.122.192.221 - - [05/Nov/2022:07:32:39 -0700] "GET / HTTP/1.1" 200 493 "-" "Mozilla/5.0 (Windows NT 10.0; Win64; x64) AppleWebKit/537.36 (KHTML, like Gecko) Chrome/92.0.4515.131 Safari/537.36" "www.tchealthsources.com"
114.119.136.109 - - [05/Nov/2022:07:35:35 -0700] "GET /TC%20Health%20Sources/files/?C=N%3BO%3DD HTTP/1.1" 200 441 "https://tchealthsources.com/TC%20Health%20Sources/files?N=A" "Mozilla/5.0 (Linux; Android 7.0;) AppleWebKit/537.36 (KHTML, like Gecko) Mobile Safari/537.36 (compatible; PetalBot;+https://webmaster.petalsearch.com/site/petalbot)" "tchealthsources.com"
51.222.253.2 - - [05/Nov/2022:07:39:38 -0700] "GET /TC%20Health%20Sources/logs/?C=S;O=A HTTP/1.1" 200 1064 "-" "Mozilla/5.0 (compatible; AhrefsBot/7.0; +http://ahrefs.com/robot/)" "www.tchealthsources.com"
114.119.136.134 - - [05/Nov/2022:07:40:33 -0700] "GET /TC%20Health%20Sources/yahoo_site_admin1/cache/?C=N%3BO%3DD HTTP/1.1" 200 351 "https://tchealthsources.com/TC%20Health%20Sources/yahoo_site_admin1/cache?C=N%3BO%3DD" "Mozilla/5.0 (Linux; Android 7.0;) AppleWebKit/537.36 (KHTML, like Gecko) Mobile Safari/537.36 (compatible; PetalBot;+https://webmaster.petalsearch.com/site/petalbot)" "tchealthsources.com"
185.191.171.4 - - [05/Nov/2022:07:40:41 -0700] "GET /TC%20Health%20Sources/clipart/?C=M%3BO%3DA HTTP/1.1" 200 391 "-" "Mozilla/5.0 (compatible; SemrushBot/7~bl; +http://www.semrush.com/bot.html)" "tchealthsources.com"
114.119.136.109 - - [05/Nov/2022:07:45:32 -0700] "GET /TC%20Health%20Sources/images HTTP/1.1" 301 1425 "https://tchealthsources.com/TC%20Health%20Sources?M=A" "Mozilla/5.0 (Linux; Android 7.0;) AppleWebKit/537.36 (KHTML, like Gecko) Mobile Safari/537.36 (compatible; PetalBot;+https://webmaster.petalsearch.com/site/petalbot)" "tchealthsources.com"
114.119.136.109 - - [05/Nov/2022:07:45:34 -0700] "GET /TC%20Health%20Sources/images/ HTTP/1.1" 200 1393 "https://tchealthsources.com/TC%20Health%20Sources?M=A" "Mozilla/5.0 (Linux; Android 7.0;) AppleWebKit/537.36 (KHTML, like Gecko) Mobile Safari/537.36 (compatible; PetalBot;+https://webmaster.petalsearch.com/site/petalbot)" "tchealthsources.com"
185.191.171.2 - - [05/Nov/2022:07:45:57 -0700] "GET /TC%20Health%20Sources/clipart/?C=N%3BO%3DD HTTP/1.1" 200 391 "-" "Mozilla/5.0 (compatible; SemrushBot/7~bl; +http://www.semrush.com/bot.html)" "tchealthsources.com"
185.191.171.40 - - [05/Nov/2022:07:48:41 -0700] "GET /robots.txt HTTP/1.1" 404 88 "-" "Mozilla/5.0 (compatible; SemrushBot/7~bl; +http://www.semrush.com/bot.html)" "www.tchealthsources.com"
185.191.171.12 - - [05/Nov/2022:07:48:42 -0700] "GET /clipart/buttons/themes/gray/?C=S%3BO%3DA HTTP/1.1" 200 409 "-" "Mozilla/5.0 (compatible; SemrushBot/7~bl; +http://www.semrush.com/bot.html)" "www.tchealthsources.com"
185.191.171.4 - - [05/Nov/2022:07:49:30 -0700] "GET /TC%20Health%20Sources/yahoo_site_admin/credentials/db.conf HTTP/1.1" 200 187 "-" "Mozilla/5.0 (compatible; SemrushBot/7~bl; +http://www.semrush.com/bot.html)" "tchealthsources.com"
185.191.171.2 - - [05/Nov/2022:07:49:57 -0700] "GET /TC%20Health%20Sources/clipart/buttons/themes/jelly/?C=D%3BO%3DA HTTP/1.1" 200 439 "-" "Mozilla/5.0 (compatible; SemrushBot/7~bl; +http://www.semrush.com/bot.html)" "tchealthsources.com"
114.119.136.113 - - [05/Nov/2022:07:50:33 -0700] "GET /TC%20Health%20Sources/logs/access_160414.log HTTP/1.1" 200 1474 "https://tchealthsources.com/TC%20Health%20Sources/logs?S=A" "Mozilla/5.0 (Linux; Android 7.0;) AppleWebKit/537.36 (KHTML, like Gecko) Mobile Safari/537.36 (compatible; PetalBot;+https://webmaster.petalsearch.com/site/petalbot)" "tchealthsources.com"
185.191.171.8 - - [05/Nov/2022:07:50:49 -0700] "GET /TC%20Health%20Sources/yahoo_site_admin1/cache/ HTTP/1.1" 200 351 "-" "Mozilla/5.0 (compatible; SemrushBot/7~bl; +http://www.semrush.com/bot.html)" "tchealthsources.com"
185.191.171.22 - - [05/Nov/2022:07:51:20 -0700] "GET /TC%20Health%20Sources/clipart/images/?C=S%3BO%3DA HTTP/1.1" 200 382 "-" "Mozilla/5.0 (compatible; SemrushBot/7~bl; +http://www.semrush.com/bot.html)" "www.tchealthsources.com"
185.191.171.14 - - [05/Nov/2022:07:51:20 -0700] "GET /TC%20Health%20Sources/clipart/buttons/themes/simple/?C=M%3BO%3DA HTTP/1.1" 200 440 "-" "Mozilla/5.0 (compatible; SemrushBot/7~bl; +http://www.semrush.com/bot.html)" "tchealthsources.com"
185.191.171.6 - - [05/Nov/2022:07:53:30 -0700] "GET /TC%20Health%20Sources/logs/access_160226.log HTTP/1.1" 200 2767 "-" "Mozilla/5.0 (compatible; SemrushBot/7~bl; +http://www.semrush.com/bot.html)" "tchealthsources.com"
114.119.136.113 - - [05/Nov/2022:07:55:33 -0700] "GET /TC%20Health%20Sources/yahoo_site_admin/logs?D=A HTTP/1.1" 301 1440 "https://tchealthsources.com/TC%20Health%20Sources/yahoo_site_admin/logs?S=D" "Mozilla/5.0 (Linux; Android 7.0;) AppleWebKit/537.36 (KHTML, like Gecko) Mobile Safari/537.36 (compatible; PetalBot;+https://webmaster.petalsearch.com/site/petalbot)" "tchealthsources.com"
114.119.136.113 - - [05/Nov/2022:07:55:33 -0700] "GET /TC%20Health%20Sources/yahoo_site_admin/logs/?D=A HTTP/1.1" 200 396 "https://tchealthsources.com/TC%20Health%20Sources/yahoo_site_admin/logs?S=D" "Mozilla/5.0 (Linux; Android 7.0;) AppleWebKit/537.36 (KHTML, like Gecko) Mobile Safari/537.36 (compatible; PetalBot;+https://webmaster.petalsearch.com/site/petalbot)" "tchealthsources.com"
185.191.171.8 - - [05/Nov/2022:07:56:11 -0700] "GET /navigation_bars/?C=M%3BO%3DA HTTP/1.1" 200 390 "-" "Mozilla/5.0 (compatible; SemrushBot/7~bl; +http://www.semrush.com/bot.html)" "tchealthsources.com"
185.191.171.36 - - [05/Nov/2022:07:57:54 -0700] "GET /TC%20Health%20Sources/yahoo_site_admin/credentials/ HTTP/1.1" 200 399 "-" "Mozilla/5.0 (compatible; SemrushBot/7~bl; +http://www.semrush.com/bot.html)" "tchealthsources.com"
114.119.136.128 - - [05/Nov/2022:08:00:35 -0700] "GET /clipart/buttons/themes/gray?N=D HTTP/1.1" 301 1428 "http://tchealthsources.com/clipart/buttons/themes/gray" "Mozilla/5.0 (Linux; Android 7.0;) AppleWebKit/537.36 (KHTML, like Gecko) Mobile Safari/537.36 (compatible; PetalBot;+https://webmaster.petalsearch.com/site/petalbot)" "tchealthsources.com"
114.119.136.128 - - [05/Nov/2022:08:00:36 -0700] "GET /clipart/buttons/themes/gray/?N=D HTTP/1.1" 200 409 "http://tchealthsources.com/clipart/buttons/themes/gray" "Mozilla/5.0 (Linux; Android 7.0;) AppleWebKit/537.36 (KHTML, like Gecko) Mobile Safari/537.36 (compatible; PetalBot;+https://webmaster.petalsearch.com/site/petalbot)" "tchealthsources.com"
114.119.136.113 - - [05/Nov/2022:08:05:37 -0700] "GET /TC%20Health%20Sources/images/?C=D%3BO%3DA HTTP/1.1" 200 1393 "https://tchealthsources.com/TC%20Health%20Sources/images?C=N%3BO%3DD" "Mozilla/5.0 (Linux; Android 7.0;) AppleWebKit/537.36 (KHTML, like Gecko) Mobile Safari/537.36 (compatible; PetalBot;+https://webmaster.petalsearch.com/site/petalbot)" "tchealthsources.com"
51.222.253.7 - - [05/Nov/2022:08:06:01 -0700] "GET /TC%20Health%20Sources/clipart/buttons/themes/jelly/?C=D;O=D HTTP/1.1" 200 435 "-" "Mozilla/5.0 (compatible; AhrefsBot/7.0; +http://ahrefs.com/robot/)" "tchealthsources.com"
114.119.136.13 - - [05/Nov/2022:08:10:33 -0700] "GET /TC%20Health%20Sources/clipart/images/general/?C=M%3BO%3DA HTTP/1.1" 200 403 "https://tchealthsources.com/TC%20Health%20Sources/clipart/images/general" "Mozilla/5.0 (Linux; Android 7.0;) AppleWebKit/537.36 (KHTML, like Gecko) Mobile Safari/537.36 (compatible; PetalBot;+https://webmaster.petalsearch.com/site/petalbot)" "tchealthsources.com"
185.191.171.4 - - [05/Nov/2022:08:11:03 -0700] "GET /robots.txt HTTP/1.1" 404 88 "-" "Mozilla/5.0 (compatible; SemrushBot/7~bl; +http://www.semrush.com/bot.html)" "tchealthsources.com"
185.191.171.40 - - [05/Nov/2022:08:11:03 -0700] "GET /TC%20Health%20Sources/includes/ice/?C=D%3BO%3DA HTTP/1.1" 200 439 "-" "Mozilla/5.0 (compatible; SemrushBot/7~bl; +http://www.semrush.com/bot.html)" "tchealthsources.com"
185.191.171.25 - - [05/Nov/2022:08:12:59 -0700] "GET /TC%20Health%20Sources/clipart/buttons/themes/swoosh_blue/?C=D%3BO%3DA HTTP/1.1" 200 441 "-" "Mozilla/5.0 (compatible; SemrushBot/7~bl; +http://www.semrush.com/bot.html)" "tchealthsources.com"
185.191.171.33 - - [05/Nov/2022:08:15:17 -0700] "GET /TC%20Health%20Sources/yahoo_site_admin/assets/?C=S%3BO%3DA HTTP/1.1" 200 389 "-" "Mozilla/5.0 (compatible; SemrushBot/7~bl; +http://www.semrush.com/bot.html)" "tchealthsources.com"
114.119.134.224 - - [05/Nov/2022:08:15:33 -0700] "GET /TC%20Health%20Sources/yahoo_site_admin/assets/?C=M%3BO%3DA HTTP/1.1" 200 389 "https://tchealthsources.com/TC%20Health%20Sources/yahoo_site_admin/assets?S=D" "Mozilla/5.0 (Linux; Android 7.0;) AppleWebKit/537.36 (KHTML, like Gecko) Mobile Safari/537.36 (compatible; PetalBot;+https://webmaster.petalsearch.com/site/petalbot)" "tchealthsources.com"
114.119.136.113 - - [05/Nov/2022:08:20:34 -0700] "GET /TC%20Health%20Sources/logs?D=A HTTP/1.1" 301 1429 "https://tchealthsources.com/TC%20Health%20Sources/logs" "Mozilla/5.0 (Linux; Android 7.0;) AppleWebKit/537.36 (KHTML, like Gecko) Mobile Safari/537.36 (compatible; PetalBot;+https://webmaster.petalsearch.com/site/petalbot)" "tchealthsources.com"
114.119.136.113 - - [05/Nov/2022:08:20:36 -0700] "GET /TC%20Health%20Sources/logs/?D=A HTTP/1.1" 200 1066 "https://tchealthsources.com/TC%20Health%20Sources/logs" "Mozilla/5.0 (Linux; Android 7.0;) AppleWebKit/537.36 (KHTML, like Gecko) Mobile Safari/537.36 (compatible; PetalBot;+https://webmaster.petalsearch.com/site/petalbot)" "tchealthsources.com"
51.222.253.15 - - [05/Nov/2022:08:20:48 -0700] "GET /TC%20Health%20Sources/clipart/?C=S;O=D HTTP/1.1" 200 389 "-" "Mozilla/5.0 (compatible; AhrefsBot/7.0; +http://ahrefs.com/robot/)" "tchealthsources.com"
114.119.136.134 - - [05/Nov/2022:08:25:35 -0700] "GET /TC%20Health%20Sources/clipart/buttons/themes/simple?C=M%3BO%3DA HTTP/1.1" 301 1454 "https://tchealthsources.com/TC%20Health%20Sources/clipart/buttons/themes/simple?N=A" "Mozilla/5.0 (Linux; Android 7.0;) AppleWebKit/537.36 (KHTML, like Gecko) Mobile Safari/537.36 (compatible; PetalBot;+https://webmaster.petalsearch.com/site/petalbot)" "tchealthsources.com"
114.119.136.134 - - [05/Nov/2022:08:25:39 -0700] "GET /TC%20Health%20Sources/clipart/buttons/themes/simple/?C=M%3BO%3DA HTTP/1.1" 200 440 "https://tchealthsources.com/TC%20Health%20Sources/clipart/buttons/themes/simple?N=A" "Mozilla/5.0 (Linux; Android 7.0;) AppleWebKit/537.36 (KHTML, like Gecko) Mobile Safari/537.36 (compatible; PetalBot;+https://webmaster.petalsearch.com/site/petalbot)" "tchealthsources.com"
185.191.171.19 - - [05/Nov/2022:08:26:46 -0700] "GET /clipart/buttons/?C=S%3BO%3DA HTTP/1.1" 200 360 "-" "Mozilla/5.0 (compatible; SemrushBot/7~bl; +http://www.semrush.com/bot.html)" "www.tchealthsources.com"
185.191.171.37 - - [05/Nov/2022:08:29:33 -0700] "GET /TC%20Health%20Sources/logs/access_160320.log HTTP/1.1" 200 1053 "-" "Mozilla/5.0 (compatible; SemrushBot/7~bl; +http://www.semrush.com/bot.html)" "tchealthsources.com"
114.119.136.13 - - [05/Nov/2022:08:30:34 -0700] "GET /clipart/buttons/themes/view-screen?C=S%3BO%3DA HTTP/1.1" 301 1441 "http://tchealthsources.com/clipart/buttons/themes/view-screen?N=D" "Mozilla/5.0 (Linux; Android 7.0;) AppleWebKit/537.36 (KHTML, like Gecko) Mobile Safari/537.36 (compatible; PetalBot;+https://webmaster.petalsearch.com/site/petalbot)" "tchealthsources.com"
114.119.136.13 - - [05/Nov/2022:08:30:41 -0700] "GET /clipart/buttons/themes/view-screen/?C=S%3BO%3DA HTTP/1.1" 200 433 "http://tchealthsources.com/clipart/buttons/themes/view-screen?N=D" "Mozilla/5.0 (Linux; Android 7.0;) AppleWebKit/537.36 (KHTML, like Gecko) Mobile Safari/537.36 (compatible; PetalBot;+https://webmaster.petalsearch.com/site/petalbot)" "tchealthsources.com"
185.191.171.38 - - [05/Nov/2022:08:33:59 -0700] "GET /TC%20Health%20Sources/clipart/buttons/themes/designer1/?C=M%3BO%3DA HTTP/1.1" 200 446 "-" "Mozilla/5.0 (compatible; SemrushBot/7~bl; +http://www.semrush.com/bot.html)" "tchealthsources.com"
114.119.136.134 - - [05/Nov/2022:08:40:37 -0700] "GET /clipart/buttons/themes/swoosh_blue?C=N%3BO%3DD HTTP/1.1" 301 1445 "http://tchealthsources.com/clipart/buttons/themes/swoosh_blue?M=D" "Mozilla/5.0 (Linux; Android 7.0;) AppleWebKit/537.36 (KHTML, like Gecko) Mobile Safari/537.36 (compatible; PetalBot;+https://webmaster.petalsearch.com/site/petalbot)" "tchealthsources.com"
114.119.136.134 - - [05/Nov/2022:08:40:39 -0700] "GET /clipart/buttons/themes/swoosh_blue/?C=N%3BO%3DD HTTP/1.1" 200 419 "http://tchealthsources.com/clipart/buttons/themes/swoosh_blue?M=D" "Mozilla/5.0 (Linux; Android 7.0;) AppleWebKit/537.36 (KHTML, like Gecko) Mobile Safari/537.36 (compatible; PetalBot;+https://webmaster.petalsearch.com/site/petalbot)" "tchealthsources.com"
185.191.171.4 - - [05/Nov/2022:08:41:23 -0700] "GET /TC%20Health%20Sources/logs/access_160309.log HTTP/1.1" 200 1446 "-" "Mozilla/5.0 (compatible; SemrushBot/7~bl; +http://www.semrush.com/bot.html)" "tchealthsources.com"
185.191.171.17 - - [05/Nov/2022:08:43:53 -0700] "GET /?C=N%3BO%3DD HTTP/1.1" 200 493 "-" "Mozilla/5.0 (compatible; SemrushBot/7~bl; +http://www.semrush.com/bot.html)" "tchealthsources.com"
51.222.253.11 - - [05/Nov/2022:08:44:52 -0700] "GET /TC%20Health%20Sources/yahoo_site_admin1/?C=M;O=D HTTP/1.1" 200 416 "-" "Mozilla/5.0 (compatible; AhrefsBot/7.0; +http://ahrefs.com/robot/)" "tchealthsources.com"
114.119.136.128 - - [05/Nov/2022:08:45:35 -0700] "GET /TC%20Health%20Sources/yahoo_site_admin1/assets/images?C=M%3BO%3DA HTTP/1.1" 301 1456 "https://tchealthsources.com/TC%20Health%20Sources/yahoo_site_admin1/assets/images?C=S%3BO%3DA" "Mozilla/5.0 (Linux; Android 7.0;) AppleWebKit/537.36 (KHTML, like Gecko) Mobile Safari/537.36 (compatible; PetalBot;+https://webmaster.petalsearch.com/site/petalbot)" "tchealthsources.com"
114.119.136.128 - - [05/Nov/2022:08:45:36 -0700] "GET /TC%20Health%20Sources/yahoo_site_admin1/assets/images/?C=M%3BO%3DA HTTP/1.1" 200 357 "https://tchealthsources.com/TC%20Health%20Sources/yahoo_site_admin1/assets/images?C=S%3BO%3DA" "Mozilla/5.0 (Linux; Android 7.0;) AppleWebKit/537.36 (KHTML, like Gecko) Mobile Safari/537.36 (compatible; PetalBot;+https://webmaster.petalsearch.com/site/petalbot)" "tchealthsources.com"
185.191.171.2 - - [05/Nov/2022:08:49:18 -0700] "GET /clipart/buttons/themes/jelly/?C=N%3BO%3DD HTTP/1.1" 200 416 "-" "Mozilla/5.0 (compatible; SemrushBot/7~bl; +http://www.semrush.com/bot.html)" "tchealthsources.com"
114.119.136.12 - - [05/Nov/2022:08:50:34 -0700] "GET /TC%20Health%20Sources/clipart/buttons/themes/sky_blue?S=D HTTP/1.1" 301 1450 "https://tchealthsources.com/TC%20Health%20Sources/clipart/buttons/themes/sky_blue?S=A" "Mozilla/5.0 (Linux; Android 7.0;) AppleWebKit/537.36 (KHTML, like Gecko) Mobile Safari/537.36 (compatible; PetalBot;+https://webmaster.petalsearch.com/site/petalbot)" "tchealthsources.com"
114.119.136.12 - - [05/Nov/2022:08:50:35 -0700] "GET /TC%20Health%20Sources/clipart/buttons/themes/sky_blue/?S=D HTTP/1.1" 200 445 "https://tchealthsources.com/TC%20Health%20Sources/clipart/buttons/themes/sky_blue?S=A" "Mozilla/5.0 (Linux; Android 7.0;) AppleWebKit/537.36 (KHTML, like Gecko) Mobile Safari/537.36 (compatible; PetalBot;+https://webmaster.petalsearch.com/site/petalbot)" "tchealthsources.com"
185.191.171.9 - - [05/Nov/2022:08:51:09 -0700] "GET /Web%20DOWNLOAD%20images/?C=S%3BO%3DA HTTP/1.1" 200 442 "-" "Mozilla/5.0 (compatible; SemrushBot/7~bl; +http://www.semrush.com/bot.html)" "tchealthsources.com"
185.191.171.26 - - [05/Nov/2022:08:51:13 -0700] "GET /robots.txt HTTP/1.1" 404 88 "-" "Mozilla/5.0 (compatible; SemrushBot/7~bl; +http://www.semrush.com/bot.html)" "www.tchealthsources.com"
185.191.171.33 - - [05/Nov/2022:08:51:13 -0700] "GET /clipart/buttons/themes/designer3/?C=D%3BO%3DA HTTP/1.1" 200 422 "-" "Mozilla/5.0 (compatible; SemrushBot/7~bl; +http://www.semrush.com/bot.html)" "www.tchealthsources.com"
185.191.171.23 - - [05/Nov/2022:08:53:26 -0700] "GET /TC%20Health%20Sources/logs/access_160330.log HTTP/1.1" 200 1413 "-" "Mozilla/5.0 (compatible; SemrushBot/7~bl; +http://www.semrush.com/bot.html)" "tchealthsources.com"
114.119.136.128 - - [05/Nov/2022:08:55:37 -0700] "GET /TC%20Health%20Sources/sitebuilder?C=D%3BO%3DA HTTP/1.1" 301 1442 "https://tchealthsources.com/TC%20Health%20Sources/sitebuilder?C=N%3BO%3DD" "Mozilla/5.0 (Linux; Android 7.0;) AppleWebKit/537.36 (KHTML, like Gecko) Mobile Safari/537.36 (compatible; PetalBot;+https://webmaster.petalsearch.com/site/petalbot)" "tchealthsources.com"
114.119.136.128 - - [05/Nov/2022:08:55:39 -0700] "GET /TC%20Health%20Sources/sitebuilder/?C=D%3BO%3DA HTTP/1.1" 200 446 "https://tchealthsources.com/TC%20Health%20Sources/sitebuilder?C=N%3BO%3DD" "Mozilla/5.0 (Linux; Android 7.0;) AppleWebKit/537.36 (KHTML, like Gecko) Mobile Safari/537.36 (compatible; PetalBot;+https://webmaster.petalsearch.com/site/petalbot)" "tchealthsources.com"
185.191.171.36 - - [05/Nov/2022:08:57:44 -0700] "GET /TC%20Health%20Sources/yahoo_site_admin1/assets/images/?C=D%3BO%3DA HTTP/1.1" 200 357 "-" "Mozilla/5.0 (compatible; SemrushBot/7~bl; +http://www.semrush.com/bot.html)" "tchealthsources.com"
114.119.136.128 - - [05/Nov/2022:09:01:17 -0700] "GET /TC%20Health%20Sources/clipart/buttons/themes/designer1?M=A HTTP/1.1" 301 1447 "https://tchealthsources.com/TC%20Health%20Sources/clipart/buttons/themes/designer1" "Mozilla/5.0 (Linux; Android 7.0;) AppleWebKit/537.36 (KHTML, like Gecko) Mobile Safari/537.36 (compatible; PetalBot;+https://webmaster.petalsearch.com/site/petalbot)" "tchealthsources.com"
114.119.136.128 - - [05/Nov/2022:09:01:34 -0700] "GET /TC%20Health%20Sources/clipart/buttons/themes/designer1/?M=A HTTP/1.1" 200 446 "https://tchealthsources.com/TC%20Health%20Sources/clipart/buttons/themes/designer1" "Mozilla/5.0 (Linux; Android 7.0;) AppleWebKit/537.36 (KHTML, like Gecko) Mobile Safari/537.36 (compatible; PetalBot;+https://webmaster.petalsearch.com/site/petalbot)" "tchealthsources.com"
185.191.171.35 - - [05/Nov/2022:09:02:50 -0700] "GET /clipart/images/general/?C=S%3BO%3DA HTTP/1.1" 200 376 "-" "Mozilla/5.0 (compatible; SemrushBot/7~bl; +http://www.semrush.com/bot.html)" "tchealthsources.com"
114.119.136.13 - - [05/Nov/2022:09:05:35 -0700] "GET /TC%20Health%20Sources/clipart/buttons/themes/sky_blue?N=A HTTP/1.1" 301 1450 "https://tchealthsources.com/TC%20Health%20Sources/clipart/buttons/themes/sky_blue?S=A" "Mozilla/5.0 (Linux; Android 7.0;) AppleWebKit/537.36 (KHTML, like Gecko) Mobile Safari/537.36 (compatible; PetalBot;+https://webmaster.petalsearch.com/site/petalbot)" "tchealthsources.com"
114.119.136.13 - - [05/Nov/2022:09:05:37 -0700] "GET /TC%20Health%20Sources/clipart/buttons/themes/sky_blue/?N=A HTTP/1.1" 200 445 "https://tchealthsources.com/TC%20Health%20Sources/clipart/buttons/themes/sky_blue?S=A" "Mozilla/5.0 (Linux; Android 7.0;) AppleWebKit/537.36 (KHTML, like Gecko) Mobile Safari/537.36 (compatible; PetalBot;+https://webmaster.petalsearch.com/site/petalbot)" "tchealthsources.com"
185.191.171.18 - - [05/Nov/2022:09:07:19 -0700] "GET /TC%20Health%20Sources/navigation_bars/index.nav HTTP/1.1" 200 4991 "-" "Mozilla/5.0 (compatible; SemrushBot/7~bl; +http://www.semrush.com/bot.html)" "tchealthsources.com"
114.119.136.128 - - [05/Nov/2022:09:10:35 -0700] "GET /TC%20Health%20Sources/clipart/buttons?S=D HTTP/1.1" 301 1436 "https://tchealthsources.com/TC%20Health%20Sources/clipart/buttons?S=A" "Mozilla/5.0 (Linux; Android 7.0;) AppleWebKit/537.36 (KHTML, like Gecko) Mobile Safari/537.36 (compatible; PetalBot;+https://webmaster.petalsearch.com/site/petalbot)" "tchealthsources.com"
114.119.136.128 - - [05/Nov/2022:09:10:36 -0700] "GET /TC%20Health%20Sources/clipart/buttons/?S=D HTTP/1.1" 200 383 "https://tchealthsources.com/TC%20Health%20Sources/clipart/buttons?S=A" "Mozilla/5.0 (Linux; Android 7.0;) AppleWebKit/537.36 (KHTML, like Gecko) Mobile Safari/537.36 (compatible; PetalBot;+https://webmaster.petalsearch.com/site/petalbot)" "tchealthsources.com"
51.222.253.8 - - [05/Nov/2022:09:13:09 -0700] "GET /TC%20Health%20Sources/clipart/buttons/themes/simple/?C=D;O=D HTTP/1.1" 200 435 "-" "Mozilla/5.0 (compatible; AhrefsBot/7.0; +http://ahrefs.com/robot/)" "tchealthsources.com"
103.213.116.60 - - [05/Nov/2022:09:14:39 -0700] "GET /style.php?sig=rename HTTP/1.1" 404 73 "-" "Mozilla/5.0 (Windows NT 10.0; Win64; x64) AppleWebKit/537.36 (KHTML, like Gecko) Chrome/90.0.4430.212 Safari/537.36" "tchealthsources.com"
114.119.136.12 - - [05/Nov/2022:09:15:36 -0700] "GET /clipart/buttons/themes/view-screen/?C=D%3BO%3DA HTTP/1.1" 200 433 "http://tchealthsources.com/clipart/buttons/themes/view-screen?D=D" "Mozilla/5.0 (Linux; Android 7.0;) AppleWebKit/537.36 (KHTML, like Gecko) Mobile Safari/537.36 (compatible; PetalBot;+https://webmaster.petalsearch.com/site/petalbot)" "tchealthsources.com"
114.119.136.12 - - [05/Nov/2022:09:20:36 -0700] "GET /TC%20Health%20Sources/images?S=D HTTP/1.1" 301 1429 "https://tchealthsources.com/TC%20Health%20Sources/images?S=A" "Mozilla/5.0 (Linux; Android 7.0;) AppleWebKit/537.36 (KHTML, like Gecko) Mobile Safari/537.36 (compatible; PetalBot;+https://webmaster.petalsearch.com/site/petalbot)" "tchealthsources.com"
114.119.136.12 - - [05/Nov/2022:09:20:37 -0700] "GET /TC%20Health%20Sources/images/?S=D HTTP/1.1" 200 1393 "https://tchealthsources.com/TC%20Health%20Sources/images?S=A" "Mozilla/5.0 (Linux; Android 7.0;) AppleWebKit/537.36 (KHTML, like Gecko) Mobile Safari/537.36 (compatible; PetalBot;+https://webmaster.petalsearch.com/site/petalbot)" "tchealthsources.com"
198.235.24.11 - - [05/Nov/2022:09:23:50 -0700] "GET / HTTP/1.1" 200 1331 "-" "Expanse, a Palo Alto Networks company, searches across the global IPv4 space multiple times per day to identify customers&#39; presences on the Internet. If you would like to be excluded from our scans, please send IP addresses/domains to: scaninfo@paloaltonetworks.com" "tchealthsources.com"
114.119.136.109 - - [05/Nov/2022:09:25:38 -0700] "GET /TC%20Health%20Sources/clipart/buttons/themes/designer3?M=D HTTP/1.1" 301 1447 "https://tchealthsources.com/TC%20Health%20Sources/clipart/buttons/themes/designer3?M=A" "Mozilla/5.0 (Linux; Android 7.0;) AppleWebKit/537.36 (KHTML, like Gecko) Mobile Safari/537.36 (compatible; PetalBot;+https://webmaster.petalsearch.com/site/petalbot)" "tchealthsources.com"
114.119.136.109 - - [05/Nov/2022:09:25:41 -0700] "GET /TC%20Health%20Sources/clipart/buttons/themes/designer3/?M=D HTTP/1.1" 200 444 "https://tchealthsources.com/TC%20Health%20Sources/clipart/buttons/themes/designer3?M=A" "Mozilla/5.0 (Linux; Android 7.0;) AppleWebKit/537.36 (KHTML, like Gecko) Mobile Safari/537.36 (compatible; PetalBot;+https://webmaster.petalsearch.com/site/petalbot)" "tchealthsources.com"
185.191.171.14 - - [05/Nov/2022:09:28:54 -0700] "GET /robots.txt HTTP/1.1" 404 88 "-" "Mozilla/5.0 (compatible; SemrushBot/7~bl; +http://www.semrush.com/bot.html)" "tchealthsources.com"
185.191.171.37 - - [05/Nov/2022:09:28:55 -0700] "GET /TC%20Health%20Sources/ HTTP/1.1" 200 564 "-" "Mozilla/5.0 (compatible; SemrushBot/7~bl; +http://www.semrush.com/bot.html)" "tchealthsources.com"
114.119.136.134 - - [05/Nov/2022:09:30:36 -0700] "GET /clipart/buttons/themes/jelly?C=S%3BO%3DA HTTP/1.1" 301 1437 "http://tchealthsources.com/clipart/buttons/themes/jelly?S=D" "Mozilla/5.0 (Linux; Android 7.0;) AppleWebKit/537.36 (KHTML, like Gecko) Mobile Safari/537.36 (compatible; PetalBot;+https://webmaster.petalsearch.com/site/petalbot)" "tchealthsources.com"
114.119.136.134 - - [05/Nov/2022:09:30:36 -0700] "GET /clipart/buttons/themes/jelly/?C=S%3BO%3DA HTTP/1.1" 200 416 "http://tchealthsources.com/clipart/buttons/themes/jelly?S=D" "Mozilla/5.0 (Linux; Android 7.0;) AppleWebKit/537.36 (KHTML, like Gecko) Mobile Safari/537.36 (compatible; PetalBot;+https://webmaster.petalsearch.com/site/petalbot)" "tchealthsources.com"
185.191.171.40 - - [05/Nov/2022:09:31:26 -0700] "GET /clipart/buttons/themes/swoosh_blue/?C=N%3BO%3DD HTTP/1.1" 200 419 "-" "Mozilla/5.0 (compatible; SemrushBot/7~bl; +http://www.semrush.com/bot.html)" "tchealthsources.com"
185.191.171.19 - - [05/Nov/2022:09:33:25 -0700] "GET /TC%20Health%20Sources/clipart/images/general/?C=D%3BO%3DA HTTP/1.1" 200 403 "-" "Mozilla/5.0 (compatible; SemrushBot/7~bl; +http://www.semrush.com/bot.html)" "tchealthsources.com"
114.119.136.12 - - [05/Nov/2022:09:35:35 -0700] "GET /TC%20Health%20Sources/navigation_bars?M=D HTTP/1.1" 301 1437 "https://tchealthsources.com/TC%20Health%20Sources/navigation_bars?M=A" "Mozilla/5.0 (Linux; Android 7.0;) AppleWebKit/537.36 (KHTML, like Gecko) Mobile Safari/537.36 (compatible; PetalBot;+https://webmaster.petalsearch.com/site/petalbot)" "tchealthsources.com"
114.119.136.12 - - [05/Nov/2022:09:35:36 -0700] "GET /TC%20Health%20Sources/navigation_bars/?M=D HTTP/1.1" 200 415 "https://tchealthsources.com/TC%20Health%20Sources/navigation_bars?M=A" "Mozilla/5.0 (Linux; Android 7.0;) AppleWebKit/537.36 (KHTML, like Gecko) Mobile Safari/537.36 (compatible; PetalBot;+https://webmaster.petalsearch.com/site/petalbot)" "tchealthsources.com"
34.78.128.122 - - [05/Nov/2022:09:36:03 -0700] "HEAD / HTTP/1.1" 200 - "-" "Apache-HttpClient/4.5.5 (Java/11.0.9)" "www.tchealthsources.com"
185.191.171.10 - - [05/Nov/2022:09:37:15 -0700] "GET /TC%20Health%20Sources/logs/access_160318.log HTTP/1.1" 200 1796 "-" "Mozilla/5.0 (compatible; SemrushBot/7~bl; +http://www.semrush.com/bot.html)" "tchealthsources.com"
185.191.171.38 - - [05/Nov/2022:09:39:08 -0700] "GET /TC%20Health%20Sources/clipart/images/general/ HTTP/1.1" 200 403 "-" "Mozilla/5.0 (compatible; SemrushBot/7~bl; +http://www.semrush.com/bot.html)" "tchealthsources.com"
185.191.171.37 - - [05/Nov/2022:09:40:11 -0700] "GET /TC%20Health%20Sources/clipart/images/?C=M%3BO%3DA HTTP/1.1" 200 382 "-" "Mozilla/5.0 (compatible; SemrushBot/7~bl; +http://www.semrush.com/bot.html)" "tchealthsources.com"
114.119.136.13 - - [05/Nov/2022:09:40:36 -0700] "GET /navigation_bars/navbar.nav HTTP/1.1" 200 8974 "-" "Mozilla/5.0 (Linux; Android 7.0;) AppleWebKit/537.36 (KHTML, like Gecko) Mobile Safari/537.36 (compatible; PetalBot;+https://webmaster.petalsearch.com/site/petalbot)" "tchealthsources.com"
51.222.253.13 - - [05/Nov/2022:09:40:37 -0700] "GET /TC%20Health%20Sources/yahoo_site_admin/?C=D;O=A HTTP/1.1" 200 429 "-" "Mozilla/5.0 (compatible; AhrefsBot/7.0; +http://ahrefs.com/robot/)" "tchealthsources.com"
185.191.171.15 - - [05/Nov/2022:09:41:32 -0700] "GET /TC%20Health%20Sources/tmp/?C=S%3BO%3DA HTTP/1.1" 200 386 "-" "Mozilla/5.0 (compatible; SemrushBot/7~bl; +http://www.semrush.com/bot.html)" "tchealthsources.com"
114.119.136.13 - - [05/Nov/2022:09:45:53 -0700] "GET /TC%20Health%20Sources/media?D=D HTTP/1.1" 301 1429 "https://tchealthsources.com/TC%20Health%20Sources/media?D=A" "Mozilla/5.0 (Linux; Android 7.0;) AppleWebKit/537.36 (KHTML, like Gecko) Mobile Safari/537.36 (compatible; PetalBot;+https://webmaster.petalsearch.com/site/petalbot)" "tchealthsources.com"
114.119.136.13 - - [05/Nov/2022:09:46:07 -0700] "GET /TC%20Health%20Sources/media/?D=D HTTP/1.1" 200 409 "https://tchealthsources.com/TC%20Health%20Sources/media?D=A" "Mozilla/5.0 (Linux; Android 7.0;) AppleWebKit/537.36 (KHTML, like Gecko) Mobile Safari/537.36 (compatible; PetalBot;+https://webmaster.petalsearch.com/site/petalbot)" "tchealthsources.com"
185.191.171.25 - - [05/Nov/2022:09:50:18 -0700] "GET /TC%20Health%20Sources/yahoo_site_admin1/assets/images/ HTTP/1.1" 200 357 "-" "Mozilla/5.0 (compatible; SemrushBot/7~bl; +http://www.semrush.com/bot.html)" "tchealthsources.com"
114.119.136.134 - - [05/Nov/2022:09:50:36 -0700] "GET /TC%20Health%20Sources/clipart/buttons/themes/jelly?N=D HTTP/1.1" 301 1445 "https://tchealthsources.com/TC%20Health%20Sources/clipart/buttons/themes/jelly" "Mozilla/5.0 (Linux; Android 7.0;) AppleWebKit/537.36 (KHTML, like Gecko) Mobile Safari/537.36 (compatible; PetalBot;+https://webmaster.petalsearch.com/site/petalbot)" "tchealthsources.com"
114.119.136.134 - - [05/Nov/2022:09:50:38 -0700] "GET /TC%20Health%20Sources/clipart/buttons/themes/jelly/?N=D HTTP/1.1" 200 439 "https://tchealthsources.com/TC%20Health%20Sources/clipart/buttons/themes/jelly" "Mozilla/5.0 (Linux; Android 7.0;) AppleWebKit/537.36 (KHTML, like Gecko) Mobile Safari/537.36 (compatible; PetalBot;+https://webmaster.petalsearch.com/site/petalbot)" "tchealthsources.com"
185.191.171.3 - - [05/Nov/2022:09:53:43 -0700] "GET /TC%20Health%20Sources/logs/access_160305.log HTTP/1.1" 200 1238 "-" "Mozilla/5.0 (compatible; SemrushBot/7~bl; +http://www.semrush.com/bot.html)" "tchealthsources.com"
114.119.136.113 - - [05/Nov/2022:09:55:37 -0700] "GET /TC%20Health%20Sources/yahoo_site_admin?D=A HTTP/1.1" 301 1437 "https://tchealthsources.com/TC%20Health%20Sources/yahoo_site_admin?D=D" "Mozilla/5.0 (Linux; Android 7.0;) AppleWebKit/537.36 (KHTML, like Gecko) Mobile Safari/537.36 (compatible; PetalBot;+https://webmaster.petalsearch.com/site/petalbot)" "tchealthsources.com"
114.119.136.113 - - [05/Nov/2022:09:55:37 -0700] "GET /TC%20Health%20Sources/yahoo_site_admin/?D=A HTTP/1.1" 200 429 "https://tchealthsources.com/TC%20Health%20Sources/yahoo_site_admin?D=D" "Mozilla/5.0 (Linux; Android 7.0;) AppleWebKit/537.36 (KHTML, like Gecko) Mobile Safari/537.36 (compatible; PetalBot;+https://webmaster.petalsearch.com/site/petalbot)" "tchealthsources.com"
185.191.171.7 - - [05/Nov/2022:09:57:01 -0700] "GET /clipart/buttons/themes/gray/?C=D%3BO%3DA HTTP/1.1" 200 409 "-" "Mozilla/5.0 (compatible; SemrushBot/7~bl; +http://www.semrush.com/bot.html)" "tchealthsources.com"
114.119.136.134 - - [05/Nov/2022:10:00:56 -0700] "GET /TC%20Health%20Sources/clipart/buttons?C=M%3BO%3DA HTTP/1.1" 301 1445 "https://tchealthsources.com/TC%20Health%20Sources/clipart/buttons?C=N%3BO%3DD" "Mozilla/5.0 (Linux; Android 7.0;) AppleWebKit/537.36 (KHTML, like Gecko) Mobile Safari/537.36 (compatible; PetalBot;+https://webmaster.petalsearch.com/site/petalbot)" "tchealthsources.com"
114.119.136.134 - - [05/Nov/2022:10:00:59 -0700] "GET /TC%20Health%20Sources/clipart/buttons/?C=M%3BO%3DA HTTP/1.1" 200 383 "https://tchealthsources.com/TC%20Health%20Sources/clipart/buttons?C=N%3BO%3DD" "Mozilla/5.0 (Linux; Android 7.0;) AppleWebKit/537.36 (KHTML, like Gecko) Mobile Safari/537.36 (compatible; PetalBot;+https://webmaster.petalsearch.com/site/petalbot)" "tchealthsources.com"
185.191.171.23 - - [05/Nov/2022:10:01:20 -0700] "GET /robots.txt HTTP/1.1" 404 88 "-" "Mozilla/5.0 (compatible; SemrushBot/7~bl; +http://www.semrush.com/bot.html)" "www.tchealthsources.com"
185.191.171.3 - - [05/Nov/2022:10:01:21 -0700] "GET /clipart/buttons/themes/designer3/?C=N%3BO%3DD HTTP/1.1" 200 422 "-" "Mozilla/5.0 (compatible; SemrushBot/7~bl; +http://www.semrush.com/bot.html)" "www.tchealthsources.com"
185.191.171.19 - - [05/Nov/2022:10:04:53 -0700] "GET /TC%20Health%20Sources/yahoo_site_admin1/assets/images/?C=D%3BO%3DA HTTP/1.1" 200 357 "-" "Mozilla/5.0 (compatible; SemrushBot/7~bl; +http://www.semrush.com/bot.html)" "tchealthsources.com"
51.222.253.4 - - [05/Nov/2022:10:05:37 -0700] "GET /TC%20Health%20Sources/yahoo_site_admin/?C=M;O=A HTTP/1.1" 200 429 "-" "Mozilla/5.0 (compatible; AhrefsBot/7.0; +http://ahrefs.com/robot/)" "tchealthsources.com"
