185.191.171.12 - - [05/Nov/2022:16:23:17 -0700] "GET /TC%20Health%20Sources/yahoo_site_admin1/assets/?C=M%3BO%3DA HTTP/1.1" 200 390 "-" "Mozilla/5.0 (compatible; SemrushBot/7~bl; +http://www.semrush.com/bot.html)" "tchealthsources.com"
114.119.136.128 - - [05/Nov/2022:16:25:25 -0700] "GET /clipart/buttons/themes/view-screen?S=A HTTP/1.1" 301 1433 "http://tchealthsources.com/clipart/buttons/themes/view-screen" "Mozilla/5.0 (Linux; Android 7.0;) AppleWebKit/537.36 (KHTML, like Gecko) Mobile Safari/537.36 (compatible; PetalBot;+https://webmaster.petalsearch.com/site/petalbot)" "tchealthsources.com"
114.119.136.128 - - [05/Nov/2022:16:25:25 -0700] "GET /clipart/buttons/themes/view-screen/?S=A HTTP/1.1" 200 433 "http://tchealthsources.com/clipart/buttons/themes/view-screen" "Mozilla/5.0 (Linux; Android 7.0;) AppleWebKit/537.36 (KHTML, like Gecko) Mobile Safari/537.36 (compatible; PetalBot;+https://webmaster.petalsearch.com/site/petalbot)" "tchealthsources.com"
185.191.171.13 - - [05/Nov/2022:16:29:36 -0700] "GET /TC%20Health%20Sources/yahoo_site_admin/assets/images/ HTTP/1.1" 200 356 "-" "Mozilla/5.0 (compatible; SemrushBot/7~bl; +http://www.semrush.com/bot.html)" "tchealthsources.com"
185.191.171.1 - - [05/Nov/2022:16:29:45 -0700] "GET /Web%20DOWNLOAD%20images/ HTTP/1.1" 200 442 "-" "Mozilla/5.0 (compatible; SemrushBot/7~bl; +http://www.semrush.com/bot.html)" "tchealthsources.com"
114.119.134.224 - - [05/Nov/2022:16:30:25 -0700] "GET /navigation_bars/ HTTP/1.1" 200 390 "https://tchealthsources.com?C=D%3BO%3DA" "Mozilla/5.0 (Linux; Android 7.0;) AppleWebKit/537.36 (KHTML, like Gecko) Mobile Safari/537.36 (compatible; PetalBot;+https://webmaster.petalsearch.com/site/petalbot)" "tchealthsources.com"
114.119.136.109 - - [05/Nov/2022:16:35:28 -0700] "GET /TC%20Health%20Sources/yahoo_site_admin1/cache?D=A HTTP/1.1" 301 1441 "https://tchealthsources.com/TC%20Health%20Sources/yahoo_site_admin1/cache" "Mozilla/5.0 (Linux; Android 7.0;) AppleWebKit/537.36 (KHTML, like Gecko) Mobile Safari/537.36 (compatible; PetalBot;+https://webmaster.petalsearch.com/site/petalbot)" "tchealthsources.com"
114.119.136.109 - - [05/Nov/2022:16:35:29 -0700] "GET /TC%20Health%20Sources/yahoo_site_admin1/cache/?D=A HTTP/1.1" 200 351 "https://tchealthsources.com/TC%20Health%20Sources/yahoo_site_admin1/cache" "Mozilla/5.0 (Linux; Android 7.0;) AppleWebKit/537.36 (KHTML, like Gecko) Mobile Safari/537.36 (compatible; PetalBot;+https://webmaster.petalsearch.com/site/petalbot)" "tchealthsources.com"
34.216.155.173 - - [05/Nov/2022:16:37:18 -0700] "GET / HTTP/1.1" 200 493 "-" "Mozilla/5.0 (Windows NT 10.0; Win64; x64)AppleWebKit/537.36 (KHTML, like Gecko) Chrome/66.0.3359.181 Safari/537.36" "tchealthsources.com"
114.119.136.13 - - [05/Nov/2022:16:40:28 -0700] "GET /TC%20Health%20Sources/clipart/buttons/themes?N=D HTTP/1.1" 301 1441 "https://tchealthsources.com/TC%20Health%20Sources/clipart/buttons/themes" "Mozilla/5.0 (Linux; Android 7.0;) AppleWebKit/537.36 (KHTML, like Gecko) Mobile Safari/537.36 (compatible; PetalBot;+https://webmaster.petalsearch.com/site/petalbot)" "tchealthsources.com"
114.119.136.13 - - [05/Nov/2022:16:40:31 -0700] "GET /TC%20Health%20Sources/clipart/buttons/themes/?N=D HTTP/1.1" 200 479 "https://tchealthsources.com/TC%20Health%20Sources/clipart/buttons/themes" "Mozilla/5.0 (Linux; Android 7.0;) AppleWebKit/537.36 (KHTML, like Gecko) Mobile Safari/537.36 (compatible; PetalBot;+https://webmaster.petalsearch.com/site/petalbot)" "tchealthsources.com"
185.191.171.14 - - [05/Nov/2022:16:41:35 -0700] "GET /robots.txt HTTP/1.1" 404 88 "-" "Mozilla/5.0 (compatible; SemrushBot/7~bl; +http://www.semrush.com/bot.html)" "www.tchealthsources.com"
185.191.171.17 - - [05/Nov/2022:16:41:35 -0700] "GET /clipart/buttons/themes/simple/?C=S%3BO%3DA HTTP/1.1" 200 417 "-" "Mozilla/5.0 (compatible; SemrushBot/7~bl; +http://www.semrush.com/bot.html)" "www.tchealthsources.com"
114.119.136.113 - - [05/Nov/2022:16:45:35 -0700] "GET /clipart/buttons/themes/gray?C=S%3BO%3DA HTTP/1.1" 301 1438 "http://tchealthsources.com/clipart/buttons/themes/gray?D=D" "Mozilla/5.0 (Linux; Android 7.0;) AppleWebKit/537.36 (KHTML, like Gecko) Mobile Safari/537.36 (compatible; PetalBot;+https://webmaster.petalsearch.com/site/petalbot)" "tchealthsources.com"
114.119.136.113 - - [05/Nov/2022:16:45:44 -0700] "GET /clipart/buttons/themes/gray/?C=S%3BO%3DA HTTP/1.1" 200 409 "http://tchealthsources.com/clipart/buttons/themes/gray?D=D" "Mozilla/5.0 (Linux; Android 7.0;) AppleWebKit/537.36 (KHTML, like Gecko) Mobile Safari/537.36 (compatible; PetalBot;+https://webmaster.petalsearch.com/site/petalbot)" "tchealthsources.com"
114.119.136.13 - - [05/Nov/2022:16:50:29 -0700] "GET /TC%20Health%20Sources/yahoo_site_admin/logs?S=D HTTP/1.1" 301 1440 "https://tchealthsources.com/TC%20Health%20Sources/yahoo_site_admin/logs?S=A" "Mozilla/5.0 (Linux; Android 7.0;) AppleWebKit/537.36 (KHTML, like Gecko) Mobile Safari/537.36 (compatible; PetalBot;+https://webmaster.petalsearch.com/site/petalbot)" "tchealthsources.com"
114.119.136.13 - - [05/Nov/2022:16:50:37 -0700] "GET /TC%20Health%20Sources/yahoo_site_admin/logs/?S=D HTTP/1.1" 200 396 "https://tchealthsources.com/TC%20Health%20Sources/yahoo_site_admin/logs?S=A" "Mozilla/5.0 (Linux; Android 7.0;) AppleWebKit/537.36 (KHTML, like Gecko) Mobile Safari/537.36 (compatible; PetalBot;+https://webmaster.petalsearch.com/site/petalbot)" "tchealthsources.com"
51.222.253.15 - - [05/Nov/2022:16:52:17 -0700] "GET /clipart/buttons/themes/gray/?C=M;O=D HTTP/1.1" 200 405 "-" "Mozilla/5.0 (compatible; AhrefsBot/7.0; +http://ahrefs.com/robot/)" "tchealthsources.com"
185.191.171.21 - - [05/Nov/2022:16:54:15 -0700] "GET /TC%20Health%20Sources/clipart/?C=D%3BO%3DA HTTP/1.1" 200 391 "-" "Mozilla/5.0 (compatible; SemrushBot/7~bl; +http://www.semrush.com/bot.html)" "www.tchealthsources.com"
114.119.136.12 - - [05/Nov/2022:16:55:30 -0700] "GET /clipart/buttons/themes/view-screen?S=D HTTP/1.1" 301 1433 "http://tchealthsources.com/clipart/buttons/themes/view-screen?S=A" "Mozilla/5.0 (Linux; Android 7.0;) AppleWebKit/537.36 (KHTML, like Gecko) Mobile Safari/537.36 (compatible; PetalBot;+https://webmaster.petalsearch.com/site/petalbot)" "tchealthsources.com"
114.119.136.12 - - [05/Nov/2022:16:55:31 -0700] "GET /clipart/buttons/themes/view-screen/?S=D HTTP/1.1" 200 433 "http://tchealthsources.com/clipart/buttons/themes/view-screen?S=A" "Mozilla/5.0 (Linux; Android 7.0;) AppleWebKit/537.36 (KHTML, like Gecko) Mobile Safari/537.36 (compatible; PetalBot;+https://webmaster.petalsearch.com/site/petalbot)" "tchealthsources.com"
185.191.171.39 - - [05/Nov/2022:17:02:10 -0700] "GET /TC%20Health%20Sources/tmp/?C=N%3BO%3DD HTTP/1.1" 200 386 "-" "Mozilla/5.0 (compatible; SemrushBot/7~bl; +http://www.semrush.com/bot.html)" "www.tchealthsources.com"
114.119.136.13 - - [05/Nov/2022:17:05:30 -0700] "GET /TC%20Health%20Sources/logs?M=D HTTP/1.1" 301 1429 "https://tchealthsources.com/TC%20Health%20Sources/logs?M=A" "Mozilla/5.0 (Linux; Android 7.0;) AppleWebKit/537.36 (KHTML, like Gecko) Mobile Safari/537.36 (compatible; PetalBot;+https://webmaster.petalsearch.com/site/petalbot)" "tchealthsources.com"
114.119.136.13 - - [05/Nov/2022:17:05:33 -0700] "GET /TC%20Health%20Sources/logs/?M=D HTTP/1.1" 200 1066 "https://tchealthsources.com/TC%20Health%20Sources/logs?M=A" "Mozilla/5.0 (Linux; Android 7.0;) AppleWebKit/537.36 (KHTML, like Gecko) Mobile Safari/537.36 (compatible; PetalBot;+https://webmaster.petalsearch.com/site/petalbot)" "tchealthsources.com"
114.119.136.12 - - [05/Nov/2022:17:10:26 -0700] "GET /TC%20Health%20Sources/yahoo_site_admin1?S=D HTTP/1.1" 301 1438 "https://tchealthsources.com/TC%20Health%20Sources/yahoo_site_admin1?S=A" "Mozilla/5.0 (Linux; Android 7.0;) AppleWebKit/537.36 (KHTML, like Gecko) Mobile Safari/537.36 (compatible; PetalBot;+https://webmaster.petalsearch.com/site/petalbot)" "tchealthsources.com"
114.119.136.12 - - [05/Nov/2022:17:10:27 -0700] "GET /TC%20Health%20Sources/yahoo_site_admin1/?S=D HTTP/1.1" 200 418 "https://tchealthsources.com/TC%20Health%20Sources/yahoo_site_admin1?S=A" "Mozilla/5.0 (Linux; Android 7.0;) AppleWebKit/537.36 (KHTML, like Gecko) Mobile Safari/537.36 (compatible; PetalBot;+https://webmaster.petalsearch.com/site/petalbot)" "tchealthsources.com"
185.191.171.17 - - [05/Nov/2022:17:12:06 -0700] "GET /robots.txt HTTP/1.1" 404 88 "-" "Mozilla/5.0 (compatible; SemrushBot/7~bl; +http://www.semrush.com/bot.html)" "tchealthsources.com"
185.191.171.37 - - [05/Nov/2022:17:12:06 -0700] "GET /clipart/buttons/themes/?C=S%3BO%3DA HTTP/1.1" 200 511 "-" "Mozilla/5.0 (compatible; SemrushBot/7~bl; +http://www.semrush.com/bot.html)" "tchealthsources.com"
185.191.171.40 - - [05/Nov/2022:17:13:31 -0700] "GET /TC%20Health%20Sources/ HTTP/1.1" 200 564 "-" "Mozilla/5.0 (compatible; SemrushBot/7~bl; +http://www.semrush.com/bot.html)" "tchealthsources.com"
114.119.136.134 - - [05/Nov/2022:17:15:28 -0700] "GET /TC%20Health%20Sources/logs/access_160420.log HTTP/1.1" 200 2562 "https://tchealthsources.com/TC%20Health%20Sources/logs?S=A" "Mozilla/5.0 (Linux; Android 7.0;) AppleWebKit/537.36 (KHTML, like Gecko) Mobile Safari/537.36 (compatible; PetalBot;+https://webmaster.petalsearch.com/site/petalbot)" "tchealthsources.com"
185.191.171.16 - - [05/Nov/2022:17:16:21 -0700] "GET /clipart/buttons/themes/view-screen/?C=M%3BO%3DA HTTP/1.1" 200 433 "-" "Mozilla/5.0 (compatible; SemrushBot/7~bl; +http://www.semrush.com/bot.html)" "www.tchealthsources.com"
114.119.136.109 - - [05/Nov/2022:17:20:26 -0700] "GET /TC%20Health%20Sources/logs/access_160323.log HTTP/1.1" 200 2101 "https://tchealthsources.com/TC%20Health%20Sources/logs?S=A" "Mozilla/5.0 (Linux; Android 7.0;) AppleWebKit/537.36 (KHTML, like Gecko) Mobile Safari/537.36 (compatible; PetalBot;+https://webmaster.petalsearch.com/site/petalbot)" "tchealthsources.com"
185.191.171.14 - - [05/Nov/2022:17:23:14 -0700] "GET /TC%20Health%20Sources/yahoo_site_admin1/cache/ HTTP/1.1" 200 351 "-" "Mozilla/5.0 (compatible; SemrushBot/7~bl; +http://www.semrush.com/bot.html)" "tchealthsources.com"
51.222.253.17 - - [05/Nov/2022:17:25:27 -0700] "GET /TC%20Health%20Sources/yahoo_site_admin1/assets/images/?C=S;O=D HTTP/1.1" 200 355 "-" "Mozilla/5.0 (compatible; AhrefsBot/7.0; +http://ahrefs.com/robot/)" "tchealthsources.com"
114.119.136.134 - - [05/Nov/2022:17:25:28 -0700] "GET /TC%20Health%20Sources/clipart/buttons/themes/designer3?C=N%3BO%3DD HTTP/1.1" 301 1456 "https://tchealthsources.com/TC%20Health%20Sources/clipart/buttons/themes/designer3?D=A" "Mozilla/5.0 (Linux; Android 7.0;) AppleWebKit/537.36 (KHTML, like Gecko) Mobile Safari/537.36 (compatible; PetalBot;+https://webmaster.petalsearch.com/site/petalbot)" "tchealthsources.com"
114.119.136.134 - - [05/Nov/2022:17:25:30 -0700] "GET /TC%20Health%20Sources/clipart/buttons/themes/designer3/?C=N%3BO%3DD HTTP/1.1" 200 444 "https://tchealthsources.com/TC%20Health%20Sources/clipart/buttons/themes/designer3?D=A" "Mozilla/5.0 (Linux; Android 7.0;) AppleWebKit/537.36 (KHTML, like Gecko) Mobile Safari/537.36 (compatible; PetalBot;+https://webmaster.petalsearch.com/site/petalbot)" "tchealthsources.com"
114.119.136.109 - - [05/Nov/2022:17:30:28 -0700] "GET /clipart?D=D HTTP/1.1" 301 1413 "http://tchealthsources.com/clipart?D=A" "Mozilla/5.0 (Linux; Android 7.0;) AppleWebKit/537.36 (KHTML, like Gecko) Mobile Safari/537.36 (compatible; PetalBot;+https://webmaster.petalsearch.com/site/petalbot)" "tchealthsources.com"
114.119.136.109 - - [05/Nov/2022:17:30:29 -0700] "GET /clipart/?D=D HTTP/1.1" 200 380 "http://tchealthsources.com/clipart?D=A" "Mozilla/5.0 (Linux; Android 7.0;) AppleWebKit/537.36 (KHTML, like Gecko) Mobile Safari/537.36 (compatible; PetalBot;+https://webmaster.petalsearch.com/site/petalbot)" "tchealthsources.com"
87.250.224.112 - - [05/Nov/2022:17:30:47 -0700] "GET /robots.txt HTTP/1.1" 404 73 "-" "Mozilla/5.0 (compatible; YandexBot/3.0; +http://yandex.com/bots)" "tchealthsources.com"
87.250.224.14 - - [05/Nov/2022:17:30:51 -0700] "GET /clipart/buttons/themes/gray/?C=N;O=D HTTP/1.1" 200 404 "-" "Mozilla/5.0 (compatible; YandexBot/3.0; +http://yandex.com/bots)" "tchealthsources.com"
114.119.136.134 - - [05/Nov/2022:17:35:27 -0700] "GET /clipart/buttons/themes/jelly/?C=D%3BO%3DA HTTP/1.1" 200 416 "http://tchealthsources.com/clipart/buttons/themes/jelly" "Mozilla/5.0 (Linux; Android 7.0;) AppleWebKit/537.36 (KHTML, like Gecko) Mobile Safari/537.36 (compatible; PetalBot;+https://webmaster.petalsearch.com/site/petalbot)" "tchealthsources.com"
114.119.136.109 - - [05/Nov/2022:17:40:27 -0700] "GET /clipart/buttons/themes/gray HTTP/1.1" 301 1423 "http://tchealthsources.com/clipart/buttons/themes?C=N%3BO%3DD" "Mozilla/5.0 (Linux; Android 7.0;) AppleWebKit/537.36 (KHTML, like Gecko) Mobile Safari/537.36 (compatible; PetalBot;+https://webmaster.petalsearch.com/site/petalbot)" "tchealthsources.com"
114.119.136.109 - - [05/Nov/2022:17:40:28 -0700] "GET /clipart/buttons/themes/gray/ HTTP/1.1" 200 409 "http://tchealthsources.com/clipart/buttons/themes?C=N%3BO%3DD" "Mozilla/5.0 (Linux; Android 7.0;) AppleWebKit/537.36 (KHTML, like Gecko) Mobile Safari/537.36 (compatible; PetalBot;+https://webmaster.petalsearch.com/site/petalbot)" "tchealthsources.com"
185.191.171.15 - - [05/Nov/2022:17:41:31 -0700] "GET /TC%20Health%20Sources/logs/access_160318.log HTTP/1.1" 200 1796 "-" "Mozilla/5.0 (compatible; SemrushBot/7~bl; +http://www.semrush.com/bot.html)" "www.tchealthsources.com"
185.191.171.41 - - [05/Nov/2022:17:45:08 -0700] "GET /robots.txt HTTP/1.1" 404 88 "-" "Mozilla/5.0 (compatible; SemrushBot/7~bl; +http://www.semrush.com/bot.html)" "www.tchealthsources.com"
185.191.171.41 - - [05/Nov/2022:17:45:09 -0700] "GET /TC%20Health%20Sources/sitebuilder/images/?C=N%3BO%3DD HTTP/1.1" 200 2382 "-" "Mozilla/5.0 (compatible; SemrushBot/7~bl; +http://www.semrush.com/bot.html)" "www.tchealthsources.com"
114.119.136.13 - - [05/Nov/2022:17:45:26 -0700] "GET /TC%20Health%20Sources/clipart/buttons/themes/gray?M=A HTTP/1.1" 301 1445 "https://tchealthsources.com/TC%20Health%20Sources/clipart/buttons/themes/gray?D=D" "Mozilla/5.0 (Linux; Android 7.0;) AppleWebKit/537.36 (KHTML, like Gecko) Mobile Safari/537.36 (compatible; PetalBot;+https://webmaster.petalsearch.com/site/petalbot)" "tchealthsources.com"
114.119.136.13 - - [05/Nov/2022:17:45:28 -0700] "GET /TC%20Health%20Sources/clipart/buttons/themes/gray/?M=A HTTP/1.1" 200 435 "https://tchealthsources.com/TC%20Health%20Sources/clipart/buttons/themes/gray?D=D" "Mozilla/5.0 (Linux; Android 7.0;) AppleWebKit/537.36 (KHTML, like Gecko) Mobile Safari/537.36 (compatible; PetalBot;+https://webmaster.petalsearch.com/site/petalbot)" "tchealthsources.com"
114.119.136.109 - - [05/Nov/2022:17:50:26 -0700] "GET /TC%20Health%20Sources/clipart/buttons/themes/sky_blue?C=N%3BO%3DD HTTP/1.1" 301 1459 "https://tchealthsources.com/TC%20Health%20Sources/clipart/buttons/themes/sky_blue?N=A" "Mozilla/5.0 (Linux; Android 7.0;) AppleWebKit/537.36 (KHTML, like Gecko) Mobile Safari/537.36 (compatible; PetalBot;+https://webmaster.petalsearch.com/site/petalbot)" "tchealthsources.com"
114.119.136.109 - - [05/Nov/2022:17:50:27 -0700] "GET /TC%20Health%20Sources/clipart/buttons/themes/sky_blue/?C=N%3BO%3DD HTTP/1.1" 200 445 "https://tchealthsources.com/TC%20Health%20Sources/clipart/buttons/themes/sky_blue?N=A" "Mozilla/5.0 (Linux; Android 7.0;) AppleWebKit/537.36 (KHTML, like Gecko) Mobile Safari/537.36 (compatible; PetalBot;+https://webmaster.petalsearch.com/site/petalbot)" "tchealthsources.com"
185.191.171.34 - - [05/Nov/2022:17:51:39 -0700] "GET /clipart/buttons/?C=D%3BO%3DA HTTP/1.1" 200 360 "-" "Mozilla/5.0 (compatible; SemrushBot/7~bl; +http://www.semrush.com/bot.html)" "tchealthsources.com"
54.36.149.67 - - [05/Nov/2022:17:54:55 -0700] "GET /TC%20Health%20Sources/yahoo_site_admin1/assets/?C=N;O=D HTTP/1.1" 200 388 "-" "Mozilla/5.0 (compatible; AhrefsBot/7.0; +http://ahrefs.com/robot/)" "www.tchealthsources.com"
114.119.136.128 - - [05/Nov/2022:17:55:27 -0700] "GET /TC%20Health%20Sources/yahoo_site_admin1/assets?M=D HTTP/1.1" 301 1442 "https://tchealthsources.com/TC%20Health%20Sources/yahoo_site_admin1/assets?M=A" "Mozilla/5.0 (Linux; Android 7.0;) AppleWebKit/537.36 (KHTML, like Gecko) Mobile Safari/537.36 (compatible; PetalBot;+https://webmaster.petalsearch.com/site/petalbot)" "tchealthsources.com"
114.119.136.128 - - [05/Nov/2022:17:55:29 -0700] "GET /TC%20Health%20Sources/yahoo_site_admin1/assets/?M=D HTTP/1.1" 200 390 "https://tchealthsources.com/TC%20Health%20Sources/yahoo_site_admin1/assets?M=A" "Mozilla/5.0 (Linux; Android 7.0;) AppleWebKit/537.36 (KHTML, like Gecko) Mobile Safari/537.36 (compatible; PetalBot;+https://webmaster.petalsearch.com/site/petalbot)" "tchealthsources.com"
185.191.171.1 - - [05/Nov/2022:17:58:47 -0700] "GET /TC%20Health%20Sources/logs/access_160409.log HTTP/1.1" 200 1476 "-" "Mozilla/5.0 (compatible; SemrushBot/7~bl; +http://www.semrush.com/bot.html)" "www.tchealthsources.com"
114.119.136.128 - - [05/Nov/2022:18:00:26 -0700] "GET /clipart/buttons/themes/sky_blue?D=D HTTP/1.1" 301 1434 "http://tchealthsources.com/clipart/buttons/themes/sky_blue?D=A" "Mozilla/5.0 (Linux; Android 7.0;) AppleWebKit/537.36 (KHTML, like Gecko) Mobile Safari/537.36 (compatible; PetalBot;+https://webmaster.petalsearch.com/site/petalbot)" "tchealthsources.com"
114.119.136.128 - - [05/Nov/2022:18:00:26 -0700] "GET /clipart/buttons/themes/sky_blue/?D=D HTTP/1.1" 200 422 "http://tchealthsources.com/clipart/buttons/themes/sky_blue?D=A" "Mozilla/5.0 (Linux; Android 7.0;) AppleWebKit/537.36 (KHTML, like Gecko) Mobile Safari/537.36 (compatible; PetalBot;+https://webmaster.petalsearch.com/site/petalbot)" "tchealthsources.com"
185.191.171.45 - - [05/Nov/2022:18:00:59 -0700] "GET /TC%20Health%20Sources/sitebuilder/applets/?C=D%3BO%3DA HTTP/1.1" 200 405 "-" "Mozilla/5.0 (compatible; SemrushBot/7~bl; +http://www.semrush.com/bot.html)" "tchealthsources.com"
114.119.136.109 - - [05/Nov/2022:18:05:28 -0700] "GET /robots.txt HTTP/1.1" 404 88 "-" "Mozilla/5.0 (Linux; Android 7.0;) AppleWebKit/537.36 (KHTML, like Gecko) Mobile Safari/537.36 (compatible; PetalBot;+https://webmaster.petalsearch.com/site/petalbot)" "tchealthsources.com"
114.119.136.128 - - [05/Nov/2022:18:10:28 -0700] "GET /TC%20Health%20Sources/yahoo_site_admin/assets/images?C=D%3BO%3DA HTTP/1.1" 301 1455 "https://tchealthsources.com/TC%20Health%20Sources/yahoo_site_admin/assets/images?S=A" "Mozilla/5.0 (Linux; Android 7.0;) AppleWebKit/537.36 (KHTML, like Gecko) Mobile Safari/537.36 (compatible; PetalBot;+https://webmaster.petalsearch.com/site/petalbot)" "tchealthsources.com"
114.119.136.128 - - [05/Nov/2022:18:10:31 -0700] "GET /TC%20Health%20Sources/yahoo_site_admin/assets/images/?C=D%3BO%3DA HTTP/1.1" 200 356 "https://tchealthsources.com/TC%20Health%20Sources/yahoo_site_admin/assets/images?S=A" "Mozilla/5.0 (Linux; Android 7.0;) AppleWebKit/537.36 (KHTML, like Gecko) Mobile Safari/537.36 (compatible; PetalBot;+https://webmaster.petalsearch.com/site/petalbot)" "tchealthsources.com"
185.191.171.6 - - [05/Nov/2022:18:13:44 -0700] "GET /TC%20Health%20Sources/yahoo_site_admin/assets/images/?C=M%3BO%3DA HTTP/1.1" 200 356 "-" "Mozilla/5.0 (compatible; SemrushBot/7~bl; +http://www.semrush.com/bot.html)" "www.tchealthsources.com"
114.119.136.134 - - [05/Nov/2022:18:15:31 -0700] "GET /TC%20Health%20Sources/?C=S%3BO%3DA HTTP/1.1" 200 564 "https://tchealthsources.com/TC%20Health%20Sources?S=D" "Mozilla/5.0 (Linux; Android 7.0;) AppleWebKit/537.36 (KHTML, like Gecko) Mobile Safari/537.36 (compatible; PetalBot;+https://webmaster.petalsearch.com/site/petalbot)" "tchealthsources.com"
185.191.171.7 - - [05/Nov/2022:18:18:25 -0700] "GET /TC%20Health%20Sources/images/?C=S%3BO%3DA HTTP/1.1" 200 1393 "-" "Mozilla/5.0 (compatible; SemrushBot/7~bl; +http://www.semrush.com/bot.html)" "www.tchealthsources.com"
51.222.253.18 - - [05/Nov/2022:18:19:19 -0700] "GET /clipart/buttons/themes/gray/?C=S;O=D HTTP/1.1" 200 404 "-" "Mozilla/5.0 (compatible; AhrefsBot/7.0; +http://ahrefs.com/robot/)" "tchealthsources.com"
114.119.136.13 - - [05/Nov/2022:18:20:39 -0700] "GET /TC%20Health%20Sources/clipart/images/general?D=A HTTP/1.1" 301 1441 "https://tchealthsources.com/TC%20Health%20Sources/clipart/images/general?M=A" "Mozilla/5.0 (Linux; Android 7.0;) AppleWebKit/537.36 (KHTML, like Gecko) Mobile Safari/537.36 (compatible; PetalBot;+https://webmaster.petalsearch.com/site/petalbot)" "tchealthsources.com"
114.119.136.13 - - [05/Nov/2022:18:20:43 -0700] "GET /TC%20Health%20Sources/clipart/images/general/?D=A HTTP/1.1" 200 403 "https://tchealthsources.com/TC%20Health%20Sources/clipart/images/general?M=A" "Mozilla/5.0 (Linux; Android 7.0;) AppleWebKit/537.36 (KHTML, like Gecko) Mobile Safari/537.36 (compatible; PetalBot;+https://webmaster.petalsearch.com/site/petalbot)" "tchealthsources.com"
114.119.136.109 - - [05/Nov/2022:18:25:28 -0700] "GET /clipart/images/general?C=M%3BO%3DA HTTP/1.1" 301 1433 "http://tchealthsources.com/clipart/images/general?M=D" "Mozilla/5.0 (Linux; Android 7.0;) AppleWebKit/537.36 (KHTML, like Gecko) Mobile Safari/537.36 (compatible; PetalBot;+https://webmaster.petalsearch.com/site/petalbot)" "tchealthsources.com"
114.119.136.109 - - [05/Nov/2022:18:25:29 -0700] "GET /clipart/images/general/?C=M%3BO%3DA HTTP/1.1" 200 376 "http://tchealthsources.com/clipart/images/general?M=D" "Mozilla/5.0 (Linux; Android 7.0;) AppleWebKit/537.36 (KHTML, like Gecko) Mobile Safari/537.36 (compatible; PetalBot;+https://webmaster.petalsearch.com/site/petalbot)" "tchealthsources.com"
54.36.149.53 - - [05/Nov/2022:18:26:54 -0700] "GET /TC%20Health%20Sources/clipart/buttons/themes/jelly/?C=N;O=D HTTP/1.1" 200 435 "-" "Mozilla/5.0 (compatible; AhrefsBot/7.0; +http://ahrefs.com/robot/)" "www.tchealthsources.com"
34.78.36.141 - - [05/Nov/2022:18:27:43 -0700] "GET / HTTP/1.1" 200 1331 "-" "Mozilla/5.0 (Windows NT 10.0; Win64; x64) AppleWebKit/537.36 (KHTML, like Gecko) Chrome/84.0.4147.105 Safari/537.36" "www.tchealthsources.com"
114.119.136.13 - - [05/Nov/2022:18:30:27 -0700] "GET /clipart/buttons/themes/simple?N=D HTTP/1.1" 301 1430 "http://tchealthsources.com/clipart/buttons/themes/simple?N=A" "Mozilla/5.0 (Linux; Android 7.0;) AppleWebKit/537.36 (KHTML, like Gecko) Mobile Safari/537.36 (compatible; PetalBot;+https://webmaster.petalsearch.com/site/petalbot)" "tchealthsources.com"
114.119.136.13 - - [05/Nov/2022:18:30:28 -0700] "GET /clipart/buttons/themes/simple/?N=D HTTP/1.1" 200 417 "http://tchealthsources.com/clipart/buttons/themes/simple?N=A" "Mozilla/5.0 (Linux; Android 7.0;) AppleWebKit/537.36 (KHTML, like Gecko) Mobile Safari/537.36 (compatible; PetalBot;+https://webmaster.petalsearch.com/site/petalbot)" "tchealthsources.com"
51.222.253.18 - - [05/Nov/2022:18:31:29 -0700] "GET /TC%20Health%20Sources/clipart/buttons/themes/sky_blue/?C=M;O=D HTTP/1.1" 200 441 "-" "Mozilla/5.0 (compatible; AhrefsBot/7.0; +http://ahrefs.com/robot/)" "tchealthsources.com"
51.222.253.15 - - [05/Nov/2022:18:32:29 -0700] "GET /clipart/buttons/themes/sky_blue/?C=S;O=D HTTP/1.1" 200 418 "-" "Mozilla/5.0 (compatible; AhrefsBot/7.0; +http://ahrefs.com/robot/)" "tchealthsources.com"
51.222.253.7 - - [05/Nov/2022:18:33:28 -0700] "GET /TC%20Health%20Sources/clipart/buttons/?C=D;O=D HTTP/1.1" 200 381 "-" "Mozilla/5.0 (compatible; AhrefsBot/7.0; +http://ahrefs.com/robot/)" "tchealthsources.com"
51.222.253.1 - - [05/Nov/2022:18:34:23 -0700] "GET /TC%20Health%20Sources/clipart/buttons/themes/simple/?C=D;O=D HTTP/1.1" 200 435 "-" "Mozilla/5.0 (compatible; AhrefsBot/7.0; +http://ahrefs.com/robot/)" "tchealthsources.com"
51.222.253.18 - - [05/Nov/2022:18:35:19 -0700] "GET /TC%20Health%20Sources/clipart/buttons/themes/simple/?C=S;O=D HTTP/1.1" 200 435 "-" "Mozilla/5.0 (compatible; AhrefsBot/7.0; +http://ahrefs.com/robot/)" "tchealthsources.com"
114.119.136.13 - - [05/Nov/2022:18:35:30 -0700] "GET /clipart/buttons/?C=S%3BO%3DA HTTP/1.1" 200 360 "http://tchealthsources.com/clipart/buttons?C=M%3BO%3DA" "Mozilla/5.0 (Linux; Android 7.0;) AppleWebKit/537.36 (KHTML, like Gecko) Mobile Safari/537.36 (compatible; PetalBot;+https://webmaster.petalsearch.com/site/petalbot)" "tchealthsources.com"
51.222.253.4 - - [05/Nov/2022:18:36:13 -0700] "GET /TC%20Health%20Sources/clipart/buttons/themes/gray/?C=D;O=D HTTP/1.1" 200 430 "-" "Mozilla/5.0 (compatible; AhrefsBot/7.0; +http://ahrefs.com/robot/)" "tchealthsources.com"
51.222.253.8 - - [05/Nov/2022:18:37:56 -0700] "GET /clipart/buttons/themes/?C=N;O=D HTTP/1.1" 200 510 "-" "Mozilla/5.0 (compatible; AhrefsBot/7.0; +http://ahrefs.com/robot/)" "tchealthsources.com"
51.222.253.18 - - [05/Nov/2022:18:38:48 -0700] "GET /TC%20Health%20Sources/clipart/buttons/themes/?C=N;O=D HTTP/1.1" 200 480 "-" "Mozilla/5.0 (compatible; AhrefsBot/7.0; +http://ahrefs.com/robot/)" "tchealthsources.com"
114.119.136.128 - - [05/Nov/2022:18:40:32 -0700] "GET /TC%20Health%20Sources/clipart/buttons/themes/?C=S%3BO%3DA HTTP/1.1" 200 479 "https://tchealthsources.com/TC%20Health%20Sources/clipart/buttons/themes?N=A" "Mozilla/5.0 (Linux; Android 7.0;) AppleWebKit/537.36 (KHTML, like Gecko) Mobile Safari/537.36 (compatible; PetalBot;+https://webmaster.petalsearch.com/site/petalbot)" "tchealthsources.com"
185.191.171.5 - - [05/Nov/2022:18:43:16 -0700] "GET /TC%20Health%20Sources/media/?C=M%3BO%3DA HTTP/1.1" 200 409 "-" "Mozilla/5.0 (compatible; SemrushBot/7~bl; +http://www.semrush.com/bot.html)" "www.tchealthsources.com"
185.191.171.17 - - [05/Nov/2022:18:44:41 -0700] "GET /robots.txt HTTP/1.1" 404 88 "-" "Mozilla/5.0 (compatible; SemrushBot/7~bl; +http://www.semrush.com/bot.html)" "tchealthsources.com"
114.119.134.224 - - [05/Nov/2022:18:45:29 -0700] "GET /TC%20Health%20Sources/logs/access_160327.log HTTP/1.1" 200 1490 "https://tchealthsources.com/TC%20Health%20Sources/logs?S=A" "Mozilla/5.0 (Linux; Android 7.0;) AppleWebKit/537.36 (KHTML, like Gecko) Mobile Safari/537.36 (compatible; PetalBot;+https://webmaster.petalsearch.com/site/petalbot)" "tchealthsources.com"
185.191.171.9 - - [05/Nov/2022:18:45:41 -0700] "GET /TC%20Health%20Sources/Index.html HTTP/1.1" 200 2664 "-" "Mozilla/5.0 (compatible; SemrushBot/7~bl; +http://www.semrush.com/bot.html)" "tchealthsources.com"
185.191.171.23 - - [05/Nov/2022:18:49:07 -0700] "GET /TC%20Health%20Sources/yahoo_site_admin/cache/?C=S%3BO%3DA HTTP/1.1" 200 350 "-" "Mozilla/5.0 (compatible; SemrushBot/7~bl; +http://www.semrush.com/bot.html)" "tchealthsources.com"
114.119.136.13 - - [05/Nov/2022:18:50:30 -0700] "GET /TC%20Health%20Sources/media?M=D HTTP/1.1" 301 1429 "https://tchealthsources.com/TC%20Health%20Sources/media?M=A" "Mozilla/5.0 (Linux; Android 7.0;) AppleWebKit/537.36 (KHTML, like Gecko) Mobile Safari/537.36 (compatible; PetalBot;+https://webmaster.petalsearch.com/site/petalbot)" "tchealthsources.com"
114.119.136.13 - - [05/Nov/2022:18:50:31 -0700] "GET /TC%20Health%20Sources/media/?M=D HTTP/1.1" 200 409 "https://tchealthsources.com/TC%20Health%20Sources/media?M=A" "Mozilla/5.0 (Linux; Android 7.0;) AppleWebKit/537.36 (KHTML, like Gecko) Mobile Safari/537.36 (compatible; PetalBot;+https://webmaster.petalsearch.com/site/petalbot)" "tchealthsources.com"
185.191.171.34 - - [05/Nov/2022:18:51:15 -0700] "GET /robots.txt HTTP/1.1" 404 88 "-" "Mozilla/5.0 (compatible; SemrushBot/7~bl; +http://www.semrush.com/bot.html)" "www.tchealthsources.com"
185.191.171.40 - - [05/Nov/2022:18:51:16 -0700] "GET /TC%20Health%20Sources/yahoo_site_admin1/?C=N%3BO%3DD HTTP/1.1" 200 418 "-" "Mozilla/5.0 (compatible; SemrushBot/7~bl; +http://www.semrush.com/bot.html)" "www.tchealthsources.com"
185.191.171.14 - - [05/Nov/2022:18:54:03 -0700] "GET /clipart/buttons/themes/view-screen/?C=N%3BO%3DD HTTP/1.1" 200 433 "-" "Mozilla/5.0 (compatible; SemrushBot/7~bl; +http://www.semrush.com/bot.html)" "www.tchealthsources.com"
114.119.136.13 - - [05/Nov/2022:18:55:28 -0700] "GET /clipart?D=A HTTP/1.1" 301 1413 "http://tchealthsources.com/clipart/?M=A" "Mozilla/5.0 (Linux; Android 7.0;) AppleWebKit/537.36 (KHTML, like Gecko) Mobile Safari/537.36 (compatible; PetalBot;+https://webmaster.petalsearch.com/site/petalbot)" "tchealthsources.com"
114.119.136.13 - - [05/Nov/2022:18:55:30 -0700] "GET /clipart/?D=A HTTP/1.1" 200 380 "http://tchealthsources.com/clipart/?M=A" "Mozilla/5.0 (Linux; Android 7.0;) AppleWebKit/537.36 (KHTML, like Gecko) Mobile Safari/537.36 (compatible; PetalBot;+https://webmaster.petalsearch.com/site/petalbot)" "tchealthsources.com"
185.191.171.34 - - [05/Nov/2022:18:55:30 -0700] "GET /TC%20Health%20Sources/clipart/images/general/?C=D%3BO%3DA HTTP/1.1" 200 403 "-" "Mozilla/5.0 (compatible; SemrushBot/7~bl; +http://www.semrush.com/bot.html)" "www.tchealthsources.com"
185.191.171.34 - - [05/Nov/2022:18:58:25 -0700] "GET /TC%20Health%20Sources/images/?C=D%3BO%3DA HTTP/1.1" 200 1393 "-" "Mozilla/5.0 (compatible; SemrushBot/7~bl; +http://www.semrush.com/bot.html)" "tchealthsources.com"
185.191.171.5 - - [05/Nov/2022:18:58:34 -0700] "GET /TC%20Health%20Sources/clipart/buttons/?C=M%3BO%3DA HTTP/1.1" 200 383 "-" "Mozilla/5.0 (compatible; SemrushBot/7~bl; +http://www.semrush.com/bot.html)" "www.tchealthsources.com"
114.119.136.12 - - [05/Nov/2022:19:00:28 -0700] "GET /TC%20Health%20Sources/yahoo_site_admin/cache?C=N%3BO%3DD HTTP/1.1" 301 1449 "https://tchealthsources.com/TC%20Health%20Sources/yahoo_site_admin/cache?M=D" "Mozilla/5.0 (Linux; Android 7.0;) AppleWebKit/537.36 (KHTML, like Gecko) Mobile Safari/537.36 (compatible; PetalBot;+https://webmaster.petalsearch.com/site/petalbot)" "tchealthsources.com"
114.119.136.12 - - [05/Nov/2022:19:00:29 -0700] "GET /TC%20Health%20Sources/yahoo_site_admin/cache/?C=N%3BO%3DD HTTP/1.1" 200 350 "https://tchealthsources.com/TC%20Health%20Sources/yahoo_site_admin/cache?M=D" "Mozilla/5.0 (Linux; Android 7.0;) AppleWebKit/537.36 (KHTML, like Gecko) Mobile Safari/537.36 (compatible; PetalBot;+https://webmaster.petalsearch.com/site/petalbot)" "tchealthsources.com"
114.119.136.128 - - [05/Nov/2022:19:05:39 -0700] "GET /TC%20Health%20Sources/yahoo_site_admin?C=M%3BO%3DA HTTP/1.1" 301 1446 "https://tchealthsources.com/TC%20Health%20Sources/yahoo_site_admin?D=D" "Mozilla/5.0 (Linux; Android 7.0;) AppleWebKit/537.36 (KHTML, like Gecko) Mobile Safari/537.36 (compatible; PetalBot;+https://webmaster.petalsearch.com/site/petalbot)" "tchealthsources.com"
114.119.136.128 - - [05/Nov/2022:19:05:40 -0700] "GET /TC%20Health%20Sources/yahoo_site_admin/?C=M%3BO%3DA HTTP/1.1" 200 429 "https://tchealthsources.com/TC%20Health%20Sources/yahoo_site_admin?D=D" "Mozilla/5.0 (Linux; Android 7.0;) AppleWebKit/537.36 (KHTML, like Gecko) Mobile Safari/537.36 (compatible; PetalBot;+https://webmaster.petalsearch.com/site/petalbot)" "tchealthsources.com"
114.119.136.128 - - [05/Nov/2022:19:10:29 -0700] "GET /TC%20Health%20Sources/clipart/buttons/themes/jelly/ HTTP/1.1" 200 439 "https://tchealthsources.com/TC%20Health%20Sources/clipart/buttons/themes?N=A" "Mozilla/5.0 (Linux; Android 7.0;) AppleWebKit/537.36 (KHTML, like Gecko) Mobile Safari/537.36 (compatible; PetalBot;+https://webmaster.petalsearch.com/site/petalbot)" "tchealthsources.com"
185.191.171.23 - - [05/Nov/2022:19:11:47 -0700] "GET /clipart/buttons/themes/swoosh_blue/?C=D%3BO%3DA HTTP/1.1" 200 419 "-" "Mozilla/5.0 (compatible; SemrushBot/7~bl; +http://www.semrush.com/bot.html)" "www.tchealthsources.com"
114.119.136.13 - - [05/Nov/2022:19:15:28 -0700] "GET /TC%20Health%20Sources/yahoo_site_admin/cache?D=D HTTP/1.1" 301 1440 "https://tchealthsources.com/TC%20Health%20Sources/yahoo_site_admin/cache?D=A" "Mozilla/5.0 (Linux; Android 7.0;) AppleWebKit/537.36 (KHTML, like Gecko) Mobile Safari/537.36 (compatible; PetalBot;+https://webmaster.petalsearch.com/site/petalbot)" "tchealthsources.com"
114.119.136.13 - - [05/Nov/2022:19:15:29 -0700] "GET /TC%20Health%20Sources/yahoo_site_admin/cache/?D=D HTTP/1.1" 200 350 "https://tchealthsources.com/TC%20Health%20Sources/yahoo_site_admin/cache?D=A" "Mozilla/5.0 (Linux; Android 7.0;) AppleWebKit/537.36 (KHTML, like Gecko) Mobile Safari/537.36 (compatible; PetalBot;+https://webmaster.petalsearch.com/site/petalbot)" "tchealthsources.com"
185.191.171.2 - - [05/Nov/2022:19:16:15 -0700] "GET /TC%20Health%20Sources/clipart/buttons/themes/designer1/?C=S%3BO%3DA HTTP/1.1" 200 446 "-" "Mozilla/5.0 (compatible; SemrushBot/7~bl; +http://www.semrush.com/bot.html)" "tchealthsources.com"
51.222.253.20 - - [05/Nov/2022:19:20:02 -0700] "GET /TC%20Health%20Sources/clipart/buttons/?C=N;O=A HTTP/1.1" 200 383 "-" "Mozilla/5.0 (compatible; AhrefsBot/7.0; +http://ahrefs.com/robot/)" "tchealthsources.com"
114.119.136.113 - - [05/Nov/2022:19:20:28 -0700] "GET /clipart/images?N=D HTTP/1.1" 301 1418 "http://tchealthsources.com/clipart/images" "Mozilla/5.0 (Linux; Android 7.0;) AppleWebKit/537.36 (KHTML, like Gecko) Mobile Safari/537.36 (compatible; PetalBot;+https://webmaster.petalsearch.com/site/petalbot)" "tchealthsources.com"
114.119.136.113 - - [05/Nov/2022:19:20:29 -0700] "GET /clipart/images/?N=D HTTP/1.1" 200 359 "http://tchealthsources.com/clipart/images" "Mozilla/5.0 (Linux; Android 7.0;) AppleWebKit/537.36 (KHTML, like Gecko) Mobile Safari/537.36 (compatible; PetalBot;+https://webmaster.petalsearch.com/site/petalbot)" "tchealthsources.com"
114.119.136.134 - - [05/Nov/2022:19:25:28 -0700] "GET /TC%20Health%20Sources/tmp?N=A HTTP/1.1" 301 1429 "https://tchealthsources.com/TC%20Health%20Sources/tmp?D=D" "Mozilla/5.0 (Linux; Android 7.0;) AppleWebKit/537.36 (KHTML, like Gecko) Mobile Safari/537.36 (compatible; PetalBot;+https://webmaster.petalsearch.com/site/petalbot)" "tchealthsources.com"
114.119.136.134 - - [05/Nov/2022:19:25:29 -0700] "GET /TC%20Health%20Sources/tmp/?N=A HTTP/1.1" 200 386 "https://tchealthsources.com/TC%20Health%20Sources/tmp?D=D" "Mozilla/5.0 (Linux; Android 7.0;) AppleWebKit/537.36 (KHTML, like Gecko) Mobile Safari/537.36 (compatible; PetalBot;+https://webmaster.petalsearch.com/site/petalbot)" "tchealthsources.com"
205.210.31.18 - - [05/Nov/2022:19:27:38 -0700] "GET / HTTP/1.1" 200 1331 "-" "Expanse, a Palo Alto Networks company, searches across the global IPv4 space multiple times per day to identify customers&#39; presences on the Internet. If you would like to be excluded from our scans, please send IP addresses/domains to: scaninfo@paloaltonetworks.com" "tchealthsources.com"
114.119.136.113 - - [05/Nov/2022:19:30:27 -0700] "GET /clipart/buttons/themes/designer3?S=D HTTP/1.1" 301 1431 "http://tchealthsources.com/clipart/buttons/themes/designer3?S=A" "Mozilla/5.0 (Linux; Android 7.0;) AppleWebKit/537.36 (KHTML, like Gecko) Mobile Safari/537.36 (compatible; PetalBot;+https://webmaster.petalsearch.com/site/petalbot)" "tchealthsources.com"
114.119.136.113 - - [05/Nov/2022:19:30:27 -0700] "GET /clipart/buttons/themes/designer3/?S=D HTTP/1.1" 200 422 "http://tchealthsources.com/clipart/buttons/themes/designer3?S=A" "Mozilla/5.0 (Linux; Android 7.0;) AppleWebKit/537.36 (KHTML, like Gecko) Mobile Safari/537.36 (compatible; PetalBot;+https://webmaster.petalsearch.com/site/petalbot)" "tchealthsources.com"
114.119.136.134 - - [05/Nov/2022:19:35:27 -0700] "GET /TC%20Health%20Sources/files?S=A HTTP/1.1" 301 1429 "https://tchealthsources.com/TC%20Health%20Sources/files?M=D" "Mozilla/5.0 (Linux; Android 7.0;) AppleWebKit/537.36 (KHTML, like Gecko) Mobile Safari/537.36 (compatible; PetalBot;+https://webmaster.petalsearch.com/site/petalbot)" "tchealthsources.com"
114.119.136.134 - - [05/Nov/2022:19:35:29 -0700] "GET /TC%20Health%20Sources/files/?S=A HTTP/1.1" 200 441 "https://tchealthsources.com/TC%20Health%20Sources/files?M=D" "Mozilla/5.0 (Linux; Android 7.0;) AppleWebKit/537.36 (KHTML, like Gecko) Mobile Safari/537.36 (compatible; PetalBot;+https://webmaster.petalsearch.com/site/petalbot)" "tchealthsources.com"
185.191.171.5 - - [05/Nov/2022:19:39:28 -0700] "GET /TC%20Health%20Sources/yahoo_site_admin/assets/images/ HTTP/1.1" 200 356 "-" "Mozilla/5.0 (compatible; SemrushBot/7~bl; +http://www.semrush.com/bot.html)" "www.tchealthsources.com"
185.191.171.10 - - [05/Nov/2022:19:42:15 -0700] "GET /TC%20Health%20Sources/clipart/ HTTP/1.1" 200 391 "-" "Mozilla/5.0 (compatible; SemrushBot/7~bl; +http://www.semrush.com/bot.html)" "tchealthsources.com"
185.191.171.7 - - [05/Nov/2022:19:50:28 -0700] "GET /TC%20Health%20Sources/logs/access_160403.log HTTP/1.1" 200 2040 "-" "Mozilla/5.0 (compatible; SemrushBot/7~bl; +http://www.semrush.com/bot.html)" "www.tchealthsources.com"
185.191.171.25 - - [05/Nov/2022:20:01:38 -0700] "GET /robots.txt HTTP/1.1" 404 88 "-" "Mozilla/5.0 (compatible; SemrushBot/7~bl; +http://www.semrush.com/bot.html)" "www.tchealthsources.com"
185.191.171.9 - - [05/Nov/2022:20:01:38 -0700] "GET /robots.txt HTTP/1.1" 404 88 "-" "Mozilla/5.0 (compatible; SemrushBot/7~bl; +http://www.semrush.com/bot.html)" "tchealthsources.com"
185.191.171.4 - - [05/Nov/2022:20:01:38 -0700] "GET /TC%20Health%20Sources/sitebuilder/?C=M%3BO%3DA HTTP/1.1" 200 446 "-" "Mozilla/5.0 (compatible; SemrushBot/7~bl; +http://www.semrush.com/bot.html)" "tchealthsources.com"
185.191.171.15 - - [05/Nov/2022:20:01:39 -0700] "GET /TC%20Health%20Sources/yahoo_site_admin/cache/?C=D%3BO%3DA HTTP/1.1" 200 350 "-" "Mozilla/5.0 (compatible; SemrushBot/7~bl; +http://www.semrush.com/bot.html)" "www.tchealthsources.com"
185.191.171.24 - - [05/Nov/2022:20:03:17 -0700] "GET /TC%20Health%20Sources/tmp/?C=S%3BO%3DA HTTP/1.1" 200 386 "-" "Mozilla/5.0 (compatible; SemrushBot/7~bl; +http://www.semrush.com/bot.html)" "www.tchealthsources.com"
185.191.171.36 - - [05/Nov/2022:20:15:10 -0700] "GET /TC%20Health%20Sources/logs/access_160407.log HTTP/1.1" 200 1052 "-" "Mozilla/5.0 (compatible; SemrushBot/7~bl; +http://www.semrush.com/bot.html)" "www.tchealthsources.com"
185.191.171.23 - - [05/Nov/2022:20:17:24 -0700] "GET /TC%20Health%20Sources/logs/access_160405.log HTTP/1.1" 200 2549 "-" "Mozilla/5.0 (compatible; SemrushBot/7~bl; +http://www.semrush.com/bot.html)" "www.tchealthsources.com"
51.222.253.10 - - [05/Nov/2022:20:17:53 -0700] "GET /TC%20Health%20Sources/clipart/buttons/themes/simple/?C=M;O=D HTTP/1.1" 200 438 "-" "Mozilla/5.0 (compatible; AhrefsBot/7.0; +http://ahrefs.com/robot/)" "tchealthsources.com"
185.191.171.6 - - [05/Nov/2022:20:24:24 -0700] "GET /clipart/buttons/themes/jelly/?C=N%3BO%3DD HTTP/1.1" 200 416 "-" "Mozilla/5.0 (compatible; SemrushBot/7~bl; +http://www.semrush.com/bot.html)" "www.tchealthsources.com"
104.41.219.130 - - [05/Nov/2022:20:36:47 -0700] "GET / HTTP/1.1" 200 1331 "-" "Mozilla/5.0 (Windows NT 10.0; Win64; x64) AppleWebKit/537.36 (KHTML, like Gecko) Chrome/95.0.4638.69 Safari/537.36" "tchealthsources.com"
104.41.219.130 - - [05/Nov/2022:20:36:48 -0700] "GET /wp-includes/ID3/license.txt HTTP/1.1" 404 73 "-" "Mozilla/5.0 (Windows NT 10.0; Win64; x64) AppleWebKit/537.36 (KHTML, like Gecko) Chrome/95.0.4638.69 Safari/537.36" "tchealthsources.com"
104.41.219.130 - - [05/Nov/2022:20:36:48 -0700] "GET /feed/ HTTP/1.1" 404 73 "-" "Mozilla/5.0 (Windows NT 10.0; Win64; x64) AppleWebKit/537.36 (KHTML, like Gecko) Chrome/95.0.4638.69 Safari/537.36" "tchealthsources.com"
104.41.219.130 - - [05/Nov/2022:20:36:49 -0700] "GET /blog/wp-includes/wlwmanifest.xml HTTP/1.1" 404 73 "-" "Mozilla/5.0 (Windows NT 10.0; Win64; x64) AppleWebKit/537.36 (KHTML, like Gecko) Chrome/95.0.4638.69 Safari/537.36" "tchealthsources.com"
104.41.219.130 - - [05/Nov/2022:20:36:49 -0700] "GET /web/wp-includes/wlwmanifest.xml HTTP/1.1" 404 73 "-" "Mozilla/5.0 (Windows NT 10.0; Win64; x64) AppleWebKit/537.36 (KHTML, like Gecko) Chrome/95.0.4638.69 Safari/537.36" "tchealthsources.com"
104.41.219.130 - - [05/Nov/2022:20:36:49 -0700] "GET /wordpress/wp-includes/wlwmanifest.xml HTTP/1.1" 404 73 "-" "Mozilla/5.0 (Windows NT 10.0; Win64; x64) AppleWebKit/537.36 (KHTML, like Gecko) Chrome/95.0.4638.69 Safari/537.36" "tchealthsources.com"
104.41.219.130 - - [05/Nov/2022:20:36:49 -0700] "GET /wp/wp-includes/wlwmanifest.xml HTTP/1.1" 404 73 "-" "Mozilla/5.0 (Windows NT 10.0; Win64; x64) AppleWebKit/537.36 (KHTML, like Gecko) Chrome/95.0.4638.69 Safari/537.36" "tchealthsources.com"
104.41.219.130 - - [05/Nov/2022:20:36:50 -0700] "GET /2020/wp-includes/wlwmanifest.xml HTTP/1.1" 404 73 "-" "Mozilla/5.0 (Windows NT 10.0; Win64; x64) AppleWebKit/537.36 (KHTML, like Gecko) Chrome/95.0.4638.69 Safari/537.36" "tchealthsources.com"
104.41.219.130 - - [05/Nov/2022:20:36:50 -0700] "GET /2019/wp-includes/wlwmanifest.xml HTTP/1.1" 404 73 "-" "Mozilla/5.0 (Windows NT 10.0; Win64; x64) AppleWebKit/537.36 (KHTML, like Gecko) Chrome/95.0.4638.69 Safari/537.36" "tchealthsources.com"
104.41.219.130 - - [05/Nov/2022:20:36:50 -0700] "GET /2021/wp-includes/wlwmanifest.xml HTTP/1.1" 404 73 "-" "Mozilla/5.0 (Windows NT 10.0; Win64; x64) AppleWebKit/537.36 (KHTML, like Gecko) Chrome/95.0.4638.69 Safari/537.36" "tchealthsources.com"
104.41.219.130 - - [05/Nov/2022:20:36:51 -0700] "GET /shop/wp-includes/wlwmanifest.xml HTTP/1.1" 404 73 "-" "Mozilla/5.0 (Windows NT 10.0; Win64; x64) AppleWebKit/537.36 (KHTML, like Gecko) Chrome/95.0.4638.69 Safari/537.36" "tchealthsources.com"
104.41.219.130 - - [05/Nov/2022:20:36:51 -0700] "GET /test/wp-includes/wlwmanifest.xml HTTP/1.1" 404 73 "-" "Mozilla/5.0 (Windows NT 10.0; Win64; x64) AppleWebKit/537.36 (KHTML, like Gecko) Chrome/95.0.4638.69 Safari/537.36" "tchealthsources.com"
104.41.219.130 - - [05/Nov/2022:20:36:51 -0700] "GET /site/wp-includes/wlwmanifest.xml HTTP/1.1" 404 73 "-" "Mozilla/5.0 (Windows NT 10.0; Win64; x64) AppleWebKit/537.36 (KHTML, like Gecko) Chrome/95.0.4638.69 Safari/537.36" "tchealthsources.com"
104.41.219.130 - - [05/Nov/2022:20:36:52 -0700] "GET /cms/wp-includes/wlwmanifest.xml HTTP/1.1" 404 73 "-" "Mozilla/5.0 (Windows NT 10.0; Win64; x64) AppleWebKit/537.36 (KHTML, like Gecko) Chrome/95.0.4638.69 Safari/537.36" "tchealthsources.com"
51.222.253.9 - - [05/Nov/2022:20:37:51 -0700] "GET /TC%20Health%20Sources/clipart/buttons/themes/designer3/?C=S;O=D HTTP/1.1" 200 442 "-" "Mozilla/5.0 (compatible; AhrefsBot/7.0; +http://ahrefs.com/robot/)" "tchealthsources.com"
185.191.171.26 - - [05/Nov/2022:20:49:04 -0700] "GET /TC%20Health%20Sources/yahoo_site_admin/assets/?C=N%3BO%3DD HTTP/1.1" 200 389 "-" "Mozilla/5.0 (compatible; SemrushBot/7~bl; +http://www.semrush.com/bot.html)" "www.tchealthsources.com"
40.77.167.62 - - [05/Nov/2022:21:06:19 -0700] "GET /TC%20Health%20Sources/logs/access_160421.log HTTP/1.1" 200 1819 "-" "Mozilla/5.0 AppleWebKit/537.36 (KHTML, like Gecko; compatible; bingbot/2.0; +http://www.bing.com/bingbot.htm) Chrome/103.0.5060.134 Safari/537.36" "www.tchealthsources.com"
114.119.136.12 - - [05/Nov/2022:21:46:22 -0700] "GET /TC%20Health%20Sources/yahoo_site_admin1?D=D HTTP/1.1" 301 1438 "https://tchealthsources.com/TC%20Health%20Sources/yahoo_site_admin1?D=A" "Mozilla/5.0 (Linux; Android 7.0;) AppleWebKit/537.36 (KHTML, like Gecko) Mobile Safari/537.36 (compatible; PetalBot;+https://webmaster.petalsearch.com/site/petalbot)" "tchealthsources.com"
114.119.136.12 - - [05/Nov/2022:21:46:24 -0700] "GET /TC%20Health%20Sources/yahoo_site_admin1/?D=D HTTP/1.1" 200 418 "https://tchealthsources.com/TC%20Health%20Sources/yahoo_site_admin1?D=A" "Mozilla/5.0 (Linux; Android 7.0;) AppleWebKit/537.36 (KHTML, like Gecko) Mobile Safari/537.36 (compatible; PetalBot;+https://webmaster.petalsearch.com/site/petalbot)" "tchealthsources.com"
51.222.253.18 - - [05/Nov/2022:22:02:18 -0700] "GET /TC%20Health%20Sources/yahoo_site_admin/cache/?C=N;O=A HTTP/1.1" 200 350 "-" "Mozilla/5.0 (compatible; AhrefsBot/7.0; +http://ahrefs.com/robot/)" "tchealthsources.com"
51.222.253.7 - - [05/Nov/2022:22:04:37 -0700] "GET /TC%20Health%20Sources/clipart/images/?C=D;O=A HTTP/1.1" 200 382 "-" "Mozilla/5.0 (compatible; AhrefsBot/7.0; +http://ahrefs.com/robot/)" "tchealthsources.com"
114.119.136.113 - - [05/Nov/2022:22:22:56 -0700] "GET /TC%20Health%20Sources/images?C=N%3BO%3DD HTTP/1.1" 301 1439 "https://tchealthsources.com/TC%20Health%20Sources/images" "Mozilla/5.0 (Linux; Android 7.0;) AppleWebKit/537.36 (KHTML, like Gecko) Mobile Safari/537.36 (compatible; PetalBot;+https://webmaster.petalsearch.com/site/petalbot)" "tchealthsources.com"
114.119.136.113 - - [05/Nov/2022:22:23:06 -0700] "GET /TC%20Health%20Sources/images/?C=N%3BO%3DD HTTP/1.1" 200 1393 "https://tchealthsources.com/TC%20Health%20Sources/images" "Mozilla/5.0 (Linux; Android 7.0;) AppleWebKit/537.36 (KHTML, like Gecko) Mobile Safari/537.36 (compatible; PetalBot;+https://webmaster.petalsearch.com/site/petalbot)" "tchealthsources.com"
195.191.219.133 - - [05/Nov/2022:22:25:57 -0700] "GET /robots.txt HTTP/1.1" 404 73 "-" "Mozilla/5.0 (compatible; MJ12bot/v1.4.8; http://mj12bot.com/)" "www.tchealthsources.com"
195.191.219.133 - - [05/Nov/2022:22:26:00 -0700] "GET / HTTP/1.1" 200 493 "-" "Mozilla/5.0 (compatible; MJ12bot/v1.4.8; http://mj12bot.com/)" "www.tchealthsources.com"
114.119.136.109 - - [05/Nov/2022:22:27:56 -0700] "GET /TC%20Health%20Sources/yahoo_site_admin1?M=A HTTP/1.1" 301 1438 "https://tchealthsources.com/TC%20Health%20Sources/yahoo_site_admin1?N=D" "Mozilla/5.0 (Linux; Android 7.0;) AppleWebKit/537.36 (KHTML, like Gecko) Mobile Safari/537.36 (compatible; PetalBot;+https://webmaster.petalsearch.com/site/petalbot)" "tchealthsources.com"
114.119.136.109 - - [05/Nov/2022:22:27:57 -0700] "GET /TC%20Health%20Sources/yahoo_site_admin1/?M=A HTTP/1.1" 200 418 "https://tchealthsources.com/TC%20Health%20Sources/yahoo_site_admin1?N=D" "Mozilla/5.0 (Linux; Android 7.0;) AppleWebKit/537.36 (KHTML, like Gecko) Mobile Safari/537.36 (compatible; PetalBot;+https://webmaster.petalsearch.com/site/petalbot)" "tchealthsources.com"
51.222.253.9 - - [05/Nov/2022:22:28:39 -0700] "GET /TC%20Health%20Sources/yahoo_site_admin/logs/?C=M;O=A HTTP/1.1" 200 395 "-" "Mozilla/5.0 (compatible; AhrefsBot/7.0; +http://ahrefs.com/robot/)" "tchealthsources.com"
114.119.136.134 - - [05/Nov/2022:22:32:59 -0700] "GET /clipart/images?N=A HTTP/1.1" 301 1418 "http://tchealthsources.com/clipart/images?D=D" "Mozilla/5.0 (Linux; Android 7.0;) AppleWebKit/537.36 (KHTML, like Gecko) Mobile Safari/537.36 (compatible; PetalBot;+https://webmaster.petalsearch.com/site/petalbot)" "tchealthsources.com"
114.119.136.134 - - [05/Nov/2022:22:32:59 -0700] "GET /clipart/images/?N=A HTTP/1.1" 200 359 "http://tchealthsources.com/clipart/images?D=D" "Mozilla/5.0 (Linux; Android 7.0;) AppleWebKit/537.36 (KHTML, like Gecko) Mobile Safari/537.36 (compatible; PetalBot;+https://webmaster.petalsearch.com/site/petalbot)" "tchealthsources.com"
114.119.136.113 - - [05/Nov/2022:22:38:00 -0700] "GET /clipart/buttons/themes/swoosh_blue?M=D HTTP/1.1" 301 1436 "http://tchealthsources.com/clipart/buttons/themes/swoosh_blue?M=A" "Mozilla/5.0 (Linux; Android 7.0;) AppleWebKit/537.36 (KHTML, like Gecko) Mobile Safari/537.36 (compatible; PetalBot;+https://webmaster.petalsearch.com/site/petalbot)" "tchealthsources.com"
114.119.136.113 - - [05/Nov/2022:22:38:02 -0700] "GET /clipart/buttons/themes/swoosh_blue/?M=D HTTP/1.1" 200 419 "http://tchealthsources.com/clipart/buttons/themes/swoosh_blue?M=A" "Mozilla/5.0 (Linux; Android 7.0;) AppleWebKit/537.36 (KHTML, like Gecko) Mobile Safari/537.36 (compatible; PetalBot;+https://webmaster.petalsearch.com/site/petalbot)" "tchealthsources.com"
114.119.136.134 - - [05/Nov/2022:22:42:54 -0700] "GET /TC%20Health%20Sources/clipart/buttons/themes/gray?D=A HTTP/1.1" 301 1445 "https://tchealthsources.com/TC%20Health%20Sources/clipart/buttons/themes/gray?M=A" "Mozilla/5.0 (Linux; Android 7.0;) AppleWebKit/537.36 (KHTML, like Gecko) Mobile Safari/537.36 (compatible; PetalBot;+https://webmaster.petalsearch.com/site/petalbot)" "tchealthsources.com"
114.119.136.134 - - [05/Nov/2022:22:42:55 -0700] "GET /TC%20Health%20Sources/clipart/buttons/themes/gray/?D=A HTTP/1.1" 200 435 "https://tchealthsources.com/TC%20Health%20Sources/clipart/buttons/themes/gray?M=A" "Mozilla/5.0 (Linux; Android 7.0;) AppleWebKit/537.36 (KHTML, like Gecko) Mobile Safari/537.36 (compatible; PetalBot;+https://webmaster.petalsearch.com/site/petalbot)" "tchealthsources.com"
114.119.136.128 - - [05/Nov/2022:22:55:02 -0700] "GET /TC%20Health%20Sources/includes/ice?N=A HTTP/1.1" 301 1433 "https://tchealthsources.com/TC%20Health%20Sources/includes/ice?S=D" "Mozilla/5.0 (Linux; Android 7.0;) AppleWebKit/537.36 (KHTML, like Gecko) Mobile Safari/537.36 (compatible; PetalBot;+https://webmaster.petalsearch.com/site/petalbot)" "tchealthsources.com"
114.119.136.128 - - [05/Nov/2022:22:55:03 -0700] "GET /TC%20Health%20Sources/includes/ice/?N=A HTTP/1.1" 200 439 "https://tchealthsources.com/TC%20Health%20Sources/includes/ice?S=D" "Mozilla/5.0 (Linux; Android 7.0;) AppleWebKit/537.36 (KHTML, like Gecko) Mobile Safari/537.36 (compatible; PetalBot;+https://webmaster.petalsearch.com/site/petalbot)" "tchealthsources.com"
114.119.136.113 - - [05/Nov/2022:23:04:57 -0700] "GET /TC%20Health%20Sources/logs?D=D HTTP/1.1" 301 1429 "https://tchealthsources.com/TC%20Health%20Sources/logs?D=A" "Mozilla/5.0 (Linux; Android 7.0;) AppleWebKit/537.36 (KHTML, like Gecko) Mobile Safari/537.36 (compatible; PetalBot;+https://webmaster.petalsearch.com/site/petalbot)" "tchealthsources.com"
114.119.136.113 - - [05/Nov/2022:23:04:58 -0700] "GET /TC%20Health%20Sources/logs/?D=D HTTP/1.1" 200 1066 "https://tchealthsources.com/TC%20Health%20Sources/logs?D=A" "Mozilla/5.0 (Linux; Android 7.0;) AppleWebKit/537.36 (KHTML, like Gecko) Mobile Safari/537.36 (compatible; PetalBot;+https://webmaster.petalsearch.com/site/petalbot)" "tchealthsources.com"
114.119.136.12 - - [05/Nov/2022:23:09:56 -0700] "GET /TC%20Health%20Sources/navigation_bars?S=A HTTP/1.1" 301 1437 "https://tchealthsources.com/TC%20Health%20Sources/navigation_bars?M=A" "Mozilla/5.0 (Linux; Android 7.0;) AppleWebKit/537.36 (KHTML, like Gecko) Mobile Safari/537.36 (compatible; PetalBot;+https://webmaster.petalsearch.com/site/petalbot)" "tchealthsources.com"
