114.119.136.109 - - [01/Nov/2022:05:03:58 -0700] "GET /TC%20Health%20Sources/yahoo_site_admin1/assets/images?C=S%3BO%3DA HTTP/1.1" 301 1455 "https://tchealthsources.com/TC%20Health%20Sources/yahoo_site_admin1/assets/images?D=D" "Mozilla/5.0 (Linux; Android 7.0;) AppleWebKit/537.36 (KHTML, like Gecko) Mobile Safari/537.36 (compatible; PetalBot;+https://webmaster.petalsearch.com/site/petalbot)" "tchealthsources.com"
114.119.136.109 - - [01/Nov/2022:05:04:00 -0700] "GET /TC%20Health%20Sources/yahoo_site_admin1/assets/images/?C=S%3BO%3DA HTTP/1.1" 200 357 "https://tchealthsources.com/TC%20Health%20Sources/yahoo_site_admin1/assets/images?D=D" "Mozilla/5.0 (Linux; Android 7.0;) AppleWebKit/537.36 (KHTML, like Gecko) Mobile Safari/537.36 (compatible; PetalBot;+https://webmaster.petalsearch.com/site/petalbot)" "tchealthsources.com"
51.222.253.1 - - [01/Nov/2022:05:06:06 -0700] "GET /TC%20Health%20Sources/ HTTP/1.1" 200 564 "-" "Mozilla/5.0 (compatible; AhrefsBot/7.0; +http://ahrefs.com/robot/)" "tchealthsources.com"
212.80.201.70 - - [01/Nov/2022:05:07:06 -0700] "GET / HTTP/1.1" 200 493 "-" "Mozilla/5.0 (Windows NT 10.0; Win64; x64) AppleWebKit/537.36 (KHTML, like Gecko) Chrome/72.0.3626.121 Safari/537.36" "www.tchealthsources.com"
114.119.136.113 - - [01/Nov/2022:05:09:18 -0700] "GET /TC%20Health%20Sources/_private/ HTTP/1.1" 200 341 "https://tchealthsources.com/TC%20Health%20Sources?S=D" "Mozilla/5.0 (Linux; Android 7.0;) AppleWebKit/537.36 (KHTML, like Gecko) Mobile Safari/537.36 (compatible; PetalBot;+https://webmaster.petalsearch.com/site/petalbot)" "tchealthsources.com"
114.119.136.13 - - [01/Nov/2022:05:14:49 -0700] "GET /TC%20Health%20Sources/logs/access_160427.log HTTP/1.1" 200 1387 "https://tchealthsources.com/TC%20Health%20Sources/logs?S=A" "Mozilla/5.0 (Linux; Android 7.0;) AppleWebKit/537.36 (KHTML, like Gecko) Mobile Safari/537.36 (compatible; PetalBot;+https://webmaster.petalsearch.com/site/petalbot)" "tchealthsources.com"
114.119.136.109 - - [01/Nov/2022:05:20:23 -0700] "GET /TC%20Health%20Sources/clipart/buttons/themes/swoosh_blue?S=A HTTP/1.1" 301 1451 "https://tchealthsources.com/TC%20Health%20Sources/clipart/buttons/themes/swoosh_blue" "Mozilla/5.0 (Linux; Android 7.0;) AppleWebKit/537.36 (KHTML, like Gecko) Mobile Safari/537.36 (compatible; PetalBot;+https://webmaster.petalsearch.com/site/petalbot)" "tchealthsources.com"
114.119.136.109 - - [01/Nov/2022:05:20:24 -0700] "GET /TC%20Health%20Sources/clipart/buttons/themes/swoosh_blue/?S=A HTTP/1.1" 200 441 "https://tchealthsources.com/TC%20Health%20Sources/clipart/buttons/themes/swoosh_blue" "Mozilla/5.0 (Linux; Android 7.0;) AppleWebKit/537.36 (KHTML, like Gecko) Mobile Safari/537.36 (compatible; PetalBot;+https://webmaster.petalsearch.com/site/petalbot)" "tchealthsources.com"
114.119.136.128 - - [01/Nov/2022:05:25:56 -0700] "GET /TC%20Health%20Sources/logs/access_160318.log HTTP/1.1" 200 1796 "https://tchealthsources.com/TC%20Health%20Sources/logs?S=A" "Mozilla/5.0 (Linux; Android 7.0;) AppleWebKit/537.36 (KHTML, like Gecko) Mobile Safari/537.36 (compatible; PetalBot;+https://webmaster.petalsearch.com/site/petalbot)" "tchealthsources.com"
114.119.134.224 - - [01/Nov/2022:05:31:24 -0700] "GET /TC%20Health%20Sources/yahoo_site_admin/?C=M%3BO%3DA HTTP/1.1" 200 429 "https://tchealthsources.com/TC%20Health%20Sources/yahoo_site_admin?C=D%3BO%3DA" "Mozilla/5.0 (Linux; Android 7.0;) AppleWebKit/537.36 (KHTML, like Gecko) Mobile Safari/537.36 (compatible; PetalBot;+https://webmaster.petalsearch.com/site/petalbot)" "tchealthsources.com"
114.119.136.109 - - [01/Nov/2022:05:36:48 -0700] "GET /TC%20Health%20Sources/sitebuilder/applets/?C=D%3BO%3DA HTTP/1.1" 200 405 "https://tchealthsources.com/TC%20Health%20Sources/sitebuilder/applets?N=D" "Mozilla/5.0 (Linux; Android 7.0;) AppleWebKit/537.36 (KHTML, like Gecko) Mobile Safari/537.36 (compatible; PetalBot;+https://webmaster.petalsearch.com/site/petalbot)" "tchealthsources.com"
51.222.253.10 - - [01/Nov/2022:05:38:47 -0700] "GET /Web%20DOWNLOAD%20images/?C=S;O=A HTTP/1.1" 200 443 "-" "Mozilla/5.0 (compatible; AhrefsBot/7.0; +http://ahrefs.com/robot/)" "www.tchealthsources.com"
114.119.136.113 - - [01/Nov/2022:05:42:25 -0700] "GET /TC%20Health%20Sources/clipart/buttons/themes/gray?C=N%3BO%3DD HTTP/1.1" 301 1454 "https://tchealthsources.com/TC%20Health%20Sources/clipart/buttons/themes/gray?N=A" "Mozilla/5.0 (Linux; Android 7.0;) AppleWebKit/537.36 (KHTML, like Gecko) Mobile Safari/537.36 (compatible; PetalBot;+https://webmaster.petalsearch.com/site/petalbot)" "tchealthsources.com"
114.119.136.113 - - [01/Nov/2022:05:42:25 -0700] "GET /TC%20Health%20Sources/clipart/buttons/themes/gray/?C=N%3BO%3DD HTTP/1.1" 200 435 "https://tchealthsources.com/TC%20Health%20Sources/clipart/buttons/themes/gray?N=A" "Mozilla/5.0 (Linux; Android 7.0;) AppleWebKit/537.36 (KHTML, like Gecko) Mobile Safari/537.36 (compatible; PetalBot;+https://webmaster.petalsearch.com/site/petalbot)" "tchealthsources.com"
114.119.136.12 - - [01/Nov/2022:05:47:44 -0700] "GET /TC%20Health%20Sources/clipart/images/general/ HTTP/1.1" 200 403 "https://tchealthsources.com/TC%20Health%20Sources/clipart/images?S=A" "Mozilla/5.0 (Linux; Android 7.0;) AppleWebKit/537.36 (KHTML, like Gecko) Mobile Safari/537.36 (compatible; PetalBot;+https://webmaster.petalsearch.com/site/petalbot)" "tchealthsources.com"
35.196.249.98 - - [01/Nov/2022:05:49:12 -0700] "GET /robots.txt HTTP/1.1" 404 88 "-" "ZoominfoBot (zoominfobot at zoominfo dot com)" "tchealthsources.com"
35.196.249.98 - - [01/Nov/2022:05:49:12 -0700] "GET /_private/ HTTP/1.1" 403 170 "-" "ZoominfoBot (zoominfobot at zoominfo dot com)" "tchealthsources.com"
35.196.249.98 - - [01/Nov/2022:05:51:03 -0700] "GET /Web%20DOWNLOAD%20images/ HTTP/1.1" 200 442 "-" "ZoominfoBot (zoominfobot at zoominfo dot com)" "tchealthsources.com"
114.119.136.13 - - [01/Nov/2022:05:53:14 -0700] "GET /TC%20Health%20Sources/yahoo_site_admin?S=D HTTP/1.1" 301 1437 "https://tchealthsources.com/TC%20Health%20Sources/yahoo_site_admin?S=A" "Mozilla/5.0 (Linux; Android 7.0;) AppleWebKit/537.36 (KHTML, like Gecko) Mobile Safari/537.36 (compatible; PetalBot;+https://webmaster.petalsearch.com/site/petalbot)" "tchealthsources.com"
114.119.136.13 - - [01/Nov/2022:05:53:14 -0700] "GET /TC%20Health%20Sources/yahoo_site_admin/?S=D HTTP/1.1" 200 429 "https://tchealthsources.com/TC%20Health%20Sources/yahoo_site_admin?S=A" "Mozilla/5.0 (Linux; Android 7.0;) AppleWebKit/537.36 (KHTML, like Gecko) Mobile Safari/537.36 (compatible; PetalBot;+https://webmaster.petalsearch.com/site/petalbot)" "tchealthsources.com"
35.196.249.98 - - [01/Nov/2022:05:53:52 -0700] "GET /?C=D;O=A HTTP/1.1" 200 493 "-" "ZoominfoBot (zoominfobot at zoominfo dot com)" "tchealthsources.com"
51.222.253.17 - - [01/Nov/2022:05:56:45 -0700] "GET /TC%20Health%20Sources/clipart/buttons/themes/gray/?C=S;O=D HTTP/1.1" 200 430 "-" "Mozilla/5.0 (compatible; AhrefsBot/7.0; +http://ahrefs.com/robot/)" "www.tchealthsources.com"
114.119.136.13 - - [01/Nov/2022:05:58:44 -0700] "GET /TC%20Health%20Sources/sitebuilder/applets/TimeStamp.class HTTP/1.1" 200 6829 "https://tchealthsources.com/TC%20Health%20Sources/sitebuilder/applets?N=D" "Mozilla/5.0 (Linux; Android 7.0;) AppleWebKit/537.36 (KHTML, like Gecko) Mobile Safari/537.36 (compatible; PetalBot;+https://webmaster.petalsearch.com/site/petalbot)" "tchealthsources.com"
35.196.249.98 - - [01/Nov/2022:05:59:13 -0700] "GET /robots.txt HTTP/1.1" 404 88 "-" "ZoominfoBot (zoominfobot at zoominfo dot com)" "www.tchealthsources.com"
35.196.249.98 - - [01/Nov/2022:05:59:13 -0700] "GET /?C=D;O=A HTTP/1.1" 200 493 "-" "ZoominfoBot (zoominfobot at zoominfo dot com)" "www.tchealthsources.com"
114.119.136.13 - - [01/Nov/2022:06:04:15 -0700] "GET /navigation_bars/?C=D%3BO%3DA HTTP/1.1" 200 390 "https://tchealthsources.com/navigation_bars?C=M%3BO%3DA" "Mozilla/5.0 (Linux; Android 7.0;) AppleWebKit/537.36 (KHTML, like Gecko) Mobile Safari/537.36 (compatible; PetalBot;+https://webmaster.petalsearch.com/site/petalbot)" "tchealthsources.com"
45.133.203.79 - - [01/Nov/2022:06:05:39 -0700] "GET / HTTP/1.1" 200 1331 "https://autoglasi.info/" "Mozilla/4.0 (compatible; MSIE 6.0; Windows NT 5.2; Win64; x64; SV1; .NET CLR 2.0.50727)" "tchealthsources.com"
45.133.203.79 - - [01/Nov/2022:06:05:40 -0700] "GET / HTTP/1.1" 200 1331 "https://autoglasi.info/" "Mozilla/4.0 (compatible; MSIE 6.0; Windows NT 5.2; Win64; x64; SV1; .NET CLR 2.0.50727)" "tchealthsources.com"
45.133.203.79 - - [01/Nov/2022:06:05:40 -0700] "GET / HTTP/1.1" 200 1331 "https://autoglasi.info/" "Mozilla/4.0 (compatible; MSIE 6.0; Windows NT 5.2; Win64; x64; SV1; .NET CLR 2.0.50727)" "tchealthsources.com"
35.196.249.98 - - [01/Nov/2022:06:07:05 -0700] "GET /?C=M;O=A HTTP/1.1" 200 494 "-" "ZoominfoBot (zoominfobot at zoominfo dot com)" "www.tchealthsources.com"
35.196.249.98 - - [01/Nov/2022:06:07:29 -0700] "GET /Index.html HTTP/1.1" 200 450 "-" "ZoominfoBot (zoominfobot at zoominfo dot com)" "tchealthsources.com"
114.119.136.109 - - [01/Nov/2022:06:09:41 -0700] "GET /clipart/buttons/themes/gray/?C=D%3BO%3DA HTTP/1.1" 200 409 "http://tchealthsources.com/clipart/buttons/themes/gray?M=A" "Mozilla/5.0 (Linux; Android 7.0;) AppleWebKit/537.36 (KHTML, like Gecko) Mobile Safari/537.36 (compatible; PetalBot;+https://webmaster.petalsearch.com/site/petalbot)" "tchealthsources.com"
35.227.105.43 - - [01/Nov/2022:06:13:34 -0700] "GET /robots.txt HTTP/1.1" 404 88 "-" "ZoominfoBot (zoominfobot at zoominfo dot com)" "tchealthsources.com"
35.227.105.43 - - [01/Nov/2022:06:13:35 -0700] "GET /_private/ HTTP/1.1" 403 170 "-" "ZoominfoBot (zoominfobot at zoominfo dot com)" "tchealthsources.com"
114.119.136.109 - - [01/Nov/2022:06:15:14 -0700] "GET /TC%20Health%20Sources/clipart/buttons/themes/gray?N=A HTTP/1.1" 301 1445 "https://tchealthsources.com/TC%20Health%20Sources/clipart/buttons/themes/gray?M=A" "Mozilla/5.0 (Linux; Android 7.0;) AppleWebKit/537.36 (KHTML, like Gecko) Mobile Safari/537.36 (compatible; PetalBot;+https://webmaster.petalsearch.com/site/petalbot)" "tchealthsources.com"
114.119.136.109 - - [01/Nov/2022:06:15:15 -0700] "GET /TC%20Health%20Sources/clipart/buttons/themes/gray/?N=A HTTP/1.1" 200 435 "https://tchealthsources.com/TC%20Health%20Sources/clipart/buttons/themes/gray?M=A" "Mozilla/5.0 (Linux; Android 7.0;) AppleWebKit/537.36 (KHTML, like Gecko) Mobile Safari/537.36 (compatible; PetalBot;+https://webmaster.petalsearch.com/site/petalbot)" "tchealthsources.com"
35.227.105.43 - - [01/Nov/2022:06:15:48 -0700] "GET /?C=S;O=A HTTP/1.1" 200 495 "-" "ZoominfoBot (zoominfobot at zoominfo dot com)" "tchealthsources.com"
51.222.253.18 - - [01/Nov/2022:06:17:13 -0700] "GET /TC%20Health%20Sources/yahoo_site_admin1/?C=S;O=A HTTP/1.1" 200 418 "-" "Mozilla/5.0 (compatible; AhrefsBot/7.0; +http://ahrefs.com/robot/)" "www.tchealthsources.com"
35.227.105.43 - - [01/Nov/2022:06:17:41 -0700] "GET /?C=D;O=A HTTP/1.1" 200 493 "-" "ZoominfoBot (zoominfobot at zoominfo dot com)" "tchealthsources.com"
114.119.136.113 - - [01/Nov/2022:06:20:43 -0700] "GET /TC%20Health%20Sources/navigation_bars?C=D%3BO%3DA HTTP/1.1" 301 1446 "https://tchealthsources.com/TC%20Health%20Sources/navigation_bars?S=A" "Mozilla/5.0 (Linux; Android 7.0;) AppleWebKit/537.36 (KHTML, like Gecko) Mobile Safari/537.36 (compatible; PetalBot;+https://webmaster.petalsearch.com/site/petalbot)" "tchealthsources.com"
114.119.136.113 - - [01/Nov/2022:06:20:49 -0700] "GET /TC%20Health%20Sources/navigation_bars/?C=D%3BO%3DA HTTP/1.1" 200 415 "https://tchealthsources.com/TC%20Health%20Sources/navigation_bars?S=A" "Mozilla/5.0 (Linux; Android 7.0;) AppleWebKit/537.36 (KHTML, like Gecko) Mobile Safari/537.36 (compatible; PetalBot;+https://webmaster.petalsearch.com/site/petalbot)" "tchealthsources.com"
35.227.105.43 - - [01/Nov/2022:06:22:17 -0700] "GET /robots.txt HTTP/1.1" 404 88 "-" "ZoominfoBot (zoominfobot at zoominfo dot com)" "www.tchealthsources.com"
35.227.105.43 - - [01/Nov/2022:06:22:17 -0700] "GET /?C=D;O=A HTTP/1.1" 200 493 "-" "ZoominfoBot (zoominfobot at zoominfo dot com)" "www.tchealthsources.com"
114.119.134.224 - - [01/Nov/2022:06:26:11 -0700] "GET /clipart/buttons?C=D%3BO%3DA HTTP/1.1" 301 1428 "http://tchealthsources.com/clipart/buttons?M=D" "Mozilla/5.0 (Linux; Android 7.0;) AppleWebKit/537.36 (KHTML, like Gecko) Mobile Safari/537.36 (compatible; PetalBot;+https://webmaster.petalsearch.com/site/petalbot)" "tchealthsources.com"
114.119.134.224 - - [01/Nov/2022:06:26:11 -0700] "GET /clipart/buttons/?C=D%3BO%3DA HTTP/1.1" 200 360 "http://tchealthsources.com/clipart/buttons?M=D" "Mozilla/5.0 (Linux; Android 7.0;) AppleWebKit/537.36 (KHTML, like Gecko) Mobile Safari/537.36 (compatible; PetalBot;+https://webmaster.petalsearch.com/site/petalbot)" "tchealthsources.com"
35.227.105.43 - - [01/Nov/2022:06:29:37 -0700] "GET /Index.html HTTP/1.1" 200 450 "-" "ZoominfoBot (zoominfobot at zoominfo dot com)" "tchealthsources.com"
114.119.136.13 - - [01/Nov/2022:06:31:41 -0700] "GET /TC%20Health%20Sources/tmp/?C=M%3BO%3DA HTTP/1.1" 200 386 "https://tchealthsources.com/TC%20Health%20Sources/tmp?S=D" "Mozilla/5.0 (Linux; Android 7.0;) AppleWebKit/537.36 (KHTML, like Gecko) Mobile Safari/537.36 (compatible; PetalBot;+https://webmaster.petalsearch.com/site/petalbot)" "tchealthsources.com"
114.119.136.109 - - [01/Nov/2022:06:37:13 -0700] "GET /TC%20Health%20Sources/clipart?C=S%3BO%3DA HTTP/1.1" 301 1440 "https://tchealthsources.com/TC%20Health%20Sources/clipart?N=A" "Mozilla/5.0 (Linux; Android 7.0;) AppleWebKit/537.36 (KHTML, like Gecko) Mobile Safari/537.36 (compatible; PetalBot;+https://webmaster.petalsearch.com/site/petalbot)" "tchealthsources.com"
114.119.136.109 - - [01/Nov/2022:06:37:14 -0700] "GET /TC%20Health%20Sources/clipart/?C=S%3BO%3DA HTTP/1.1" 200 391 "https://tchealthsources.com/TC%20Health%20Sources/clipart?N=A" "Mozilla/5.0 (Linux; Android 7.0;) AppleWebKit/537.36 (KHTML, like Gecko) Mobile Safari/537.36 (compatible; PetalBot;+https://webmaster.petalsearch.com/site/petalbot)" "tchealthsources.com"
35.227.105.43 - - [01/Nov/2022:06:39:22 -0700] "GET /Web%20DOWNLOAD%20images/ HTTP/1.1" 200 442 "-" "ZoominfoBot (zoominfobot at zoominfo dot com)" "www.tchealthsources.com"
114.119.136.13 - - [01/Nov/2022:06:42:40 -0700] "GET /clipart/buttons/themes/simple/ HTTP/1.1" 200 417 "http://tchealthsources.com/clipart/buttons/themes?M=A" "Mozilla/5.0 (Linux; Android 7.0;) AppleWebKit/537.36 (KHTML, like Gecko) Mobile Safari/537.36 (compatible; PetalBot;+https://webmaster.petalsearch.com/site/petalbot)" "tchealthsources.com"
198.244.220.113 - - [01/Nov/2022:06:43:10 -0700] "GET / HTTP/1.1" 200 493 "-" "Mozilla/5.0 (X11; Linux x86_64) AppleWebKit/537.36 (KHTML, like Gecko) Chrome/103.0.0.0 Safari/537.36" "tchealthsources.com"
198.244.220.113 - - [01/Nov/2022:06:43:11 -0700] "GET /?C=N;O=D HTTP/1.1" 200 492 "http://tchealthsources.com" "Mozilla/5.0 (X11; Linux x86_64) AppleWebKit/537.36 (KHTML, like Gecko) Chrome/103.0.0.0 Safari/537.36" "tchealthsources.com"
198.244.220.113 - - [01/Nov/2022:06:43:11 -0700] "GET /navigation_bars/ HTTP/1.1" 200 390 "http://tchealthsources.com" "Mozilla/5.0 (X11; Linux x86_64) AppleWebKit/537.36 (KHTML, like Gecko) Chrome/103.0.0.0 Safari/537.36" "tchealthsources.com"
198.244.220.113 - - [01/Nov/2022:06:43:12 -0700] "GET /?C=M;O=A HTTP/1.1" 200 494 "http://tchealthsources.com" "Mozilla/5.0 (X11; Linux x86_64) AppleWebKit/537.36 (KHTML, like Gecko) Chrome/103.0.0.0 Safari/537.36" "tchealthsources.com"
198.244.220.113 - - [01/Nov/2022:06:43:12 -0700] "GET /clipart/ HTTP/1.1" 200 380 "http://tchealthsources.com" "Mozilla/5.0 (X11; Linux x86_64) AppleWebKit/537.36 (KHTML, like Gecko) Chrome/103.0.0.0 Safari/537.36" "tchealthsources.com"
198.244.220.113 - - [01/Nov/2022:06:43:13 -0700] "GET /?C=S;O=A HTTP/1.1" 200 495 "http://tchealthsources.com" "Mozilla/5.0 (X11; Linux x86_64) AppleWebKit/537.36 (KHTML, like Gecko) Chrome/103.0.0.0 Safari/537.36" "tchealthsources.com"
198.244.220.113 - - [01/Nov/2022:06:43:13 -0700] "GET /_private/ HTTP/1.1" 403 170 "http://tchealthsources.com" "Mozilla/5.0 (X11; Linux x86_64) AppleWebKit/537.36 (KHTML, like Gecko) Chrome/103.0.0.0 Safari/537.36" "tchealthsources.com"
198.244.220.113 - - [01/Nov/2022:06:43:13 -0700] "GET /?C=D;O=A HTTP/1.1" 200 493 "http://tchealthsources.com" "Mozilla/5.0 (X11; Linux x86_64) AppleWebKit/537.36 (KHTML, like Gecko) Chrome/103.0.0.0 Safari/537.36" "tchealthsources.com"
198.244.220.113 - - [01/Nov/2022:06:43:14 -0700] "GET /Web%20DOWNLOAD%20images/ HTTP/1.1" 200 442 "http://tchealthsources.com" "Mozilla/5.0 (X11; Linux x86_64) AppleWebKit/537.36 (KHTML, like Gecko) Chrome/103.0.0.0 Safari/537.36" "tchealthsources.com"
198.244.220.113 - - [01/Nov/2022:06:43:14 -0700] "GET /Index.html HTTP/1.1" 200 450 "http://tchealthsources.com" "Mozilla/5.0 (X11; Linux x86_64) AppleWebKit/537.36 (KHTML, like Gecko) Chrome/103.0.0.0 Safari/537.36" "tchealthsources.com"
198.244.220.113 - - [01/Nov/2022:06:43:15 -0700] "GET /TC%20Health%20Sources/ HTTP/1.1" 200 564 "http://tchealthsources.com" "Mozilla/5.0 (X11; Linux x86_64) AppleWebKit/537.36 (KHTML, like Gecko) Chrome/103.0.0.0 Safari/537.36" "tchealthsources.com"
35.227.105.43 - - [01/Nov/2022:06:46:17 -0700] "GET /navigation_bars/ HTTP/1.1" 200 390 "-" "ZoominfoBot (zoominfobot at zoominfo dot com)" "tchealthsources.com"
114.119.136.134 - - [01/Nov/2022:06:48:09 -0700] "GET /TC%20Health%20Sources/yahoo_site_admin1?C=M%3BO%3DA HTTP/1.1" 301 1447 "https://tchealthsources.com/TC%20Health%20Sources/yahoo_site_admin1?S=A" "Mozilla/5.0 (Linux; Android 7.0;) AppleWebKit/537.36 (KHTML, like Gecko) Mobile Safari/537.36 (compatible; PetalBot;+https://webmaster.petalsearch.com/site/petalbot)" "tchealthsources.com"
114.119.136.134 - - [01/Nov/2022:06:48:09 -0700] "GET /TC%20Health%20Sources/yahoo_site_admin1/?C=M%3BO%3DA HTTP/1.1" 200 418 "https://tchealthsources.com/TC%20Health%20Sources/yahoo_site_admin1?S=A" "Mozilla/5.0 (Linux; Android 7.0;) AppleWebKit/537.36 (KHTML, like Gecko) Mobile Safari/537.36 (compatible; PetalBot;+https://webmaster.petalsearch.com/site/petalbot)" "tchealthsources.com"
54.36.149.55 - - [01/Nov/2022:06:48:25 -0700] "GET /robots.txt HTTP/1.1" 404 88 "-" "Mozilla/5.0 (compatible; AhrefsBot/7.0; +http://ahrefs.com/robot/)" "www.tchealthsources.com"
51.222.253.17 - - [01/Nov/2022:06:48:27 -0700] "GET /clipart/buttons/themes/swoosh_blue/?C=M;O=A HTTP/1.1" 200 417 "-" "Mozilla/5.0 (compatible; AhrefsBot/7.0; +http://ahrefs.com/robot/)" "www.tchealthsources.com"
51.222.253.14 - - [01/Nov/2022:06:49:27 -0700] "GET /clipart/buttons/themes/swoosh_blue/?C=D;O=A HTTP/1.1" 200 419 "-" "Mozilla/5.0 (compatible; AhrefsBot/7.0; +http://ahrefs.com/robot/)" "www.tchealthsources.com"
51.222.253.14 - - [01/Nov/2022:06:49:47 -0700] "GET /robots.txt HTTP/1.1" 404 88 "-" "Mozilla/5.0 (compatible; AhrefsBot/7.0; +http://ahrefs.com/robot/)" "www.tchealthsources.com"
51.222.253.9 - - [01/Nov/2022:06:49:48 -0700] "GET /TC%20Health%20Sources/yahoo_site_admin1/?C=D;O=A HTTP/1.1" 200 418 "-" "Mozilla/5.0 (compatible; AhrefsBot/7.0; +http://ahrefs.com/robot/)" "www.tchealthsources.com"
51.222.253.18 - - [01/Nov/2022:06:50:30 -0700] "GET /robots.txt HTTP/1.1" 404 88 "-" "Mozilla/5.0 (compatible; AhrefsBot/7.0; +http://ahrefs.com/robot/)" "tchealthsources.com"
51.222.253.20 - - [01/Nov/2022:06:50:32 -0700] "GET /Index.html HTTP/1.1" 200 450 "-" "Mozilla/5.0 (compatible; AhrefsBot/7.0; +http://ahrefs.com/robot/)" "tchealthsources.com"
114.119.136.109 - - [01/Nov/2022:06:53:40 -0700] "GET /clipart/buttons/themes/designer1 HTTP/1.1" 301 1426 "http://tchealthsources.com/clipart/buttons/themes?C=N%3BO%3DD" "Mozilla/5.0 (Linux; Android 7.0;) AppleWebKit/537.36 (KHTML, like Gecko) Mobile Safari/537.36 (compatible; PetalBot;+https://webmaster.petalsearch.com/site/petalbot)" "tchealthsources.com"
114.119.136.109 - - [01/Nov/2022:06:53:40 -0700] "GET /clipart/buttons/themes/designer1/ HTTP/1.1" 200 423 "http://tchealthsources.com/clipart/buttons/themes?C=N%3BO%3DD" "Mozilla/5.0 (Linux; Android 7.0;) AppleWebKit/537.36 (KHTML, like Gecko) Mobile Safari/537.36 (compatible; PetalBot;+https://webmaster.petalsearch.com/site/petalbot)" "tchealthsources.com"
35.227.105.43 - - [01/Nov/2022:06:57:51 -0700] "GET /clipart/ HTTP/1.1" 200 380 "-" "ZoominfoBot (zoominfobot at zoominfo dot com)" "www.tchealthsources.com"
35.227.105.43 - - [01/Nov/2022:06:58:36 -0700] "GET /Index.html HTTP/1.1" 200 450 "-" "ZoominfoBot (zoominfobot at zoominfo dot com)" "www.tchealthsources.com"
114.119.136.109 - - [01/Nov/2022:06:59:07 -0700] "GET /TC%20Health%20Sources/yahoo_site_admin/credentials?S=D HTTP/1.1" 301 1444 "https://tchealthsources.com/TC%20Health%20Sources/yahoo_site_admin/credentials?S=A" "Mozilla/5.0 (Linux; Android 7.0;) AppleWebKit/537.36 (KHTML, like Gecko) Mobile Safari/537.36 (compatible; PetalBot;+https://webmaster.petalsearch.com/site/petalbot)" "tchealthsources.com"
114.119.136.109 - - [01/Nov/2022:06:59:08 -0700] "GET /TC%20Health%20Sources/yahoo_site_admin/credentials/?S=D HTTP/1.1" 200 399 "https://tchealthsources.com/TC%20Health%20Sources/yahoo_site_admin/credentials?S=A" "Mozilla/5.0 (Linux; Android 7.0;) AppleWebKit/537.36 (KHTML, like Gecko) Mobile Safari/537.36 (compatible; PetalBot;+https://webmaster.petalsearch.com/site/petalbot)" "tchealthsources.com"
114.119.136.113 - - [01/Nov/2022:07:04:36 -0700] "GET /TC%20Health%20Sources/yahoo_site_admin1/assets/?C=D%3BO%3DA HTTP/1.1" 200 390 "https://tchealthsources.com/TC%20Health%20Sources/yahoo_site_admin1/assets?N=D" "Mozilla/5.0 (Linux; Android 7.0;) AppleWebKit/537.36 (KHTML, like Gecko) Mobile Safari/537.36 (compatible; PetalBot;+https://webmaster.petalsearch.com/site/petalbot)" "tchealthsources.com"
35.227.105.43 - - [01/Nov/2022:07:04:52 -0700] "GET /TC%20Health%20Sources/ HTTP/1.1" 200 564 "-" "ZoominfoBot (zoominfobot at zoominfo dot com)" "tchealthsources.com"
114.119.136.12 - - [01/Nov/2022:07:10:06 -0700] "GET /TC%20Health%20Sources/yahoo_site_admin/credentials?N=D HTTP/1.1" 301 1445 "https://tchealthsources.com/TC%20Health%20Sources/yahoo_site_admin/credentials?N=A" "Mozilla/5.0 (Linux; Android 7.0;) AppleWebKit/537.36 (KHTML, like Gecko) Mobile Safari/537.36 (compatible; PetalBot;+https://webmaster.petalsearch.com/site/petalbot)" "tchealthsources.com"
114.119.136.12 - - [01/Nov/2022:07:10:07 -0700] "GET /TC%20Health%20Sources/yahoo_site_admin/credentials/?N=D HTTP/1.1" 200 399 "https://tchealthsources.com/TC%20Health%20Sources/yahoo_site_admin/credentials?N=A" "Mozilla/5.0 (Linux; Android 7.0;) AppleWebKit/537.36 (KHTML, like Gecko) Mobile Safari/537.36 (compatible; PetalBot;+https://webmaster.petalsearch.com/site/petalbot)" "tchealthsources.com"
35.227.105.43 - - [01/Nov/2022:07:10:19 -0700] "GET /?C=N;O=D HTTP/1.1" 200 492 "-" "ZoominfoBot (zoominfobot at zoominfo dot com)" "www.tchealthsources.com"
114.119.136.13 - - [01/Nov/2022:07:15:33 -0700] "GET /TC%20Health%20Sources/sitebuilder/scripts?D=D HTTP/1.1" 301 1439 "https://tchealthsources.com/TC%20Health%20Sources/sitebuilder/scripts?D=A" "Mozilla/5.0 (Linux; Android 7.0;) AppleWebKit/537.36 (KHTML, like Gecko) Mobile Safari/537.36 (compatible; PetalBot;+https://webmaster.petalsearch.com/site/petalbot)" "tchealthsources.com"
114.119.136.13 - - [01/Nov/2022:07:15:34 -0700] "GET /TC%20Health%20Sources/sitebuilder/scripts/?D=D HTTP/1.1" 200 399 "https://tchealthsources.com/TC%20Health%20Sources/sitebuilder/scripts?D=A" "Mozilla/5.0 (Linux; Android 7.0;) AppleWebKit/537.36 (KHTML, like Gecko) Mobile Safari/537.36 (compatible; PetalBot;+https://webmaster.petalsearch.com/site/petalbot)" "tchealthsources.com"
35.227.105.43 - - [01/Nov/2022:07:16:10 -0700] "GET /?C=N;O=D HTTP/1.1" 200 492 "-" "ZoominfoBot (zoominfobot at zoominfo dot com)" "tchealthsources.com"
35.227.105.43 - - [01/Nov/2022:07:19:42 -0700] "GET /_private/ HTTP/1.1" 403 170 "-" "ZoominfoBot (zoominfobot at zoominfo dot com)" "www.tchealthsources.com"
114.119.134.224 - - [01/Nov/2022:07:21:08 -0700] "GET /TC%20Health%20Sources/clipart/buttons/themes/simple?C=S%3BO%3DA HTTP/1.1" 301 1454 "https://tchealthsources.com/TC%20Health%20Sources/clipart/buttons/themes/simple?C=D%3BO%3DA" "Mozilla/5.0 (Linux; Android 7.0;) AppleWebKit/537.36 (KHTML, like Gecko) Mobile Safari/537.36 (compatible; PetalBot;+https://webmaster.petalsearch.com/site/petalbot)" "tchealthsources.com"
114.119.134.224 - - [01/Nov/2022:07:21:09 -0700] "GET /TC%20Health%20Sources/clipart/buttons/themes/simple/?C=S%3BO%3DA HTTP/1.1" 200 440 "https://tchealthsources.com/TC%20Health%20Sources/clipart/buttons/themes/simple?C=D%3BO%3DA" "Mozilla/5.0 (Linux; Android 7.0;) AppleWebKit/537.36 (KHTML, like Gecko) Mobile Safari/537.36 (compatible; PetalBot;+https://webmaster.petalsearch.com/site/petalbot)" "tchealthsources.com"
35.227.105.43 - - [01/Nov/2022:07:24:10 -0700] "GET /?C=M;O=A HTTP/1.1" 200 494 "-" "ZoominfoBot (zoominfobot at zoominfo dot com)" "tchealthsources.com"
114.119.136.128 - - [01/Nov/2022:07:26:37 -0700] "GET /TC%20Health%20Sources/sitebuilder/images/?C=S%3BO%3DA HTTP/1.1" 200 2382 "https://tchealthsources.com/TC%20Health%20Sources/sitebuilder/images?C=S%3BO%3DA" "Mozilla/5.0 (Linux; Android 7.0;) AppleWebKit/537.36 (KHTML, like Gecko) Mobile Safari/537.36 (compatible; PetalBot;+https://webmaster.petalsearch.com/site/petalbot)" "tchealthsources.com"
51.222.253.20 - - [01/Nov/2022:07:28:00 -0700] "GET /?C=M;O=D HTTP/1.1" 200 491 "-" "Mozilla/5.0 (compatible; AhrefsBot/7.0; +http://ahrefs.com/robot/)" "www.tchealthsources.com"
35.227.105.43 - - [01/Nov/2022:07:29:43 -0700] "GET /?C=S;O=A HTTP/1.1" 200 495 "-" "ZoominfoBot (zoominfobot at zoominfo dot com)" "www.tchealthsources.com"
35.227.105.43 - - [01/Nov/2022:07:30:42 -0700] "GET /clipart/ HTTP/1.1" 200 380 "-" "ZoominfoBot (zoominfobot at zoominfo dot com)" "tchealthsources.com"
35.227.105.43 - - [01/Nov/2022:07:32:07 -0700] "GET /navigation_bars/ HTTP/1.1" 200 390 "-" "ZoominfoBot (zoominfobot at zoominfo dot com)" "www.tchealthsources.com"
114.119.136.13 - - [01/Nov/2022:07:32:07 -0700] "GET /TC%20Health%20Sources/clipart/buttons/ HTTP/1.1" 200 383 "https://tchealthsources.com/TC%20Health%20Sources/clipart/buttons/themes?N=A" "Mozilla/5.0 (Linux; Android 7.0;) AppleWebKit/537.36 (KHTML, like Gecko) Mobile Safari/537.36 (compatible; PetalBot;+https://webmaster.petalsearch.com/site/petalbot)" "tchealthsources.com"
35.227.105.43 - - [01/Nov/2022:07:33:34 -0700] "GET /TC%20Health%20Sources/ HTTP/1.1" 200 564 "-" "ZoominfoBot (zoominfobot at zoominfo dot com)" "www.tchealthsources.com"
34.75.231.230 - - [01/Nov/2022:07:35:18 -0700] "GET /robots.txt HTTP/1.1" 404 88 "-" "ZoominfoBot (zoominfobot at zoominfo dot com)" "tchealthsources.com"
34.75.231.230 - - [01/Nov/2022:07:35:19 -0700] "GET /_private/ HTTP/1.1" 403 170 "-" "ZoominfoBot (zoominfobot at zoominfo dot com)" "tchealthsources.com"
34.75.231.230 - - [01/Nov/2022:07:36:47 -0700] "GET /Web%20DOWNLOAD%20images/ HTTP/1.1" 200 442 "-" "ZoominfoBot (zoominfobot at zoominfo dot com)" "tchealthsources.com"
34.75.231.230 - - [01/Nov/2022:07:37:25 -0700] "GET /?C=S;O=A HTTP/1.1" 200 495 "-" "ZoominfoBot (zoominfobot at zoominfo dot com)" "tchealthsources.com"
114.119.136.109 - - [01/Nov/2022:07:37:36 -0700] "GET /clipart/buttons/themes?D=A HTTP/1.1" 301 1424 "http://tchealthsources.com/clipart/buttons/themes" "Mozilla/5.0 (Linux; Android 7.0;) AppleWebKit/537.36 (KHTML, like Gecko) Mobile Safari/537.36 (compatible; PetalBot;+https://webmaster.petalsearch.com/site/petalbot)" "tchealthsources.com"
114.119.136.109 - - [01/Nov/2022:07:37:37 -0700] "GET /clipart/buttons/themes/?D=A HTTP/1.1" 200 511 "http://tchealthsources.com/clipart/buttons/themes" "Mozilla/5.0 (Linux; Android 7.0;) AppleWebKit/537.36 (KHTML, like Gecko) Mobile Safari/537.36 (compatible; PetalBot;+https://webmaster.petalsearch.com/site/petalbot)" "tchealthsources.com"
34.75.231.230 - - [01/Nov/2022:07:39:23 -0700] "GET /?C=D;O=A HTTP/1.1" 200 493 "-" "ZoominfoBot (zoominfobot at zoominfo dot com)" "tchealthsources.com"
114.119.134.224 - - [01/Nov/2022:07:43:07 -0700] "GET /TC%20Health%20Sources/logs/access_160412.log HTTP/1.1" 200 2282 "https://tchealthsources.com/TC%20Health%20Sources/logs?S=A" "Mozilla/5.0 (Linux; Android 7.0;) AppleWebKit/537.36 (KHTML, like Gecko) Mobile Safari/537.36 (compatible; PetalBot;+https://webmaster.petalsearch.com/site/petalbot)" "tchealthsources.com"
34.75.231.230 - - [01/Nov/2022:07:44:04 -0700] "GET /robots.txt HTTP/1.1" 404 88 "-" "ZoominfoBot (zoominfobot at zoominfo dot com)" "www.tchealthsources.com"
114.119.134.224 - - [01/Nov/2022:07:48:50 -0700] "GET /TC%20Health%20Sources/clipart/buttons/themes/designer3?D=A HTTP/1.1" 301 1448 "https://tchealthsources.com/TC%20Health%20Sources/clipart/buttons/themes/designer3?D=D" "Mozilla/5.0 (Linux; Android 7.0;) AppleWebKit/537.36 (KHTML, like Gecko) Mobile Safari/537.36 (compatible; PetalBot;+https://webmaster.petalsearch.com/site/petalbot)" "tchealthsources.com"
114.119.134.224 - - [01/Nov/2022:07:49:10 -0700] "GET /TC%20Health%20Sources/clipart/buttons/themes/designer3/?D=A HTTP/1.1" 200 444 "https://tchealthsources.com/TC%20Health%20Sources/clipart/buttons/themes/designer3?D=D" "Mozilla/5.0 (Linux; Android 7.0;) AppleWebKit/537.36 (KHTML, like Gecko) Mobile Safari/537.36 (compatible; PetalBot;+https://webmaster.petalsearch.com/site/petalbot)" "tchealthsources.com"
34.75.231.230 - - [01/Nov/2022:07:51:25 -0700] "GET /?C=M;O=A HTTP/1.1" 200 494 "-" "ZoominfoBot (zoominfobot at zoominfo dot com)" "www.tchealthsources.com"
34.75.231.230 - - [01/Nov/2022:07:51:47 -0700] "GET /Index.html HTTP/1.1" 200 450 "-" "ZoominfoBot (zoominfobot at zoominfo dot com)" "tchealthsources.com"
114.119.136.12 - - [01/Nov/2022:07:54:10 -0700] "GET /clipart/buttons/themes/designer1?C=D%3BO%3DA HTTP/1.1" 301 1439 "http://tchealthsources.com/clipart/buttons/themes/designer1?S=A" "Mozilla/5.0 (Linux; Android 7.0;) AppleWebKit/537.36 (KHTML, like Gecko) Mobile Safari/537.36 (compatible; PetalBot;+https://webmaster.petalsearch.com/site/petalbot)" "tchealthsources.com"
114.119.136.12 - - [01/Nov/2022:07:54:10 -0700] "GET /clipart/buttons/themes/designer1/?C=D%3BO%3DA HTTP/1.1" 200 423 "http://tchealthsources.com/clipart/buttons/themes/designer1?S=A" "Mozilla/5.0 (Linux; Android 7.0;) AppleWebKit/537.36 (KHTML, like Gecko) Mobile Safari/537.36 (compatible; PetalBot;+https://webmaster.petalsearch.com/site/petalbot)" "tchealthsources.com"
114.119.136.113 - - [01/Nov/2022:07:59:47 -0700] "GET /TC%20Health%20Sources/media?C=D%3BO%3DA HTTP/1.1" 301 1434 "http://tchealthsources.com/TC%20Health%20Sources/media" "Mozilla/5.0 (Linux; Android 7.0;) AppleWebKit/537.36 (KHTML, like Gecko) Mobile Safari/537.36 (compatible; PetalBot;+https://webmaster.petalsearch.com/site/petalbot)" "tchealthsources.com"
114.119.136.113 - - [01/Nov/2022:08:00:09 -0700] "GET /TC%20Health%20Sources/media/?C=D%3BO%3DA HTTP/1.1" 200 409 "http://tchealthsources.com/TC%20Health%20Sources/media" "Mozilla/5.0 (Linux; Android 7.0;) AppleWebKit/537.36 (KHTML, like Gecko) Mobile Safari/537.36 (compatible; PetalBot;+https://webmaster.petalsearch.com/site/petalbot)" "tchealthsources.com"
34.75.231.230 - - [01/Nov/2022:08:02:04 -0700] "GET /Web%20DOWNLOAD%20images/ HTTP/1.1" 200 442 "-" "ZoominfoBot (zoominfobot at zoominfo dot com)" "www.tchealthsources.com"
114.119.136.113 - - [01/Nov/2022:08:05:18 -0700] "GET /clipart?S=D HTTP/1.1" 301 1413 "http://tchealthsources.com/clipart?S=A" "Mozilla/5.0 (Linux; Android 7.0;) AppleWebKit/537.36 (KHTML, like Gecko) Mobile Safari/537.36 (compatible; PetalBot;+https://webmaster.petalsearch.com/site/petalbot)" "tchealthsources.com"
114.119.136.113 - - [01/Nov/2022:08:05:19 -0700] "GET /clipart/?S=D HTTP/1.1" 200 380 "http://tchealthsources.com/clipart?S=A" "Mozilla/5.0 (Linux; Android 7.0;) AppleWebKit/537.36 (KHTML, like Gecko) Mobile Safari/537.36 (compatible; PetalBot;+https://webmaster.petalsearch.com/site/petalbot)" "tchealthsources.com"
34.75.231.230 - - [01/Nov/2022:08:09:32 -0700] "GET /navigation_bars/ HTTP/1.1" 200 390 "-" "ZoominfoBot (zoominfobot at zoominfo dot com)" "tchealthsources.com"
114.119.136.134 - - [01/Nov/2022:08:10:54 -0700] "GET /clipart/buttons/themes/jelly?N=D HTTP/1.1" 301 1429 "http://tchealthsources.com/clipart/buttons/themes/jelly?N=A" "Mozilla/5.0 (Linux; Android 7.0;) AppleWebKit/537.36 (KHTML, like Gecko) Mobile Safari/537.36 (compatible; PetalBot;+https://webmaster.petalsearch.com/site/petalbot)" "tchealthsources.com"
114.119.136.134 - - [01/Nov/2022:08:10:54 -0700] "GET /clipart/buttons/themes/jelly/?N=D HTTP/1.1" 200 416 "http://tchealthsources.com/clipart/buttons/themes/jelly?N=A" "Mozilla/5.0 (Linux; Android 7.0;) AppleWebKit/537.36 (KHTML, like Gecko) Mobile Safari/537.36 (compatible; PetalBot;+https://webmaster.petalsearch.com/site/petalbot)" "tchealthsources.com"
114.119.136.13 - - [01/Nov/2022:08:16:27 -0700] "GET /clipart/buttons/themes?M=D HTTP/1.1" 301 1424 "http://tchealthsources.com/clipart/buttons/themes?M=A" "Mozilla/5.0 (Linux; Android 7.0;) AppleWebKit/537.36 (KHTML, like Gecko) Mobile Safari/537.36 (compatible; PetalBot;+https://webmaster.petalsearch.com/site/petalbot)" "tchealthsources.com"
114.119.136.13 - - [01/Nov/2022:08:16:27 -0700] "GET /clipart/buttons/themes/?M=D HTTP/1.1" 200 511 "http://tchealthsources.com/clipart/buttons/themes?M=A" "Mozilla/5.0 (Linux; Android 7.0;) AppleWebKit/537.36 (KHTML, like Gecko) Mobile Safari/537.36 (compatible; PetalBot;+https://webmaster.petalsearch.com/site/petalbot)" "tchealthsources.com"
34.75.231.230 - - [01/Nov/2022:08:21:48 -0700] "GET /clipart/ HTTP/1.1" 200 380 "-" "ZoominfoBot (zoominfobot at zoominfo dot com)" "www.tchealthsources.com"
114.119.136.128 - - [01/Nov/2022:08:21:58 -0700] "GET /clipart/buttons/themes/jelly?C=M%3BO%3DA HTTP/1.1" 301 1437 "http://tchealthsources.com/clipart/buttons/themes/jelly?S=D" "Mozilla/5.0 (Linux; Android 7.0;) AppleWebKit/537.36 (KHTML, like Gecko) Mobile Safari/537.36 (compatible; PetalBot;+https://webmaster.petalsearch.com/site/petalbot)" "tchealthsources.com"
114.119.136.128 - - [01/Nov/2022:08:21:58 -0700] "GET /clipart/buttons/themes/jelly/?C=M%3BO%3DA HTTP/1.1" 200 416 "http://tchealthsources.com/clipart/buttons/themes/jelly?S=D" "Mozilla/5.0 (Linux; Android 7.0;) AppleWebKit/537.36 (KHTML, like Gecko) Mobile Safari/537.36 (compatible; PetalBot;+https://webmaster.petalsearch.com/site/petalbot)" "tchealthsources.com"
34.75.231.230 - - [01/Nov/2022:08:22:33 -0700] "GET /Index.html HTTP/1.1" 200 450 "-" "ZoominfoBot (zoominfobot at zoominfo dot com)" "www.tchealthsources.com"
114.119.136.128 - - [01/Nov/2022:08:27:30 -0700] "GET /TC%20Health%20Sources/yahoo_site_admin1/credentials?C=N%3BO%3DD HTTP/1.1" 301 1454 "https://tchealthsources.com/TC%20Health%20Sources/yahoo_site_admin1/credentials?C=M%3BO%3DA" "Mozilla/5.0 (Linux; Android 7.0;) AppleWebKit/537.36 (KHTML, like Gecko) Mobile Safari/537.36 (compatible; PetalBot;+https://webmaster.petalsearch.com/site/petalbot)" "tchealthsources.com"
114.119.136.128 - - [01/Nov/2022:08:27:30 -0700] "GET /TC%20Health%20Sources/yahoo_site_admin1/credentials/?C=N%3BO%3DD HTTP/1.1" 200 400 "https://tchealthsources.com/TC%20Health%20Sources/yahoo_site_admin1/credentials?C=M%3BO%3DA" "Mozilla/5.0 (Linux; Android 7.0;) AppleWebKit/537.36 (KHTML, like Gecko) Mobile Safari/537.36 (compatible; PetalBot;+https://webmaster.petalsearch.com/site/petalbot)" "tchealthsources.com"
34.75.231.230 - - [01/Nov/2022:08:28:56 -0700] "GET /TC%20Health%20Sources/ HTTP/1.1" 200 564 "-" "ZoominfoBot (zoominfobot at zoominfo dot com)" "tchealthsources.com"
114.119.136.128 - - [01/Nov/2022:08:33:07 -0700] "GET /TC%20Health%20Sources/clipart/buttons/themes/sky_blue?N=D HTTP/1.1" 301 1450 "https://tchealthsources.com/TC%20Health%20Sources/clipart/buttons/themes/sky_blue?N=A" "Mozilla/5.0 (Linux; Android 7.0;) AppleWebKit/537.36 (KHTML, like Gecko) Mobile Safari/537.36 (compatible; PetalBot;+https://webmaster.petalsearch.com/site/petalbot)" "tchealthsources.com"
114.119.136.128 - - [01/Nov/2022:08:33:08 -0700] "GET /TC%20Health%20Sources/clipart/buttons/themes/sky_blue/?N=D HTTP/1.1" 200 445 "https://tchealthsources.com/TC%20Health%20Sources/clipart/buttons/themes/sky_blue?N=A" "Mozilla/5.0 (Linux; Android 7.0;) AppleWebKit/537.36 (KHTML, like Gecko) Mobile Safari/537.36 (compatible; PetalBot;+https://webmaster.petalsearch.com/site/petalbot)" "tchealthsources.com"
34.75.231.230 - - [01/Nov/2022:08:34:15 -0700] "GET /?C=N;O=D HTTP/1.1" 200 492 "-" "ZoominfoBot (zoominfobot at zoominfo dot com)" "www.tchealthsources.com"
114.119.136.134 - - [01/Nov/2022:08:38:44 -0700] "GET /TC%20Health%20Sources/yahoo_site_admin/assets/images/ HTTP/1.1" 200 356 "https://tchealthsources.com/TC%20Health%20Sources/yahoo_site_admin/assets?S=D" "Mozilla/5.0 (Linux; Android 7.0;) AppleWebKit/537.36 (KHTML, like Gecko) Mobile Safari/537.36 (compatible; PetalBot;+https://webmaster.petalsearch.com/site/petalbot)" "tchealthsources.com"
34.75.231.230 - - [01/Nov/2022:08:40:02 -0700] "GET /?C=N;O=D HTTP/1.1" 200 492 "-" "ZoominfoBot (zoominfobot at zoominfo dot com)" "tchealthsources.com"
34.75.231.230 - - [01/Nov/2022:08:43:49 -0700] "GET /_private/ HTTP/1.1" 403 170 "-" "ZoominfoBot (zoominfobot at zoominfo dot com)" "www.tchealthsources.com"
114.119.136.134 - - [01/Nov/2022:08:44:23 -0700] "GET /TC%20Health%20Sources/files/International_health_insurance.htm HTTP/1.1" 200 5116 "https://tchealthsources.com/TC%20Health%20Sources/files?N=A" "Mozilla/5.0 (Linux; Android 7.0;) AppleWebKit/537.36 (KHTML, like Gecko) Mobile Safari/537.36 (compatible; PetalBot;+https://webmaster.petalsearch.com/site/petalbot)" "tchealthsources.com"
34.75.231.230 - - [01/Nov/2022:08:48:45 -0700] "GET /?C=M;O=A HTTP/1.1" 200 494 "-" "ZoominfoBot (zoominfobot at zoominfo dot com)" "tchealthsources.com"
114.119.136.128 - - [01/Nov/2022:08:50:00 -0700] "GET /TC%20Health%20Sources/yahoo_site_admin/credentials?C=S%3BO%3DA HTTP/1.1" 301 1453 "https://tchealthsources.com/TC%20Health%20Sources/yahoo_site_admin/credentials" "Mozilla/5.0 (Linux; Android 7.0;) AppleWebKit/537.36 (KHTML, like Gecko) Mobile Safari/537.36 (compatible; PetalBot;+https://webmaster.petalsearch.com/site/petalbot)" "tchealthsources.com"
114.119.136.128 - - [01/Nov/2022:08:50:07 -0700] "GET /TC%20Health%20Sources/yahoo_site_admin/credentials/?C=S%3BO%3DA HTTP/1.1" 200 399 "https://tchealthsources.com/TC%20Health%20Sources/yahoo_site_admin/credentials" "Mozilla/5.0 (Linux; Android 7.0;) AppleWebKit/537.36 (KHTML, like Gecko) Mobile Safari/537.36 (compatible; PetalBot;+https://webmaster.petalsearch.com/site/petalbot)" "tchealthsources.com"
34.75.231.230 - - [01/Nov/2022:08:54:41 -0700] "GET /?C=S;O=A HTTP/1.1" 200 495 "-" "ZoominfoBot (zoominfobot at zoominfo dot com)" "www.tchealthsources.com"
114.119.136.113 - - [01/Nov/2022:08:55:33 -0700] "GET /TC%20Health%20Sources/logs/access_160401.log HTTP/1.1" 200 1294 "https://tchealthsources.com/TC%20Health%20Sources/logs?S=A" "Mozilla/5.0 (Linux; Android 7.0;) AppleWebKit/537.36 (KHTML, like Gecko) Mobile Safari/537.36 (compatible; PetalBot;+https://webmaster.petalsearch.com/site/petalbot)" "tchealthsources.com"
34.75.231.230 - - [01/Nov/2022:08:57:12 -0700] "GET /navigation_bars/ HTTP/1.1" 200 390 "-" "ZoominfoBot (zoominfobot at zoominfo dot com)" "www.tchealthsources.com"
34.75.231.230 - - [01/Nov/2022:08:58:42 -0700] "GET /TC%20Health%20Sources/ HTTP/1.1" 200 564 "-" "ZoominfoBot (zoominfobot at zoominfo dot com)" "www.tchealthsources.com"
114.119.136.13 - - [01/Nov/2022:09:01:15 -0700] "GET /clipart/images?S=A HTTP/1.1" 301 1418 "http://tchealthsources.com/clipart/images?D=D" "Mozilla/5.0 (Linux; Android 7.0;) AppleWebKit/537.36 (KHTML, like Gecko) Mobile Safari/537.36 (compatible; PetalBot;+https://webmaster.petalsearch.com/site/petalbot)" "tchealthsources.com"
114.119.136.13 - - [01/Nov/2022:09:01:16 -0700] "GET /clipart/images/?S=A HTTP/1.1" 200 359 "http://tchealthsources.com/clipart/images?D=D" "Mozilla/5.0 (Linux; Android 7.0;) AppleWebKit/537.36 (KHTML, like Gecko) Mobile Safari/537.36 (compatible; PetalBot;+https://webmaster.petalsearch.com/site/petalbot)" "tchealthsources.com"
114.119.136.134 - - [01/Nov/2022:09:06:49 -0700] "GET /TC%20Health%20Sources/navigation_bars/?C=M%3BO%3DA HTTP/1.1" 200 415 "https://tchealthsources.com/TC%20Health%20Sources/navigation_bars?C=M%3BO%3DA" "Mozilla/5.0 (Linux; Android 7.0;) AppleWebKit/537.36 (KHTML, like Gecko) Mobile Safari/537.36 (compatible; PetalBot;+https://webmaster.petalsearch.com/site/petalbot)" "tchealthsources.com"
51.222.253.11 - - [01/Nov/2022:09:08:55 -0700] "GET /TC%20Health%20Sources/tmp/ HTTP/1.1" 200 386 "-" "Mozilla/5.0 (compatible; AhrefsBot/7.0; +http://ahrefs.com/robot/)" "tchealthsources.com"
35.190.191.186 - - [01/Nov/2022:09:09:45 -0700] "GET /robots.txt HTTP/1.1" 404 88 "-" "ZoominfoBot (zoominfobot at zoominfo dot com)" "tchealthsources.com"
35.190.191.186 - - [01/Nov/2022:09:12:05 -0700] "GET /?C=S;O=A HTTP/1.1" 200 495 "-" "ZoominfoBot (zoominfobot at zoominfo dot com)" "tchealthsources.com"
114.119.136.134 - - [01/Nov/2022:09:12:28 -0700] "GET /TC%20Health%20Sources/logs/access_160319.log HTTP/1.1" 200 1758 "https://tchealthsources.com/TC%20Health%20Sources/logs?S=A" "Mozilla/5.0 (Linux; Android 7.0;) AppleWebKit/537.36 (KHTML, like Gecko) Mobile Safari/537.36 (compatible; PetalBot;+https://webmaster.petalsearch.com/site/petalbot)" "tchealthsources.com"
35.190.191.186 - - [01/Nov/2022:09:14:04 -0700] "GET /?C=D;O=A HTTP/1.1" 200 493 "-" "ZoominfoBot (zoominfobot at zoominfo dot com)" "tchealthsources.com"
157.55.39.175 - - [01/Nov/2022:09:17:44 -0700] "GET /TC%20Health%20Sources/sitebuilder/ HTTP/1.1" 200 446 "-" "Mozilla/5.0 (compatible; bingbot/2.0; +http://www.bing.com/bingbot.htm)" "tchealthsources.com"
114.119.136.134 - - [01/Nov/2022:09:18:03 -0700] "GET /TC%20Health%20Sources/includes/ice?N=D HTTP/1.1" 301 1433 "https://tchealthsources.com/TC%20Health%20Sources/includes/ice" "Mozilla/5.0 (Linux; Android 7.0;) AppleWebKit/537.36 (KHTML, like Gecko) Mobile Safari/537.36 (compatible; PetalBot;+https://webmaster.petalsearch.com/site/petalbot)" "tchealthsources.com"
114.119.136.134 - - [01/Nov/2022:09:18:04 -0700] "GET /TC%20Health%20Sources/includes/ice/?N=D HTTP/1.1" 200 439 "https://tchealthsources.com/TC%20Health%20Sources/includes/ice" "Mozilla/5.0 (Linux; Android 7.0;) AppleWebKit/537.36 (KHTML, like Gecko) Mobile Safari/537.36 (compatible; PetalBot;+https://webmaster.petalsearch.com/site/petalbot)" "tchealthsources.com"
35.190.191.186 - - [01/Nov/2022:09:19:20 -0700] "GET /?C=D;O=A HTTP/1.1" 200 493 "-" "ZoominfoBot (zoominfobot at zoominfo dot com)" "www.tchealthsources.com"
114.119.134.224 - - [01/Nov/2022:09:23:41 -0700] "GET /clipart/buttons/themes HTTP/1.1" 301 1419 "http://tchealthsources.com/clipart/buttons/themes/jelly?C=D%3BO%3DA" "Mozilla/5.0 (Linux; Android 7.0;) AppleWebKit/537.36 (KHTML, like Gecko) Mobile Safari/537.36 (compatible; PetalBot;+https://webmaster.petalsearch.com/site/petalbot)" "tchealthsources.com"
114.119.134.224 - - [01/Nov/2022:09:23:45 -0700] "GET /clipart/buttons/themes/ HTTP/1.1" 200 511 "http://tchealthsources.com/clipart/buttons/themes/jelly?C=D%3BO%3DA" "Mozilla/5.0 (Linux; Android 7.0;) AppleWebKit/537.36 (KHTML, like Gecko) Mobile Safari/537.36 (compatible; PetalBot;+https://webmaster.petalsearch.com/site/petalbot)" "tchealthsources.com"
35.190.191.186 - - [01/Nov/2022:09:26:10 -0700] "GET /robots.txt HTTP/1.1" 404 88 "-" "ZoominfoBot (zoominfobot at zoominfo dot com)" "www.tchealthsources.com"
35.190.191.186 - - [01/Nov/2022:09:26:11 -0700] "GET /?C=M;O=A HTTP/1.1" 200 494 "-" "ZoominfoBot (zoominfobot at zoominfo dot com)" "www.tchealthsources.com"
35.190.191.186 - - [01/Nov/2022:09:26:32 -0700] "GET /Index.html HTTP/1.1" 200 450 "-" "ZoominfoBot (zoominfobot at zoominfo dot com)" "tchealthsources.com"
114.119.136.12 - - [01/Nov/2022:09:29:08 -0700] "GET /TC%20Health%20Sources/yahoo_site_admin/logs/?C=M%3BO%3DA HTTP/1.1" 200 396 "https://tchealthsources.com/TC%20Health%20Sources/yahoo_site_admin/logs/" "Mozilla/5.0 (Linux; Android 7.0;) AppleWebKit/537.36 (KHTML, like Gecko) Mobile Safari/537.36 (compatible; PetalBot;+https://webmaster.petalsearch.com/site/petalbot)" "tchealthsources.com"
114.119.136.109 - - [01/Nov/2022:09:34:45 -0700] "GET /clipart?C=M%3BO%3DA HTTP/1.1" 301 1422 "http://tchealthsources.com/clipart?N=A" "Mozilla/5.0 (Linux; Android 7.0;) AppleWebKit/537.36 (KHTML, like Gecko) Mobile Safari/537.36 (compatible; PetalBot;+https://webmaster.petalsearch.com/site/petalbot)" "tchealthsources.com"
114.119.136.109 - - [01/Nov/2022:09:34:45 -0700] "GET /clipart/?C=M%3BO%3DA HTTP/1.1" 200 380 "http://tchealthsources.com/clipart?N=A" "Mozilla/5.0 (Linux; Android 7.0;) AppleWebKit/537.36 (KHTML, like Gecko) Mobile Safari/537.36 (compatible; PetalBot;+https://webmaster.petalsearch.com/site/petalbot)" "tchealthsources.com"
35.190.191.186 - - [01/Nov/2022:09:36:24 -0700] "GET /Web%20DOWNLOAD%20images/ HTTP/1.1" 200 442 "-" "ZoominfoBot (zoominfobot at zoominfo dot com)" "www.tchealthsources.com"
114.119.136.12 - - [01/Nov/2022:09:40:19 -0700] "GET /TC%20Health%20Sources/clipart/buttons/themes/jelly?S=D HTTP/1.1" 301 1445 "https://tchealthsources.com/TC%20Health%20Sources/clipart/buttons/themes/jelly?S=A" "Mozilla/5.0 (Linux; Android 7.0;) AppleWebKit/537.36 (KHTML, like Gecko) Mobile Safari/537.36 (compatible; PetalBot;+https://webmaster.petalsearch.com/site/petalbot)" "tchealthsources.com"
114.119.136.12 - - [01/Nov/2022:09:40:20 -0700] "GET /TC%20Health%20Sources/clipart/buttons/themes/jelly/?S=D HTTP/1.1" 200 439 "https://tchealthsources.com/TC%20Health%20Sources/clipart/buttons/themes/jelly?S=A" "Mozilla/5.0 (Linux; Android 7.0;) AppleWebKit/537.36 (KHTML, like Gecko) Mobile Safari/537.36 (compatible; PetalBot;+https://webmaster.petalsearch.com/site/petalbot)" "tchealthsources.com"
35.190.191.186 - - [01/Nov/2022:09:43:34 -0700] "GET /navigation_bars/ HTTP/1.1" 200 390 "-" "ZoominfoBot (zoominfobot at zoominfo dot com)" "tchealthsources.com"
114.119.136.13 - - [01/Nov/2022:09:45:53 -0700] "GET /TC%20Health%20Sources/yahoo_site_admin/assets/images?D=A HTTP/1.1" 301 1446 "https://tchealthsources.com/TC%20Health%20Sources/yahoo_site_admin/assets/images?N=D" "Mozilla/5.0 (Linux; Android 7.0;) AppleWebKit/537.36 (KHTML, like Gecko) Mobile Safari/537.36 (compatible; PetalBot;+https://webmaster.petalsearch.com/site/petalbot)" "tchealthsources.com"
114.119.136.13 - - [01/Nov/2022:09:45:53 -0700] "GET /TC%20Health%20Sources/yahoo_site_admin/assets/images/?D=A HTTP/1.1" 200 356 "https://tchealthsources.com/TC%20Health%20Sources/yahoo_site_admin/assets/images?N=D" "Mozilla/5.0 (Linux; Android 7.0;) AppleWebKit/537.36 (KHTML, like Gecko) Mobile Safari/537.36 (compatible; PetalBot;+https://webmaster.petalsearch.com/site/petalbot)" "tchealthsources.com"
114.119.136.12 - - [01/Nov/2022:09:51:29 -0700] "GET /TC%20Health%20Sources/clipart/buttons/themes/view-screen?D=D HTTP/1.1" 301 1449 "https://tchealthsources.com/TC%20Health%20Sources/clipart/buttons/themes/view-screen?D=A" "Mozilla/5.0 (Linux; Android 7.0;) AppleWebKit/537.36 (KHTML, like Gecko) Mobile Safari/537.36 (compatible; PetalBot;+https://webmaster.petalsearch.com/site/petalbot)" "tchealthsources.com"
114.119.136.12 - - [01/Nov/2022:09:51:30 -0700] "GET /TC%20Health%20Sources/clipart/buttons/themes/view-screen/?D=D HTTP/1.1" 200 442 "https://tchealthsources.com/TC%20Health%20Sources/clipart/buttons/themes/view-screen?D=A" "Mozilla/5.0 (Linux; Android 7.0;) AppleWebKit/537.36 (KHTML, like Gecko) Mobile Safari/537.36 (compatible; PetalBot;+https://webmaster.petalsearch.com/site/petalbot)" "tchealthsources.com"
35.190.191.186 - - [01/Nov/2022:09:55:32 -0700] "GET /clipart/ HTTP/1.1" 200 380 "-" "ZoominfoBot (zoominfobot at zoominfo dot com)" "www.tchealthsources.com"
35.190.191.186 - - [01/Nov/2022:09:56:14 -0700] "GET /Index.html HTTP/1.1" 200 450 "-" "ZoominfoBot (zoominfobot at zoominfo dot com)" "www.tchealthsources.com"
114.119.136.113 - - [01/Nov/2022:09:57:12 -0700] "GET /clipart/buttons/themes/jelly?D=D HTTP/1.1" 301 1429 "http://tchealthsources.com/clipart/buttons/themes/jelly?D=A" "Mozilla/5.0 (Linux; Android 7.0;) AppleWebKit/537.36 (KHTML, like Gecko) Mobile Safari/537.36 (compatible; PetalBot;+https://webmaster.petalsearch.com/site/petalbot)" "tchealthsources.com"
114.119.136.113 - - [01/Nov/2022:09:57:15 -0700] "GET /clipart/buttons/themes/jelly/?D=D HTTP/1.1" 200 416 "http://tchealthsources.com/clipart/buttons/themes/jelly?D=A" "Mozilla/5.0 (Linux; Android 7.0;) AppleWebKit/537.36 (KHTML, like Gecko) Mobile Safari/537.36 (compatible; PetalBot;+https://webmaster.petalsearch.com/site/petalbot)" "tchealthsources.com"
35.190.191.186 - - [01/Nov/2022:10:02:35 -0700] "GET /TC%20Health%20Sources/ HTTP/1.1" 200 564 "-" "ZoominfoBot (zoominfobot at zoominfo dot com)" "tchealthsources.com"
114.119.136.128 - - [01/Nov/2022:10:02:54 -0700] "GET /TC%20Health%20Sources/sitebuilder/applets?C=M%3BO%3DA HTTP/1.1" 301 1448 "https://tchealthsources.com/TC%20Health%20Sources/sitebuilder/applets?D=D" "Mozilla/5.0 (Linux; Android 7.0;) AppleWebKit/537.36 (KHTML, like Gecko) Mobile Safari/537.36 (compatible; PetalBot;+https://webmaster.petalsearch.com/site/petalbot)" "tchealthsources.com"
114.119.136.128 - - [01/Nov/2022:10:02:55 -0700] "GET /TC%20Health%20Sources/sitebuilder/applets/?C=M%3BO%3DA HTTP/1.1" 200 405 "https://tchealthsources.com/TC%20Health%20Sources/sitebuilder/applets?D=D" "Mozilla/5.0 (Linux; Android 7.0;) AppleWebKit/537.36 (KHTML, like Gecko) Mobile Safari/537.36 (compatible; PetalBot;+https://webmaster.petalsearch.com/site/petalbot)" "tchealthsources.com"
35.190.191.186 - - [01/Nov/2022:10:08:05 -0700] "GET /?C=N;O=D HTTP/1.1" 200 492 "-" "ZoominfoBot (zoominfobot at zoominfo dot com)" "www.tchealthsources.com"
