35.190.191.186 - - [01/Nov/2022:10:13:52 -0700] "GET /?C=N;O=D HTTP/1.1" 200 492 "-" "ZoominfoBot (zoominfobot at zoominfo dot com)" "tchealthsources.com"
35.190.191.186 - - [01/Nov/2022:10:17:33 -0700] "GET /_private/ HTTP/1.1" 403 170 "-" "ZoominfoBot (zoominfobot at zoominfo dot com)" "www.tchealthsources.com"
34.140.115.72 - - [01/Nov/2022:10:22:27 -0700] "GET / HTTP/1.1" 200 1331 "-" "Mozilla/5.0 (Windows NT 10.0; Win64; x64) AppleWebKit/537.36 (KHTML, like Gecko) Chrome/84.0.4147.105 Safari/537.36" "www.tchealthsources.com"
35.190.191.186 - - [01/Nov/2022:10:22:36 -0700] "GET /?C=M;O=A HTTP/1.1" 200 494 "-" "ZoominfoBot (zoominfobot at zoominfo dot com)" "tchealthsources.com"
194.38.20.161 - - [01/Nov/2022:10:25:41 -0700] "GET /sites/all/libraries/elfinder/elfinder.html HTTP/1.1" 404 73 "-" "ALittle Client" "tchealthsources.com"
35.190.191.186 - - [01/Nov/2022:10:28:39 -0700] "GET /?C=S;O=A HTTP/1.1" 200 495 "-" "ZoominfoBot (zoominfobot at zoominfo dot com)" "www.tchealthsources.com"
35.190.191.186 - - [01/Nov/2022:10:29:42 -0700] "GET /clipart/ HTTP/1.1" 200 380 "-" "ZoominfoBot (zoominfobot at zoominfo dot com)" "tchealthsources.com"
35.190.191.186 - - [01/Nov/2022:10:31:23 -0700] "GET /navigation_bars/ HTTP/1.1" 200 390 "-" "ZoominfoBot (zoominfobot at zoominfo dot com)" "www.tchealthsources.com"
51.222.253.3 - - [01/Nov/2022:10:39:37 -0700] "GET /TC%20Health%20Sources/yahoo_site_admin/cache/?C=S;O=A HTTP/1.1" 200 350 "-" "Mozilla/5.0 (compatible; AhrefsBot/7.0; +http://ahrefs.com/robot/)" "www.tchealthsources.com"
51.222.253.20 - - [01/Nov/2022:11:21:25 -0700] "GET /TC%20Health%20Sources/images/?C=D;O=A HTTP/1.1" 200 1393 "-" "Mozilla/5.0 (compatible; AhrefsBot/7.0; +http://ahrefs.com/robot/)" "www.tchealthsources.com"
51.222.253.4 - - [01/Nov/2022:11:22:22 -0700] "GET /clipart/?C=D;O=A HTTP/1.1" 200 380 "-" "Mozilla/5.0 (compatible; AhrefsBot/7.0; +http://ahrefs.com/robot/)" "tchealthsources.com"
51.222.253.10 - - [01/Nov/2022:11:22:43 -0700] "GET /TC%20Health%20Sources/includes/ HTTP/1.1" 200 376 "-" "Mozilla/5.0 (compatible; AhrefsBot/7.0; +http://ahrefs.com/robot/)" "www.tchealthsources.com"
51.222.253.3 - - [01/Nov/2022:11:41:08 -0700] "GET /TC%20Health%20Sources/_private/?C=S;O=D HTTP/1.1" 200 339 "-" "Mozilla/5.0 (compatible; AhrefsBot/7.0; +http://ahrefs.com/robot/)" "tchealthsources.com"
35.240.38.139 - - [01/Nov/2022:11:56:01 -0700] "HEAD / HTTP/1.1" 200 - "-" "Apache-HttpClient/4.5.5 (Java/11.0.9)" "www.tchealthsources.com"
51.222.253.5 - - [01/Nov/2022:12:00:01 -0700] "GET /clipart/?C=N;O=D HTTP/1.1" 200 379 "-" "Mozilla/5.0 (compatible; AhrefsBot/7.0; +http://ahrefs.com/robot/)" "tchealthsources.com"
114.119.136.113 - - [01/Nov/2022:12:18:39 -0700] "GET /TC%20Health%20Sources?D=D HTTP/1.1" 301 1425 "https://tchealthsources.com/TC%20Health%20Sources?D=A" "Mozilla/5.0 (Linux; Android 7.0;) AppleWebKit/537.36 (KHTML, like Gecko) Mobile Safari/537.36 (compatible; PetalBot;+https://webmaster.petalsearch.com/site/petalbot)" "tchealthsources.com"
114.119.136.113 - - [01/Nov/2022:12:18:48 -0700] "GET /TC%20Health%20Sources/?D=D HTTP/1.1" 200 564 "https://tchealthsources.com/TC%20Health%20Sources?D=A" "Mozilla/5.0 (Linux; Android 7.0;) AppleWebKit/537.36 (KHTML, like Gecko) Mobile Safari/537.36 (compatible; PetalBot;+https://webmaster.petalsearch.com/site/petalbot)" "tchealthsources.com"
51.222.253.12 - - [01/Nov/2022:12:20:13 -0700] "GET /Web%20DOWNLOAD%20images/?C=N;O=D HTTP/1.1" 200 440 "-" "Mozilla/5.0 (compatible; AhrefsBot/7.0; +http://ahrefs.com/robot/)" "www.tchealthsources.com"
114.119.136.128 - - [01/Nov/2022:12:23:39 -0700] "GET /TC%20Health%20Sources/yahoo_site_admin/credentials?D=A HTTP/1.1" 301 1445 "https://tchealthsources.com/TC%20Health%20Sources/yahoo_site_admin/credentials?N=A" "Mozilla/5.0 (Linux; Android 7.0;) AppleWebKit/537.36 (KHTML, like Gecko) Mobile Safari/537.36 (compatible; PetalBot;+https://webmaster.petalsearch.com/site/petalbot)" "tchealthsources.com"
114.119.136.128 - - [01/Nov/2022:12:23:39 -0700] "GET /TC%20Health%20Sources/yahoo_site_admin/credentials/?D=A HTTP/1.1" 200 399 "https://tchealthsources.com/TC%20Health%20Sources/yahoo_site_admin/credentials?N=A" "Mozilla/5.0 (Linux; Android 7.0;) AppleWebKit/537.36 (KHTML, like Gecko) Mobile Safari/537.36 (compatible; PetalBot;+https://webmaster.petalsearch.com/site/petalbot)" "tchealthsources.com"
46.161.27.153 - - [01/Nov/2022:12:23:41 -0700] "GET /wp-login.php HTTP/1.1" 404 88 "-" "Mozilla/5.0 (Windows NT 10.0; Win64; x64) AppleWebKit/537.36 (KHTML, like Gecko) Chrome/64.0.3282.140 Safari/537.36 Edge/18.17763" "tchealthsources.com"
114.119.136.12 - - [01/Nov/2022:12:29:19 -0700] "GET /Web%20DOWNLOAD%20images/?C=S%3BO%3DA HTTP/1.1" 200 442 "http://tchealthsources.com/Web%20DOWNLOAD%20images?D=A" "Mozilla/5.0 (Linux; Android 7.0;) AppleWebKit/537.36 (KHTML, like Gecko) Mobile Safari/537.36 (compatible; PetalBot;+https://webmaster.petalsearch.com/site/petalbot)" "tchealthsources.com"
51.222.253.1 - - [01/Nov/2022:12:38:13 -0700] "GET /Index.html HTTP/1.1" 200 450 "-" "Mozilla/5.0 (compatible; AhrefsBot/7.0; +http://ahrefs.com/robot/)" "www.tchealthsources.com"
114.119.136.109 - - [01/Nov/2022:12:48:28 -0700] "GET /TC%20Health%20Sources/yahoo_site_admin/credentials?C=M%3BO%3DA HTTP/1.1" 301 1454 "https://tchealthsources.com/TC%20Health%20Sources/yahoo_site_admin/credentials" "Mozilla/5.0 (Linux; Android 7.0;) AppleWebKit/537.36 (KHTML, like Gecko) Mobile Safari/537.36 (compatible; PetalBot;+https://webmaster.petalsearch.com/site/petalbot)" "tchealthsources.com"
114.119.136.109 - - [01/Nov/2022:12:48:29 -0700] "GET /TC%20Health%20Sources/yahoo_site_admin/credentials/?C=M%3BO%3DA HTTP/1.1" 200 399 "https://tchealthsources.com/TC%20Health%20Sources/yahoo_site_admin/credentials" "Mozilla/5.0 (Linux; Android 7.0;) AppleWebKit/537.36 (KHTML, like Gecko) Mobile Safari/537.36 (compatible; PetalBot;+https://webmaster.petalsearch.com/site/petalbot)" "tchealthsources.com"
51.222.253.11 - - [01/Nov/2022:12:48:44 -0700] "GET /TC%20Health%20Sources/logs/ HTTP/1.1" 200 1066 "-" "Mozilla/5.0 (compatible; AhrefsBot/7.0; +http://ahrefs.com/robot/)" "tchealthsources.com"
51.222.253.9 - - [01/Nov/2022:12:49:06 -0700] "GET /navigation_bars/?C=N;O=D HTTP/1.1" 200 388 "-" "Mozilla/5.0 (compatible; AhrefsBot/7.0; +http://ahrefs.com/robot/)" "tchealthsources.com"
114.119.136.128 - - [01/Nov/2022:12:54:13 -0700] "GET /TC%20Health%20Sources/sitebuilder/?C=D%3BO%3DA HTTP/1.1" 200 446 "https://tchealthsources.com/TC%20Health%20Sources/sitebuilder/?C=M%3BO%3DA" "Mozilla/5.0 (Linux; Android 7.0;) AppleWebKit/537.36 (KHTML, like Gecko) Mobile Safari/537.36 (compatible; PetalBot;+https://webmaster.petalsearch.com/site/petalbot)" "tchealthsources.com"
114.119.136.134 - - [01/Nov/2022:12:59:56 -0700] "GET /TC%20Health%20Sources/yahoo_site_admin1/credentials/?C=S%3BO%3DA HTTP/1.1" 200 400 "https://tchealthsources.com/TC%20Health%20Sources/yahoo_site_admin1/credentials/?C=N%3BO%3DD" "Mozilla/5.0 (Linux; Android 7.0;) AppleWebKit/537.36 (KHTML, like Gecko) Mobile Safari/537.36 (compatible; PetalBot;+https://webmaster.petalsearch.com/site/petalbot)" "tchealthsources.com"
51.222.253.8 - - [01/Nov/2022:13:05:52 -0700] "GET /clipart/?C=S;O=A HTTP/1.1" 200 381 "-" "Mozilla/5.0 (compatible; AhrefsBot/7.0; +http://ahrefs.com/robot/)" "tchealthsources.com"
114.119.136.13 - - [01/Nov/2022:13:25:05 -0700] "GET /TC%20Health%20Sources/logs/access_160328.log HTTP/1.1" 200 941 "https://tchealthsources.com/TC%20Health%20Sources/logs?S=A" "Mozilla/5.0 (Linux; Android 7.0;) AppleWebKit/537.36 (KHTML, like Gecko) Mobile Safari/537.36 (compatible; PetalBot;+https://webmaster.petalsearch.com/site/petalbot)" "tchealthsources.com"
114.119.136.128 - - [01/Nov/2022:13:34:41 -0700] "GET /clipart/buttons/themes?N=A HTTP/1.1" 301 1424 "http://tchealthsources.com/clipart/buttons/themes?D=A" "Mozilla/5.0 (Linux; Android 7.0;) AppleWebKit/537.36 (KHTML, like Gecko) Mobile Safari/537.36 (compatible; PetalBot;+https://webmaster.petalsearch.com/site/petalbot)" "tchealthsources.com"
114.119.136.128 - - [01/Nov/2022:13:34:41 -0700] "GET /clipart/buttons/themes/?N=A HTTP/1.1" 200 511 "http://tchealthsources.com/clipart/buttons/themes?D=A" "Mozilla/5.0 (Linux; Android 7.0;) AppleWebKit/537.36 (KHTML, like Gecko) Mobile Safari/537.36 (compatible; PetalBot;+https://webmaster.petalsearch.com/site/petalbot)" "tchealthsources.com"
114.119.136.12 - - [01/Nov/2022:13:40:15 -0700] "GET /TC%20Health%20Sources/clipart/buttons/themes/sky_blue?D=D HTTP/1.1" 301 1450 "https://tchealthsources.com/TC%20Health%20Sources/clipart/buttons/themes/sky_blue?D=A" "Mozilla/5.0 (Linux; Android 7.0;) AppleWebKit/537.36 (KHTML, like Gecko) Mobile Safari/537.36 (compatible; PetalBot;+https://webmaster.petalsearch.com/site/petalbot)" "tchealthsources.com"
114.119.136.12 - - [01/Nov/2022:13:40:19 -0700] "GET /TC%20Health%20Sources/clipart/buttons/themes/sky_blue/?D=D HTTP/1.1" 200 445 "https://tchealthsources.com/TC%20Health%20Sources/clipart/buttons/themes/sky_blue?D=A" "Mozilla/5.0 (Linux; Android 7.0;) AppleWebKit/537.36 (KHTML, like Gecko) Mobile Safari/537.36 (compatible; PetalBot;+https://webmaster.petalsearch.com/site/petalbot)" "tchealthsources.com"
51.222.253.6 - - [01/Nov/2022:13:44:34 -0700] "GET /TC%20Health%20Sources/media/?C=M;O=D HTTP/1.1" 200 408 "-" "Mozilla/5.0 (compatible; AhrefsBot/7.0; +http://ahrefs.com/robot/)" "tchealthsources.com"
114.119.136.128 - - [01/Nov/2022:13:45:52 -0700] "GET /TC%20Health%20Sources/yahoo_site_admin1/assets?S=A HTTP/1.1" 301 1442 "https://tchealthsources.com/TC%20Health%20Sources/yahoo_site_admin1/assets?N=D" "Mozilla/5.0 (Linux; Android 7.0;) AppleWebKit/537.36 (KHTML, like Gecko) Mobile Safari/537.36 (compatible; PetalBot;+https://webmaster.petalsearch.com/site/petalbot)" "tchealthsources.com"
114.119.136.128 - - [01/Nov/2022:13:45:53 -0700] "GET /TC%20Health%20Sources/yahoo_site_admin1/assets/?S=A HTTP/1.1" 200 390 "https://tchealthsources.com/TC%20Health%20Sources/yahoo_site_admin1/assets?N=D" "Mozilla/5.0 (Linux; Android 7.0;) AppleWebKit/537.36 (KHTML, like Gecko) Mobile Safari/537.36 (compatible; PetalBot;+https://webmaster.petalsearch.com/site/petalbot)" "tchealthsources.com"
114.119.136.128 - - [01/Nov/2022:13:51:34 -0700] "GET /TC%20Health%20Sources/clipart/images/?C=D%3BO%3DA HTTP/1.1" 200 382 "https://tchealthsources.com/TC%20Health%20Sources/clipart/images?S=A" "Mozilla/5.0 (Linux; Android 7.0;) AppleWebKit/537.36 (KHTML, like Gecko) Mobile Safari/537.36 (compatible; PetalBot;+https://webmaster.petalsearch.com/site/petalbot)" "tchealthsources.com"
114.119.136.12 - - [01/Nov/2022:13:57:24 -0700] "GET /TC%20Health%20Sources/clipart/buttons/themes HTTP/1.1" 301 1437 "https://tchealthsources.com/TC%20Health%20Sources/clipart/buttons/themes/view-screen?C=S%3BO%3DA" "Mozilla/5.0 (Linux; Android 7.0;) AppleWebKit/537.36 (KHTML, like Gecko) Mobile Safari/537.36 (compatible; PetalBot;+https://webmaster.petalsearch.com/site/petalbot)" "tchealthsources.com"
114.119.136.12 - - [01/Nov/2022:13:57:29 -0700] "GET /TC%20Health%20Sources/clipart/buttons/themes/ HTTP/1.1" 200 479 "https://tchealthsources.com/TC%20Health%20Sources/clipart/buttons/themes/view-screen?C=S%3BO%3DA" "Mozilla/5.0 (Linux; Android 7.0;) AppleWebKit/537.36 (KHTML, like Gecko) Mobile Safari/537.36 (compatible; PetalBot;+https://webmaster.petalsearch.com/site/petalbot)" "tchealthsources.com"
114.119.136.12 - - [01/Nov/2022:14:03:05 -0700] "GET /TC%20Health%20Sources/media/?C=N%3BO%3DD HTTP/1.1" 200 409 "https://tchealthsources.com/TC%20Health%20Sources/media?M=A" "Mozilla/5.0 (Linux; Android 7.0;) AppleWebKit/537.36 (KHTML, like Gecko) Mobile Safari/537.36 (compatible; PetalBot;+https://webmaster.petalsearch.com/site/petalbot)" "tchealthsources.com"
114.119.136.134 - - [01/Nov/2022:14:08:43 -0700] "GET /clipart/images/general?S=A HTTP/1.1" 301 1425 "http://tchealthsources.com/clipart/images/general?M=D" "Mozilla/5.0 (Linux; Android 7.0;) AppleWebKit/537.36 (KHTML, like Gecko) Mobile Safari/537.36 (compatible; PetalBot;+https://webmaster.petalsearch.com/site/petalbot)" "tchealthsources.com"
114.119.136.134 - - [01/Nov/2022:14:08:43 -0700] "GET /clipart/images/general/?S=A HTTP/1.1" 200 376 "http://tchealthsources.com/clipart/images/general?M=D" "Mozilla/5.0 (Linux; Android 7.0;) AppleWebKit/537.36 (KHTML, like Gecko) Mobile Safari/537.36 (compatible; PetalBot;+https://webmaster.petalsearch.com/site/petalbot)" "tchealthsources.com"
114.119.136.109 - - [01/Nov/2022:14:14:27 -0700] "GET /TC%20Health%20Sources/clipart/buttons/themes/jelly?D=A HTTP/1.1" 301 1445 "https://tchealthsources.com/TC%20Health%20Sources/clipart/buttons/themes/jelly?S=D" "Mozilla/5.0 (Linux; Android 7.0;) AppleWebKit/537.36 (KHTML, like Gecko) Mobile Safari/537.36 (compatible; PetalBot;+https://webmaster.petalsearch.com/site/petalbot)" "tchealthsources.com"
114.119.136.109 - - [01/Nov/2022:14:14:27 -0700] "GET /TC%20Health%20Sources/clipart/buttons/themes/jelly/?D=A HTTP/1.1" 200 439 "https://tchealthsources.com/TC%20Health%20Sources/clipart/buttons/themes/jelly?S=D" "Mozilla/5.0 (Linux; Android 7.0;) AppleWebKit/537.36 (KHTML, like Gecko) Mobile Safari/537.36 (compatible; PetalBot;+https://webmaster.petalsearch.com/site/petalbot)" "tchealthsources.com"
114.119.136.134 - - [01/Nov/2022:14:20:02 -0700] "GET /TC%20Health%20Sources/clipart/images/general?C=S%3BO%3DA HTTP/1.1" 301 1450 "https://tchealthsources.com/TC%20Health%20Sources/clipart/images/general?S=D" "Mozilla/5.0 (Linux; Android 7.0;) AppleWebKit/537.36 (KHTML, like Gecko) Mobile Safari/537.36 (compatible; PetalBot;+https://webmaster.petalsearch.com/site/petalbot)" "tchealthsources.com"
114.119.136.134 - - [01/Nov/2022:14:20:03 -0700] "GET /TC%20Health%20Sources/clipart/images/general/?C=S%3BO%3DA HTTP/1.1" 200 403 "https://tchealthsources.com/TC%20Health%20Sources/clipart/images/general?S=D" "Mozilla/5.0 (Linux; Android 7.0;) AppleWebKit/537.36 (KHTML, like Gecko) Mobile Safari/537.36 (compatible; PetalBot;+https://webmaster.petalsearch.com/site/petalbot)" "tchealthsources.com"
51.222.253.18 - - [01/Nov/2022:14:23:46 -0700] "GET /clipart/buttons/themes/designer1/?C=N;O=D HTTP/1.1" 200 418 "-" "Mozilla/5.0 (compatible; AhrefsBot/7.0; +http://ahrefs.com/robot/)" "tchealthsources.com"
185.220.102.247 - - [01/Nov/2022:14:25:37 -0700] "GET / HTTP/1.1" 200 493 "https://www.google.com" "Mozilla/5.0 (Windows NT 6.2; WOW64) AppleWebKit/537.15 (KHTML, like Gecko) Chrome/24.0.1295.0 Safari/537.15" "tchealthsources.com"
114.119.136.109 - - [01/Nov/2022:14:25:40 -0700] "GET /TC%20Health%20Sources/yahoo_site_admin1/assets/images?N=A HTTP/1.1" 301 1447 "https://tchealthsources.com/TC%20Health%20Sources/yahoo_site_admin1/assets/images?S=A" "Mozilla/5.0 (Linux; Android 7.0;) AppleWebKit/537.36 (KHTML, like Gecko) Mobile Safari/537.36 (compatible; PetalBot;+https://webmaster.petalsearch.com/site/petalbot)" "tchealthsources.com"
114.119.136.109 - - [01/Nov/2022:14:25:40 -0700] "GET /TC%20Health%20Sources/yahoo_site_admin1/assets/images/?N=A HTTP/1.1" 200 357 "https://tchealthsources.com/TC%20Health%20Sources/yahoo_site_admin1/assets/images?S=A" "Mozilla/5.0 (Linux; Android 7.0;) AppleWebKit/537.36 (KHTML, like Gecko) Mobile Safari/537.36 (compatible; PetalBot;+https://webmaster.petalsearch.com/site/petalbot)" "tchealthsources.com"
114.119.136.109 - - [01/Nov/2022:14:30:59 -0700] "GET /clipart/buttons/themes/sky_blue?S=D HTTP/1.1" 301 1434 "http://tchealthsources.com/clipart/buttons/themes/sky_blue?S=A" "Mozilla/5.0 (Linux; Android 7.0;) AppleWebKit/537.36 (KHTML, like Gecko) Mobile Safari/537.36 (compatible; PetalBot;+https://webmaster.petalsearch.com/site/petalbot)" "tchealthsources.com"
114.119.136.109 - - [01/Nov/2022:14:30:59 -0700] "GET /clipart/buttons/themes/sky_blue/?S=D HTTP/1.1" 200 422 "http://tchealthsources.com/clipart/buttons/themes/sky_blue?S=A" "Mozilla/5.0 (Linux; Android 7.0;) AppleWebKit/537.36 (KHTML, like Gecko) Mobile Safari/537.36 (compatible; PetalBot;+https://webmaster.petalsearch.com/site/petalbot)" "tchealthsources.com"
114.119.134.224 - - [01/Nov/2022:14:36:19 -0700] "GET /TC%20Health%20Sources/yahoo_site_admin/logs?C=M%3BO%3DA HTTP/1.1" 301 1449 "https://tchealthsources.com/TC%20Health%20Sources/yahoo_site_admin/logs" "Mozilla/5.0 (Linux; Android 7.0;) AppleWebKit/537.36 (KHTML, like Gecko) Mobile Safari/537.36 (compatible; PetalBot;+https://webmaster.petalsearch.com/site/petalbot)" "tchealthsources.com"
114.119.134.224 - - [01/Nov/2022:14:36:23 -0700] "GET /TC%20Health%20Sources/yahoo_site_admin/logs/?C=M%3BO%3DA HTTP/1.1" 200 396 "https://tchealthsources.com/TC%20Health%20Sources/yahoo_site_admin/logs" "Mozilla/5.0 (Linux; Android 7.0;) AppleWebKit/537.36 (KHTML, like Gecko) Mobile Safari/537.36 (compatible; PetalBot;+https://webmaster.petalsearch.com/site/petalbot)" "tchealthsources.com"
114.119.136.13 - - [01/Nov/2022:14:41:33 -0700] "GET /TC%20Health%20Sources/yahoo_site_admin/logs/log.txt HTTP/1.1" 200 280 "https://tchealthsources.com/TC%20Health%20Sources/yahoo_site_admin/logs/" "Mozilla/5.0 (Linux; Android 7.0;) AppleWebKit/537.36 (KHTML, like Gecko) Mobile Safari/537.36 (compatible; PetalBot;+https://webmaster.petalsearch.com/site/petalbot)" "tchealthsources.com"
114.119.136.113 - - [01/Nov/2022:14:46:51 -0700] "GET /clipart/buttons/themes/view-screen?M=D HTTP/1.1" 301 1433 "http://tchealthsources.com/clipart/buttons/themes/view-screen?M=A" "Mozilla/5.0 (Linux; Android 7.0;) AppleWebKit/537.36 (KHTML, like Gecko) Mobile Safari/537.36 (compatible; PetalBot;+https://webmaster.petalsearch.com/site/petalbot)" "tchealthsources.com"
114.119.136.113 - - [01/Nov/2022:14:46:52 -0700] "GET /clipart/buttons/themes/view-screen/?M=D HTTP/1.1" 200 433 "http://tchealthsources.com/clipart/buttons/themes/view-screen?M=A" "Mozilla/5.0 (Linux; Android 7.0;) AppleWebKit/537.36 (KHTML, like Gecko) Mobile Safari/537.36 (compatible; PetalBot;+https://webmaster.petalsearch.com/site/petalbot)" "tchealthsources.com"
114.119.136.128 - - [01/Nov/2022:14:52:06 -0700] "GET /Web%20DOWNLOAD%20images?S=A HTTP/1.1" 301 1428 "http://tchealthsources.com/Web%20DOWNLOAD%20images?D=D" "Mozilla/5.0 (Linux; Android 7.0;) AppleWebKit/537.36 (KHTML, like Gecko) Mobile Safari/537.36 (compatible; PetalBot;+https://webmaster.petalsearch.com/site/petalbot)" "tchealthsources.com"
114.119.136.128 - - [01/Nov/2022:14:52:07 -0700] "GET /Web%20DOWNLOAD%20images/?S=A HTTP/1.1" 200 442 "http://tchealthsources.com/Web%20DOWNLOAD%20images?D=D" "Mozilla/5.0 (Linux; Android 7.0;) AppleWebKit/537.36 (KHTML, like Gecko) Mobile Safari/537.36 (compatible; PetalBot;+https://webmaster.petalsearch.com/site/petalbot)" "tchealthsources.com"
114.119.136.13 - - [01/Nov/2022:14:57:22 -0700] "GET /TC%20Health%20Sources/sitebuilder/server_meta.txt HTTP/1.1" 200 927 "https://tchealthsources.com/TC%20Health%20Sources/sitebuilder/?C=M%3BO%3DA" "Mozilla/5.0 (Linux; Android 7.0;) AppleWebKit/537.36 (KHTML, like Gecko) Mobile Safari/537.36 (compatible; PetalBot;+https://webmaster.petalsearch.com/site/petalbot)" "tchealthsources.com"
114.119.136.12 - - [01/Nov/2022:15:02:39 -0700] "GET /Web%20DOWNLOAD%20images?C=N%3BO%3DD HTTP/1.1" 301 1442 "https://tchealthsources.com/Web%20DOWNLOAD%20images?C=S%3BO%3DA" "Mozilla/5.0 (Linux; Android 7.0;) AppleWebKit/537.36 (KHTML, like Gecko) Mobile Safari/537.36 (compatible; PetalBot;+https://webmaster.petalsearch.com/site/petalbot)" "tchealthsources.com"
114.119.136.12 - - [01/Nov/2022:15:02:40 -0700] "GET /Web%20DOWNLOAD%20images/?C=N%3BO%3DD HTTP/1.1" 200 442 "https://tchealthsources.com/Web%20DOWNLOAD%20images?C=S%3BO%3DA" "Mozilla/5.0 (Linux; Android 7.0;) AppleWebKit/537.36 (KHTML, like Gecko) Mobile Safari/537.36 (compatible; PetalBot;+https://webmaster.petalsearch.com/site/petalbot)" "tchealthsources.com"
51.222.253.11 - - [01/Nov/2022:15:03:48 -0700] "GET /TC%20Health%20Sources/includes/ice/ HTTP/1.1" 200 439 "-" "Mozilla/5.0 (compatible; AhrefsBot/7.0; +http://ahrefs.com/robot/)" "www.tchealthsources.com"
114.119.136.12 - - [01/Nov/2022:15:07:55 -0700] "GET /clipart/buttons/themes/designer3?D=D HTTP/1.1" 301 1431 "http://tchealthsources.com/clipart/buttons/themes/designer3?D=A" "Mozilla/5.0 (Linux; Android 7.0;) AppleWebKit/537.36 (KHTML, like Gecko) Mobile Safari/537.36 (compatible; PetalBot;+https://webmaster.petalsearch.com/site/petalbot)" "tchealthsources.com"
114.119.136.12 - - [01/Nov/2022:15:07:56 -0700] "GET /clipart/buttons/themes/designer3/?D=D HTTP/1.1" 200 422 "http://tchealthsources.com/clipart/buttons/themes/designer3?D=A" "Mozilla/5.0 (Linux; Android 7.0;) AppleWebKit/537.36 (KHTML, like Gecko) Mobile Safari/537.36 (compatible; PetalBot;+https://webmaster.petalsearch.com/site/petalbot)" "tchealthsources.com"
114.119.136.109 - - [01/Nov/2022:15:13:14 -0700] "GET /TC%20Health%20Sources/files?D=A HTTP/1.1" 301 1429 "https://tchealthsources.com/TC%20Health%20Sources/files?M=D" "Mozilla/5.0 (Linux; Android 7.0;) AppleWebKit/537.36 (KHTML, like Gecko) Mobile Safari/537.36 (compatible; PetalBot;+https://webmaster.petalsearch.com/site/petalbot)" "tchealthsources.com"
114.119.136.109 - - [01/Nov/2022:15:13:14 -0700] "GET /TC%20Health%20Sources/files/?D=A HTTP/1.1" 200 441 "https://tchealthsources.com/TC%20Health%20Sources/files?M=D" "Mozilla/5.0 (Linux; Android 7.0;) AppleWebKit/537.36 (KHTML, like Gecko) Mobile Safari/537.36 (compatible; PetalBot;+https://webmaster.petalsearch.com/site/petalbot)" "tchealthsources.com"
51.222.253.3 - - [01/Nov/2022:15:20:44 -0700] "GET /TC%20Health%20Sources/yahoo_site_admin/credentials/ HTTP/1.1" 200 399 "-" "Mozilla/5.0 (compatible; AhrefsBot/7.0; +http://ahrefs.com/robot/)" "www.tchealthsources.com"
51.222.253.8 - - [01/Nov/2022:15:38:12 -0700] "GET /clipart/buttons/themes/jelly/?C=M;O=A HTTP/1.1" 200 414 "-" "Mozilla/5.0 (compatible; AhrefsBot/7.0; +http://ahrefs.com/robot/)" "tchealthsources.com"
94.130.151.197 - - [01/Nov/2022:15:44:18 -0700] "GET / HTTP/1.1" 200 1331 "-" "Mozilla/5.0 (Macintosh; Intel Mac OS X 10_10_1) AppleWebKit/537.36 (KHTML, like Gecko) Chrome/39.0.2171.95 Safari/537.36" "tchealthsources.com"
51.222.253.8 - - [01/Nov/2022:15:47:29 -0700] "GET /TC%20Health%20Sources/navigation_bars/ HTTP/1.1" 200 415 "-" "Mozilla/5.0 (compatible; AhrefsBot/7.0; +http://ahrefs.com/robot/)" "tchealthsources.com"
51.222.253.15 - - [01/Nov/2022:15:50:10 -0700] "GET /TC%20Health%20Sources/clipart/images/general/?C=D;O=D HTTP/1.1" 200 401 "-" "Mozilla/5.0 (compatible; AhrefsBot/7.0; +http://ahrefs.com/robot/)" "tchealthsources.com"
51.222.253.2 - - [01/Nov/2022:15:50:44 -0700] "GET /clipart/images/?C=N;O=D HTTP/1.1" 200 357 "-" "Mozilla/5.0 (compatible; AhrefsBot/7.0; +http://ahrefs.com/robot/)" "tchealthsources.com"
51.222.253.10 - - [01/Nov/2022:15:51:03 -0700] "GET /TC%20Health%20Sources/images/ HTTP/1.1" 200 1393 "-" "Mozilla/5.0 (compatible; AhrefsBot/7.0; +http://ahrefs.com/robot/)" "tchealthsources.com"
51.222.253.16 - - [01/Nov/2022:15:51:26 -0700] "GET /clipart/buttons/themes/sky_blue/?C=N;O=D HTTP/1.1" 200 417 "-" "Mozilla/5.0 (compatible; AhrefsBot/7.0; +http://ahrefs.com/robot/)" "www.tchealthsources.com"
34.214.170.36 - - [01/Nov/2022:16:06:31 -0700] "GET / HTTP/1.1" 200 493 "-" "Mozilla/5.0 (X11; Linux x86_64) AppleWebKit/537.36 (KHTML, like Gecko) Chrome/83.0.4103.97 Safari/537.36" "tchealthsources.com"
34.217.6.25 - - [01/Nov/2022:16:06:31 -0700] "GET / HTTP/1.1" 200 493 "-" "Mozilla/5.0 (X11; Linux x86_64) AppleWebKit/537.36 (KHTML, like Gecko) Chrome/83.0.4103.97 Safari/537.36" "tchealthsources.com"
35.90.9.214 - - [01/Nov/2022:16:06:47 -0700] "GET /favicon.ico HTTP/1.1" 404 88 "-" "Mozilla/5.0 (X11; Linux x86_64) AppleWebKit/537.36 (KHTML, like Gecko) Chrome/83.0.4103.97 Safari/537.36" "tchealthsources.com"
35.90.9.214 - - [01/Nov/2022:16:06:47 -0700] "GET / HTTP/1.1" 200 493 "-" "Mozilla/5.0 (X11; Linux x86_64) AppleWebKit/537.36 (KHTML, like Gecko) Chrome/83.0.4103.97 Safari/537.36" "tchealthsources.com"
54.189.182.204 - - [01/Nov/2022:16:06:57 -0700] "GET /favicon.ico HTTP/1.1" 404 88 "-" "Mozilla/5.0 (X11; Linux x86_64) AppleWebKit/537.36 (KHTML, like Gecko) Chrome/83.0.4103.97 Safari/537.36" "tchealthsources.com"
54.189.182.204 - - [01/Nov/2022:16:06:58 -0700] "GET / HTTP/1.1" 200 493 "-" "Mozilla/5.0 (X11; Linux x86_64) AppleWebKit/537.36 (KHTML, like Gecko) Chrome/83.0.4103.97 Safari/537.36" "tchealthsources.com"
51.222.253.4 - - [01/Nov/2022:16:22:25 -0700] "GET /robots.txt HTTP/1.1" 404 88 "-" "Mozilla/5.0 (compatible; AhrefsBot/7.0; +http://ahrefs.com/robot/)" "tchealthsources.com"
51.222.253.10 - - [01/Nov/2022:16:22:27 -0700] "GET /clipart/buttons/themes/jelly/?C=S;O=A HTTP/1.1" 200 414 "-" "Mozilla/5.0 (compatible; AhrefsBot/7.0; +http://ahrefs.com/robot/)" "tchealthsources.com"
51.222.253.2 - - [01/Nov/2022:16:34:15 -0700] "GET /TC%20Health%20Sources/yahoo_site_admin/assets/?C=N;O=D HTTP/1.1" 200 387 "-" "Mozilla/5.0 (compatible; AhrefsBot/7.0; +http://ahrefs.com/robot/)" "www.tchealthsources.com"
207.46.13.237 - - [01/Nov/2022:16:39:38 -0700] "GET /robots.txt HTTP/1.1" 404 88 "-" "Mozilla/5.0 (compatible; bingbot/2.0; +http://www.bing.com/bingbot.htm)" "www.tchealthsources.com"
207.46.13.237 - - [01/Nov/2022:16:39:38 -0700] "GET /robots.txt HTTP/1.1" 404 88 "-" "Mozilla/5.0 (compatible; bingbot/2.0; +http://www.bing.com/bingbot.htm)" "www.tchealthsources.com"
207.46.13.209 - - [01/Nov/2022:16:39:47 -0700] "GET /TC%20Health%20Sources/yahoo_site_admin/credentials/db.conf HTTP/1.1" 200 187 "-" "Mozilla/5.0 AppleWebKit/537.36 (KHTML, like Gecko; compatible; bingbot/2.0; +http://www.bing.com/bingbot.htm) Chrome/103.0.5060.134 Safari/537.36" "www.tchealthsources.com"
51.222.253.14 - - [01/Nov/2022:16:46:27 -0700] "GET /clipart/buttons/themes/designer3/?C=S;O=D HTTP/1.1" 200 420 "-" "Mozilla/5.0 (compatible; AhrefsBot/7.0; +http://ahrefs.com/robot/)" "www.tchealthsources.com"
51.222.253.15 - - [01/Nov/2022:16:58:55 -0700] "GET /TC%20Health%20Sources/sitebuilder/scripts/?C=S;O=D HTTP/1.1" 200 397 "-" "Mozilla/5.0 (compatible; AhrefsBot/7.0; +http://ahrefs.com/robot/)" "tchealthsources.com"
2.56.189.81 - - [01/Nov/2022:17:20:01 -0700] "GET / HTTP/1.1" 200 493 "-" "Mozilla/5.0 (X11; Linux x86_64) AppleWebKit/537.36 (KHTML, like Gecko) Chrome/103.0.0.0 Safari/537.36" "tchealthsources.com"
2.56.189.81 - - [01/Nov/2022:17:20:01 -0700] "GET /?C=N;O=D HTTP/1.1" 200 492 "http://tchealthsources.com" "Mozilla/5.0 (X11; Linux x86_64) AppleWebKit/537.36 (KHTML, like Gecko) Chrome/103.0.0.0 Safari/537.36" "tchealthsources.com"
2.56.189.81 - - [01/Nov/2022:17:20:02 -0700] "GET /navigation_bars/ HTTP/1.1" 200 390 "http://tchealthsources.com" "Mozilla/5.0 (X11; Linux x86_64) AppleWebKit/537.36 (KHTML, like Gecko) Chrome/103.0.0.0 Safari/537.36" "tchealthsources.com"
2.56.189.81 - - [01/Nov/2022:17:20:02 -0700] "GET /?C=M;O=A HTTP/1.1" 200 494 "http://tchealthsources.com" "Mozilla/5.0 (X11; Linux x86_64) AppleWebKit/537.36 (KHTML, like Gecko) Chrome/103.0.0.0 Safari/537.36" "tchealthsources.com"
2.56.189.81 - - [01/Nov/2022:17:20:03 -0700] "GET /clipart/ HTTP/1.1" 200 380 "http://tchealthsources.com" "Mozilla/5.0 (X11; Linux x86_64) AppleWebKit/537.36 (KHTML, like Gecko) Chrome/103.0.0.0 Safari/537.36" "tchealthsources.com"
2.56.189.81 - - [01/Nov/2022:17:20:03 -0700] "GET /?C=S;O=A HTTP/1.1" 200 495 "http://tchealthsources.com" "Mozilla/5.0 (X11; Linux x86_64) AppleWebKit/537.36 (KHTML, like Gecko) Chrome/103.0.0.0 Safari/537.36" "tchealthsources.com"
2.56.189.81 - - [01/Nov/2022:17:20:04 -0700] "GET /_private/ HTTP/1.1" 403 170 "http://tchealthsources.com" "Mozilla/5.0 (X11; Linux x86_64) AppleWebKit/537.36 (KHTML, like Gecko) Chrome/103.0.0.0 Safari/537.36" "tchealthsources.com"
2.56.189.81 - - [01/Nov/2022:17:20:04 -0700] "GET /?C=D;O=A HTTP/1.1" 200 493 "http://tchealthsources.com" "Mozilla/5.0 (X11; Linux x86_64) AppleWebKit/537.36 (KHTML, like Gecko) Chrome/103.0.0.0 Safari/537.36" "tchealthsources.com"
2.56.189.81 - - [01/Nov/2022:17:20:05 -0700] "GET /Web%20DOWNLOAD%20images/ HTTP/1.1" 200 442 "http://tchealthsources.com" "Mozilla/5.0 (X11; Linux x86_64) AppleWebKit/537.36 (KHTML, like Gecko) Chrome/103.0.0.0 Safari/537.36" "tchealthsources.com"
2.56.189.81 - - [01/Nov/2022:17:20:05 -0700] "GET /Index.html HTTP/1.1" 200 450 "http://tchealthsources.com" "Mozilla/5.0 (X11; Linux x86_64) AppleWebKit/537.36 (KHTML, like Gecko) Chrome/103.0.0.0 Safari/537.36" "tchealthsources.com"
2.56.189.81 - - [01/Nov/2022:17:20:06 -0700] "GET /TC%20Health%20Sources/ HTTP/1.1" 200 564 "http://tchealthsources.com" "Mozilla/5.0 (X11; Linux x86_64) AppleWebKit/537.36 (KHTML, like Gecko) Chrome/103.0.0.0 Safari/537.36" "tchealthsources.com"
51.222.253.17 - - [01/Nov/2022:17:24:06 -0700] "GET /TC%20Health%20Sources/yahoo_site_admin/?C=N;O=D HTTP/1.1" 200 427 "-" "Mozilla/5.0 (compatible; AhrefsBot/7.0; +http://ahrefs.com/robot/)" "tchealthsources.com"
51.222.253.14 - - [01/Nov/2022:17:48:56 -0700] "GET /TC%20Health%20Sources/clipart/buttons/themes/swoosh_blue/?C=M;O=D HTTP/1.1" 200 436 "-" "Mozilla/5.0 (compatible; AhrefsBot/7.0; +http://ahrefs.com/robot/)" "tchealthsources.com"
114.119.135.120 - - [01/Nov/2022:17:51:26 -0700] "GET /robots.txt HTTP/1.1" 404 88 "-" "Mozilla/5.0 (compatible;PetalBot;+https://webmaster.petalsearch.com/site/petalbot)" "tchealthsources.com"
51.222.253.19 - - [01/Nov/2022:17:56:38 -0700] "GET /TC%20Health%20Sources/clipart/buttons/ HTTP/1.1" 200 383 "-" "Mozilla/5.0 (compatible; AhrefsBot/7.0; +http://ahrefs.com/robot/)" "tchealthsources.com"
51.222.253.6 - - [01/Nov/2022:17:58:14 -0700] "GET /TC%20Health%20Sources/Index.html HTTP/1.1" 200 2664 "-" "Mozilla/5.0 (compatible; AhrefsBot/7.0; +http://ahrefs.com/robot/)" "www.tchealthsources.com"
51.222.253.16 - - [01/Nov/2022:17:58:21 -0700] "GET /TC%20Health%20Sources/sitebuilder/images/agent2-103x85.jpg HTTP/1.1" 200 2156 "-" "Mozilla/5.0 (compatible; AhrefsBot/7.0; +http://ahrefs.com/robot/)" "www.tchealthsources.com"
114.119.137.43 - - [01/Nov/2022:17:58:56 -0700] "GET /robots.txt HTTP/1.1" 404 88 "-" "Mozilla/5.0 (compatible;PetalBot;+https://webmaster.petalsearch.com/site/petalbot)" "tchealthsources.com"
128.199.87.242 - - [01/Nov/2022:18:13:12 -0700] "GET / HTTP/1.1" 200 1331 "-" "Mozilla/5.0 (Windows NT 10.0; Win64; x64) AppleWebKit/537.36 (KHTML, like Gecko) Chrome/78.0.3904.108 Safari/537.36" "tchealthsources.com"
128.199.87.242 - - [01/Nov/2022:18:13:12 -0700] "GET / HTTP/1.1" 200 1331 "-" "Mozilla/5.0 (Windows NT 10.0; Win64; x64) AppleWebKit/537.36 (KHTML, like Gecko) Chrome/78.0.3904.108 Safari/537.36" "tchealthsources.com"
128.199.87.242 - - [01/Nov/2022:18:13:13 -0700] "GET /wp-includes/wlwmanifest.xml HTTP/1.1" 404 73 "-" "Mozilla/5.0 (Windows NT 10.0; Win64; x64) AppleWebKit/537.36 (KHTML, like Gecko) Chrome/78.0.3904.108 Safari/537.36" "tchealthsources.com"
128.199.87.242 - - [01/Nov/2022:18:13:13 -0700] "GET /xmlrpc.php?rsd HTTP/1.1" 404 73 "-" "Mozilla/5.0 (Windows NT 10.0; Win64; x64) AppleWebKit/537.36 (KHTML, like Gecko) Chrome/78.0.3904.108 Safari/537.36" "tchealthsources.com"
128.199.87.242 - - [01/Nov/2022:18:13:14 -0700] "GET / HTTP/1.1" 200 1331 "-" "Mozilla/5.0 (Windows NT 10.0; Win64; x64) AppleWebKit/537.36 (KHTML, like Gecko) Chrome/78.0.3904.108 Safari/537.36" "tchealthsources.com"
128.199.87.242 - - [01/Nov/2022:18:13:14 -0700] "GET /blog/wp-includes/wlwmanifest.xml HTTP/1.1" 404 73 "-" "Mozilla/5.0 (Windows NT 10.0; Win64; x64) AppleWebKit/537.36 (KHTML, like Gecko) Chrome/78.0.3904.108 Safari/537.36" "tchealthsources.com"
128.199.87.242 - - [01/Nov/2022:18:13:15 -0700] "GET /web/wp-includes/wlwmanifest.xml HTTP/1.1" 404 73 "-" "Mozilla/5.0 (Windows NT 10.0; Win64; x64) AppleWebKit/537.36 (KHTML, like Gecko) Chrome/78.0.3904.108 Safari/537.36" "tchealthsources.com"
128.199.87.242 - - [01/Nov/2022:18:13:15 -0700] "GET /wordpress/wp-includes/wlwmanifest.xml HTTP/1.1" 404 73 "-" "Mozilla/5.0 (Windows NT 10.0; Win64; x64) AppleWebKit/537.36 (KHTML, like Gecko) Chrome/78.0.3904.108 Safari/537.36" "tchealthsources.com"
128.199.87.242 - - [01/Nov/2022:18:13:15 -0700] "GET /website/wp-includes/wlwmanifest.xml HTTP/1.1" 404 73 "-" "Mozilla/5.0 (Windows NT 10.0; Win64; x64) AppleWebKit/537.36 (KHTML, like Gecko) Chrome/78.0.3904.108 Safari/537.36" "tchealthsources.com"
128.199.87.242 - - [01/Nov/2022:18:13:16 -0700] "GET /wp/wp-includes/wlwmanifest.xml HTTP/1.1" 404 73 "-" "Mozilla/5.0 (Windows NT 10.0; Win64; x64) AppleWebKit/537.36 (KHTML, like Gecko) Chrome/78.0.3904.108 Safari/537.36" "tchealthsources.com"
128.199.87.242 - - [01/Nov/2022:18:13:16 -0700] "GET /news/wp-includes/wlwmanifest.xml HTTP/1.1" 404 73 "-" "Mozilla/5.0 (Windows NT 10.0; Win64; x64) AppleWebKit/537.36 (KHTML, like Gecko) Chrome/78.0.3904.108 Safari/537.36" "tchealthsources.com"
128.199.87.242 - - [01/Nov/2022:18:13:17 -0700] "GET /2018/wp-includes/wlwmanifest.xml HTTP/1.1" 404 73 "-" "Mozilla/5.0 (Windows NT 10.0; Win64; x64) AppleWebKit/537.36 (KHTML, like Gecko) Chrome/78.0.3904.108 Safari/537.36" "tchealthsources.com"
128.199.87.242 - - [01/Nov/2022:18:13:17 -0700] "GET /2019/wp-includes/wlwmanifest.xml HTTP/1.1" 404 73 "-" "Mozilla/5.0 (Windows NT 10.0; Win64; x64) AppleWebKit/537.36 (KHTML, like Gecko) Chrome/78.0.3904.108 Safari/537.36" "tchealthsources.com"
128.199.87.242 - - [01/Nov/2022:18:13:18 -0700] "GET /shop/wp-includes/wlwmanifest.xml HTTP/1.1" 404 73 "-" "Mozilla/5.0 (Windows NT 10.0; Win64; x64) AppleWebKit/537.36 (KHTML, like Gecko) Chrome/78.0.3904.108 Safari/537.36" "tchealthsources.com"
128.199.87.242 - - [01/Nov/2022:18:13:18 -0700] "GET /wp1/wp-includes/wlwmanifest.xml HTTP/1.1" 404 73 "-" "Mozilla/5.0 (Windows NT 10.0; Win64; x64) AppleWebKit/537.36 (KHTML, like Gecko) Chrome/78.0.3904.108 Safari/537.36" "tchealthsources.com"
128.199.87.242 - - [01/Nov/2022:18:13:18 -0700] "GET /test/wp-includes/wlwmanifest.xml HTTP/1.1" 404 73 "-" "Mozilla/5.0 (Windows NT 10.0; Win64; x64) AppleWebKit/537.36 (KHTML, like Gecko) Chrome/78.0.3904.108 Safari/537.36" "tchealthsources.com"
128.199.87.242 - - [01/Nov/2022:18:13:19 -0700] "GET /media/wp-includes/wlwmanifest.xml HTTP/1.1" 404 73 "-" "Mozilla/5.0 (Windows NT 10.0; Win64; x64) AppleWebKit/537.36 (KHTML, like Gecko) Chrome/78.0.3904.108 Safari/537.36" "tchealthsources.com"
128.199.87.242 - - [01/Nov/2022:18:13:19 -0700] "GET /wp2/wp-includes/wlwmanifest.xml HTTP/1.1" 404 73 "-" "Mozilla/5.0 (Windows NT 10.0; Win64; x64) AppleWebKit/537.36 (KHTML, like Gecko) Chrome/78.0.3904.108 Safari/537.36" "tchealthsources.com"
128.199.87.242 - - [01/Nov/2022:18:13:20 -0700] "GET /site/wp-includes/wlwmanifest.xml HTTP/1.1" 404 73 "-" "Mozilla/5.0 (Windows NT 10.0; Win64; x64) AppleWebKit/537.36 (KHTML, like Gecko) Chrome/78.0.3904.108 Safari/537.36" "tchealthsources.com"
128.199.87.242 - - [01/Nov/2022:18:13:20 -0700] "GET /cms/wp-includes/wlwmanifest.xml HTTP/1.1" 404 73 "-" "Mozilla/5.0 (Windows NT 10.0; Win64; x64) AppleWebKit/537.36 (KHTML, like Gecko) Chrome/78.0.3904.108 Safari/537.36" "tchealthsources.com"
128.199.87.242 - - [01/Nov/2022:18:13:21 -0700] "GET /sito/wp-includes/wlwmanifest.xml HTTP/1.1" 404 73 "-" "Mozilla/5.0 (Windows NT 10.0; Win64; x64) AppleWebKit/537.36 (KHTML, like Gecko) Chrome/78.0.3904.108 Safari/537.36" "tchealthsources.com"
51.222.253.20 - - [01/Nov/2022:18:15:58 -0700] "GET /clipart/buttons/themes/jelly/ HTTP/1.1" 200 416 "-" "Mozilla/5.0 (compatible; AhrefsBot/7.0; +http://ahrefs.com/robot/)" "tchealthsources.com"
114.119.136.13 - - [01/Nov/2022:18:20:44 -0700] "GET /TC%20Health%20Sources/yahoo_site_admin/logs?C=S%3BO%3DA HTTP/1.1" 301 1449 "https://tchealthsources.com/TC%20Health%20Sources/yahoo_site_admin/logs" "Mozilla/5.0 (Linux; Android 7.0;) AppleWebKit/537.36 (KHTML, like Gecko) Mobile Safari/537.36 (compatible; PetalBot;+https://webmaster.petalsearch.com/site/petalbot)" "tchealthsources.com"
114.119.136.13 - - [01/Nov/2022:18:20:47 -0700] "GET /TC%20Health%20Sources/yahoo_site_admin/logs/?C=S%3BO%3DA HTTP/1.1" 200 396 "https://tchealthsources.com/TC%20Health%20Sources/yahoo_site_admin/logs" "Mozilla/5.0 (Linux; Android 7.0;) AppleWebKit/537.36 (KHTML, like Gecko) Mobile Safari/537.36 (compatible; PetalBot;+https://webmaster.petalsearch.com/site/petalbot)" "tchealthsources.com"
114.119.136.128 - - [01/Nov/2022:18:33:44 -0700] "GET /TC%20Health%20Sources/clipart/buttons/?C=N%3BO%3DD HTTP/1.1" 200 383 "https://tchealthsources.com/TC%20Health%20Sources/clipart/buttons?D=A" "Mozilla/5.0 (Linux; Android 7.0;) AppleWebKit/537.36 (KHTML, like Gecko) Mobile Safari/537.36 (compatible; PetalBot;+https://webmaster.petalsearch.com/site/petalbot)" "tchealthsources.com"
182.90.224.99 - - [01/Nov/2022:18:37:11 -0700] "GET / HTTP/1.1" 200 493 "-" "Mozilla/5.0 (Windows NT 10.0; Win64; x64) AppleWebKit/537.36 (KHTML, like Gecko) Chrome/85.0.4183.121 Safari/537.36" "tchealthsources.com"
114.119.136.113 - - [01/Nov/2022:18:39:09 -0700] "GET /TC%20Health%20Sources/clipart/buttons/themes/sky_blue/?C=M%3BO%3DA HTTP/1.1" 200 445 "https://tchealthsources.com/TC%20Health%20Sources/clipart/buttons/themes/sky_blue?M=A" "Mozilla/5.0 (Linux; Android 7.0;) AppleWebKit/537.36 (KHTML, like Gecko) Mobile Safari/537.36 (compatible; PetalBot;+https://webmaster.petalsearch.com/site/petalbot)" "tchealthsources.com"
51.222.253.17 - - [01/Nov/2022:18:44:23 -0700] "GET /TC%20Health%20Sources/clipart/buttons/themes/gray/?C=S;O=D HTTP/1.1" 200 430 "-" "Mozilla/5.0 (compatible; AhrefsBot/7.0; +http://ahrefs.com/robot/)" "tchealthsources.com"
114.119.136.134 - - [01/Nov/2022:18:44:43 -0700] "GET /TC%20Health%20Sources/clipart/images/general?C=D%3BO%3DA HTTP/1.1" 301 1450 "https://tchealthsources.com/TC%20Health%20Sources/clipart/images/general?S=D" "Mozilla/5.0 (Linux; Android 7.0;) AppleWebKit/537.36 (KHTML, like Gecko) Mobile Safari/537.36 (compatible; PetalBot;+https://webmaster.petalsearch.com/site/petalbot)" "tchealthsources.com"
114.119.136.134 - - [01/Nov/2022:18:44:44 -0700] "GET /TC%20Health%20Sources/clipart/images/general/?C=D%3BO%3DA HTTP/1.1" 200 403 "https://tchealthsources.com/TC%20Health%20Sources/clipart/images/general?S=D" "Mozilla/5.0 (Linux; Android 7.0;) AppleWebKit/537.36 (KHTML, like Gecko) Mobile Safari/537.36 (compatible; PetalBot;+https://webmaster.petalsearch.com/site/petalbot)" "tchealthsources.com"
114.119.136.134 - - [01/Nov/2022:18:50:05 -0700] "GET /clipart/buttons/themes/view-screen?N=A HTTP/1.1" 301 1434 "http://tchealthsources.com/clipart/buttons/themes/view-screen?S=D" "Mozilla/5.0 (Linux; Android 7.0;) AppleWebKit/537.36 (KHTML, like Gecko) Mobile Safari/537.36 (compatible; PetalBot;+https://webmaster.petalsearch.com/site/petalbot)" "tchealthsources.com"
114.119.136.134 - - [01/Nov/2022:18:50:05 -0700] "GET /clipart/buttons/themes/view-screen/?N=A HTTP/1.1" 200 433 "http://tchealthsources.com/clipart/buttons/themes/view-screen?S=D" "Mozilla/5.0 (Linux; Android 7.0;) AppleWebKit/537.36 (KHTML, like Gecko) Mobile Safari/537.36 (compatible; PetalBot;+https://webmaster.petalsearch.com/site/petalbot)" "tchealthsources.com"
34.220.237.229 - - [01/Nov/2022:18:51:19 -0700] "GET / HTTP/1.1" 200 1331 "-" "-" "tchealthsources.com"
114.119.136.13 - - [01/Nov/2022:18:55:38 -0700] "GET /clipart/buttons/themes/view-screen HTTP/1.1" 301 1429 "http://tchealthsources.com/clipart/buttons/themes?C=N%3BO%3DD" "Mozilla/5.0 (Linux; Android 7.0;) AppleWebKit/537.36 (KHTML, like Gecko) Mobile Safari/537.36 (compatible; PetalBot;+https://webmaster.petalsearch.com/site/petalbot)" "tchealthsources.com"
114.119.136.13 - - [01/Nov/2022:18:55:39 -0700] "GET /clipart/buttons/themes/view-screen/ HTTP/1.1" 200 433 "http://tchealthsources.com/clipart/buttons/themes?C=N%3BO%3DD" "Mozilla/5.0 (Linux; Android 7.0;) AppleWebKit/537.36 (KHTML, like Gecko) Mobile Safari/537.36 (compatible; PetalBot;+https://webmaster.petalsearch.com/site/petalbot)" "tchealthsources.com"
114.119.136.13 - - [01/Nov/2022:19:01:09 -0700] "GET /tmp HTTP/1.1" 403 170 "http://tchealthsources.com" "Mozilla/5.0 (Linux; Android 7.0;) AppleWebKit/537.36 (KHTML, like Gecko) Mobile Safari/537.36 (compatible; PetalBot;+https://webmaster.petalsearch.com/site/petalbot)" "tchealthsources.com"
114.119.136.13 - - [01/Nov/2022:19:06:46 -0700] "GET /TC%20Health%20Sources/_private?C=N%3BO%3DD HTTP/1.1" 301 1441 "https://tchealthsources.com/TC%20Health%20Sources/_private?C=M%3BO%3DA" "Mozilla/5.0 (Linux; Android 7.0;) AppleWebKit/537.36 (KHTML, like Gecko) Mobile Safari/537.36 (compatible; PetalBot;+https://webmaster.petalsearch.com/site/petalbot)" "tchealthsources.com"
114.119.136.13 - - [01/Nov/2022:19:06:46 -0700] "GET /TC%20Health%20Sources/_private/?C=N%3BO%3DD HTTP/1.1" 200 341 "https://tchealthsources.com/TC%20Health%20Sources/_private?C=M%3BO%3DA" "Mozilla/5.0 (Linux; Android 7.0;) AppleWebKit/537.36 (KHTML, like Gecko) Mobile Safari/537.36 (compatible; PetalBot;+https://webmaster.petalsearch.com/site/petalbot)" "tchealthsources.com"
54.36.148.35 - - [01/Nov/2022:19:11:37 -0700] "GET /robots.txt HTTP/1.1" 404 88 "-" "Mozilla/5.0 (compatible; AhrefsBot/7.0; +http://ahrefs.com/robot/)" "tchealthsources.com"
51.222.253.19 - - [01/Nov/2022:19:11:40 -0700] "GET /TC%20Health%20Sources/includes/?C=S;O=D HTTP/1.1" 200 374 "-" "Mozilla/5.0 (compatible; AhrefsBot/7.0; +http://ahrefs.com/robot/)" "tchealthsources.com"
114.119.136.134 - - [01/Nov/2022:19:12:20 -0700] "GET /clipart/buttons/themes/view-screen?M=A HTTP/1.1" 301 1434 "http://tchealthsources.com/clipart/buttons/themes/view-screen" "Mozilla/5.0 (Linux; Android 7.0;) AppleWebKit/537.36 (KHTML, like Gecko) Mobile Safari/537.36 (compatible; PetalBot;+https://webmaster.petalsearch.com/site/petalbot)" "tchealthsources.com"
114.119.136.134 - - [01/Nov/2022:19:12:21 -0700] "GET /clipart/buttons/themes/view-screen/?M=A HTTP/1.1" 200 433 "http://tchealthsources.com/clipart/buttons/themes/view-screen" "Mozilla/5.0 (Linux; Android 7.0;) AppleWebKit/537.36 (KHTML, like Gecko) Mobile Safari/537.36 (compatible; PetalBot;+https://webmaster.petalsearch.com/site/petalbot)" "tchealthsources.com"
114.119.136.12 - - [01/Nov/2022:19:23:30 -0700] "GET /TC%20Health%20Sources/clipart/images/general?C=S%3BO%3DA HTTP/1.1" 301 1450 "https://tchealthsources.com/TC%20Health%20Sources/clipart/images/general?S=D" "Mozilla/5.0 (Linux; Android 7.0;) AppleWebKit/537.36 (KHTML, like Gecko) Mobile Safari/537.36 (compatible; PetalBot;+https://webmaster.petalsearch.com/site/petalbot)" "tchealthsources.com"
114.119.136.12 - - [01/Nov/2022:19:23:31 -0700] "GET /TC%20Health%20Sources/clipart/images/general/?C=S%3BO%3DA HTTP/1.1" 200 403 "https://tchealthsources.com/TC%20Health%20Sources/clipart/images/general?S=D" "Mozilla/5.0 (Linux; Android 7.0;) AppleWebKit/537.36 (KHTML, like Gecko) Mobile Safari/537.36 (compatible; PetalBot;+https://webmaster.petalsearch.com/site/petalbot)" "tchealthsources.com"
114.119.134.224 - - [01/Nov/2022:19:28:59 -0700] "GET /navigation_bars/index.nav HTTP/1.1" 200 4991 "-" "Mozilla/5.0 (Linux; Android 7.0;) AppleWebKit/537.36 (KHTML, like Gecko) Mobile Safari/537.36 (compatible; PetalBot;+https://webmaster.petalsearch.com/site/petalbot)" "tchealthsources.com"
114.119.134.224 - - [01/Nov/2022:19:34:29 -0700] "GET /clipart/buttons/themes/swoosh_blue/?C=N%3BO%3DD HTTP/1.1" 200 419 "http://tchealthsources.com/clipart/buttons/themes/swoosh_blue/?C=M%3BO%3DA" "Mozilla/5.0 (Linux; Android 7.0;) AppleWebKit/537.36 (KHTML, like Gecko) Mobile Safari/537.36 (compatible; PetalBot;+https://webmaster.petalsearch.com/site/petalbot)" "tchealthsources.com"
114.119.136.134 - - [01/Nov/2022:19:39:56 -0700] "GET /TC%20Health%20Sources/clipart/buttons/themes/jelly?C=S%3BO%3DA HTTP/1.1" 301 1454 "https://tchealthsources.com/TC%20Health%20Sources/clipart/buttons/themes/jelly?M=D" "Mozilla/5.0 (Linux; Android 7.0;) AppleWebKit/537.36 (KHTML, like Gecko) Mobile Safari/537.36 (compatible; PetalBot;+https://webmaster.petalsearch.com/site/petalbot)" "tchealthsources.com"
114.119.136.134 - - [01/Nov/2022:19:39:57 -0700] "GET /TC%20Health%20Sources/clipart/buttons/themes/jelly/?C=S%3BO%3DA HTTP/1.1" 200 439 "https://tchealthsources.com/TC%20Health%20Sources/clipart/buttons/themes/jelly?M=D" "Mozilla/5.0 (Linux; Android 7.0;) AppleWebKit/537.36 (KHTML, like Gecko) Mobile Safari/537.36 (compatible; PetalBot;+https://webmaster.petalsearch.com/site/petalbot)" "tchealthsources.com"
114.119.134.224 - - [01/Nov/2022:19:45:27 -0700] "GET /clipart/buttons/themes/designer1/?C=S%3BO%3DA HTTP/1.1" 200 423 "http://tchealthsources.com/clipart/buttons/themes/designer1?C=S%3BO%3DA" "Mozilla/5.0 (Linux; Android 7.0;) AppleWebKit/537.36 (KHTML, like Gecko) Mobile Safari/537.36 (compatible; PetalBot;+https://webmaster.petalsearch.com/site/petalbot)" "tchealthsources.com"
114.119.136.134 - - [01/Nov/2022:19:51:00 -0700] "GET /TC%20Health%20Sources/yahoo_site_admin/?C=S%3BO%3DA HTTP/1.1" 200 429 "https://tchealthsources.com/TC%20Health%20Sources/yahoo_site_admin?C=D%3BO%3DA" "Mozilla/5.0 (Linux; Android 7.0;) AppleWebKit/537.36 (KHTML, like Gecko) Mobile Safari/537.36 (compatible; PetalBot;+https://webmaster.petalsearch.com/site/petalbot)" "tchealthsources.com"
51.222.253.7 - - [01/Nov/2022:19:55:36 -0700] "GET /clipart/buttons/themes/designer3/ HTTP/1.1" 200 422 "-" "Mozilla/5.0 (compatible; AhrefsBot/7.0; +http://ahrefs.com/robot/)" "tchealthsources.com"
114.119.136.128 - - [01/Nov/2022:19:56:26 -0700] "GET /clipart/images HTTP/1.1" 301 1413 "http://tchealthsources.com/clipart/images/general?D=D" "Mozilla/5.0 (Linux; Android 7.0;) AppleWebKit/537.36 (KHTML, like Gecko) Mobile Safari/537.36 (compatible; PetalBot;+https://webmaster.petalsearch.com/site/petalbot)" "tchealthsources.com"
114.119.136.128 - - [01/Nov/2022:19:56:26 -0700] "GET /clipart/images/ HTTP/1.1" 200 359 "http://tchealthsources.com/clipart/images/general?D=D" "Mozilla/5.0 (Linux; Android 7.0;) AppleWebKit/537.36 (KHTML, like Gecko) Mobile Safari/537.36 (compatible; PetalBot;+https://webmaster.petalsearch.com/site/petalbot)" "tchealthsources.com"
114.119.136.128 - - [01/Nov/2022:20:01:59 -0700] "GET /TC%20Health%20Sources/clipart/buttons/themes?C=M%3BO%3DA HTTP/1.1" 301 1450 "https://tchealthsources.com/TC%20Health%20Sources/clipart/buttons/themes?S=A" "Mozilla/5.0 (Linux; Android 7.0;) AppleWebKit/537.36 (KHTML, like Gecko) Mobile Safari/537.36 (compatible; PetalBot;+https://webmaster.petalsearch.com/site/petalbot)" "tchealthsources.com"
114.119.136.128 - - [01/Nov/2022:20:02:02 -0700] "GET /TC%20Health%20Sources/clipart/buttons/themes/?C=M%3BO%3DA HTTP/1.1" 200 479 "https://tchealthsources.com/TC%20Health%20Sources/clipart/buttons/themes?S=A" "Mozilla/5.0 (Linux; Android 7.0;) AppleWebKit/537.36 (KHTML, like Gecko) Mobile Safari/537.36 (compatible; PetalBot;+https://webmaster.petalsearch.com/site/petalbot)" "tchealthsources.com"
114.119.136.128 - - [01/Nov/2022:20:07:20 -0700] "GET /TC%20Health%20Sources/yahoo_site_admin1/ HTTP/1.1" 200 418 "https://tchealthsources.com/TC%20Health%20Sources/yahoo_site_admin1/assets?N=D" "Mozilla/5.0 (Linux; Android 7.0;) AppleWebKit/537.36 (KHTML, like Gecko) Mobile Safari/537.36 (compatible; PetalBot;+https://webmaster.petalsearch.com/site/petalbot)" "tchealthsources.com"
114.119.136.128 - - [01/Nov/2022:20:12:50 -0700] "GET /?C=S%3BO%3DA HTTP/1.1" 200 493 "https://tchealthsources.com?C=D%3BO%3DA" "Mozilla/5.0 (Linux; Android 7.0;) AppleWebKit/537.36 (KHTML, like Gecko) Mobile Safari/537.36 (compatible; PetalBot;+https://webmaster.petalsearch.com/site/petalbot)" "tchealthsources.com"
114.119.136.128 - - [01/Nov/2022:20:18:28 -0700] "GET /clipart/buttons/themes/sky_blue?N=D HTTP/1.1" 301 1434 "http://tchealthsources.com/clipart/buttons/themes/sky_blue" "Mozilla/5.0 (Linux; Android 7.0;) AppleWebKit/537.36 (KHTML, like Gecko) Mobile Safari/537.36 (compatible; PetalBot;+https://webmaster.petalsearch.com/site/petalbot)" "tchealthsources.com"
114.119.136.128 - - [01/Nov/2022:20:18:31 -0700] "GET /clipart/buttons/themes/sky_blue/?N=D HTTP/1.1" 200 422 "http://tchealthsources.com/clipart/buttons/themes/sky_blue" "Mozilla/5.0 (Linux; Android 7.0;) AppleWebKit/537.36 (KHTML, like Gecko) Mobile Safari/537.36 (compatible; PetalBot;+https://webmaster.petalsearch.com/site/petalbot)" "tchealthsources.com"
114.119.136.109 - - [01/Nov/2022:20:23:36 -0700] "GET /clipart/buttons/themes/designer1?C=M%3BO%3DA HTTP/1.1" 301 1439 "http://tchealthsources.com/clipart/buttons/themes/designer1?S=A" "Mozilla/5.0 (Linux; Android 7.0;) AppleWebKit/537.36 (KHTML, like Gecko) Mobile Safari/537.36 (compatible; PetalBot;+https://webmaster.petalsearch.com/site/petalbot)" "tchealthsources.com"
114.119.136.109 - - [01/Nov/2022:20:23:36 -0700] "GET /clipart/buttons/themes/designer1/?C=M%3BO%3DA HTTP/1.1" 200 423 "http://tchealthsources.com/clipart/buttons/themes/designer1?S=A" "Mozilla/5.0 (Linux; Android 7.0;) AppleWebKit/537.36 (KHTML, like Gecko) Mobile Safari/537.36 (compatible; PetalBot;+https://webmaster.petalsearch.com/site/petalbot)" "tchealthsources.com"
51.222.253.18 - - [01/Nov/2022:20:27:28 -0700] "GET /clipart/buttons/themes/gray/ HTTP/1.1" 200 409 "-" "Mozilla/5.0 (compatible; AhrefsBot/7.0; +http://ahrefs.com/robot/)" "tchealthsources.com"
114.119.136.128 - - [01/Nov/2022:20:28:56 -0700] "GET /TC%20Health%20Sources/clipart/buttons/?C=D%3BO%3DA HTTP/1.1" 200 383 "https://tchealthsources.com/TC%20Health%20Sources/clipart/buttons?D=A" "Mozilla/5.0 (Linux; Android 7.0;) AppleWebKit/537.36 (KHTML, like Gecko) Mobile Safari/537.36 (compatible; PetalBot;+https://webmaster.petalsearch.com/site/petalbot)" "tchealthsources.com"
114.119.134.224 - - [01/Nov/2022:20:34:19 -0700] "GET /TC%20Health%20Sources/yahoo_site_admin1/credentials?C=S%3BO%3DA HTTP/1.1" 301 1454 "https://tchealthsources.com/TC%20Health%20Sources/yahoo_site_admin1/credentials?C=M%3BO%3DA" "Mozilla/5.0 (Linux; Android 7.0;) AppleWebKit/537.36 (KHTML, like Gecko) Mobile Safari/537.36 (compatible; PetalBot;+https://webmaster.petalsearch.com/site/petalbot)" "tchealthsources.com"
