114.119.134.224 - - [01/Nov/2022:20:34:20 -0700] "GET /TC%20Health%20Sources/yahoo_site_admin1/credentials/?C=S%3BO%3DA HTTP/1.1" 200 400 "https://tchealthsources.com/TC%20Health%20Sources/yahoo_site_admin1/credentials?C=M%3BO%3DA" "Mozilla/5.0 (Linux; Android 7.0;) AppleWebKit/537.36 (KHTML, like Gecko) Mobile Safari/537.36 (compatible; PetalBot;+https://webmaster.petalsearch.com/site/petalbot)" "tchealthsources.com"
51.222.253.18 - - [01/Nov/2022:20:35:22 -0700] "GET /clipart/buttons/themes/designer1/ HTTP/1.1" 200 423 "-" "Mozilla/5.0 (compatible; AhrefsBot/7.0; +http://ahrefs.com/robot/)" "tchealthsources.com"
51.222.253.8 - - [01/Nov/2022:20:35:33 -0700] "GET /TC%20Health%20Sources/yahoo_site_admin/assets/images/?C=M;O=D HTTP/1.1" 200 354 "-" "Mozilla/5.0 (compatible; AhrefsBot/7.0; +http://ahrefs.com/robot/)" "tchealthsources.com"
51.222.253.15 - - [01/Nov/2022:20:35:40 -0700] "GET /TC%20Health%20Sources/sitebuilder/?C=D;O=A HTTP/1.1" 200 446 "-" "Mozilla/5.0 (compatible; AhrefsBot/7.0; +http://ahrefs.com/robot/)" "tchealthsources.com"
51.222.253.15 - - [01/Nov/2022:20:35:51 -0700] "GET /TC%20Health%20Sources/sitebuilder/scripts/?C=D;O=D HTTP/1.1" 200 397 "-" "Mozilla/5.0 (compatible; AhrefsBot/7.0; +http://ahrefs.com/robot/)" "tchealthsources.com"
51.222.253.17 - - [01/Nov/2022:20:35:55 -0700] "GET /clipart/images/?C=S;O=D HTTP/1.1" 200 357 "-" "Mozilla/5.0 (compatible; AhrefsBot/7.0; +http://ahrefs.com/robot/)" "tchealthsources.com"
51.222.253.14 - - [01/Nov/2022:20:36:00 -0700] "GET /clipart/buttons/themes/sky_blue/ HTTP/1.1" 200 422 "-" "Mozilla/5.0 (compatible; AhrefsBot/7.0; +http://ahrefs.com/robot/)" "tchealthsources.com"
51.222.253.3 - - [01/Nov/2022:20:36:05 -0700] "GET /clipart/buttons/themes/swoosh_blue/ HTTP/1.1" 200 419 "-" "Mozilla/5.0 (compatible; AhrefsBot/7.0; +http://ahrefs.com/robot/)" "tchealthsources.com"
51.222.253.12 - - [01/Nov/2022:20:36:09 -0700] "GET /robots.txt HTTP/1.1" 404 88 "-" "Mozilla/5.0 (compatible; AhrefsBot/7.0; +http://ahrefs.com/robot/)" "www.tchealthsources.com"
51.222.253.16 - - [01/Nov/2022:20:36:10 -0700] "GET /clipart/buttons/themes/designer3/?C=S;O=D HTTP/1.1" 200 420 "-" "Mozilla/5.0 (compatible; AhrefsBot/7.0; +http://ahrefs.com/robot/)" "www.tchealthsources.com"
51.222.253.20 - - [01/Nov/2022:20:36:11 -0700] "GET /clipart/buttons/themes/jelly/?C=N;O=D HTTP/1.1" 200 412 "-" "Mozilla/5.0 (compatible; AhrefsBot/7.0; +http://ahrefs.com/robot/)" "tchealthsources.com"
51.222.253.20 - - [01/Nov/2022:20:36:13 -0700] "GET /TC%20Health%20Sources/images/ HTTP/1.1" 200 1393 "-" "Mozilla/5.0 (compatible; AhrefsBot/7.0; +http://ahrefs.com/robot/)" "tchealthsources.com"
51.222.253.16 - - [01/Nov/2022:20:36:14 -0700] "GET /TC%20Health%20Sources/files/International_health_insurance.htm HTTP/1.1" 200 5116 "-" "Mozilla/5.0 (compatible; AhrefsBot/7.0; +http://ahrefs.com/robot/)" "tchealthsources.com"
114.119.136.12 - - [01/Nov/2022:20:39:57 -0700] "GET /TC%20Health%20Sources/navigation_bars?D=D HTTP/1.1" 301 1437 "https://tchealthsources.com/TC%20Health%20Sources/navigation_bars?D=A" "Mozilla/5.0 (Linux; Android 7.0;) AppleWebKit/537.36 (KHTML, like Gecko) Mobile Safari/537.36 (compatible; PetalBot;+https://webmaster.petalsearch.com/site/petalbot)" "tchealthsources.com"
114.119.136.12 - - [01/Nov/2022:20:39:59 -0700] "GET /TC%20Health%20Sources/navigation_bars/?D=D HTTP/1.1" 200 415 "https://tchealthsources.com/TC%20Health%20Sources/navigation_bars?D=A" "Mozilla/5.0 (Linux; Android 7.0;) AppleWebKit/537.36 (KHTML, like Gecko) Mobile Safari/537.36 (compatible; PetalBot;+https://webmaster.petalsearch.com/site/petalbot)" "tchealthsources.com"
114.119.136.128 - - [01/Nov/2022:20:45:58 -0700] "GET /Web%20DOWNLOAD%20images?D=D HTTP/1.1" 301 1428 "http://tchealthsources.com/Web%20DOWNLOAD%20images?D=A" "Mozilla/5.0 (Linux; Android 7.0;) AppleWebKit/537.36 (KHTML, like Gecko) Mobile Safari/537.36 (compatible; PetalBot;+https://webmaster.petalsearch.com/site/petalbot)" "tchealthsources.com"
114.119.136.128 - - [01/Nov/2022:20:46:03 -0700] "GET /Web%20DOWNLOAD%20images/?D=D HTTP/1.1" 200 442 "http://tchealthsources.com/Web%20DOWNLOAD%20images?D=A" "Mozilla/5.0 (Linux; Android 7.0;) AppleWebKit/537.36 (KHTML, like Gecko) Mobile Safari/537.36 (compatible; PetalBot;+https://webmaster.petalsearch.com/site/petalbot)" "tchealthsources.com"
114.119.136.109 - - [01/Nov/2022:20:51:36 -0700] "GET /TC%20Health%20Sources/includes?N=A HTTP/1.1" 301 1431 "https://tchealthsources.com/TC%20Health%20Sources/includes?S=A" "Mozilla/5.0 (Linux; Android 7.0;) AppleWebKit/537.36 (KHTML, like Gecko) Mobile Safari/537.36 (compatible; PetalBot;+https://webmaster.petalsearch.com/site/petalbot)" "tchealthsources.com"
114.119.136.109 - - [01/Nov/2022:20:51:36 -0700] "GET /TC%20Health%20Sources/includes/?N=A HTTP/1.1" 200 376 "https://tchealthsources.com/TC%20Health%20Sources/includes?S=A" "Mozilla/5.0 (Linux; Android 7.0;) AppleWebKit/537.36 (KHTML, like Gecko) Mobile Safari/537.36 (compatible; PetalBot;+https://webmaster.petalsearch.com/site/petalbot)" "tchealthsources.com"
114.119.136.12 - - [01/Nov/2022:20:57:12 -0700] "GET /?C=M%3BO%3DA HTTP/1.1" 200 493 "https://tchealthsources.com?C=D%3BO%3DA" "Mozilla/5.0 (compatible;PetalBot;+https://webmaster.petalsearch.com/site/petalbot)" "tchealthsources.com"
114.119.136.134 - - [01/Nov/2022:21:02:49 -0700] "GET /TC%20Health%20Sources/yahoo_site_admin1/credentials?S=A HTTP/1.1" 301 1445 "https://tchealthsources.com/TC%20Health%20Sources/yahoo_site_admin1/credentials?N=D" "Mozilla/5.0 (Linux; Android 7.0;) AppleWebKit/537.36 (KHTML, like Gecko) Mobile Safari/537.36 (compatible; PetalBot;+https://webmaster.petalsearch.com/site/petalbot)" "tchealthsources.com"
114.119.136.134 - - [01/Nov/2022:21:02:51 -0700] "GET /TC%20Health%20Sources/yahoo_site_admin1/credentials/?S=A HTTP/1.1" 200 400 "https://tchealthsources.com/TC%20Health%20Sources/yahoo_site_admin1/credentials?N=D" "Mozilla/5.0 (Linux; Android 7.0;) AppleWebKit/537.36 (KHTML, like Gecko) Mobile Safari/537.36 (compatible; PetalBot;+https://webmaster.petalsearch.com/site/petalbot)" "tchealthsources.com"
51.222.253.13 - - [01/Nov/2022:21:06:57 -0700] "GET /clipart/buttons/themes/jelly/?C=N;O=A HTTP/1.1" 200 416 "-" "Mozilla/5.0 (compatible; AhrefsBot/7.0; +http://ahrefs.com/robot/)" "tchealthsources.com"
114.119.136.113 - - [01/Nov/2022:21:08:28 -0700] "GET /TC%20Health%20Sources/clipart/buttons/themes/swoosh_blue?D=A HTTP/1.1" 301 1452 "https://tchealthsources.com/TC%20Health%20Sources/clipart/buttons/themes/swoosh_blue" "Mozilla/5.0 (Linux; Android 7.0;) AppleWebKit/537.36 (KHTML, like Gecko) Mobile Safari/537.36 (compatible; PetalBot;+https://webmaster.petalsearch.com/site/petalbot)" "tchealthsources.com"
114.119.136.113 - - [01/Nov/2022:21:08:29 -0700] "GET /TC%20Health%20Sources/clipart/buttons/themes/swoosh_blue/?D=A HTTP/1.1" 200 441 "https://tchealthsources.com/TC%20Health%20Sources/clipart/buttons/themes/swoosh_blue" "Mozilla/5.0 (Linux; Android 7.0;) AppleWebKit/537.36 (KHTML, like Gecko) Mobile Safari/537.36 (compatible; PetalBot;+https://webmaster.petalsearch.com/site/petalbot)" "tchealthsources.com"
114.119.136.128 - - [01/Nov/2022:21:13:59 -0700] "GET /navigation_bars?M=A HTTP/1.1" 301 1424 "http://tchealthsources.com/navigation_bars/" "Mozilla/5.0 (Linux; Android 7.0;) AppleWebKit/537.36 (KHTML, like Gecko) Mobile Safari/537.36 (compatible; PetalBot;+https://webmaster.petalsearch.com/site/petalbot)" "tchealthsources.com"
114.119.136.128 - - [01/Nov/2022:21:14:00 -0700] "GET /navigation_bars/?M=A HTTP/1.1" 200 390 "http://tchealthsources.com/navigation_bars/" "Mozilla/5.0 (Linux; Android 7.0;) AppleWebKit/537.36 (KHTML, like Gecko) Mobile Safari/537.36 (compatible; PetalBot;+https://webmaster.petalsearch.com/site/petalbot)" "tchealthsources.com"
51.222.253.4 - - [01/Nov/2022:21:17:07 -0700] "GET /TC%20Health%20Sources/yahoo_site_admin1/?C=M;O=A HTTP/1.1" 200 418 "-" "Mozilla/5.0 (compatible; AhrefsBot/7.0; +http://ahrefs.com/robot/)" "www.tchealthsources.com"
114.119.136.128 - - [01/Nov/2022:21:19:31 -0700] "GET /TC%20Health%20Sources/clipart/buttons?C=N%3BO%3DD HTTP/1.1" 301 1445 "https://tchealthsources.com/TC%20Health%20Sources/clipart/buttons?S=D" "Mozilla/5.0 (Linux; Android 7.0;) AppleWebKit/537.36 (KHTML, like Gecko) Mobile Safari/537.36 (compatible; PetalBot;+https://webmaster.petalsearch.com/site/petalbot)" "tchealthsources.com"
114.119.136.128 - - [01/Nov/2022:21:19:32 -0700] "GET /TC%20Health%20Sources/clipart/buttons/?C=N%3BO%3DD HTTP/1.1" 200 383 "https://tchealthsources.com/TC%20Health%20Sources/clipart/buttons?S=D" "Mozilla/5.0 (Linux; Android 7.0;) AppleWebKit/537.36 (KHTML, like Gecko) Mobile Safari/537.36 (compatible; PetalBot;+https://webmaster.petalsearch.com/site/petalbot)" "tchealthsources.com"
114.119.134.224 - - [01/Nov/2022:21:25:06 -0700] "GET /TC%20Health%20Sources/files/?C=M%3BO%3DA HTTP/1.1" 200 441 "https://tchealthsources.com/TC%20Health%20Sources/files?N=A" "Mozilla/5.0 (Linux; Android 7.0;) AppleWebKit/537.36 (KHTML, like Gecko) Mobile Safari/537.36 (compatible; PetalBot;+https://webmaster.petalsearch.com/site/petalbot)" "tchealthsources.com"
114.119.136.12 - - [01/Nov/2022:21:30:50 -0700] "GET /Web%20DOWNLOAD%20images HTTP/1.1" 301 1424 "http://tchealthsources.com?C=D%3BO%3DA" "Mozilla/5.0 (Linux; Android 7.0;) AppleWebKit/537.36 (KHTML, like Gecko) Mobile Safari/537.36 (compatible; PetalBot;+https://webmaster.petalsearch.com/site/petalbot)" "tchealthsources.com"
114.119.136.12 - - [01/Nov/2022:21:30:55 -0700] "GET /Web%20DOWNLOAD%20images/ HTTP/1.1" 200 442 "http://tchealthsources.com?C=D%3BO%3DA" "Mozilla/5.0 (Linux; Android 7.0;) AppleWebKit/537.36 (KHTML, like Gecko) Mobile Safari/537.36 (compatible; PetalBot;+https://webmaster.petalsearch.com/site/petalbot)" "tchealthsources.com"
114.119.136.113 - - [01/Nov/2022:21:37:14 -0700] "GET /TC%20Health%20Sources/clipart/images HTTP/1.1" 301 1431 "https://tchealthsources.com/TC%20Health%20Sources/clipart/images/general?N=D" "Mozilla/5.0 (Linux; Android 7.0;) AppleWebKit/537.36 (KHTML, like Gecko) Mobile Safari/537.36 (compatible; PetalBot;+https://webmaster.petalsearch.com/site/petalbot)" "tchealthsources.com"
114.119.136.113 - - [01/Nov/2022:21:37:15 -0700] "GET /TC%20Health%20Sources/clipart/images/ HTTP/1.1" 200 382 "https://tchealthsources.com/TC%20Health%20Sources/clipart/images/general?N=D" "Mozilla/5.0 (Linux; Android 7.0;) AppleWebKit/537.36 (KHTML, like Gecko) Mobile Safari/537.36 (compatible; PetalBot;+https://webmaster.petalsearch.com/site/petalbot)" "tchealthsources.com"
51.222.253.8 - - [01/Nov/2022:21:41:15 -0700] "GET /TC%20Health%20Sources/media/?C=S;O=D HTTP/1.1" 200 408 "-" "Mozilla/5.0 (compatible; AhrefsBot/7.0; +http://ahrefs.com/robot/)" "tchealthsources.com"
114.119.136.13 - - [01/Nov/2022:21:41:46 -0700] "GET /TC%20Health%20Sources/yahoo_site_admin/logs?C=M%3BO%3DA HTTP/1.1" 301 1449 "https://tchealthsources.com/TC%20Health%20Sources/yahoo_site_admin/logs" "Mozilla/5.0 (Linux; Android 7.0;) AppleWebKit/537.36 (KHTML, like Gecko) Mobile Safari/537.36 (compatible; PetalBot;+https://webmaster.petalsearch.com/site/petalbot)" "tchealthsources.com"
114.119.136.13 - - [01/Nov/2022:21:41:47 -0700] "GET /TC%20Health%20Sources/yahoo_site_admin/logs/?C=M%3BO%3DA HTTP/1.1" 200 396 "https://tchealthsources.com/TC%20Health%20Sources/yahoo_site_admin/logs" "Mozilla/5.0 (Linux; Android 7.0;) AppleWebKit/537.36 (KHTML, like Gecko) Mobile Safari/537.36 (compatible; PetalBot;+https://webmaster.petalsearch.com/site/petalbot)" "tchealthsources.com"
114.119.136.113 - - [01/Nov/2022:21:47:45 -0700] "GET /TC%20Health%20Sources/clipart/buttons/themes/simple?S=A HTTP/1.1" 301 1445 "https://tchealthsources.com/TC%20Health%20Sources/clipart/buttons/themes/simple?D=D" "Mozilla/5.0 (Linux; Android 7.0;) AppleWebKit/537.36 (KHTML, like Gecko) Mobile Safari/537.36 (compatible; PetalBot;+https://webmaster.petalsearch.com/site/petalbot)" "tchealthsources.com"
114.119.136.113 - - [01/Nov/2022:21:47:46 -0700] "GET /TC%20Health%20Sources/clipart/buttons/themes/simple/?S=A HTTP/1.1" 200 440 "https://tchealthsources.com/TC%20Health%20Sources/clipart/buttons/themes/simple?D=D" "Mozilla/5.0 (Linux; Android 7.0;) AppleWebKit/537.36 (KHTML, like Gecko) Mobile Safari/537.36 (compatible; PetalBot;+https://webmaster.petalsearch.com/site/petalbot)" "tchealthsources.com"
51.222.253.17 - - [01/Nov/2022:21:51:22 -0700] "GET /TC%20Health%20Sources/clipart/buttons/themes/swoosh_blue/?C=D;O=D HTTP/1.1" 200 436 "-" "Mozilla/5.0 (compatible; AhrefsBot/7.0; +http://ahrefs.com/robot/)" "tchealthsources.com"
114.119.136.13 - - [01/Nov/2022:21:52:48 -0700] "GET /clipart/buttons/themes/sky_blue?M=A HTTP/1.1" 301 1434 "http://tchealthsources.com/clipart/buttons/themes/sky_blue?S=A" "Mozilla/5.0 (Linux; Android 7.0;) AppleWebKit/537.36 (KHTML, like Gecko) Mobile Safari/537.36 (compatible; PetalBot;+https://webmaster.petalsearch.com/site/petalbot)" "tchealthsources.com"
114.119.136.13 - - [01/Nov/2022:21:52:49 -0700] "GET /clipart/buttons/themes/sky_blue/?M=A HTTP/1.1" 200 422 "http://tchealthsources.com/clipart/buttons/themes/sky_blue?S=A" "Mozilla/5.0 (Linux; Android 7.0;) AppleWebKit/537.36 (KHTML, like Gecko) Mobile Safari/537.36 (compatible; PetalBot;+https://webmaster.petalsearch.com/site/petalbot)" "tchealthsources.com"
114.119.136.134 - - [01/Nov/2022:21:58:20 -0700] "GET /TC%20Health%20Sources/logs/access_160429.log HTTP/1.1" 200 1932 "https://tchealthsources.com/TC%20Health%20Sources/logs?S=A" "Mozilla/5.0 (Linux; Android 7.0;) AppleWebKit/537.36 (KHTML, like Gecko) Mobile Safari/537.36 (compatible; PetalBot;+https://webmaster.petalsearch.com/site/petalbot)" "tchealthsources.com"
51.222.253.14 - - [01/Nov/2022:22:02:44 -0700] "GET /clipart/buttons/themes/designer3/?C=N;O=D HTTP/1.1" 200 416 "-" "Mozilla/5.0 (compatible; AhrefsBot/7.0; +http://ahrefs.com/robot/)" "tchealthsources.com"
114.119.136.109 - - [01/Nov/2022:22:03:52 -0700] "GET /navigation_bars?S=D HTTP/1.1" 301 1419 "https://tchealthsources.com/navigation_bars?S=A" "Mozilla/5.0 (Linux; Android 7.0;) AppleWebKit/537.36 (KHTML, like Gecko) Mobile Safari/537.36 (compatible; PetalBot;+https://webmaster.petalsearch.com/site/petalbot)" "tchealthsources.com"
114.119.136.109 - - [01/Nov/2022:22:03:52 -0700] "GET /navigation_bars/?S=D HTTP/1.1" 200 390 "https://tchealthsources.com/navigation_bars?S=A" "Mozilla/5.0 (Linux; Android 7.0;) AppleWebKit/537.36 (KHTML, like Gecko) Mobile Safari/537.36 (compatible; PetalBot;+https://webmaster.petalsearch.com/site/petalbot)" "tchealthsources.com"
114.119.136.13 - - [01/Nov/2022:22:09:22 -0700] "GET /TC%20Health%20Sources/yahoo_site_admin/credentials?C=M%3BO%3DA HTTP/1.1" 301 1454 "https://tchealthsources.com/TC%20Health%20Sources/yahoo_site_admin/credentials" "Mozilla/5.0 (Linux; Android 7.0;) AppleWebKit/537.36 (KHTML, like Gecko) Mobile Safari/537.36 (compatible; PetalBot;+https://webmaster.petalsearch.com/site/petalbot)" "tchealthsources.com"
114.119.136.13 - - [01/Nov/2022:22:09:23 -0700] "GET /TC%20Health%20Sources/yahoo_site_admin/credentials/?C=M%3BO%3DA HTTP/1.1" 200 399 "https://tchealthsources.com/TC%20Health%20Sources/yahoo_site_admin/credentials" "Mozilla/5.0 (Linux; Android 7.0;) AppleWebKit/537.36 (KHTML, like Gecko) Mobile Safari/537.36 (compatible; PetalBot;+https://webmaster.petalsearch.com/site/petalbot)" "tchealthsources.com"
114.119.134.224 - - [01/Nov/2022:22:14:56 -0700] "GET /clipart/buttons/themes/simple/?C=S%3BO%3DA HTTP/1.1" 200 417 "http://tchealthsources.com/clipart/buttons/themes/simple?N=D" "Mozilla/5.0 (Linux; Android 7.0;) AppleWebKit/537.36 (KHTML, like Gecko) Mobile Safari/537.36 (compatible; PetalBot;+https://webmaster.petalsearch.com/site/petalbot)" "tchealthsources.com"
114.119.136.128 - - [01/Nov/2022:22:20:31 -0700] "GET /TC%20Health%20Sources/sitebuilder/scripts/?C=M%3BO%3DA HTTP/1.1" 200 399 "https://tchealthsources.com/TC%20Health%20Sources/sitebuilder/scripts?D=A" "Mozilla/5.0 (Linux; Android 7.0;) AppleWebKit/537.36 (KHTML, like Gecko) Mobile Safari/537.36 (compatible; PetalBot;+https://webmaster.petalsearch.com/site/petalbot)" "tchealthsources.com"
51.222.253.13 - - [01/Nov/2022:22:23:40 -0700] "GET /TC%20Health%20Sources/includes/?C=M;O=D HTTP/1.1" 200 374 "-" "Mozilla/5.0 (compatible; AhrefsBot/7.0; +http://ahrefs.com/robot/)" "tchealthsources.com"
114.119.136.134 - - [01/Nov/2022:22:26:04 -0700] "GET /TC%20Health%20Sources/sitebuilder/scripts?C=M%3BO%3DA HTTP/1.1" 301 1448 "https://tchealthsources.com/TC%20Health%20Sources/sitebuilder/scripts?N=A" "Mozilla/5.0 (Linux; Android 7.0;) AppleWebKit/537.36 (KHTML, like Gecko) Mobile Safari/537.36 (compatible; PetalBot;+https://webmaster.petalsearch.com/site/petalbot)" "tchealthsources.com"
114.119.136.134 - - [01/Nov/2022:22:26:05 -0700] "GET /TC%20Health%20Sources/sitebuilder/scripts/?C=M%3BO%3DA HTTP/1.1" 200 399 "https://tchealthsources.com/TC%20Health%20Sources/sitebuilder/scripts?N=A" "Mozilla/5.0 (Linux; Android 7.0;) AppleWebKit/537.36 (KHTML, like Gecko) Mobile Safari/537.36 (compatible; PetalBot;+https://webmaster.petalsearch.com/site/petalbot)" "tchealthsources.com"
51.222.253.17 - - [01/Nov/2022:22:30:46 -0700] "GET /TC%20Health%20Sources/includes/?C=D;O=D HTTP/1.1" 200 374 "-" "Mozilla/5.0 (compatible; AhrefsBot/7.0; +http://ahrefs.com/robot/)" "tchealthsources.com"
114.119.136.13 - - [01/Nov/2022:22:31:38 -0700] "GET /clipart/images?D=A HTTP/1.1" 301 1418 "http://tchealthsources.com/clipart/images?D=D" "Mozilla/5.0 (Linux; Android 7.0;) AppleWebKit/537.36 (KHTML, like Gecko) Mobile Safari/537.36 (compatible; PetalBot;+https://webmaster.petalsearch.com/site/petalbot)" "tchealthsources.com"
114.119.136.13 - - [01/Nov/2022:22:31:39 -0700] "GET /clipart/images/?D=A HTTP/1.1" 200 359 "http://tchealthsources.com/clipart/images?D=D" "Mozilla/5.0 (Linux; Android 7.0;) AppleWebKit/537.36 (KHTML, like Gecko) Mobile Safari/537.36 (compatible; PetalBot;+https://webmaster.petalsearch.com/site/petalbot)" "tchealthsources.com"
114.119.136.134 - - [01/Nov/2022:22:37:10 -0700] "GET /clipart/buttons/themes/swoosh_blue/?C=S%3BO%3DA HTTP/1.1" 200 419 "http://tchealthsources.com/clipart/buttons/themes/swoosh_blue/?C=M%3BO%3DA" "Mozilla/5.0 (Linux; Android 7.0;) AppleWebKit/537.36 (KHTML, like Gecko) Mobile Safari/537.36 (compatible; PetalBot;+https://webmaster.petalsearch.com/site/petalbot)" "tchealthsources.com"
51.222.253.14 - - [01/Nov/2022:22:42:35 -0700] "GET /TC%20Health%20Sources/yahoo_site_admin1/?C=M;O=D HTTP/1.1" 200 416 "-" "Mozilla/5.0 (compatible; AhrefsBot/7.0; +http://ahrefs.com/robot/)" "www.tchealthsources.com"
114.119.136.13 - - [01/Nov/2022:22:42:48 -0700] "GET /clipart/images/general?D=A HTTP/1.1" 301 1425 "http://tchealthsources.com/clipart/images/general?M=D" "Mozilla/5.0 (Linux; Android 7.0;) AppleWebKit/537.36 (KHTML, like Gecko) Mobile Safari/537.36 (compatible; PetalBot;+https://webmaster.petalsearch.com/site/petalbot)" "tchealthsources.com"
114.119.136.13 - - [01/Nov/2022:22:42:49 -0700] "GET /clipart/images/general/?D=A HTTP/1.1" 200 376 "http://tchealthsources.com/clipart/images/general?M=D" "Mozilla/5.0 (Linux; Android 7.0;) AppleWebKit/537.36 (KHTML, like Gecko) Mobile Safari/537.36 (compatible; PetalBot;+https://webmaster.petalsearch.com/site/petalbot)" "tchealthsources.com"
114.119.136.113 - - [01/Nov/2022:22:48:24 -0700] "GET /TC%20Health%20Sources/files/ HTTP/1.1" 200 441 "https://tchealthsources.com/TC%20Health%20Sources?S=D" "Mozilla/5.0 (Linux; Android 7.0;) AppleWebKit/537.36 (KHTML, like Gecko) Mobile Safari/537.36 (compatible; PetalBot;+https://webmaster.petalsearch.com/site/petalbot)" "tchealthsources.com"
114.119.136.113 - - [01/Nov/2022:22:54:06 -0700] "GET /TC%20Health%20Sources/yahoo_site_admin/cache?N=D HTTP/1.1" 301 1440 "https://tchealthsources.com/TC%20Health%20Sources/yahoo_site_admin/cache?N=A" "Mozilla/5.0 (Linux; Android 7.0;) AppleWebKit/537.36 (KHTML, like Gecko) Mobile Safari/537.36 (compatible; PetalBot;+https://webmaster.petalsearch.com/site/petalbot)" "tchealthsources.com"
114.119.136.113 - - [01/Nov/2022:22:54:11 -0700] "GET /TC%20Health%20Sources/yahoo_site_admin/cache/?N=D HTTP/1.1" 200 350 "https://tchealthsources.com/TC%20Health%20Sources/yahoo_site_admin/cache?N=A" "Mozilla/5.0 (Linux; Android 7.0;) AppleWebKit/537.36 (KHTML, like Gecko) Mobile Safari/537.36 (compatible; PetalBot;+https://webmaster.petalsearch.com/site/petalbot)" "tchealthsources.com"
51.222.253.17 - - [01/Nov/2022:22:57:51 -0700] "GET /TC%20Health%20Sources/yahoo_site_admin1/?C=N;O=A HTTP/1.1" 200 418 "-" "Mozilla/5.0 (compatible; AhrefsBot/7.0; +http://ahrefs.com/robot/)" "www.tchealthsources.com"
114.119.136.109 - - [01/Nov/2022:22:59:42 -0700] "GET /TC%20Health%20Sources/clipart?C=D%3BO%3DA HTTP/1.1" 301 1440 "https://tchealthsources.com/TC%20Health%20Sources/clipart?N=A" "Mozilla/5.0 (Linux; Android 7.0;) AppleWebKit/537.36 (KHTML, like Gecko) Mobile Safari/537.36 (compatible; PetalBot;+https://webmaster.petalsearch.com/site/petalbot)" "tchealthsources.com"
114.119.136.109 - - [01/Nov/2022:22:59:43 -0700] "GET /TC%20Health%20Sources/clipart/?C=D%3BO%3DA HTTP/1.1" 200 391 "https://tchealthsources.com/TC%20Health%20Sources/clipart?N=A" "Mozilla/5.0 (Linux; Android 7.0;) AppleWebKit/537.36 (KHTML, like Gecko) Mobile Safari/537.36 (compatible; PetalBot;+https://webmaster.petalsearch.com/site/petalbot)" "tchealthsources.com"
114.119.136.13 - - [01/Nov/2022:23:05:17 -0700] "GET /?C=M%3BO%3DA HTTP/1.1" 200 493 "https://tchealthsources.com/" "Mozilla/5.0 (compatible;PetalBot;+https://webmaster.petalsearch.com/site/petalbot)" "tchealthsources.com"
5.255.253.175 - - [01/Nov/2022:23:08:28 -0700] "GET /robots.txt HTTP/1.1" 404 73 "-" "Mozilla/5.0 (compatible; YandexBot/3.0; +http://yandex.com/bots)" "tchealthsources.com"
95.108.213.55 - - [01/Nov/2022:23:08:31 -0700] "GET /clipart/buttons/themes/designer1/?C=N;O=D HTTP/1.1" 200 418 "-" "Mozilla/5.0 (compatible; YandexBot/3.0; +http://yandex.com/bots)" "tchealthsources.com"
114.119.136.109 - - [01/Nov/2022:23:16:40 -0700] "GET /TC%20Health%20Sources/sitebuilder?M=D HTTP/1.1" 301 1434 "https://tchealthsources.com/TC%20Health%20Sources/sitebuilder?M=A" "Mozilla/5.0 (Linux; Android 7.0;) AppleWebKit/537.36 (KHTML, like Gecko) Mobile Safari/537.36 (compatible; PetalBot;+https://webmaster.petalsearch.com/site/petalbot)" "tchealthsources.com"
114.119.136.109 - - [01/Nov/2022:23:16:42 -0700] "GET /TC%20Health%20Sources/sitebuilder/?M=D HTTP/1.1" 200 446 "https://tchealthsources.com/TC%20Health%20Sources/sitebuilder?M=A" "Mozilla/5.0 (Linux; Android 7.0;) AppleWebKit/537.36 (KHTML, like Gecko) Mobile Safari/537.36 (compatible; PetalBot;+https://webmaster.petalsearch.com/site/petalbot)" "tchealthsources.com"
114.119.136.13 - - [01/Nov/2022:23:22:17 -0700] "GET /TC%20Health%20Sources/yahoo_site_admin/cache/?C=M%3BO%3DA HTTP/1.1" 200 350 "https://tchealthsources.com/TC%20Health%20Sources/yahoo_site_admin/cache?N=A" "Mozilla/5.0 (Linux; Android 7.0;) AppleWebKit/537.36 (KHTML, like Gecko) Mobile Safari/537.36 (compatible; PetalBot;+https://webmaster.petalsearch.com/site/petalbot)" "tchealthsources.com"
114.119.136.128 - - [01/Nov/2022:23:27:53 -0700] "GET /TC%20Health%20Sources/clipart/buttons/themes/jelly/?C=M%3BO%3DA HTTP/1.1" 200 439 "https://tchealthsources.com/TC%20Health%20Sources/clipart/buttons/themes/jelly/?C=S%3BO%3DA" "Mozilla/5.0 (Linux; Android 7.0;) AppleWebKit/537.36 (KHTML, like Gecko) Mobile Safari/537.36 (compatible; PetalBot;+https://webmaster.petalsearch.com/site/petalbot)" "tchealthsources.com"
54.216.250.70 - - [01/Nov/2022:23:28:01 -0700] "GET /robots.txt HTTP/1.1" 404 88 "-" "webprosbot/2.0 (+mailto:abuse-6337@webpros.com)" "www.tchealthsources.com"
54.36.148.249 - - [01/Nov/2022:23:32:20 -0700] "GET /robots.txt HTTP/1.1" 404 88 "-" "Mozilla/5.0 (compatible; AhrefsBot/7.0; +http://ahrefs.com/robot/)" "www.tchealthsources.com"
51.222.253.6 - - [01/Nov/2022:23:32:22 -0700] "GET /TC%20Health%20Sources/ HTTP/1.1" 200 564 "-" "Mozilla/5.0 (compatible; AhrefsBot/7.0; +http://ahrefs.com/robot/)" "www.tchealthsources.com"
114.119.136.113 - - [01/Nov/2022:23:33:31 -0700] "GET /TC%20Health%20Sources/clipart/buttons/themes/gray?C=S%3BO%3DA HTTP/1.1" 301 1453 "https://tchealthsources.com/TC%20Health%20Sources/clipart/buttons/themes/gray?N=A" "Mozilla/5.0 (Linux; Android 7.0;) AppleWebKit/537.36 (KHTML, like Gecko) Mobile Safari/537.36 (compatible; PetalBot;+https://webmaster.petalsearch.com/site/petalbot)" "tchealthsources.com"
114.119.136.113 - - [01/Nov/2022:23:33:33 -0700] "GET /TC%20Health%20Sources/clipart/buttons/themes/gray/?C=S%3BO%3DA HTTP/1.1" 200 435 "https://tchealthsources.com/TC%20Health%20Sources/clipart/buttons/themes/gray?N=A" "Mozilla/5.0 (Linux; Android 7.0;) AppleWebKit/537.36 (KHTML, like Gecko) Mobile Safari/537.36 (compatible; PetalBot;+https://webmaster.petalsearch.com/site/petalbot)" "tchealthsources.com"
114.119.134.224 - - [01/Nov/2022:23:44:49 -0700] "GET /TC%20Health%20Sources/navigation_bars HTTP/1.1" 301 1432 "https://tchealthsources.com/TC%20Health%20Sources?M=A" "Mozilla/5.0 (Linux; Android 7.0;) AppleWebKit/537.36 (KHTML, like Gecko) Mobile Safari/537.36 (compatible; PetalBot;+https://webmaster.petalsearch.com/site/petalbot)" "tchealthsources.com"
114.119.134.224 - - [01/Nov/2022:23:44:50 -0700] "GET /TC%20Health%20Sources/navigation_bars/ HTTP/1.1" 200 415 "https://tchealthsources.com/TC%20Health%20Sources?M=A" "Mozilla/5.0 (Linux; Android 7.0;) AppleWebKit/537.36 (KHTML, like Gecko) Mobile Safari/537.36 (compatible; PetalBot;+https://webmaster.petalsearch.com/site/petalbot)" "tchealthsources.com"
114.119.136.109 - - [01/Nov/2022:23:50:26 -0700] "GET /TC%20Health%20Sources/yahoo_site_admin1/assets/images/?C=D%3BO%3DA HTTP/1.1" 200 357 "https://tchealthsources.com/TC%20Health%20Sources/yahoo_site_admin1/assets/images/?C=N%3BO%3DD" "Mozilla/5.0 (Linux; Android 7.0;) AppleWebKit/537.36 (KHTML, like Gecko) Mobile Safari/537.36 (compatible; PetalBot;+https://webmaster.petalsearch.com/site/petalbot)" "tchealthsources.com"
51.222.253.1 - - [01/Nov/2022:23:52:29 -0700] "GET /TC%20Health%20Sources/clipart/buttons/themes/view-screen/?C=D;O=D HTTP/1.1" 200 441 "-" "Mozilla/5.0 (compatible; AhrefsBot/7.0; +http://ahrefs.com/robot/)" "tchealthsources.com"
51.222.253.20 - - [01/Nov/2022:23:53:42 -0700] "GET /navigation_bars/ HTTP/1.1" 200 390 "-" "Mozilla/5.0 (compatible; AhrefsBot/7.0; +http://ahrefs.com/robot/)" "www.tchealthsources.com"
51.222.253.4 - - [01/Nov/2022:23:55:31 -0700] "GET /TC%20Health%20Sources/?C=M;O=A HTTP/1.1" 200 557 "-" "Mozilla/5.0 (compatible; AhrefsBot/7.0; +http://ahrefs.com/robot/)" "www.tchealthsources.com"
114.119.136.113 - - [01/Nov/2022:23:56:07 -0700] "GET /TC%20Health%20Sources/includes/ice HTTP/1.1" 301 1429 "https://tchealthsources.com/TC%20Health%20Sources/includes" "Mozilla/5.0 (Linux; Android 7.0;) AppleWebKit/537.36 (KHTML, like Gecko) Mobile Safari/537.36 (compatible; PetalBot;+https://webmaster.petalsearch.com/site/petalbot)" "tchealthsources.com"
114.119.136.113 - - [01/Nov/2022:23:56:08 -0700] "GET /TC%20Health%20Sources/includes/ice/ HTTP/1.1" 200 439 "https://tchealthsources.com/TC%20Health%20Sources/includes" "Mozilla/5.0 (Linux; Android 7.0;) AppleWebKit/537.36 (KHTML, like Gecko) Mobile Safari/537.36 (compatible; PetalBot;+https://webmaster.petalsearch.com/site/petalbot)" "tchealthsources.com"
51.222.253.3 - - [02/Nov/2022:00:09:26 -0700] "GET / HTTP/1.1" 200 493 "-" "Mozilla/5.0 (compatible; AhrefsBot/7.0; +http://ahrefs.com/robot/)" "tchealthsources.com"
95.108.213.40 - - [02/Nov/2022:01:11:33 -0700] "GET /robots.txt HTTP/1.1" 404 73 "-" "Mozilla/5.0 (compatible; YandexBot/3.0; +http://yandex.com/bots)" "tchealthsources.com"
5.255.253.161 - - [02/Nov/2022:01:11:37 -0700] "GET /TC%20Health%20Sources/sitebuilder/scripts/ HTTP/1.1" 200 399 "-" "Mozilla/5.0 (compatible; YandexBot/3.0; +http://yandex.com/bots)" "tchealthsources.com"
5.255.231.250 - - [02/Nov/2022:01:16:13 -0700] "GET /TC%20Health%20Sources/yahoo_site_admin/cache/ HTTP/1.1" 200 350 "-" "Mozilla/5.0 (compatible; YandexBot/3.0; +http://yandex.com/bots)" "tchealthsources.com"
51.222.253.1 - - [02/Nov/2022:01:29:22 -0700] "GET /TC%20Health%20Sources/_private/ HTTP/1.1" 200 341 "-" "Mozilla/5.0 (compatible; AhrefsBot/7.0; +http://ahrefs.com/robot/)" "www.tchealthsources.com"
51.222.253.16 - - [02/Nov/2022:01:30:24 -0700] "GET /TC%20Health%20Sources/clipart/images/?C=N;O=D HTTP/1.1" 200 381 "-" "Mozilla/5.0 (compatible; AhrefsBot/7.0; +http://ahrefs.com/robot/)" "tchealthsources.com"
51.222.253.2 - - [02/Nov/2022:01:31:35 -0700] "GET /TC%20Health%20Sources/?C=S;O=A HTTP/1.1" 200 559 "-" "Mozilla/5.0 (compatible; AhrefsBot/7.0; +http://ahrefs.com/robot/)" "www.tchealthsources.com"
51.222.253.17 - - [02/Nov/2022:01:31:54 -0700] "GET /TC%20Health%20Sources/clipart/buttons/themes/designer3/?C=S;O=D HTTP/1.1" 200 442 "-" "Mozilla/5.0 (compatible; AhrefsBot/7.0; +http://ahrefs.com/robot/)" "www.tchealthsources.com"
114.119.136.109 - - [02/Nov/2022:01:32:08 -0700] "GET /clipart?S=A HTTP/1.1" 301 1413 "http://tchealthsources.com/clipart/?M=A" "Mozilla/5.0 (Linux; Android 7.0;) AppleWebKit/537.36 (KHTML, like Gecko) Mobile Safari/537.36 (compatible; PetalBot;+https://webmaster.petalsearch.com/site/petalbot)" "tchealthsources.com"
114.119.136.109 - - [02/Nov/2022:01:32:10 -0700] "GET /clipart/?S=A HTTP/1.1" 200 380 "http://tchealthsources.com/clipart/?M=A" "Mozilla/5.0 (Linux; Android 7.0;) AppleWebKit/537.36 (KHTML, like Gecko) Mobile Safari/537.36 (compatible; PetalBot;+https://webmaster.petalsearch.com/site/petalbot)" "tchealthsources.com"
114.119.136.109 - - [02/Nov/2022:01:37:41 -0700] "GET /TC%20Health%20Sources/yahoo_site_admin/logs?C=N%3BO%3DD HTTP/1.1" 301 1449 "https://tchealthsources.com/TC%20Health%20Sources/yahoo_site_admin/logs" "Mozilla/5.0 (Linux; Android 7.0;) AppleWebKit/537.36 (KHTML, like Gecko) Mobile Safari/537.36 (compatible; PetalBot;+https://webmaster.petalsearch.com/site/petalbot)" "tchealthsources.com"
114.119.136.109 - - [02/Nov/2022:01:37:42 -0700] "GET /TC%20Health%20Sources/yahoo_site_admin/logs/?C=N%3BO%3DD HTTP/1.1" 200 396 "https://tchealthsources.com/TC%20Health%20Sources/yahoo_site_admin/logs" "Mozilla/5.0 (Linux; Android 7.0;) AppleWebKit/537.36 (KHTML, like Gecko) Mobile Safari/537.36 (compatible; PetalBot;+https://webmaster.petalsearch.com/site/petalbot)" "tchealthsources.com"
51.222.253.7 - - [02/Nov/2022:01:37:56 -0700] "GET /TC%20Health%20Sources/?C=M;O=D HTTP/1.1" 200 548 "-" "Mozilla/5.0 (compatible; AhrefsBot/7.0; +http://ahrefs.com/robot/)" "www.tchealthsources.com"
193.235.141.170 - - [02/Nov/2022:01:40:41 -0700] "GET / HTTP/1.1" 200 493 "-" "Mozilla/5.0 (Windows NT 10.0; Win64; x64) AppleWebKit/537.36 (KHTML, like Gecko) Chrome/105.0.0.0 Safari/537.36" "tchealthsources.com"
193.235.141.170 - - [02/Nov/2022:01:40:42 -0700] "GET /favicon.ico HTTP/1.1" 404 88 "-" "Mozilla/5.0 (Windows NT 10.0; Win64; x64) AppleWebKit/537.36 (KHTML, like Gecko) Chrome/105.0.0.0 Safari/537.36" "tchealthsources.com"
114.119.136.13 - - [02/Nov/2022:01:52:30 -0700] "GET /TC%20Health%20Sources/includes/ice?M=D HTTP/1.1" 301 1433 "https://tchealthsources.com/TC%20Health%20Sources/includes/ice?M=A" "Mozilla/5.0 (Linux; Android 7.0;) AppleWebKit/537.36 (KHTML, like Gecko) Mobile Safari/537.36 (compatible; PetalBot;+https://webmaster.petalsearch.com/site/petalbot)" "tchealthsources.com"
114.119.136.13 - - [02/Nov/2022:01:52:31 -0700] "GET /TC%20Health%20Sources/includes/ice/?M=D HTTP/1.1" 200 439 "https://tchealthsources.com/TC%20Health%20Sources/includes/ice?M=A" "Mozilla/5.0 (Linux; Android 7.0;) AppleWebKit/537.36 (KHTML, like Gecko) Mobile Safari/537.36 (compatible; PetalBot;+https://webmaster.petalsearch.com/site/petalbot)" "tchealthsources.com"
51.222.253.3 - - [02/Nov/2022:02:06:18 -0700] "GET /TC%20Health%20Sources/clipart/buttons/themes/gray/?C=M;O=D HTTP/1.1" 200 430 "-" "Mozilla/5.0 (compatible; AhrefsBot/7.0; +http://ahrefs.com/robot/)" "tchealthsources.com"
114.119.136.12 - - [02/Nov/2022:02:13:13 -0700] "GET /TC%20Health%20Sources/sitebuilder?D=D HTTP/1.1" 301 1434 "https://tchealthsources.com/TC%20Health%20Sources/sitebuilder?D=A" "Mozilla/5.0 (Linux; Android 7.0;) AppleWebKit/537.36 (KHTML, like Gecko) Mobile Safari/537.36 (compatible; PetalBot;+https://webmaster.petalsearch.com/site/petalbot)" "tchealthsources.com"
114.119.136.12 - - [02/Nov/2022:02:13:13 -0700] "GET /TC%20Health%20Sources/sitebuilder/?D=D HTTP/1.1" 200 446 "https://tchealthsources.com/TC%20Health%20Sources/sitebuilder?D=A" "Mozilla/5.0 (Linux; Android 7.0;) AppleWebKit/537.36 (KHTML, like Gecko) Mobile Safari/537.36 (compatible; PetalBot;+https://webmaster.petalsearch.com/site/petalbot)" "tchealthsources.com"
114.119.136.128 - - [02/Nov/2022:02:22:17 -0700] "GET /TC%20Health%20Sources/clipart/buttons/themes/designer3?C=S%3BO%3DA HTTP/1.1" 301 1456 "https://tchealthsources.com/TC%20Health%20Sources/clipart/buttons/themes/designer3?D=A" "Mozilla/5.0 (Linux; Android 7.0;) AppleWebKit/537.36 (KHTML, like Gecko) Mobile Safari/537.36 (compatible; PetalBot;+https://webmaster.petalsearch.com/site/petalbot)" "tchealthsources.com"
114.119.136.128 - - [02/Nov/2022:02:22:18 -0700] "GET /TC%20Health%20Sources/clipart/buttons/themes/designer3/?C=S%3BO%3DA HTTP/1.1" 200 444 "https://tchealthsources.com/TC%20Health%20Sources/clipart/buttons/themes/designer3?D=A" "Mozilla/5.0 (Linux; Android 7.0;) AppleWebKit/537.36 (KHTML, like Gecko) Mobile Safari/537.36 (compatible; PetalBot;+https://webmaster.petalsearch.com/site/petalbot)" "tchealthsources.com"
114.119.136.128 - - [02/Nov/2022:02:36:07 -0700] "GET /TC%20Health%20Sources/clipart/buttons/themes/swoosh_blue?S=D HTTP/1.1" 301 1451 "https://tchealthsources.com/TC%20Health%20Sources/clipart/buttons/themes/swoosh_blue?S=A" "Mozilla/5.0 (Linux; Android 7.0;) AppleWebKit/537.36 (KHTML, like Gecko) Mobile Safari/537.36 (compatible; PetalBot;+https://webmaster.petalsearch.com/site/petalbot)" "tchealthsources.com"
114.119.136.128 - - [02/Nov/2022:02:36:07 -0700] "GET /TC%20Health%20Sources/clipart/buttons/themes/swoosh_blue/?S=D HTTP/1.1" 200 441 "https://tchealthsources.com/TC%20Health%20Sources/clipart/buttons/themes/swoosh_blue?S=A" "Mozilla/5.0 (Linux; Android 7.0;) AppleWebKit/537.36 (KHTML, like Gecko) Mobile Safari/537.36 (compatible; PetalBot;+https://webmaster.petalsearch.com/site/petalbot)" "tchealthsources.com"
51.222.253.19 - - [02/Nov/2022:02:36:43 -0700] "GET /TC%20Health%20Sources/navigation_bars/?C=N;O=D HTTP/1.1" 200 412 "-" "Mozilla/5.0 (compatible; AhrefsBot/7.0; +http://ahrefs.com/robot/)" "www.tchealthsources.com"
51.222.253.17 - - [02/Nov/2022:02:37:46 -0700] "GET /TC%20Health%20Sources/yahoo_site_admin1/?C=D;O=D HTTP/1.1" 200 416 "-" "Mozilla/5.0 (compatible; AhrefsBot/7.0; +http://ahrefs.com/robot/)" "tchealthsources.com"
114.119.136.134 - - [02/Nov/2022:02:47:33 -0700] "GET /TC%20Health%20Sources?N=A HTTP/1.1" 301 1426 "https://tchealthsources.com/TC%20Health%20Sources?M=A" "Mozilla/5.0 (Linux; Android 7.0;) AppleWebKit/537.36 (KHTML, like Gecko) Mobile Safari/537.36 (compatible; PetalBot;+https://webmaster.petalsearch.com/site/petalbot)" "tchealthsources.com"
114.119.136.134 - - [02/Nov/2022:02:47:34 -0700] "GET /TC%20Health%20Sources/?N=A HTTP/1.1" 200 564 "https://tchealthsources.com/TC%20Health%20Sources?M=A" "Mozilla/5.0 (Linux; Android 7.0;) AppleWebKit/537.36 (KHTML, like Gecko) Mobile Safari/537.36 (compatible; PetalBot;+https://webmaster.petalsearch.com/site/petalbot)" "tchealthsources.com"
114.119.136.128 - - [02/Nov/2022:02:52:38 -0700] "GET /TC%20Health%20Sources/clipart/images/general?C=M%3BO%3DA HTTP/1.1" 301 1450 "https://tchealthsources.com/TC%20Health%20Sources/clipart/images/general?S=D" "Mozilla/5.0 (Linux; Android 7.0;) AppleWebKit/537.36 (KHTML, like Gecko) Mobile Safari/537.36 (compatible; PetalBot;+https://webmaster.petalsearch.com/site/petalbot)" "tchealthsources.com"
114.119.136.128 - - [02/Nov/2022:02:52:39 -0700] "GET /TC%20Health%20Sources/clipart/images/general/?C=M%3BO%3DA HTTP/1.1" 200 403 "https://tchealthsources.com/TC%20Health%20Sources/clipart/images/general?S=D" "Mozilla/5.0 (Linux; Android 7.0;) AppleWebKit/537.36 (KHTML, like Gecko) Mobile Safari/537.36 (compatible; PetalBot;+https://webmaster.petalsearch.com/site/petalbot)" "tchealthsources.com"
114.119.136.113 - - [02/Nov/2022:02:57:44 -0700] "GET /TC%20Health%20Sources/logs/ HTTP/1.1" 200 1066 "https://tchealthsources.com/TC%20Health%20Sources?S=D" "Mozilla/5.0 (Linux; Android 7.0;) AppleWebKit/537.36 (KHTML, like Gecko) Mobile Safari/537.36 (compatible; PetalBot;+https://webmaster.petalsearch.com/site/petalbot)" "tchealthsources.com"
64.135.127.68 - - [02/Nov/2022:03:01:48 -0700] "GET / HTTP/1.1" 200 1331 "-" "Mozilla/5.0 (Macintosh; Intel Mac OS X 10_10_0) AppleWebKit/537.36 (KHTML, like Gecko) Chrome/40.0.2214.111 Safari/537.36" "tchealthsources.com"
114.119.136.134 - - [02/Nov/2022:03:02:56 -0700] "GET /TC%20Health%20Sources/includes/ice?D=A HTTP/1.1" 301 1433 "https://tchealthsources.com/TC%20Health%20Sources/includes/ice?S=D" "Mozilla/5.0 (Linux; Android 7.0;) AppleWebKit/537.36 (KHTML, like Gecko) Mobile Safari/537.36 (compatible; PetalBot;+https://webmaster.petalsearch.com/site/petalbot)" "tchealthsources.com"
114.119.136.134 - - [02/Nov/2022:03:03:03 -0700] "GET /TC%20Health%20Sources/includes/ice/?D=A HTTP/1.1" 200 439 "https://tchealthsources.com/TC%20Health%20Sources/includes/ice?S=D" "Mozilla/5.0 (Linux; Android 7.0;) AppleWebKit/537.36 (KHTML, like Gecko) Mobile Safari/537.36 (compatible; PetalBot;+https://webmaster.petalsearch.com/site/petalbot)" "tchealthsources.com"
114.119.136.12 - - [02/Nov/2022:03:07:56 -0700] "GET /clipart/buttons/themes/gray/?C=S%3BO%3DA HTTP/1.1" 200 409 "http://tchealthsources.com/clipart/buttons/themes/gray?M=A" "Mozilla/5.0 (Linux; Android 7.0;) AppleWebKit/537.36 (KHTML, like Gecko) Mobile Safari/537.36 (compatible; PetalBot;+https://webmaster.petalsearch.com/site/petalbot)" "tchealthsources.com"
114.119.136.109 - - [02/Nov/2022:03:13:03 -0700] "GET /TC%20Health%20Sources/yahoo_site_admin/logs?D=D HTTP/1.1" 301 1440 "https://tchealthsources.com/TC%20Health%20Sources/yahoo_site_admin/logs?D=A" "Mozilla/5.0 (Linux; Android 7.0;) AppleWebKit/537.36 (KHTML, like Gecko) Mobile Safari/537.36 (compatible; PetalBot;+https://webmaster.petalsearch.com/site/petalbot)" "tchealthsources.com"
114.119.136.109 - - [02/Nov/2022:03:13:04 -0700] "GET /TC%20Health%20Sources/yahoo_site_admin/logs/?D=D HTTP/1.1" 200 396 "https://tchealthsources.com/TC%20Health%20Sources/yahoo_site_admin/logs?D=A" "Mozilla/5.0 (Linux; Android 7.0;) AppleWebKit/537.36 (KHTML, like Gecko) Mobile Safari/537.36 (compatible; PetalBot;+https://webmaster.petalsearch.com/site/petalbot)" "tchealthsources.com"
114.119.136.113 - - [02/Nov/2022:03:18:10 -0700] "GET /clipart/images/?C=N%3BO%3DD HTTP/1.1" 200 359 "http://tchealthsources.com/clipart/images?D=D" "Mozilla/5.0 (Linux; Android 7.0;) AppleWebKit/537.36 (KHTML, like Gecko) Mobile Safari/537.36 (compatible; PetalBot;+https://webmaster.petalsearch.com/site/petalbot)" "tchealthsources.com"
114.119.136.12 - - [02/Nov/2022:03:23:20 -0700] "GET /TC%20Health%20Sources/clipart/buttons/themes/sky_blue/ HTTP/1.1" 200 445 "https://tchealthsources.com/TC%20Health%20Sources/clipart/buttons/themes?N=A" "Mozilla/5.0 (Linux; Android 7.0;) AppleWebKit/537.36 (KHTML, like Gecko) Mobile Safari/537.36 (compatible; PetalBot;+https://webmaster.petalsearch.com/site/petalbot)" "tchealthsources.com"
114.119.136.13 - - [02/Nov/2022:03:28:22 -0700] "GET /TC%20Health%20Sources/images/ HTTP/1.1" 200 1393 "https://tchealthsources.com/TC%20Health%20Sources?S=D" "Mozilla/5.0 (Linux; Android 7.0;) AppleWebKit/537.36 (KHTML, like Gecko) Mobile Safari/537.36 (compatible; PetalBot;+https://webmaster.petalsearch.com/site/petalbot)" "tchealthsources.com"
114.119.136.109 - - [02/Nov/2022:03:33:31 -0700] "GET /TC%20Health%20Sources/sitebuilder/images?C=M%3BO%3DA HTTP/1.1" 301 1447 "https://tchealthsources.com/TC%20Health%20Sources/sitebuilder/images?S=D" "Mozilla/5.0 (Linux; Android 7.0;) AppleWebKit/537.36 (KHTML, like Gecko) Mobile Safari/537.36 (compatible; PetalBot;+https://webmaster.petalsearch.com/site/petalbot)" "tchealthsources.com"
114.119.136.109 - - [02/Nov/2022:03:33:34 -0700] "GET /TC%20Health%20Sources/sitebuilder/images/?C=M%3BO%3DA HTTP/1.1" 200 2382 "https://tchealthsources.com/TC%20Health%20Sources/sitebuilder/images?S=D" "Mozilla/5.0 (Linux; Android 7.0;) AppleWebKit/537.36 (KHTML, like Gecko) Mobile Safari/537.36 (compatible; PetalBot;+https://webmaster.petalsearch.com/site/petalbot)" "tchealthsources.com"
114.119.136.12 - - [02/Nov/2022:03:38:36 -0700] "GET /clipart/images/general/?C=S%3BO%3DA HTTP/1.1" 200 376 "http://tchealthsources.com/clipart/images/general" "Mozilla/5.0 (Linux; Android 7.0;) AppleWebKit/537.36 (KHTML, like Gecko) Mobile Safari/537.36 (compatible; PetalBot;+https://webmaster.petalsearch.com/site/petalbot)" "tchealthsources.com"
114.119.136.134 - - [02/Nov/2022:03:43:42 -0700] "GET /clipart/images/general?N=D HTTP/1.1" 301 1425 "http://tchealthsources.com/clipart/images/general?N=A" "Mozilla/5.0 (Linux; Android 7.0;) AppleWebKit/537.36 (KHTML, like Gecko) Mobile Safari/537.36 (compatible; PetalBot;+https://webmaster.petalsearch.com/site/petalbot)" "tchealthsources.com"
114.119.136.134 - - [02/Nov/2022:03:43:42 -0700] "GET /clipart/images/general/?N=D HTTP/1.1" 200 376 "http://tchealthsources.com/clipart/images/general?N=A" "Mozilla/5.0 (Linux; Android 7.0;) AppleWebKit/537.36 (KHTML, like Gecko) Mobile Safari/537.36 (compatible; PetalBot;+https://webmaster.petalsearch.com/site/petalbot)" "tchealthsources.com"
51.222.253.12 - - [02/Nov/2022:03:44:37 -0700] "GET /TC%20Health%20Sources/clipart/ HTTP/1.1" 200 391 "-" "Mozilla/5.0 (compatible; AhrefsBot/7.0; +http://ahrefs.com/robot/)" "www.tchealthsources.com"
114.119.136.128 - - [02/Nov/2022:03:48:53 -0700] "GET /clipart/buttons/themes?S=D HTTP/1.1" 301 1424 "http://tchealthsources.com/clipart/buttons/themes?S=A" "Mozilla/5.0 (Linux; Android 7.0;) AppleWebKit/537.36 (KHTML, like Gecko) Mobile Safari/537.36 (compatible; PetalBot;+https://webmaster.petalsearch.com/site/petalbot)" "tchealthsources.com"
114.119.136.128 - - [02/Nov/2022:03:48:53 -0700] "GET /clipart/buttons/themes/?S=D HTTP/1.1" 200 511 "http://tchealthsources.com/clipart/buttons/themes?S=A" "Mozilla/5.0 (Linux; Android 7.0;) AppleWebKit/537.36 (KHTML, like Gecko) Mobile Safari/537.36 (compatible; PetalBot;+https://webmaster.petalsearch.com/site/petalbot)" "tchealthsources.com"
14.116.157.23 - - [02/Nov/2022:03:49:01 -0700] "GET / HTTP/1.1" 200 493 "-" "Mozilla/5.0 (iPhone; CPU iPhone OS 13_2_3 like Mac OS X) AppleWebKit/605.1.15 (KHTML, like Gecko) Version/13.0.3 Mobile/15E148 Safari/604.1" "www.tchealthsources.com"
114.119.136.113 - - [02/Nov/2022:03:54:03 -0700] "GET /TC%20Health%20Sources/images?M=D HTTP/1.1" 301 1429 "https://tchealthsources.com/TC%20Health%20Sources/images?M=A" "Mozilla/5.0 (Linux; Android 7.0;) AppleWebKit/537.36 (KHTML, like Gecko) Mobile Safari/537.36 (compatible; PetalBot;+https://webmaster.petalsearch.com/site/petalbot)" "tchealthsources.com"
114.119.136.113 - - [02/Nov/2022:03:54:05 -0700] "GET /TC%20Health%20Sources/images/?M=D HTTP/1.1" 200 1393 "https://tchealthsources.com/TC%20Health%20Sources/images?M=A" "Mozilla/5.0 (Linux; Android 7.0;) AppleWebKit/537.36 (KHTML, like Gecko) Mobile Safari/537.36 (compatible; PetalBot;+https://webmaster.petalsearch.com/site/petalbot)" "tchealthsources.com"
114.119.136.128 - - [02/Nov/2022:03:59:19 -0700] "GET /TC%20Health%20Sources/clipart/?C=S%3BO%3DA HTTP/1.1" 200 391 "https://tchealthsources.com/TC%20Health%20Sources/clipart/?C=M%3BO%3DA" "Mozilla/5.0 (Linux; Android 7.0;) AppleWebKit/537.36 (KHTML, like Gecko) Mobile Safari/537.36 (compatible; PetalBot;+https://webmaster.petalsearch.com/site/petalbot)" "tchealthsources.com"
114.119.134.224 - - [02/Nov/2022:04:04:37 -0700] "GET /clipart/images/general?N=A HTTP/1.1" 301 1425 "http://tchealthsources.com/clipart/images/general?M=D" "Mozilla/5.0 (Linux; Android 7.0;) AppleWebKit/537.36 (KHTML, like Gecko) Mobile Safari/537.36 (compatible; PetalBot;+https://webmaster.petalsearch.com/site/petalbot)" "tchealthsources.com"
114.119.134.224 - - [02/Nov/2022:04:04:38 -0700] "GET /clipart/images/general/?N=A HTTP/1.1" 200 376 "http://tchealthsources.com/clipart/images/general?M=D" "Mozilla/5.0 (Linux; Android 7.0;) AppleWebKit/537.36 (KHTML, like Gecko) Mobile Safari/537.36 (compatible; PetalBot;+https://webmaster.petalsearch.com/site/petalbot)" "tchealthsources.com"
114.119.136.134 - - [02/Nov/2022:04:09:55 -0700] "GET /clipart/buttons/themes/jelly?C=D%3BO%3DA HTTP/1.1" 301 1437 "http://tchealthsources.com/clipart/buttons/themes/jelly?S=D" "Mozilla/5.0 (Linux; Android 7.0;) AppleWebKit/537.36 (KHTML, like Gecko) Mobile Safari/537.36 (compatible; PetalBot;+https://webmaster.petalsearch.com/site/petalbot)" "tchealthsources.com"
114.119.136.134 - - [02/Nov/2022:04:09:56 -0700] "GET /clipart/buttons/themes/jelly/?C=D%3BO%3DA HTTP/1.1" 200 416 "http://tchealthsources.com/clipart/buttons/themes/jelly?S=D" "Mozilla/5.0 (Linux; Android 7.0;) AppleWebKit/537.36 (KHTML, like Gecko) Mobile Safari/537.36 (compatible; PetalBot;+https://webmaster.petalsearch.com/site/petalbot)" "tchealthsources.com"
114.119.136.109 - - [02/Nov/2022:04:15:17 -0700] "GET /navigation_bars?N=A HTTP/1.1" 301 1424 "https://tchealthsources.com/navigation_bars?M=A" "Mozilla/5.0 (Linux; Android 7.0;) AppleWebKit/537.36 (KHTML, like Gecko) Mobile Safari/537.36 (compatible; PetalBot;+https://webmaster.petalsearch.com/site/petalbot)" "tchealthsources.com"
114.119.136.109 - - [02/Nov/2022:04:15:22 -0700] "GET /navigation_bars/?N=A HTTP/1.1" 200 390 "https://tchealthsources.com/navigation_bars?M=A" "Mozilla/5.0 (Linux; Android 7.0;) AppleWebKit/537.36 (KHTML, like Gecko) Mobile Safari/537.36 (compatible; PetalBot;+https://webmaster.petalsearch.com/site/petalbot)" "tchealthsources.com"
51.222.253.1 - - [02/Nov/2022:04:16:17 -0700] "GET /TC%20Health%20Sources/navigation_bars/?C=M;O=A HTTP/1.1" 200 415 "-" "Mozilla/5.0 (compatible; AhrefsBot/7.0; +http://ahrefs.com/robot/)" "www.tchealthsources.com"
114.119.136.109 - - [02/Nov/2022:04:20:37 -0700] "GET /TC%20Health%20Sources/clipart/buttons/themes/designer3?C=M%3BO%3DA HTTP/1.1" 301 1456 "https://tchealthsources.com/TC%20Health%20Sources/clipart/buttons/themes/designer3?D=A" "Mozilla/5.0 (Linux; Android 7.0;) AppleWebKit/537.36 (KHTML, like Gecko) Mobile Safari/537.36 (compatible; PetalBot;+https://webmaster.petalsearch.com/site/petalbot)" "tchealthsources.com"
114.119.136.109 - - [02/Nov/2022:04:20:38 -0700] "GET /TC%20Health%20Sources/clipart/buttons/themes/designer3/?C=M%3BO%3DA HTTP/1.1" 200 444 "https://tchealthsources.com/TC%20Health%20Sources/clipart/buttons/themes/designer3?D=A" "Mozilla/5.0 (Linux; Android 7.0;) AppleWebKit/537.36 (KHTML, like Gecko) Mobile Safari/537.36 (compatible; PetalBot;+https://webmaster.petalsearch.com/site/petalbot)" "tchealthsources.com"
114.119.134.224 - - [02/Nov/2022:04:26:06 -0700] "GET /TC%20Health%20Sources/logs/?C=D%3BO%3DA HTTP/1.1" 200 1066 "https://tchealthsources.com/TC%20Health%20Sources/logs?S=A" "Mozilla/5.0 (Linux; Android 7.0;) AppleWebKit/537.36 (KHTML, like Gecko) Mobile Safari/537.36 (compatible; PetalBot;+https://webmaster.petalsearch.com/site/petalbot)" "tchealthsources.com"
114.119.136.134 - - [02/Nov/2022:04:31:21 -0700] "GET /TC%20Health%20Sources/yahoo_site_admin/cache?C=M%3BO%3DA HTTP/1.1" 301 1449 "https://tchealthsources.com/TC%20Health%20Sources/yahoo_site_admin/cache?M=D" "Mozilla/5.0 (Linux; Android 7.0;) AppleWebKit/537.36 (KHTML, like Gecko) Mobile Safari/537.36 (compatible; PetalBot;+https://webmaster.petalsearch.com/site/petalbot)" "tchealthsources.com"
114.119.136.134 - - [02/Nov/2022:04:31:22 -0700] "GET /TC%20Health%20Sources/yahoo_site_admin/cache/?C=M%3BO%3DA HTTP/1.1" 200 350 "https://tchealthsources.com/TC%20Health%20Sources/yahoo_site_admin/cache?M=D" "Mozilla/5.0 (Linux; Android 7.0;) AppleWebKit/537.36 (KHTML, like Gecko) Mobile Safari/537.36 (compatible; PetalBot;+https://webmaster.petalsearch.com/site/petalbot)" "tchealthsources.com"
51.222.253.1 - - [02/Nov/2022:04:32:51 -0700] "GET /TC%20Health%20Sources/navigation_bars/?C=S;O=A HTTP/1.1" 200 415 "-" "Mozilla/5.0 (compatible; AhrefsBot/7.0; +http://ahrefs.com/robot/)" "www.tchealthsources.com"
51.222.253.12 - - [02/Nov/2022:04:34:21 -0700] "GET /TC%20Health%20Sources/navigation_bars/?C=D;O=A HTTP/1.1" 200 415 "-" "Mozilla/5.0 (compatible; AhrefsBot/7.0; +http://ahrefs.com/robot/)" "www.tchealthsources.com"
51.222.253.18 - - [02/Nov/2022:04:35:15 -0700] "GET /TC%20Health%20Sources/clipart/buttons/themes/gray/?C=D;O=D HTTP/1.1" 200 430 "-" "Mozilla/5.0 (compatible; AhrefsBot/7.0; +http://ahrefs.com/robot/)" "www.tchealthsources.com"
51.222.253.5 - - [02/Nov/2022:04:35:43 -0700] "GET /TC%20Health%20Sources/clipart/buttons/themes/?C=N;O=D HTTP/1.1" 200 480 "-" "Mozilla/5.0 (compatible; AhrefsBot/7.0; +http://ahrefs.com/robot/)" "www.tchealthsources.com"
51.222.253.18 - - [02/Nov/2022:04:36:31 -0700] "GET /TC%20Health%20Sources/logs/ HTTP/1.1" 200 1066 "-" "Mozilla/5.0 (compatible; AhrefsBot/7.0; +http://ahrefs.com/robot/)" "www.tchealthsources.com"
114.119.136.128 - - [02/Nov/2022:04:36:44 -0700] "GET /TC%20Health%20Sources/logs/access_160421.log HTTP/1.1" 200 1819 "https://tchealthsources.com/TC%20Health%20Sources/logs?S=A" "Mozilla/5.0 (Linux; Android 7.0;) AppleWebKit/537.36 (KHTML, like Gecko) Mobile Safari/537.36 (compatible; PetalBot;+https://webmaster.petalsearch.com/site/petalbot)" "tchealthsources.com"
51.222.253.18 - - [02/Nov/2022:04:37:13 -0700] "GET /TC%20Health%20Sources/tmp/ HTTP/1.1" 200 386 "-" "Mozilla/5.0 (compatible; AhrefsBot/7.0; +http://ahrefs.com/robot/)" "www.tchealthsources.com"
