149.202.82.11 - - [23/Oct/2022:19:53:43 -0700] "GET /TC%20Health%20Sources/sitebuilder/applets/?C=D;O=D HTTP/1.1" 200 403 "-" "Mozilla/5.0 (compatible; MJ12bot/v1.4.8; http://mj12bot.com/)" "www.tchealthsources.com"
149.202.82.11 - - [23/Oct/2022:19:54:12 -0700] "GET /TC%20Health%20Sources/sitebuilder/applets/?C=M;O=A HTTP/1.1" 200 405 "-" "Mozilla/5.0 (compatible; MJ12bot/v1.4.8; http://mj12bot.com/)" "www.tchealthsources.com"
149.202.82.11 - - [23/Oct/2022:19:54:46 -0700] "GET /TC%20Health%20Sources/sitebuilder/applets/?C=M;O=D HTTP/1.1" 200 403 "-" "Mozilla/5.0 (compatible; MJ12bot/v1.4.8; http://mj12bot.com/)" "www.tchealthsources.com"
149.202.82.11 - - [23/Oct/2022:19:55:09 -0700] "GET /TC%20Health%20Sources/sitebuilder/applets/?C=N;O=A HTTP/1.1" 200 405 "-" "Mozilla/5.0 (compatible; MJ12bot/v1.4.8; http://mj12bot.com/)" "www.tchealthsources.com"
149.202.82.11 - - [23/Oct/2022:19:55:27 -0700] "GET /TC%20Health%20Sources/sitebuilder/applets/?C=N;O=D HTTP/1.1" 200 403 "-" "Mozilla/5.0 (compatible; MJ12bot/v1.4.8; http://mj12bot.com/)" "www.tchealthsources.com"
149.202.82.11 - - [23/Oct/2022:19:56:03 -0700] "GET /TC%20Health%20Sources/sitebuilder/applets/?C=S;O=A HTTP/1.1" 200 405 "-" "Mozilla/5.0 (compatible; MJ12bot/v1.4.8; http://mj12bot.com/)" "www.tchealthsources.com"
149.202.82.11 - - [23/Oct/2022:19:56:29 -0700] "GET /TC%20Health%20Sources/sitebuilder/applets/?C=S;O=D HTTP/1.1" 200 403 "-" "Mozilla/5.0 (compatible; MJ12bot/v1.4.8; http://mj12bot.com/)" "www.tchealthsources.com"
149.202.82.11 - - [23/Oct/2022:19:57:07 -0700] "GET /TC%20Health%20Sources/sitebuilder/applets/?D=A HTTP/1.1" 200 405 "-" "Mozilla/5.0 (compatible; MJ12bot/v1.4.8; http://mj12bot.com/)" "www.tchealthsources.com"
149.202.82.11 - - [23/Oct/2022:19:57:26 -0700] "GET /TC%20Health%20Sources/sitebuilder/applets/?D=D HTTP/1.1" 200 405 "-" "Mozilla/5.0 (compatible; MJ12bot/v1.4.8; http://mj12bot.com/)" "www.tchealthsources.com"
149.202.82.11 - - [23/Oct/2022:19:57:59 -0700] "GET /TC%20Health%20Sources/sitebuilder/applets/?M=A HTTP/1.1" 200 405 "-" "Mozilla/5.0 (compatible; MJ12bot/v1.4.8; http://mj12bot.com/)" "www.tchealthsources.com"
149.202.82.11 - - [23/Oct/2022:19:58:35 -0700] "GET /TC%20Health%20Sources/sitebuilder/applets/?M=D HTTP/1.1" 200 405 "-" "Mozilla/5.0 (compatible; MJ12bot/v1.4.8; http://mj12bot.com/)" "www.tchealthsources.com"
149.202.82.11 - - [23/Oct/2022:19:59:07 -0700] "GET /TC%20Health%20Sources/sitebuilder/applets/?N=A HTTP/1.1" 200 405 "-" "Mozilla/5.0 (compatible; MJ12bot/v1.4.8; http://mj12bot.com/)" "www.tchealthsources.com"
149.202.82.11 - - [23/Oct/2022:19:59:26 -0700] "GET /TC%20Health%20Sources/sitebuilder/applets/?N=D HTTP/1.1" 200 405 "-" "Mozilla/5.0 (compatible; MJ12bot/v1.4.8; http://mj12bot.com/)" "www.tchealthsources.com"
114.119.136.12 - - [23/Oct/2022:19:59:26 -0700] "GET /TC%20Health%20Sources/images?N=A HTTP/1.1" 301 1430 "https://tchealthsources.com/TC%20Health%20Sources/images?M=D" "Mozilla/5.0 (Linux; Android 7.0;) AppleWebKit/537.36 (KHTML, like Gecko) Mobile Safari/537.36 (compatible; PetalBot;+https://webmaster.petalsearch.com/site/petalbot)" "tchealthsources.com"
114.119.136.12 - - [23/Oct/2022:19:59:27 -0700] "GET /TC%20Health%20Sources/images/?N=A HTTP/1.1" 200 1393 "https://tchealthsources.com/TC%20Health%20Sources/images?M=D" "Mozilla/5.0 (Linux; Android 7.0;) AppleWebKit/537.36 (KHTML, like Gecko) Mobile Safari/537.36 (compatible; PetalBot;+https://webmaster.petalsearch.com/site/petalbot)" "tchealthsources.com"
149.202.82.11 - - [23/Oct/2022:19:59:53 -0700] "GET /TC%20Health%20Sources/sitebuilder/applets/?S=A HTTP/1.1" 200 405 "-" "Mozilla/5.0 (compatible; MJ12bot/v1.4.8; http://mj12bot.com/)" "www.tchealthsources.com"
149.202.82.11 - - [23/Oct/2022:20:00:22 -0700] "GET /TC%20Health%20Sources/sitebuilder/applets/?S=D HTTP/1.1" 200 405 "-" "Mozilla/5.0 (compatible; MJ12bot/v1.4.8; http://mj12bot.com/)" "www.tchealthsources.com"
149.202.82.11 - - [23/Oct/2022:20:00:51 -0700] "GET /TC%20Health%20Sources/sitebuilder/images/ HTTP/1.1" 200 2382 "-" "Mozilla/5.0 (compatible; MJ12bot/v1.4.8; http://mj12bot.com/)" "www.tchealthsources.com"
149.202.82.11 - - [23/Oct/2022:20:01:18 -0700] "GET /TC%20Health%20Sources/sitebuilder/images/?C=D;O=A HTTP/1.1" 200 2382 "-" "Mozilla/5.0 (compatible; MJ12bot/v1.4.8; http://mj12bot.com/)" "www.tchealthsources.com"
149.202.82.11 - - [23/Oct/2022:20:01:41 -0700] "GET /TC%20Health%20Sources/sitebuilder/images/?C=D;O=D HTTP/1.1" 200 2367 "-" "Mozilla/5.0 (compatible; MJ12bot/v1.4.8; http://mj12bot.com/)" "www.tchealthsources.com"
149.202.82.11 - - [23/Oct/2022:20:02:08 -0700] "GET /TC%20Health%20Sources/sitebuilder/images/?C=M;O=A HTTP/1.1" 200 2392 "-" "Mozilla/5.0 (compatible; MJ12bot/v1.4.8; http://mj12bot.com/)" "www.tchealthsources.com"
149.202.82.11 - - [23/Oct/2022:20:02:29 -0700] "GET /TC%20Health%20Sources/sitebuilder/images/?C=M;O=D HTTP/1.1" 200 2374 "-" "Mozilla/5.0 (compatible; MJ12bot/v1.4.8; http://mj12bot.com/)" "www.tchealthsources.com"
149.202.82.11 - - [23/Oct/2022:20:02:48 -0700] "GET /TC%20Health%20Sources/sitebuilder/images/?C=N;O=A HTTP/1.1" 200 2382 "-" "Mozilla/5.0 (compatible; MJ12bot/v1.4.8; http://mj12bot.com/)" "www.tchealthsources.com"
149.202.82.11 - - [23/Oct/2022:20:04:21 -0700] "GET /TC%20Health%20Sources/sitebuilder/images/?C=S;O=A HTTP/1.1" 200 2393 "-" "Mozilla/5.0 (compatible; MJ12bot/v1.4.8; http://mj12bot.com/)" "www.tchealthsources.com"
149.202.82.11 - - [23/Oct/2022:20:04:44 -0700] "GET /TC%20Health%20Sources/sitebuilder/images/?C=S;O=D HTTP/1.1" 200 2394 "-" "Mozilla/5.0 (compatible; MJ12bot/v1.4.8; http://mj12bot.com/)" "www.tchealthsources.com"
114.119.136.12 - - [23/Oct/2022:20:05:17 -0700] "GET /clipart/buttons/themes/swoosh_blue?C=N%3BO%3DD HTTP/1.1" 301 1445 "http://tchealthsources.com/clipart/buttons/themes/swoosh_blue?M=D" "Mozilla/5.0 (Linux; Android 7.0;) AppleWebKit/537.36 (KHTML, like Gecko) Mobile Safari/537.36 (compatible; PetalBot;+https://webmaster.petalsearch.com/site/petalbot)" "tchealthsources.com"
114.119.136.12 - - [23/Oct/2022:20:05:17 -0700] "GET /clipart/buttons/themes/swoosh_blue/?C=N%3BO%3DD HTTP/1.1" 200 419 "http://tchealthsources.com/clipart/buttons/themes/swoosh_blue?M=D" "Mozilla/5.0 (Linux; Android 7.0;) AppleWebKit/537.36 (KHTML, like Gecko) Mobile Safari/537.36 (compatible; PetalBot;+https://webmaster.petalsearch.com/site/petalbot)" "tchealthsources.com"
149.202.82.11 - - [23/Oct/2022:20:06:04 -0700] "GET /TC%20Health%20Sources/sitebuilder/images/?D=D HTTP/1.1" 200 2382 "-" "Mozilla/5.0 (compatible; MJ12bot/v1.4.8; http://mj12bot.com/)" "www.tchealthsources.com"
149.202.82.11 - - [23/Oct/2022:20:06:24 -0700] "GET /TC%20Health%20Sources/sitebuilder/images/?M=A HTTP/1.1" 200 2382 "-" "Mozilla/5.0 (compatible; MJ12bot/v1.4.8; http://mj12bot.com/)" "www.tchealthsources.com"
149.202.82.11 - - [23/Oct/2022:20:06:51 -0700] "GET /TC%20Health%20Sources/sitebuilder/images/?M=D HTTP/1.1" 200 2382 "-" "Mozilla/5.0 (compatible; MJ12bot/v1.4.8; http://mj12bot.com/)" "www.tchealthsources.com"
149.202.82.11 - - [23/Oct/2022:20:07:20 -0700] "GET /TC%20Health%20Sources/sitebuilder/images/?N=A HTTP/1.1" 200 2382 "-" "Mozilla/5.0 (compatible; MJ12bot/v1.4.8; http://mj12bot.com/)" "www.tchealthsources.com"
149.202.82.11 - - [23/Oct/2022:20:07:41 -0700] "GET /TC%20Health%20Sources/sitebuilder/images/?N=D HTTP/1.1" 200 2382 "-" "Mozilla/5.0 (compatible; MJ12bot/v1.4.8; http://mj12bot.com/)" "www.tchealthsources.com"
149.202.82.11 - - [23/Oct/2022:20:08:14 -0700] "GET /TC%20Health%20Sources/sitebuilder/images/?S=A HTTP/1.1" 200 2382 "-" "Mozilla/5.0 (compatible; MJ12bot/v1.4.8; http://mj12bot.com/)" "www.tchealthsources.com"
149.202.82.11 - - [23/Oct/2022:20:08:34 -0700] "GET /TC%20Health%20Sources/sitebuilder/images/?S=D HTTP/1.1" 200 2382 "-" "Mozilla/5.0 (compatible; MJ12bot/v1.4.8; http://mj12bot.com/)" "www.tchealthsources.com"
149.202.82.11 - - [23/Oct/2022:20:08:56 -0700] "GET /TC%20Health%20Sources/sitebuilder/scripts/ HTTP/1.1" 200 399 "-" "Mozilla/5.0 (compatible; MJ12bot/v1.4.8; http://mj12bot.com/)" "www.tchealthsources.com"
149.202.82.11 - - [23/Oct/2022:20:09:20 -0700] "GET /TC%20Health%20Sources/sitebuilder/scripts/?C=D;O=A HTTP/1.1" 200 399 "-" "Mozilla/5.0 (compatible; MJ12bot/v1.4.8; http://mj12bot.com/)" "www.tchealthsources.com"
149.202.82.11 - - [23/Oct/2022:20:09:39 -0700] "GET /TC%20Health%20Sources/sitebuilder/scripts/?C=D;O=D HTTP/1.1" 200 397 "-" "Mozilla/5.0 (compatible; MJ12bot/v1.4.8; http://mj12bot.com/)" "www.tchealthsources.com"
149.202.82.11 - - [23/Oct/2022:20:10:09 -0700] "GET /TC%20Health%20Sources/sitebuilder/scripts/?C=M;O=A HTTP/1.1" 200 399 "-" "Mozilla/5.0 (compatible; MJ12bot/v1.4.8; http://mj12bot.com/)" "www.tchealthsources.com"
149.202.82.11 - - [23/Oct/2022:20:10:27 -0700] "GET /TC%20Health%20Sources/sitebuilder/scripts/?C=M;O=D HTTP/1.1" 200 397 "-" "Mozilla/5.0 (compatible; MJ12bot/v1.4.8; http://mj12bot.com/)" "www.tchealthsources.com"
149.202.82.11 - - [23/Oct/2022:20:10:50 -0700] "GET /TC%20Health%20Sources/sitebuilder/scripts/?C=N;O=A HTTP/1.1" 200 399 "-" "Mozilla/5.0 (compatible; MJ12bot/v1.4.8; http://mj12bot.com/)" "www.tchealthsources.com"
114.119.136.128 - - [23/Oct/2022:20:11:09 -0700] "GET /TC%20Health%20Sources/yahoo_site_admin?C=D%3BO%3DA HTTP/1.1" 301 1446 "https://tchealthsources.com/TC%20Health%20Sources/yahoo_site_admin?D=D" "Mozilla/5.0 (Linux; Android 7.0;) AppleWebKit/537.36 (KHTML, like Gecko) Mobile Safari/537.36 (compatible; PetalBot;+https://webmaster.petalsearch.com/site/petalbot)" "tchealthsources.com"
114.119.136.128 - - [23/Oct/2022:20:11:11 -0700] "GET /TC%20Health%20Sources/yahoo_site_admin/?C=D%3BO%3DA HTTP/1.1" 200 429 "https://tchealthsources.com/TC%20Health%20Sources/yahoo_site_admin?D=D" "Mozilla/5.0 (Linux; Android 7.0;) AppleWebKit/537.36 (KHTML, like Gecko) Mobile Safari/537.36 (compatible; PetalBot;+https://webmaster.petalsearch.com/site/petalbot)" "tchealthsources.com"
149.202.82.11 - - [23/Oct/2022:20:12:13 -0700] "GET /TC%20Health%20Sources/sitebuilder/scripts/?C=S;O=A HTTP/1.1" 200 399 "-" "Mozilla/5.0 (compatible; MJ12bot/v1.4.8; http://mj12bot.com/)" "www.tchealthsources.com"
149.202.82.11 - - [23/Oct/2022:20:12:45 -0700] "GET /TC%20Health%20Sources/sitebuilder/scripts/?C=S;O=D HTTP/1.1" 200 397 "-" "Mozilla/5.0 (compatible; MJ12bot/v1.4.8; http://mj12bot.com/)" "www.tchealthsources.com"
149.202.82.11 - - [23/Oct/2022:20:13:17 -0700] "GET /TC%20Health%20Sources/sitebuilder/scripts/?D=A HTTP/1.1" 200 399 "-" "Mozilla/5.0 (compatible; MJ12bot/v1.4.8; http://mj12bot.com/)" "www.tchealthsources.com"
149.202.82.11 - - [23/Oct/2022:20:13:47 -0700] "GET /TC%20Health%20Sources/sitebuilder/scripts/?D=D HTTP/1.1" 200 399 "-" "Mozilla/5.0 (compatible; MJ12bot/v1.4.8; http://mj12bot.com/)" "www.tchealthsources.com"
149.202.82.11 - - [23/Oct/2022:20:14:10 -0700] "GET /TC%20Health%20Sources/sitebuilder/scripts/?M=A HTTP/1.1" 200 399 "-" "Mozilla/5.0 (compatible; MJ12bot/v1.4.8; http://mj12bot.com/)" "www.tchealthsources.com"
149.202.82.11 - - [23/Oct/2022:20:14:34 -0700] "GET /TC%20Health%20Sources/sitebuilder/scripts/?M=D HTTP/1.1" 200 399 "-" "Mozilla/5.0 (compatible; MJ12bot/v1.4.8; http://mj12bot.com/)" "www.tchealthsources.com"
147.78.47.249 - - [23/Oct/2022:20:14:52 -0700] "GET /public/_ignition/health-check/ HTTP/1.1" 404 88 "-" "Mozilla/5.0 (Windows NT 10.0; Win64; x64) AppleWebKit/537.36 (KHTML, like Gecko) Chrome/105.0.0.0 Safari/537.36" "tchealthsources.com"
147.78.47.249 - - [23/Oct/2022:20:14:55 -0700] "GET /wp-includes/wlwmanifest.xml HTTP/1.1" 404 88 "-" "Mozilla/5.0 (Windows NT 10.0; Win64; x64) AppleWebKit/537.36 (KHTML, like Gecko) Chrome/105.0.0.0 Safari/537.36" "tchealthsources.com"
149.202.82.11 - - [23/Oct/2022:20:14:58 -0700] "GET /TC%20Health%20Sources/sitebuilder/scripts/?N=A HTTP/1.1" 200 399 "-" "Mozilla/5.0 (compatible; MJ12bot/v1.4.8; http://mj12bot.com/)" "www.tchealthsources.com"
149.202.82.11 - - [23/Oct/2022:20:15:22 -0700] "GET /TC%20Health%20Sources/sitebuilder/scripts/?N=D HTTP/1.1" 200 399 "-" "Mozilla/5.0 (compatible; MJ12bot/v1.4.8; http://mj12bot.com/)" "www.tchealthsources.com"
157.55.39.192 - - [23/Oct/2022:20:15:40 -0700] "GET / HTTP/1.1" 200 493 "-" "Mozilla/5.0 (compatible; bingbot/2.0; +http://www.bing.com/bingbot.htm)" "www.tchealthsources.com"
149.202.82.11 - - [23/Oct/2022:20:16:47 -0700] "GET /TC%20Health%20Sources/sitebuilder/scripts/?S=D HTTP/1.1" 200 399 "-" "Mozilla/5.0 (compatible; MJ12bot/v1.4.8; http://mj12bot.com/)" "www.tchealthsources.com"
114.119.136.134 - - [23/Oct/2022:20:17:01 -0700] "GET /TC%20Health%20Sources/clipart/buttons/themes/designer1?N=D HTTP/1.1" 301 1447 "https://tchealthsources.com/TC%20Health%20Sources/clipart/buttons/themes/designer1" "Mozilla/5.0 (Linux; Android 7.0;) AppleWebKit/537.36 (KHTML, like Gecko) Mobile Safari/537.36 (compatible; PetalBot;+https://webmaster.petalsearch.com/site/petalbot)" "tchealthsources.com"
114.119.136.134 - - [23/Oct/2022:20:17:01 -0700] "GET /TC%20Health%20Sources/clipart/buttons/themes/designer1/?N=D HTTP/1.1" 200 446 "https://tchealthsources.com/TC%20Health%20Sources/clipart/buttons/themes/designer1" "Mozilla/5.0 (Linux; Android 7.0;) AppleWebKit/537.36 (KHTML, like Gecko) Mobile Safari/537.36 (compatible; PetalBot;+https://webmaster.petalsearch.com/site/petalbot)" "tchealthsources.com"
149.202.82.11 - - [23/Oct/2022:20:17:17 -0700] "GET /TC%20Health%20Sources/sitebuilder/scripts/layers.js HTTP/1.1" 200 1127 "-" "Mozilla/5.0 (compatible; MJ12bot/v1.4.8; http://mj12bot.com/)" "www.tchealthsources.com"
149.202.82.11 - - [23/Oct/2022:20:18:39 -0700] "GET /TC%20Health%20Sources/tmp/?C=D;O=A HTTP/1.1" 200 386 "-" "Mozilla/5.0 (compatible; MJ12bot/v1.4.8; http://mj12bot.com/)" "www.tchealthsources.com"
149.202.82.11 - - [23/Oct/2022:20:19:10 -0700] "GET /TC%20Health%20Sources/tmp/?C=D;O=D HTTP/1.1" 200 384 "-" "Mozilla/5.0 (compatible; MJ12bot/v1.4.8; http://mj12bot.com/)" "www.tchealthsources.com"
149.202.82.11 - - [23/Oct/2022:20:19:28 -0700] "GET /TC%20Health%20Sources/tmp/?C=M;O=A HTTP/1.1" 200 387 "-" "Mozilla/5.0 (compatible; MJ12bot/v1.4.8; http://mj12bot.com/)" "www.tchealthsources.com"
149.202.82.11 - - [23/Oct/2022:20:20:00 -0700] "GET /TC%20Health%20Sources/tmp/?C=M;O=D HTTP/1.1" 200 384 "-" "Mozilla/5.0 (compatible; MJ12bot/v1.4.8; http://mj12bot.com/)" "www.tchealthsources.com"
149.202.82.11 - - [23/Oct/2022:20:20:22 -0700] "GET /TC%20Health%20Sources/tmp/?C=N;O=D HTTP/1.1" 200 384 "-" "Mozilla/5.0 (compatible; MJ12bot/v1.4.8; http://mj12bot.com/)" "www.tchealthsources.com"
149.202.82.11 - - [23/Oct/2022:20:20:44 -0700] "GET /TC%20Health%20Sources/tmp/?C=S;O=A HTTP/1.1" 200 387 "-" "Mozilla/5.0 (compatible; MJ12bot/v1.4.8; http://mj12bot.com/)" "www.tchealthsources.com"
149.202.82.11 - - [23/Oct/2022:20:22:06 -0700] "GET /TC%20Health%20Sources/tmp/?D=A HTTP/1.1" 200 386 "-" "Mozilla/5.0 (compatible; MJ12bot/v1.4.8; http://mj12bot.com/)" "www.tchealthsources.com"
149.202.82.11 - - [23/Oct/2022:20:22:24 -0700] "GET /TC%20Health%20Sources/tmp/?D=D HTTP/1.1" 200 386 "-" "Mozilla/5.0 (compatible; MJ12bot/v1.4.8; http://mj12bot.com/)" "www.tchealthsources.com"
114.119.136.13 - - [23/Oct/2022:20:22:51 -0700] "GET /TC%20Health%20Sources/yahoo_site_admin/credentials?S=A HTTP/1.1" 301 1445 "https://tchealthsources.com/TC%20Health%20Sources/yahoo_site_admin/credentials?N=A" "Mozilla/5.0 (Linux; Android 7.0;) AppleWebKit/537.36 (KHTML, like Gecko) Mobile Safari/537.36 (compatible; PetalBot;+https://webmaster.petalsearch.com/site/petalbot)" "tchealthsources.com"
114.119.136.13 - - [23/Oct/2022:20:22:52 -0700] "GET /TC%20Health%20Sources/yahoo_site_admin/credentials/?S=A HTTP/1.1" 200 399 "https://tchealthsources.com/TC%20Health%20Sources/yahoo_site_admin/credentials?N=A" "Mozilla/5.0 (Linux; Android 7.0;) AppleWebKit/537.36 (KHTML, like Gecko) Mobile Safari/537.36 (compatible; PetalBot;+https://webmaster.petalsearch.com/site/petalbot)" "tchealthsources.com"
149.202.82.11 - - [23/Oct/2022:20:22:52 -0700] "GET /TC%20Health%20Sources/tmp/?M=A HTTP/1.1" 200 386 "-" "Mozilla/5.0 (compatible; MJ12bot/v1.4.8; http://mj12bot.com/)" "www.tchealthsources.com"
149.202.82.11 - - [23/Oct/2022:20:23:22 -0700] "GET /TC%20Health%20Sources/tmp/?M=D HTTP/1.1" 200 386 "-" "Mozilla/5.0 (compatible; MJ12bot/v1.4.8; http://mj12bot.com/)" "www.tchealthsources.com"
149.202.82.11 - - [23/Oct/2022:20:23:39 -0700] "GET /TC%20Health%20Sources/tmp/?N=A HTTP/1.1" 200 386 "-" "Mozilla/5.0 (compatible; MJ12bot/v1.4.8; http://mj12bot.com/)" "www.tchealthsources.com"
149.202.82.11 - - [23/Oct/2022:20:24:04 -0700] "GET /TC%20Health%20Sources/tmp/?N=D HTTP/1.1" 200 386 "-" "Mozilla/5.0 (compatible; MJ12bot/v1.4.8; http://mj12bot.com/)" "www.tchealthsources.com"
149.202.82.11 - - [23/Oct/2022:20:24:34 -0700] "GET /TC%20Health%20Sources/tmp/?S=A HTTP/1.1" 200 386 "-" "Mozilla/5.0 (compatible; MJ12bot/v1.4.8; http://mj12bot.com/)" "www.tchealthsources.com"
149.202.82.11 - - [23/Oct/2022:20:24:52 -0700] "GET /TC%20Health%20Sources/tmp/?S=D HTTP/1.1" 200 386 "-" "Mozilla/5.0 (compatible; MJ12bot/v1.4.8; http://mj12bot.com/)" "www.tchealthsources.com"
149.202.82.11 - - [23/Oct/2022:20:25:19 -0700] "GET /TC%20Health%20Sources/tmp/mailError.log HTTP/1.1" 200 104 "-" "Mozilla/5.0 (compatible; MJ12bot/v1.4.8; http://mj12bot.com/)" "www.tchealthsources.com"
149.202.82.11 - - [23/Oct/2022:20:25:38 -0700] "GET /TC%20Health%20Sources/yahoo_site_admin/?C=D;O=A HTTP/1.1" 200 429 "-" "Mozilla/5.0 (compatible; MJ12bot/v1.4.8; http://mj12bot.com/)" "www.tchealthsources.com"
149.202.82.11 - - [23/Oct/2022:20:25:58 -0700] "GET /TC%20Health%20Sources/yahoo_site_admin/?C=D;O=D HTTP/1.1" 200 427 "-" "Mozilla/5.0 (compatible; MJ12bot/v1.4.8; http://mj12bot.com/)" "www.tchealthsources.com"
149.202.82.11 - - [23/Oct/2022:20:26:22 -0700] "GET /TC%20Health%20Sources/yahoo_site_admin/?C=M;O=A HTTP/1.1" 200 429 "-" "Mozilla/5.0 (compatible; MJ12bot/v1.4.8; http://mj12bot.com/)" "www.tchealthsources.com"
149.202.82.11 - - [23/Oct/2022:20:26:45 -0700] "GET /TC%20Health%20Sources/yahoo_site_admin/?C=M;O=D HTTP/1.1" 200 427 "-" "Mozilla/5.0 (compatible; MJ12bot/v1.4.8; http://mj12bot.com/)" "www.tchealthsources.com"
149.202.82.11 - - [23/Oct/2022:20:27:08 -0700] "GET /TC%20Health%20Sources/yahoo_site_admin/?C=N;O=A HTTP/1.1" 200 429 "-" "Mozilla/5.0 (compatible; MJ12bot/v1.4.8; http://mj12bot.com/)" "www.tchealthsources.com"
149.202.82.11 - - [23/Oct/2022:20:27:30 -0700] "GET /TC%20Health%20Sources/yahoo_site_admin/?C=N;O=D HTTP/1.1" 200 427 "-" "Mozilla/5.0 (compatible; MJ12bot/v1.4.8; http://mj12bot.com/)" "www.tchealthsources.com"
149.202.82.11 - - [23/Oct/2022:20:27:51 -0700] "GET /TC%20Health%20Sources/yahoo_site_admin/?C=S;O=A HTTP/1.1" 200 430 "-" "Mozilla/5.0 (compatible; MJ12bot/v1.4.8; http://mj12bot.com/)" "www.tchealthsources.com"
149.202.82.11 - - [23/Oct/2022:20:28:18 -0700] "GET /TC%20Health%20Sources/yahoo_site_admin/?C=S;O=D HTTP/1.1" 200 427 "-" "Mozilla/5.0 (compatible; MJ12bot/v1.4.8; http://mj12bot.com/)" "www.tchealthsources.com"
114.119.136.13 - - [23/Oct/2022:20:28:50 -0700] "GET /TC%20Health%20Sources/clipart/buttons/themes/view-screen?C=M%3BO%3DA HTTP/1.1" 301 1458 "https://tchealthsources.com/TC%20Health%20Sources/clipart/buttons/themes/view-screen" "Mozilla/5.0 (Linux; Android 7.0;) AppleWebKit/537.36 (KHTML, like Gecko) Mobile Safari/537.36 (compatible; PetalBot;+https://webmaster.petalsearch.com/site/petalbot)" "tchealthsources.com"
114.119.136.13 - - [23/Oct/2022:20:28:51 -0700] "GET /TC%20Health%20Sources/clipart/buttons/themes/view-screen/?C=M%3BO%3DA HTTP/1.1" 200 442 "https://tchealthsources.com/TC%20Health%20Sources/clipart/buttons/themes/view-screen" "Mozilla/5.0 (Linux; Android 7.0;) AppleWebKit/537.36 (KHTML, like Gecko) Mobile Safari/537.36 (compatible; PetalBot;+https://webmaster.petalsearch.com/site/petalbot)" "tchealthsources.com"
149.202.82.11 - - [23/Oct/2022:20:29:27 -0700] "GET /TC%20Health%20Sources/yahoo_site_admin/?D=D HTTP/1.1" 200 429 "-" "Mozilla/5.0 (compatible; MJ12bot/v1.4.8; http://mj12bot.com/)" "www.tchealthsources.com"
149.202.82.11 - - [23/Oct/2022:20:29:49 -0700] "GET /TC%20Health%20Sources/yahoo_site_admin/?M=A HTTP/1.1" 200 429 "-" "Mozilla/5.0 (compatible; MJ12bot/v1.4.8; http://mj12bot.com/)" "www.tchealthsources.com"
149.202.82.11 - - [23/Oct/2022:20:30:08 -0700] "GET /TC%20Health%20Sources/yahoo_site_admin/?M=D HTTP/1.1" 200 429 "-" "Mozilla/5.0 (compatible; MJ12bot/v1.4.8; http://mj12bot.com/)" "www.tchealthsources.com"
149.202.82.11 - - [23/Oct/2022:20:30:28 -0700] "GET /TC%20Health%20Sources/yahoo_site_admin/?N=A HTTP/1.1" 200 429 "-" "Mozilla/5.0 (compatible; MJ12bot/v1.4.8; http://mj12bot.com/)" "www.tchealthsources.com"
149.202.82.11 - - [23/Oct/2022:20:30:46 -0700] "GET /TC%20Health%20Sources/yahoo_site_admin/?N=D HTTP/1.1" 200 429 "-" "Mozilla/5.0 (compatible; MJ12bot/v1.4.8; http://mj12bot.com/)" "www.tchealthsources.com"
149.202.82.11 - - [23/Oct/2022:20:31:08 -0700] "GET /TC%20Health%20Sources/yahoo_site_admin/?S=A HTTP/1.1" 200 429 "-" "Mozilla/5.0 (compatible; MJ12bot/v1.4.8; http://mj12bot.com/)" "www.tchealthsources.com"
149.202.82.11 - - [23/Oct/2022:20:31:23 -0700] "GET /TC%20Health%20Sources/yahoo_site_admin/?S=D HTTP/1.1" 200 429 "-" "Mozilla/5.0 (compatible; MJ12bot/v1.4.8; http://mj12bot.com/)" "www.tchealthsources.com"
149.202.82.11 - - [23/Oct/2022:20:31:52 -0700] "GET /TC%20Health%20Sources/yahoo_site_admin/assets/ HTTP/1.1" 200 389 "-" "Mozilla/5.0 (compatible; MJ12bot/v1.4.8; http://mj12bot.com/)" "www.tchealthsources.com"
149.202.82.11 - - [23/Oct/2022:20:32:16 -0700] "GET /TC%20Health%20Sources/yahoo_site_admin/assets/?C=D;O=A HTTP/1.1" 200 389 "-" "Mozilla/5.0 (compatible; MJ12bot/v1.4.8; http://mj12bot.com/)" "www.tchealthsources.com"
149.202.82.11 - - [23/Oct/2022:20:32:37 -0700] "GET /TC%20Health%20Sources/yahoo_site_admin/assets/?C=D;O=D HTTP/1.1" 200 387 "-" "Mozilla/5.0 (compatible; MJ12bot/v1.4.8; http://mj12bot.com/)" "www.tchealthsources.com"
149.202.82.11 - - [23/Oct/2022:20:32:53 -0700] "GET /TC%20Health%20Sources/yahoo_site_admin/assets/?C=M;O=A HTTP/1.1" 200 389 "-" "Mozilla/5.0 (compatible; MJ12bot/v1.4.8; http://mj12bot.com/)" "www.tchealthsources.com"
149.202.82.11 - - [23/Oct/2022:20:33:13 -0700] "GET /TC%20Health%20Sources/yahoo_site_admin/assets/?C=M;O=D HTTP/1.1" 200 387 "-" "Mozilla/5.0 (compatible; MJ12bot/v1.4.8; http://mj12bot.com/)" "www.tchealthsources.com"
149.202.82.11 - - [23/Oct/2022:20:33:26 -0700] "GET /TC%20Health%20Sources/yahoo_site_admin/assets/?C=N;O=A HTTP/1.1" 200 389 "-" "Mozilla/5.0 (compatible; MJ12bot/v1.4.8; http://mj12bot.com/)" "www.tchealthsources.com"
149.202.82.11 - - [23/Oct/2022:20:33:44 -0700] "GET /TC%20Health%20Sources/yahoo_site_admin/assets/?C=N;O=D HTTP/1.1" 200 387 "-" "Mozilla/5.0 (compatible; MJ12bot/v1.4.8; http://mj12bot.com/)" "www.tchealthsources.com"
149.202.82.11 - - [23/Oct/2022:20:34:09 -0700] "GET /TC%20Health%20Sources/yahoo_site_admin/assets/?C=S;O=A HTTP/1.1" 200 389 "-" "Mozilla/5.0 (compatible; MJ12bot/v1.4.8; http://mj12bot.com/)" "www.tchealthsources.com"
114.119.136.13 - - [23/Oct/2022:20:34:43 -0700] "GET /TC%20Health%20Sources/clipart/buttons HTTP/1.1" 301 1433 "https://tchealthsources.com/TC%20Health%20Sources/clipart/buttons/themes?N=D" "Mozilla/5.0 (Linux; Android 7.0;) AppleWebKit/537.36 (KHTML, like Gecko) Mobile Safari/537.36 (compatible; PetalBot;+https://webmaster.petalsearch.com/site/petalbot)" "tchealthsources.com"
114.119.136.13 - - [23/Oct/2022:20:34:44 -0700] "GET /TC%20Health%20Sources/clipart/buttons/ HTTP/1.1" 200 383 "https://tchealthsources.com/TC%20Health%20Sources/clipart/buttons/themes?N=D" "Mozilla/5.0 (Linux; Android 7.0;) AppleWebKit/537.36 (KHTML, like Gecko) Mobile Safari/537.36 (compatible; PetalBot;+https://webmaster.petalsearch.com/site/petalbot)" "tchealthsources.com"
149.202.82.11 - - [23/Oct/2022:20:35:33 -0700] "GET /TC%20Health%20Sources/yahoo_site_admin/assets/?C=S;O=D HTTP/1.1" 200 387 "-" "Mozilla/5.0 (compatible; MJ12bot/v1.4.8; http://mj12bot.com/)" "www.tchealthsources.com"
149.202.82.11 - - [23/Oct/2022:20:36:31 -0700] "GET /TC%20Health%20Sources/yahoo_site_admin/assets/?M=A HTTP/1.1" 200 389 "-" "Mozilla/5.0 (compatible; MJ12bot/v1.4.8; http://mj12bot.com/)" "www.tchealthsources.com"
149.202.82.11 - - [23/Oct/2022:20:36:53 -0700] "GET /TC%20Health%20Sources/yahoo_site_admin/assets/?M=D HTTP/1.1" 200 389 "-" "Mozilla/5.0 (compatible; MJ12bot/v1.4.8; http://mj12bot.com/)" "www.tchealthsources.com"
149.202.82.11 - - [23/Oct/2022:20:37:17 -0700] "GET /TC%20Health%20Sources/yahoo_site_admin/assets/?N=A HTTP/1.1" 200 389 "-" "Mozilla/5.0 (compatible; MJ12bot/v1.4.8; http://mj12bot.com/)" "www.tchealthsources.com"
149.202.82.11 - - [23/Oct/2022:20:37:38 -0700] "GET /TC%20Health%20Sources/yahoo_site_admin/assets/?N=D HTTP/1.1" 200 389 "-" "Mozilla/5.0 (compatible; MJ12bot/v1.4.8; http://mj12bot.com/)" "www.tchealthsources.com"
149.202.82.11 - - [23/Oct/2022:20:37:56 -0700] "GET /TC%20Health%20Sources/yahoo_site_admin/assets/?S=A HTTP/1.1" 200 389 "-" "Mozilla/5.0 (compatible; MJ12bot/v1.4.8; http://mj12bot.com/)" "www.tchealthsources.com"
149.202.82.11 - - [23/Oct/2022:20:38:18 -0700] "GET /TC%20Health%20Sources/yahoo_site_admin/assets/?S=D HTTP/1.1" 200 389 "-" "Mozilla/5.0 (compatible; MJ12bot/v1.4.8; http://mj12bot.com/)" "www.tchealthsources.com"
149.202.82.11 - - [23/Oct/2022:20:38:40 -0700] "GET /TC%20Health%20Sources/yahoo_site_admin/assets/images/ HTTP/1.1" 200 356 "-" "Mozilla/5.0 (compatible; MJ12bot/v1.4.8; http://mj12bot.com/)" "www.tchealthsources.com"
149.202.82.11 - - [23/Oct/2022:20:39:03 -0700] "GET /TC%20Health%20Sources/yahoo_site_admin/assets/images/?C=D;O=A HTTP/1.1" 200 356 "-" "Mozilla/5.0 (compatible; MJ12bot/v1.4.8; http://mj12bot.com/)" "www.tchealthsources.com"
149.202.82.11 - - [23/Oct/2022:20:39:25 -0700] "GET /TC%20Health%20Sources/yahoo_site_admin/assets/images/?C=D;O=D HTTP/1.1" 200 354 "-" "Mozilla/5.0 (compatible; MJ12bot/v1.4.8; http://mj12bot.com/)" "www.tchealthsources.com"
149.202.82.11 - - [23/Oct/2022:20:39:43 -0700] "GET /TC%20Health%20Sources/yahoo_site_admin/assets/images/?C=M;O=A HTTP/1.1" 200 356 "-" "Mozilla/5.0 (compatible; MJ12bot/v1.4.8; http://mj12bot.com/)" "www.tchealthsources.com"
149.202.82.11 - - [23/Oct/2022:20:40:05 -0700] "GET /TC%20Health%20Sources/yahoo_site_admin/assets/images/?C=M;O=D HTTP/1.1" 200 354 "-" "Mozilla/5.0 (compatible; MJ12bot/v1.4.8; http://mj12bot.com/)" "www.tchealthsources.com"
149.202.82.11 - - [23/Oct/2022:20:40:25 -0700] "GET /TC%20Health%20Sources/yahoo_site_admin/assets/images/?C=N;O=A HTTP/1.1" 200 356 "-" "Mozilla/5.0 (compatible; MJ12bot/v1.4.8; http://mj12bot.com/)" "www.tchealthsources.com"
114.119.136.113 - - [23/Oct/2022:20:40:33 -0700] "GET /clipart?D=D HTTP/1.1" 301 1413 "http://tchealthsources.com/clipart?D=A" "Mozilla/5.0 (Linux; Android 7.0;) AppleWebKit/537.36 (KHTML, like Gecko) Mobile Safari/537.36 (compatible; PetalBot;+https://webmaster.petalsearch.com/site/petalbot)" "tchealthsources.com"
114.119.136.113 - - [23/Oct/2022:20:40:33 -0700] "GET /clipart/?D=D HTTP/1.1" 200 380 "http://tchealthsources.com/clipart?D=A" "Mozilla/5.0 (Linux; Android 7.0;) AppleWebKit/537.36 (KHTML, like Gecko) Mobile Safari/537.36 (compatible; PetalBot;+https://webmaster.petalsearch.com/site/petalbot)" "tchealthsources.com"
149.202.82.11 - - [23/Oct/2022:20:40:44 -0700] "GET /TC%20Health%20Sources/yahoo_site_admin/assets/images/?C=N;O=D HTTP/1.1" 200 354 "-" "Mozilla/5.0 (compatible; MJ12bot/v1.4.8; http://mj12bot.com/)" "www.tchealthsources.com"
149.202.82.11 - - [23/Oct/2022:20:41:11 -0700] "GET /TC%20Health%20Sources/yahoo_site_admin/assets/images/?C=S;O=A HTTP/1.1" 200 356 "-" "Mozilla/5.0 (compatible; MJ12bot/v1.4.8; http://mj12bot.com/)" "www.tchealthsources.com"
149.202.82.11 - - [23/Oct/2022:20:41:32 -0700] "GET /TC%20Health%20Sources/yahoo_site_admin/assets/images/?C=S;O=D HTTP/1.1" 200 354 "-" "Mozilla/5.0 (compatible; MJ12bot/v1.4.8; http://mj12bot.com/)" "www.tchealthsources.com"
149.202.82.11 - - [23/Oct/2022:20:41:53 -0700] "GET /TC%20Health%20Sources/yahoo_site_admin/assets/images/?D=A HTTP/1.1" 200 356 "-" "Mozilla/5.0 (compatible; MJ12bot/v1.4.8; http://mj12bot.com/)" "www.tchealthsources.com"
149.202.82.11 - - [23/Oct/2022:20:42:14 -0700] "GET /TC%20Health%20Sources/yahoo_site_admin/assets/images/?D=D HTTP/1.1" 200 356 "-" "Mozilla/5.0 (compatible; MJ12bot/v1.4.8; http://mj12bot.com/)" "www.tchealthsources.com"
149.202.82.11 - - [23/Oct/2022:20:42:26 -0700] "GET /TC%20Health%20Sources/yahoo_site_admin/assets/images/?M=A HTTP/1.1" 200 356 "-" "Mozilla/5.0 (compatible; MJ12bot/v1.4.8; http://mj12bot.com/)" "www.tchealthsources.com"
149.202.82.11 - - [23/Oct/2022:20:42:52 -0700] "GET /TC%20Health%20Sources/yahoo_site_admin/assets/images/?M=D HTTP/1.1" 200 356 "-" "Mozilla/5.0 (compatible; MJ12bot/v1.4.8; http://mj12bot.com/)" "www.tchealthsources.com"
149.202.82.11 - - [23/Oct/2022:20:43:13 -0700] "GET /TC%20Health%20Sources/yahoo_site_admin/assets/images/?N=A HTTP/1.1" 200 356 "-" "Mozilla/5.0 (compatible; MJ12bot/v1.4.8; http://mj12bot.com/)" "www.tchealthsources.com"
149.202.82.11 - - [23/Oct/2022:20:43:34 -0700] "GET /TC%20Health%20Sources/yahoo_site_admin/assets/images/?N=D HTTP/1.1" 200 356 "-" "Mozilla/5.0 (compatible; MJ12bot/v1.4.8; http://mj12bot.com/)" "www.tchealthsources.com"
149.202.82.11 - - [23/Oct/2022:20:43:51 -0700] "GET /TC%20Health%20Sources/yahoo_site_admin/assets/images/?S=A HTTP/1.1" 200 356 "-" "Mozilla/5.0 (compatible; MJ12bot/v1.4.8; http://mj12bot.com/)" "www.tchealthsources.com"
149.202.82.11 - - [23/Oct/2022:20:44:13 -0700] "GET /TC%20Health%20Sources/yahoo_site_admin/assets/images/?S=D HTTP/1.1" 200 356 "-" "Mozilla/5.0 (compatible; MJ12bot/v1.4.8; http://mj12bot.com/)" "www.tchealthsources.com"
149.202.82.11 - - [23/Oct/2022:20:44:21 -0700] "GET /TC%20Health%20Sources/yahoo_site_admin/cache/ HTTP/1.1" 200 350 "-" "Mozilla/5.0 (compatible; MJ12bot/v1.4.8; http://mj12bot.com/)" "www.tchealthsources.com"
149.202.82.11 - - [23/Oct/2022:20:44:30 -0700] "GET /TC%20Health%20Sources/yahoo_site_admin/cache/?C=D;O=A HTTP/1.1" 200 350 "-" "Mozilla/5.0 (compatible; MJ12bot/v1.4.8; http://mj12bot.com/)" "www.tchealthsources.com"
149.202.82.11 - - [23/Oct/2022:20:44:50 -0700] "GET /TC%20Health%20Sources/yahoo_site_admin/cache/?C=D;O=D HTTP/1.1" 200 348 "-" "Mozilla/5.0 (compatible; MJ12bot/v1.4.8; http://mj12bot.com/)" "www.tchealthsources.com"
149.202.82.11 - - [23/Oct/2022:20:45:08 -0700] "GET /TC%20Health%20Sources/yahoo_site_admin/cache/?C=M;O=A HTTP/1.1" 200 350 "-" "Mozilla/5.0 (compatible; MJ12bot/v1.4.8; http://mj12bot.com/)" "www.tchealthsources.com"
149.202.82.11 - - [23/Oct/2022:20:45:26 -0700] "GET /TC%20Health%20Sources/yahoo_site_admin/cache/?C=M;O=D HTTP/1.1" 200 348 "-" "Mozilla/5.0 (compatible; MJ12bot/v1.4.8; http://mj12bot.com/)" "www.tchealthsources.com"
149.202.82.11 - - [23/Oct/2022:20:45:46 -0700] "GET /TC%20Health%20Sources/yahoo_site_admin/cache/?C=N;O=A HTTP/1.1" 200 350 "-" "Mozilla/5.0 (compatible; MJ12bot/v1.4.8; http://mj12bot.com/)" "www.tchealthsources.com"
149.202.82.11 - - [23/Oct/2022:20:46:03 -0700] "GET /TC%20Health%20Sources/yahoo_site_admin/cache/?C=N;O=D HTTP/1.1" 200 348 "-" "Mozilla/5.0 (compatible; MJ12bot/v1.4.8; http://mj12bot.com/)" "www.tchealthsources.com"
114.119.136.13 - - [23/Oct/2022:20:46:19 -0700] "GET /clipart/buttons/themes/view-screen/?C=M%3BO%3DA HTTP/1.1" 200 433 "http://tchealthsources.com/clipart/buttons/themes/view-screen?N=A" "Mozilla/5.0 (Linux; Android 7.0;) AppleWebKit/537.36 (KHTML, like Gecko) Mobile Safari/537.36 (compatible; PetalBot;+https://webmaster.petalsearch.com/site/petalbot)" "tchealthsources.com"
149.202.82.11 - - [23/Oct/2022:20:46:19 -0700] "GET /TC%20Health%20Sources/yahoo_site_admin/cache/?C=S;O=A HTTP/1.1" 200 350 "-" "Mozilla/5.0 (compatible; MJ12bot/v1.4.8; http://mj12bot.com/)" "www.tchealthsources.com"
149.202.82.11 - - [23/Oct/2022:20:46:32 -0700] "GET /TC%20Health%20Sources/yahoo_site_admin/cache/?C=S;O=D HTTP/1.1" 200 348 "-" "Mozilla/5.0 (compatible; MJ12bot/v1.4.8; http://mj12bot.com/)" "www.tchealthsources.com"
149.202.82.11 - - [23/Oct/2022:20:46:47 -0700] "GET /TC%20Health%20Sources/yahoo_site_admin/cache/?D=A HTTP/1.1" 200 350 "-" "Mozilla/5.0 (compatible; MJ12bot/v1.4.8; http://mj12bot.com/)" "www.tchealthsources.com"
149.202.82.11 - - [23/Oct/2022:20:47:07 -0700] "GET /TC%20Health%20Sources/yahoo_site_admin/cache/?M=D HTTP/1.1" 200 350 "-" "Mozilla/5.0 (compatible; MJ12bot/v1.4.8; http://mj12bot.com/)" "www.tchealthsources.com"
149.202.82.11 - - [23/Oct/2022:20:47:24 -0700] "GET /TC%20Health%20Sources/yahoo_site_admin/cache/?N=A HTTP/1.1" 200 350 "-" "Mozilla/5.0 (compatible; MJ12bot/v1.4.8; http://mj12bot.com/)" "www.tchealthsources.com"
149.202.82.11 - - [23/Oct/2022:20:47:41 -0700] "GET /TC%20Health%20Sources/yahoo_site_admin/cache/?N=D HTTP/1.1" 200 350 "-" "Mozilla/5.0 (compatible; MJ12bot/v1.4.8; http://mj12bot.com/)" "www.tchealthsources.com"
149.202.82.11 - - [23/Oct/2022:20:47:55 -0700] "GET /TC%20Health%20Sources/yahoo_site_admin/cache/?S=A HTTP/1.1" 200 350 "-" "Mozilla/5.0 (compatible; MJ12bot/v1.4.8; http://mj12bot.com/)" "www.tchealthsources.com"
149.202.82.11 - - [23/Oct/2022:20:48:14 -0700] "GET /TC%20Health%20Sources/yahoo_site_admin/cache/?S=D HTTP/1.1" 200 350 "-" "Mozilla/5.0 (compatible; MJ12bot/v1.4.8; http://mj12bot.com/)" "www.tchealthsources.com"
149.202.82.11 - - [23/Oct/2022:20:48:31 -0700] "GET /TC%20Health%20Sources/yahoo_site_admin/credentials/ HTTP/1.1" 200 399 "-" "Mozilla/5.0 (compatible; MJ12bot/v1.4.8; http://mj12bot.com/)" "www.tchealthsources.com"
149.202.82.11 - - [23/Oct/2022:20:48:42 -0700] "GET /TC%20Health%20Sources/yahoo_site_admin/credentials/?C=D;O=A HTTP/1.1" 200 399 "-" "Mozilla/5.0 (compatible; MJ12bot/v1.4.8; http://mj12bot.com/)" "www.tchealthsources.com"
149.202.82.11 - - [23/Oct/2022:20:49:07 -0700] "GET /TC%20Health%20Sources/yahoo_site_admin/credentials/?C=D;O=D HTTP/1.1" 200 397 "-" "Mozilla/5.0 (compatible; MJ12bot/v1.4.8; http://mj12bot.com/)" "www.tchealthsources.com"
64.124.8.27 - - [23/Oct/2022:20:49:17 -0700] "GET /robots.txt HTTP/1.1" 404 88 "-" "Mozilla/5.0 (X11; Linux x86_64) AppleWebKit/537.36 (KHTML, like Gecko) Chrome/61.0.3163.79 Safari/537.36" "tchealthsources.com"
64.124.8.27 - - [23/Oct/2022:20:49:17 -0700] "GET /_private/ HTTP/1.1" 403 170 "-" "Mozilla/5.0 (X11; Linux x86_64) AppleWebKit/537.36 (KHTML, like Gecko) Chrome/61.0.3163.79 Safari/537.36" "tchealthsources.com"
149.202.82.11 - - [23/Oct/2022:20:49:20 -0700] "GET /TC%20Health%20Sources/yahoo_site_admin/credentials/?C=M;O=A HTTP/1.1" 200 399 "-" "Mozilla/5.0 (compatible; MJ12bot/v1.4.8; http://mj12bot.com/)" "www.tchealthsources.com"
149.202.82.11 - - [23/Oct/2022:20:49:39 -0700] "GET /TC%20Health%20Sources/yahoo_site_admin/credentials/?C=M;O=D HTTP/1.1" 200 397 "-" "Mozilla/5.0 (compatible; MJ12bot/v1.4.8; http://mj12bot.com/)" "www.tchealthsources.com"
149.202.82.11 - - [23/Oct/2022:20:49:56 -0700] "GET /TC%20Health%20Sources/yahoo_site_admin/credentials/?C=N;O=A HTTP/1.1" 200 399 "-" "Mozilla/5.0 (compatible; MJ12bot/v1.4.8; http://mj12bot.com/)" "www.tchealthsources.com"
149.202.82.11 - - [23/Oct/2022:20:50:13 -0700] "GET /TC%20Health%20Sources/yahoo_site_admin/credentials/?C=N;O=D HTTP/1.1" 200 397 "-" "Mozilla/5.0 (compatible; MJ12bot/v1.4.8; http://mj12bot.com/)" "www.tchealthsources.com"
149.202.82.11 - - [23/Oct/2022:20:50:24 -0700] "GET /TC%20Health%20Sources/yahoo_site_admin/credentials/?C=S;O=A HTTP/1.1" 200 399 "-" "Mozilla/5.0 (compatible; MJ12bot/v1.4.8; http://mj12bot.com/)" "www.tchealthsources.com"
64.124.8.27 - - [23/Oct/2022:20:50:38 -0700] "GET /clipart/images/general/ HTTP/1.1" 200 376 "-" "Mozilla/5.0 (X11; Linux x86_64) AppleWebKit/537.36 (KHTML, like Gecko) Chrome/61.0.3163.79 Safari/537.36" "tchealthsources.com"
149.202.82.11 - - [23/Oct/2022:20:50:44 -0700] "GET /TC%20Health%20Sources/yahoo_site_admin/credentials/?C=S;O=D HTTP/1.1" 200 397 "-" "Mozilla/5.0 (compatible; MJ12bot/v1.4.8; http://mj12bot.com/)" "www.tchealthsources.com"
149.202.82.11 - - [23/Oct/2022:20:50:56 -0700] "GET /TC%20Health%20Sources/yahoo_site_admin/credentials/?D=A HTTP/1.1" 200 399 "-" "Mozilla/5.0 (compatible; MJ12bot/v1.4.8; http://mj12bot.com/)" "www.tchealthsources.com"
149.202.82.11 - - [23/Oct/2022:20:51:07 -0700] "GET /TC%20Health%20Sources/yahoo_site_admin/credentials/?D=D HTTP/1.1" 200 399 "-" "Mozilla/5.0 (compatible; MJ12bot/v1.4.8; http://mj12bot.com/)" "www.tchealthsources.com"
149.202.82.11 - - [23/Oct/2022:20:51:23 -0700] "GET /TC%20Health%20Sources/yahoo_site_admin/credentials/?M=A HTTP/1.1" 200 399 "-" "Mozilla/5.0 (compatible; MJ12bot/v1.4.8; http://mj12bot.com/)" "www.tchealthsources.com"
149.202.82.11 - - [23/Oct/2022:20:51:37 -0700] "GET /TC%20Health%20Sources/yahoo_site_admin/credentials/?M=D HTTP/1.1" 200 399 "-" "Mozilla/5.0 (compatible; MJ12bot/v1.4.8; http://mj12bot.com/)" "www.tchealthsources.com"
149.202.82.11 - - [23/Oct/2022:20:51:50 -0700] "GET /TC%20Health%20Sources/yahoo_site_admin/credentials/?N=A HTTP/1.1" 200 399 "-" "Mozilla/5.0 (compatible; MJ12bot/v1.4.8; http://mj12bot.com/)" "www.tchealthsources.com"
114.119.136.128 - - [23/Oct/2022:20:52:09 -0700] "GET /clipart/buttons/themes/simple?N=D HTTP/1.1" 301 1430 "http://tchealthsources.com/clipart/buttons/themes/simple?N=A" "Mozilla/5.0 (Linux; Android 7.0;) AppleWebKit/537.36 (KHTML, like Gecko) Mobile Safari/537.36 (compatible; PetalBot;+https://webmaster.petalsearch.com/site/petalbot)" "tchealthsources.com"
114.119.136.128 - - [23/Oct/2022:20:52:09 -0700] "GET /clipart/buttons/themes/simple/?N=D HTTP/1.1" 200 417 "http://tchealthsources.com/clipart/buttons/themes/simple?N=A" "Mozilla/5.0 (Linux; Android 7.0;) AppleWebKit/537.36 (KHTML, like Gecko) Mobile Safari/537.36 (compatible; PetalBot;+https://webmaster.petalsearch.com/site/petalbot)" "tchealthsources.com"
149.202.82.11 - - [23/Oct/2022:20:52:09 -0700] "GET /TC%20Health%20Sources/yahoo_site_admin/credentials/?N=D HTTP/1.1" 200 399 "-" "Mozilla/5.0 (compatible; MJ12bot/v1.4.8; http://mj12bot.com/)" "www.tchealthsources.com"
149.202.82.11 - - [23/Oct/2022:20:52:22 -0700] "GET /TC%20Health%20Sources/yahoo_site_admin/credentials/?S=A HTTP/1.1" 200 399 "-" "Mozilla/5.0 (compatible; MJ12bot/v1.4.8; http://mj12bot.com/)" "www.tchealthsources.com"
167.235.254.193 - - [23/Oct/2022:20:52:34 -0700] "GET /wp-content/plugins/ioptimization/IOptimize.php?rchk HTTP/1.1" 404 88 "www.google.com" "Mozlila/5.0 (Linux; Android 7.0; SM-G892A Bulid/NRD90M; wv) AppleWebKit/537.36 (KHTML, like Gecko) Version/4.0 Chrome/60.0.3112.107 Moblie Safari/537.36" "tchealthsources.com"
149.202.82.11 - - [23/Oct/2022:20:52:42 -0700] "GET /TC%20Health%20Sources/yahoo_site_admin/credentials/?S=D HTTP/1.1" 200 399 "-" "Mozilla/5.0 (compatible; MJ12bot/v1.4.8; http://mj12bot.com/)" "www.tchealthsources.com"
64.124.8.27 - - [23/Oct/2022:20:52:54 -0700] "GET /robots.txt HTTP/1.1" 404 88 "-" "Mozilla/5.0 (X11; Linux x86_64) AppleWebKit/537.36 (KHTML, like Gecko) Chrome/61.0.3163.79 Safari/537.36" "tchealthsources.com"
149.202.82.11 - - [23/Oct/2022:20:52:56 -0700] "GET /TC%20Health%20Sources/yahoo_site_admin/credentials/db.conf HTTP/1.1" 200 187 "-" "Mozilla/5.0 (compatible; MJ12bot/v1.4.8; http://mj12bot.com/)" "www.tchealthsources.com"
149.202.82.11 - - [23/Oct/2022:20:53:17 -0700] "GET /TC%20Health%20Sources/yahoo_site_admin/logs/ HTTP/1.1" 200 396 "-" "Mozilla/5.0 (compatible; MJ12bot/v1.4.8; http://mj12bot.com/)" "www.tchealthsources.com"
149.202.82.11 - - [23/Oct/2022:20:53:36 -0700] "GET /TC%20Health%20Sources/yahoo_site_admin/logs/?C=D;O=A HTTP/1.1" 200 396 "-" "Mozilla/5.0 (compatible; MJ12bot/v1.4.8; http://mj12bot.com/)" "www.tchealthsources.com"
149.202.82.11 - - [23/Oct/2022:20:53:55 -0700] "GET /TC%20Health%20Sources/yahoo_site_admin/logs/?C=D;O=D HTTP/1.1" 200 394 "-" "Mozilla/5.0 (compatible; MJ12bot/v1.4.8; http://mj12bot.com/)" "www.tchealthsources.com"
149.202.82.11 - - [23/Oct/2022:20:54:11 -0700] "GET /TC%20Health%20Sources/yahoo_site_admin/logs/?C=M;O=A HTTP/1.1" 200 395 "-" "Mozilla/5.0 (compatible; MJ12bot/v1.4.8; http://mj12bot.com/)" "www.tchealthsources.com"
149.202.82.11 - - [23/Oct/2022:20:54:28 -0700] "GET /TC%20Health%20Sources/yahoo_site_admin/logs/?C=M;O=D HTTP/1.1" 200 394 "-" "Mozilla/5.0 (compatible; MJ12bot/v1.4.8; http://mj12bot.com/)" "www.tchealthsources.com"
149.202.82.11 - - [23/Oct/2022:20:54:32 -0700] "GET /TC%20Health%20Sources/yahoo_site_admin/logs/?C=N;O=A HTTP/1.1" 200 396 "-" "Mozilla/5.0 (compatible; MJ12bot/v1.4.8; http://mj12bot.com/)" "www.tchealthsources.com"
149.202.82.11 - - [23/Oct/2022:20:54:50 -0700] "GET /TC%20Health%20Sources/yahoo_site_admin/logs/?C=N;O=D HTTP/1.1" 200 394 "-" "Mozilla/5.0 (compatible; MJ12bot/v1.4.8; http://mj12bot.com/)" "www.tchealthsources.com"
149.202.82.11 - - [23/Oct/2022:20:55:03 -0700] "GET /TC%20Health%20Sources/yahoo_site_admin/logs/?C=S;O=A HTTP/1.1" 200 396 "-" "Mozilla/5.0 (compatible; MJ12bot/v1.4.8; http://mj12bot.com/)" "www.tchealthsources.com"
149.202.82.11 - - [23/Oct/2022:20:55:24 -0700] "GET /TC%20Health%20Sources/yahoo_site_admin/logs/?C=S;O=D HTTP/1.1" 200 394 "-" "Mozilla/5.0 (compatible; MJ12bot/v1.4.8; http://mj12bot.com/)" "www.tchealthsources.com"
149.202.82.11 - - [23/Oct/2022:20:55:38 -0700] "GET /TC%20Health%20Sources/yahoo_site_admin/logs/?D=A HTTP/1.1" 200 396 "-" "Mozilla/5.0 (compatible; MJ12bot/v1.4.8; http://mj12bot.com/)" "www.tchealthsources.com"
149.202.82.11 - - [23/Oct/2022:20:55:56 -0700] "GET /TC%20Health%20Sources/yahoo_site_admin/logs/?D=D HTTP/1.1" 200 396 "-" "Mozilla/5.0 (compatible; MJ12bot/v1.4.8; http://mj12bot.com/)" "www.tchealthsources.com"
51.222.253.10 - - [23/Oct/2022:20:56:13 -0700] "GET /TC%20Health%20Sources/yahoo_site_admin/logs/?C=M;O=A HTTP/1.1" 200 395 "-" "Mozilla/5.0 (compatible; AhrefsBot/7.0; +http://ahrefs.com/robot/)" "www.tchealthsources.com"
149.202.82.11 - - [23/Oct/2022:20:56:18 -0700] "GET /TC%20Health%20Sources/yahoo_site_admin/logs/?M=A HTTP/1.1" 200 396 "-" "Mozilla/5.0 (compatible; MJ12bot/v1.4.8; http://mj12bot.com/)" "www.tchealthsources.com"
149.202.82.11 - - [23/Oct/2022:20:56:34 -0700] "GET /TC%20Health%20Sources/yahoo_site_admin/logs/?M=D HTTP/1.1" 200 396 "-" "Mozilla/5.0 (compatible; MJ12bot/v1.4.8; http://mj12bot.com/)" "www.tchealthsources.com"
149.202.82.11 - - [23/Oct/2022:20:56:52 -0700] "GET /TC%20Health%20Sources/yahoo_site_admin/logs/?N=A HTTP/1.1" 200 396 "-" "Mozilla/5.0 (compatible; MJ12bot/v1.4.8; http://mj12bot.com/)" "www.tchealthsources.com"
149.202.82.11 - - [23/Oct/2022:20:57:11 -0700] "GET /TC%20Health%20Sources/yahoo_site_admin/logs/?N=D HTTP/1.1" 200 396 "-" "Mozilla/5.0 (compatible; MJ12bot/v1.4.8; http://mj12bot.com/)" "www.tchealthsources.com"
149.202.82.11 - - [23/Oct/2022:20:57:34 -0700] "GET /TC%20Health%20Sources/yahoo_site_admin/logs/?S=A HTTP/1.1" 200 396 "-" "Mozilla/5.0 (compatible; MJ12bot/v1.4.8; http://mj12bot.com/)" "www.tchealthsources.com"
149.202.82.11 - - [23/Oct/2022:20:57:58 -0700] "GET /TC%20Health%20Sources/yahoo_site_admin/logs/?S=D HTTP/1.1" 200 396 "-" "Mozilla/5.0 (compatible; MJ12bot/v1.4.8; http://mj12bot.com/)" "www.tchealthsources.com"
114.119.136.113 - - [23/Oct/2022:20:57:59 -0700] "GET /TC%20Health%20Sources/clipart/buttons?S=A HTTP/1.1" 301 1436 "https://tchealthsources.com/TC%20Health%20Sources/clipart/buttons?M=D" "Mozilla/5.0 (Linux; Android 7.0;) AppleWebKit/537.36 (KHTML, like Gecko) Mobile Safari/537.36 (compatible; PetalBot;+https://webmaster.petalsearch.com/site/petalbot)" "tchealthsources.com"
114.119.136.113 - - [23/Oct/2022:20:58:00 -0700] "GET /TC%20Health%20Sources/clipart/buttons/?S=A HTTP/1.1" 200 383 "https://tchealthsources.com/TC%20Health%20Sources/clipart/buttons?M=D" "Mozilla/5.0 (Linux; Android 7.0;) AppleWebKit/537.36 (KHTML, like Gecko) Mobile Safari/537.36 (compatible; PetalBot;+https://webmaster.petalsearch.com/site/petalbot)" "tchealthsources.com"
195.191.219.130 - - [23/Oct/2022:20:58:00 -0700] "GET /robots.txt HTTP/1.1" 404 73 "-" "Mozilla/5.0 (compatible; MJ12bot/v1.4.8; http://mj12bot.com/)" "tchealthsources.com"
195.191.219.130 - - [23/Oct/2022:20:58:03 -0700] "GET / HTTP/1.1" 200 493 "-" "Mozilla/5.0 (compatible; MJ12bot/v1.4.8; http://mj12bot.com/)" "tchealthsources.com"
149.202.82.11 - - [23/Oct/2022:20:58:14 -0700] "GET /TC%20Health%20Sources/yahoo_site_admin/logs/log.txt HTTP/1.1" 200 280 "-" "Mozilla/5.0 (compatible; MJ12bot/v1.4.8; http://mj12bot.com/)" "www.tchealthsources.com"
149.202.82.11 - - [23/Oct/2022:20:58:37 -0700] "GET /TC%20Health%20Sources/yahoo_site_admin1/?C=D;O=A HTTP/1.1" 200 418 "-" "Mozilla/5.0 (compatible; MJ12bot/v1.4.8; http://mj12bot.com/)" "www.tchealthsources.com"
149.202.82.11 - - [23/Oct/2022:20:58:52 -0700] "GET /TC%20Health%20Sources/yahoo_site_admin1/?C=D;O=D HTTP/1.1" 200 416 "-" "Mozilla/5.0 (compatible; MJ12bot/v1.4.8; http://mj12bot.com/)" "www.tchealthsources.com"
149.202.82.11 - - [23/Oct/2022:20:59:11 -0700] "GET /TC%20Health%20Sources/yahoo_site_admin1/?C=M;O=A HTTP/1.1" 200 418 "-" "Mozilla/5.0 (compatible; MJ12bot/v1.4.8; http://mj12bot.com/)" "www.tchealthsources.com"
149.202.82.11 - - [23/Oct/2022:21:00:26 -0700] "GET /TC%20Health%20Sources/yahoo_site_admin1/?C=N;O=A HTTP/1.1" 200 418 "-" "Mozilla/5.0 (compatible; MJ12bot/v1.4.8; http://mj12bot.com/)" "www.tchealthsources.com"
149.202.82.11 - - [23/Oct/2022:21:00:40 -0700] "GET /TC%20Health%20Sources/yahoo_site_admin1/?C=N;O=D HTTP/1.1" 200 416 "-" "Mozilla/5.0 (compatible; MJ12bot/v1.4.8; http://mj12bot.com/)" "www.tchealthsources.com"
149.202.82.11 - - [23/Oct/2022:21:00:50 -0700] "GET /TC%20Health%20Sources/yahoo_site_admin1/?C=S;O=A HTTP/1.1" 200 418 "-" "Mozilla/5.0 (compatible; MJ12bot/v1.4.8; http://mj12bot.com/)" "www.tchealthsources.com"
149.202.82.11 - - [23/Oct/2022:21:01:05 -0700] "GET /TC%20Health%20Sources/yahoo_site_admin1/?C=S;O=D HTTP/1.1" 200 416 "-" "Mozilla/5.0 (compatible; MJ12bot/v1.4.8; http://mj12bot.com/)" "www.tchealthsources.com"
149.202.82.11 - - [23/Oct/2022:21:01:14 -0700] "GET /TC%20Health%20Sources/yahoo_site_admin1/?D=A HTTP/1.1" 200 418 "-" "Mozilla/5.0 (compatible; MJ12bot/v1.4.8; http://mj12bot.com/)" "www.tchealthsources.com"
149.202.82.11 - - [23/Oct/2022:21:01:45 -0700] "GET /TC%20Health%20Sources/yahoo_site_admin1/?M=A HTTP/1.1" 200 418 "-" "Mozilla/5.0 (compatible; MJ12bot/v1.4.8; http://mj12bot.com/)" "www.tchealthsources.com"
149.202.82.11 - - [23/Oct/2022:21:02:08 -0700] "GET /TC%20Health%20Sources/yahoo_site_admin1/?N=A HTTP/1.1" 200 418 "-" "Mozilla/5.0 (compatible; MJ12bot/v1.4.8; http://mj12bot.com/)" "www.tchealthsources.com"
149.202.82.11 - - [23/Oct/2022:21:02:30 -0700] "GET /TC%20Health%20Sources/yahoo_site_admin1/?N=D HTTP/1.1" 200 418 "-" "Mozilla/5.0 (compatible; MJ12bot/v1.4.8; http://mj12bot.com/)" "www.tchealthsources.com"
149.202.82.11 - - [23/Oct/2022:21:02:50 -0700] "GET /TC%20Health%20Sources/yahoo_site_admin1/?S=A HTTP/1.1" 200 418 "-" "Mozilla/5.0 (compatible; MJ12bot/v1.4.8; http://mj12bot.com/)" "www.tchealthsources.com"
114.119.136.113 - - [23/Oct/2022:21:03:51 -0700] "GET /clipart/images?M=D HTTP/1.1" 301 1418 "http://tchealthsources.com/clipart/images?M=A" "Mozilla/5.0 (Linux; Android 7.0;) AppleWebKit/537.36 (KHTML, like Gecko) Mobile Safari/537.36 (compatible; PetalBot;+https://webmaster.petalsearch.com/site/petalbot)" "tchealthsources.com"
114.119.136.113 - - [23/Oct/2022:21:03:52 -0700] "GET /clipart/images/?M=D HTTP/1.1" 200 359 "http://tchealthsources.com/clipart/images?M=A" "Mozilla/5.0 (Linux; Android 7.0;) AppleWebKit/537.36 (KHTML, like Gecko) Mobile Safari/537.36 (compatible; PetalBot;+https://webmaster.petalsearch.com/site/petalbot)" "tchealthsources.com"
149.202.82.11 - - [23/Oct/2022:21:04:09 -0700] "GET /TC%20Health%20Sources/yahoo_site_admin1/assets/?C=D;O=A HTTP/1.1" 200 390 "-" "Mozilla/5.0 (compatible; MJ12bot/v1.4.8; http://mj12bot.com/)" "www.tchealthsources.com"
149.202.82.11 - - [23/Oct/2022:21:04:18 -0700] "GET /TC%20Health%20Sources/yahoo_site_admin1/assets/?C=D;O=D HTTP/1.1" 200 388 "-" "Mozilla/5.0 (compatible; MJ12bot/v1.4.8; http://mj12bot.com/)" "www.tchealthsources.com"
149.202.82.11 - - [23/Oct/2022:21:04:38 -0700] "GET /TC%20Health%20Sources/yahoo_site_admin1/assets/?C=M;O=A HTTP/1.1" 200 390 "-" "Mozilla/5.0 (compatible; MJ12bot/v1.4.8; http://mj12bot.com/)" "www.tchealthsources.com"
149.202.82.11 - - [23/Oct/2022:21:04:52 -0700] "GET /TC%20Health%20Sources/yahoo_site_admin1/assets/?C=M;O=D HTTP/1.1" 200 388 "-" "Mozilla/5.0 (compatible; MJ12bot/v1.4.8; http://mj12bot.com/)" "www.tchealthsources.com"
149.202.82.11 - - [23/Oct/2022:21:05:08 -0700] "GET /TC%20Health%20Sources/yahoo_site_admin1/assets/?C=N;O=A HTTP/1.1" 200 390 "-" "Mozilla/5.0 (compatible; MJ12bot/v1.4.8; http://mj12bot.com/)" "www.tchealthsources.com"
149.202.82.11 - - [23/Oct/2022:21:05:20 -0700] "GET /TC%20Health%20Sources/yahoo_site_admin1/assets/?C=N;O=D HTTP/1.1" 200 388 "-" "Mozilla/5.0 (compatible; MJ12bot/v1.4.8; http://mj12bot.com/)" "www.tchealthsources.com"
149.202.82.11 - - [23/Oct/2022:21:05:51 -0700] "GET /TC%20Health%20Sources/yahoo_site_admin1/assets/?C=S;O=D HTTP/1.1" 200 388 "-" "Mozilla/5.0 (compatible; MJ12bot/v1.4.8; http://mj12bot.com/)" "www.tchealthsources.com"
51.222.253.10 - - [23/Oct/2022:21:05:55 -0700] "GET /clipart/ HTTP/1.1" 200 380 "-" "Mozilla/5.0 (compatible; AhrefsBot/7.0; +http://ahrefs.com/robot/)" "tchealthsources.com"
149.202.82.11 - - [23/Oct/2022:21:06:02 -0700] "GET /TC%20Health%20Sources/yahoo_site_admin1/assets/?D=A HTTP/1.1" 200 390 "-" "Mozilla/5.0 (compatible; MJ12bot/v1.4.8; http://mj12bot.com/)" "www.tchealthsources.com"
149.202.82.11 - - [23/Oct/2022:21:06:16 -0700] "GET /TC%20Health%20Sources/yahoo_site_admin1/assets/?D=D HTTP/1.1" 200 390 "-" "Mozilla/5.0 (compatible; MJ12bot/v1.4.8; http://mj12bot.com/)" "www.tchealthsources.com"
