149.202.82.11 - - [23/Oct/2022:21:06:27 -0700] "GET /TC%20Health%20Sources/yahoo_site_admin1/assets/?M=A HTTP/1.1" 200 390 "-" "Mozilla/5.0 (compatible; MJ12bot/v1.4.8; http://mj12bot.com/)" "www.tchealthsources.com"
149.202.82.11 - - [23/Oct/2022:21:06:42 -0700] "GET /TC%20Health%20Sources/yahoo_site_admin1/assets/?M=D HTTP/1.1" 200 390 "-" "Mozilla/5.0 (compatible; MJ12bot/v1.4.8; http://mj12bot.com/)" "www.tchealthsources.com"
149.202.82.11 - - [23/Oct/2022:21:07:01 -0700] "GET /TC%20Health%20Sources/yahoo_site_admin1/assets/?N=A HTTP/1.1" 200 390 "-" "Mozilla/5.0 (compatible; MJ12bot/v1.4.8; http://mj12bot.com/)" "www.tchealthsources.com"
149.202.82.11 - - [23/Oct/2022:21:07:33 -0700] "GET /TC%20Health%20Sources/yahoo_site_admin1/assets/?S=A HTTP/1.1" 200 390 "-" "Mozilla/5.0 (compatible; MJ12bot/v1.4.8; http://mj12bot.com/)" "www.tchealthsources.com"
149.202.82.11 - - [23/Oct/2022:21:07:48 -0700] "GET /TC%20Health%20Sources/yahoo_site_admin1/assets/?S=D HTTP/1.1" 200 390 "-" "Mozilla/5.0 (compatible; MJ12bot/v1.4.8; http://mj12bot.com/)" "www.tchealthsources.com"
149.202.82.11 - - [23/Oct/2022:21:07:55 -0700] "GET /TC%20Health%20Sources/yahoo_site_admin1/assets/images/ HTTP/1.1" 200 357 "-" "Mozilla/5.0 (compatible; MJ12bot/v1.4.8; http://mj12bot.com/)" "www.tchealthsources.com"
51.222.253.15 - - [23/Oct/2022:21:08:05 -0700] "GET /TC%20Health%20Sources/files/?C=S;O=D HTTP/1.1" 200 440 "-" "Mozilla/5.0 (compatible; AhrefsBot/7.0; +http://ahrefs.com/robot/)" "tchealthsources.com"
149.202.82.11 - - [23/Oct/2022:21:08:15 -0700] "GET /TC%20Health%20Sources/yahoo_site_admin1/assets/images/?C=D;O=D HTTP/1.1" 200 355 "-" "Mozilla/5.0 (compatible; MJ12bot/v1.4.8; http://mj12bot.com/)" "www.tchealthsources.com"
149.202.82.11 - - [23/Oct/2022:21:08:27 -0700] "GET /TC%20Health%20Sources/yahoo_site_admin1/assets/images/?C=M;O=D HTTP/1.1" 200 355 "-" "Mozilla/5.0 (compatible; MJ12bot/v1.4.8; http://mj12bot.com/)" "www.tchealthsources.com"
149.202.82.11 - - [23/Oct/2022:21:08:45 -0700] "GET /TC%20Health%20Sources/yahoo_site_admin1/assets/images/?C=N;O=A HTTP/1.1" 200 357 "-" "Mozilla/5.0 (compatible; MJ12bot/v1.4.8; http://mj12bot.com/)" "www.tchealthsources.com"
149.202.82.11 - - [23/Oct/2022:21:09:02 -0700] "GET /TC%20Health%20Sources/yahoo_site_admin1/assets/images/?C=S;O=D HTTP/1.1" 200 355 "-" "Mozilla/5.0 (compatible; MJ12bot/v1.4.8; http://mj12bot.com/)" "www.tchealthsources.com"
149.202.82.11 - - [23/Oct/2022:21:09:21 -0700] "GET /TC%20Health%20Sources/yahoo_site_admin1/assets/images/?D=A HTTP/1.1" 200 357 "-" "Mozilla/5.0 (compatible; MJ12bot/v1.4.8; http://mj12bot.com/)" "www.tchealthsources.com"
114.119.136.12 - - [23/Oct/2022:21:09:38 -0700] "GET /TC%20Health%20Sources/yahoo_site_admin/cache?D=A HTTP/1.1" 301 1440 "https://tchealthsources.com/TC%20Health%20Sources/yahoo_site_admin/cache?S=A" "Mozilla/5.0 (Linux; Android 7.0;) AppleWebKit/537.36 (KHTML, like Gecko) Mobile Safari/537.36 (compatible; PetalBot;+https://webmaster.petalsearch.com/site/petalbot)" "tchealthsources.com"
114.119.136.12 - - [23/Oct/2022:21:09:38 -0700] "GET /TC%20Health%20Sources/yahoo_site_admin/cache/?D=A HTTP/1.1" 200 350 "https://tchealthsources.com/TC%20Health%20Sources/yahoo_site_admin/cache?S=A" "Mozilla/5.0 (Linux; Android 7.0;) AppleWebKit/537.36 (KHTML, like Gecko) Mobile Safari/537.36 (compatible; PetalBot;+https://webmaster.petalsearch.com/site/petalbot)" "tchealthsources.com"
149.202.82.11 - - [23/Oct/2022:21:09:40 -0700] "GET /TC%20Health%20Sources/yahoo_site_admin1/assets/images/?D=D HTTP/1.1" 200 357 "-" "Mozilla/5.0 (compatible; MJ12bot/v1.4.8; http://mj12bot.com/)" "www.tchealthsources.com"
114.119.134.224 - - [23/Oct/2022:21:15:26 -0700] "GET /TC%20Health%20Sources/logs/access_160502.log HTTP/1.1" 200 1864 "https://tchealthsources.com/TC%20Health%20Sources/logs?N=D" "Mozilla/5.0 (Linux; Android 7.0;) AppleWebKit/537.36 (KHTML, like Gecko) Mobile Safari/537.36 (compatible; PetalBot;+https://webmaster.petalsearch.com/site/petalbot)" "tchealthsources.com"
114.119.136.113 - - [23/Oct/2022:21:21:12 -0700] "GET /TC%20Health%20Sources/tmp/mailError.log HTTP/1.1" 200 104 "https://tchealthsources.com/TC%20Health%20Sources/tmp?C=M%3BO%3DA" "Mozilla/5.0 (Linux; Android 7.0;) AppleWebKit/537.36 (KHTML, like Gecko) Mobile Safari/537.36 (compatible; PetalBot;+https://webmaster.petalsearch.com/site/petalbot)" "tchealthsources.com"
114.119.136.128 - - [23/Oct/2022:21:26:57 -0700] "GET /TC%20Health%20Sources/tmp?C=N%3BO%3DD HTTP/1.1" 301 1438 "https://tchealthsources.com/TC%20Health%20Sources/tmp?M=A" "Mozilla/5.0 (Linux; Android 7.0;) AppleWebKit/537.36 (KHTML, like Gecko) Mobile Safari/537.36 (compatible; PetalBot;+https://webmaster.petalsearch.com/site/petalbot)" "tchealthsources.com"
114.119.136.128 - - [23/Oct/2022:21:26:57 -0700] "GET /TC%20Health%20Sources/tmp/?C=N%3BO%3DD HTTP/1.1" 200 386 "https://tchealthsources.com/TC%20Health%20Sources/tmp?M=A" "Mozilla/5.0 (Linux; Android 7.0;) AppleWebKit/537.36 (KHTML, like Gecko) Mobile Safari/537.36 (compatible; PetalBot;+https://webmaster.petalsearch.com/site/petalbot)" "tchealthsources.com"
64.124.8.27 - - [23/Oct/2022:21:29:51 -0700] "GET /clipart/buttons/themes/ HTTP/1.1" 200 511 "-" "Mozilla/5.0 (X11; Linux x86_64) AppleWebKit/537.36 (KHTML, like Gecko) Chrome/61.0.3163.79 Safari/537.36" "tchealthsources.com"
114.119.136.113 - - [23/Oct/2022:21:32:48 -0700] "GET /TC%20Health%20Sources/yahoo_site_admin1/credentials/?C=N%3BO%3DD HTTP/1.1" 200 400 "https://tchealthsources.com/TC%20Health%20Sources/yahoo_site_admin1/credentials/?C=M%3BO%3DA" "Mozilla/5.0 (Linux; Android 7.0;) AppleWebKit/537.36 (KHTML, like Gecko) Mobile Safari/537.36 (compatible; PetalBot;+https://webmaster.petalsearch.com/site/petalbot)" "tchealthsources.com"
51.222.253.10 - - [23/Oct/2022:21:36:08 -0700] "GET /clipart/images/general/?C=N;O=D HTTP/1.1" 200 374 "-" "Mozilla/5.0 (compatible; AhrefsBot/7.0; +http://ahrefs.com/robot/)" "tchealthsources.com"
64.124.8.27 - - [23/Oct/2022:21:38:09 -0700] "GET /TC%20Health%20Sources/navigation_bars/index.nav HTTP/1.1" 200 4991 "-" "Mozilla/5.0 (X11; Linux x86_64) AppleWebKit/537.36 (KHTML, like Gecko) Chrome/61.0.3163.79 Safari/537.36" "tchealthsources.com"
114.119.136.109 - - [23/Oct/2022:21:38:33 -0700] "GET /TC%20Health%20Sources/clipart/buttons/themes/jelly?M=A HTTP/1.1" 301 1445 "https://tchealthsources.com/TC%20Health%20Sources/clipart/buttons/themes/jelly?S=D" "Mozilla/5.0 (Linux; Android 7.0;) AppleWebKit/537.36 (KHTML, like Gecko) Mobile Safari/537.36 (compatible; PetalBot;+https://webmaster.petalsearch.com/site/petalbot)" "tchealthsources.com"
114.119.136.109 - - [23/Oct/2022:21:38:34 -0700] "GET /TC%20Health%20Sources/clipart/buttons/themes/jelly/?M=A HTTP/1.1" 200 439 "https://tchealthsources.com/TC%20Health%20Sources/clipart/buttons/themes/jelly?S=D" "Mozilla/5.0 (Linux; Android 7.0;) AppleWebKit/537.36 (KHTML, like Gecko) Mobile Safari/537.36 (compatible; PetalBot;+https://webmaster.petalsearch.com/site/petalbot)" "tchealthsources.com"
64.124.8.27 - - [23/Oct/2022:21:42:19 -0700] "GET /TC%20Health%20Sources/logs/ HTTP/1.1" 200 1066 "-" "Mozilla/5.0 (X11; Linux x86_64) AppleWebKit/537.36 (KHTML, like Gecko) Chrome/61.0.3163.79 Safari/537.36" "tchealthsources.com"
114.119.136.12 - - [23/Oct/2022:21:44:16 -0700] "GET /clipart?S=A HTTP/1.1" 301 1413 "http://tchealthsources.com/clipart/?M=A" "Mozilla/5.0 (Linux; Android 7.0;) AppleWebKit/537.36 (KHTML, like Gecko) Mobile Safari/537.36 (compatible; PetalBot;+https://webmaster.petalsearch.com/site/petalbot)" "tchealthsources.com"
114.119.136.12 - - [23/Oct/2022:21:44:16 -0700] "GET /clipart/?S=A HTTP/1.1" 200 380 "http://tchealthsources.com/clipart/?M=A" "Mozilla/5.0 (Linux; Android 7.0;) AppleWebKit/537.36 (KHTML, like Gecko) Mobile Safari/537.36 (compatible; PetalBot;+https://webmaster.petalsearch.com/site/petalbot)" "tchealthsources.com"
114.119.134.224 - - [23/Oct/2022:21:50:07 -0700] "GET /TC%20Health%20Sources/clipart/buttons/themes/gray?S=A HTTP/1.1" 301 1445 "https://tchealthsources.com/TC%20Health%20Sources/clipart/buttons/themes/gray?M=A" "Mozilla/5.0 (Linux; Android 7.0;) AppleWebKit/537.36 (KHTML, like Gecko) Mobile Safari/537.36 (compatible; PetalBot;+https://webmaster.petalsearch.com/site/petalbot)" "tchealthsources.com"
114.119.134.224 - - [23/Oct/2022:21:50:08 -0700] "GET /TC%20Health%20Sources/clipart/buttons/themes/gray/?S=A HTTP/1.1" 200 435 "https://tchealthsources.com/TC%20Health%20Sources/clipart/buttons/themes/gray?M=A" "Mozilla/5.0 (Linux; Android 7.0;) AppleWebKit/537.36 (KHTML, like Gecko) Mobile Safari/537.36 (compatible; PetalBot;+https://webmaster.petalsearch.com/site/petalbot)" "tchealthsources.com"
114.119.136.13 - - [23/Oct/2022:21:55:52 -0700] "GET /TC%20Health%20Sources/sitebuilder/scripts?S=D HTTP/1.1" 301 1439 "https://tchealthsources.com/TC%20Health%20Sources/sitebuilder/scripts?S=A" "Mozilla/5.0 (Linux; Android 7.0;) AppleWebKit/537.36 (KHTML, like Gecko) Mobile Safari/537.36 (compatible; PetalBot;+https://webmaster.petalsearch.com/site/petalbot)" "tchealthsources.com"
114.119.136.13 - - [23/Oct/2022:21:55:52 -0700] "GET /TC%20Health%20Sources/sitebuilder/scripts/?S=D HTTP/1.1" 200 399 "https://tchealthsources.com/TC%20Health%20Sources/sitebuilder/scripts?S=A" "Mozilla/5.0 (Linux; Android 7.0;) AppleWebKit/537.36 (KHTML, like Gecko) Mobile Safari/537.36 (compatible; PetalBot;+https://webmaster.petalsearch.com/site/petalbot)" "tchealthsources.com"
114.119.134.224 - - [23/Oct/2022:22:01:43 -0700] "GET /clipart/buttons/themes/jelly?C=M%3BO%3DA HTTP/1.1" 301 1437 "http://tchealthsources.com/clipart/buttons/themes/jelly?S=D" "Mozilla/5.0 (Linux; Android 7.0;) AppleWebKit/537.36 (KHTML, like Gecko) Mobile Safari/537.36 (compatible; PetalBot;+https://webmaster.petalsearch.com/site/petalbot)" "tchealthsources.com"
114.119.134.224 - - [23/Oct/2022:22:01:43 -0700] "GET /clipart/buttons/themes/jelly/?C=M%3BO%3DA HTTP/1.1" 200 416 "http://tchealthsources.com/clipart/buttons/themes/jelly?S=D" "Mozilla/5.0 (Linux; Android 7.0;) AppleWebKit/537.36 (KHTML, like Gecko) Mobile Safari/537.36 (compatible; PetalBot;+https://webmaster.petalsearch.com/site/petalbot)" "tchealthsources.com"
114.119.136.12 - - [23/Oct/2022:22:07:33 -0700] "GET /clipart/buttons/themes?D=A HTTP/1.1" 301 1424 "http://tchealthsources.com/clipart/buttons/themes" "Mozilla/5.0 (Linux; Android 7.0;) AppleWebKit/537.36 (KHTML, like Gecko) Mobile Safari/537.36 (compatible; PetalBot;+https://webmaster.petalsearch.com/site/petalbot)" "tchealthsources.com"
114.119.136.12 - - [23/Oct/2022:22:07:33 -0700] "GET /clipart/buttons/themes/?D=A HTTP/1.1" 200 511 "http://tchealthsources.com/clipart/buttons/themes" "Mozilla/5.0 (Linux; Android 7.0;) AppleWebKit/537.36 (KHTML, like Gecko) Mobile Safari/537.36 (compatible; PetalBot;+https://webmaster.petalsearch.com/site/petalbot)" "tchealthsources.com"
114.119.136.113 - - [23/Oct/2022:22:13:26 -0700] "GET /TC%20Health%20Sources/yahoo_site_admin/credentials/?C=N%3BO%3DD HTTP/1.1" 200 399 "https://tchealthsources.com/TC%20Health%20Sources/yahoo_site_admin/credentials" "Mozilla/5.0 (Linux; Android 7.0;) AppleWebKit/537.36 (KHTML, like Gecko) Mobile Safari/537.36 (compatible; PetalBot;+https://webmaster.petalsearch.com/site/petalbot)" "tchealthsources.com"
42.236.10.73 - - [23/Oct/2022:22:15:40 -0700] "GET / HTTP/1.1" 200 493 "http://tchealthsources.com/" "Mozilla/5.0 (Windows NT 6.1; WOW64) AppleWebKit/537.36 (KHTML, like Gecko) Chrome/50.0.2661.102 Safari/537.36; 360Spider" "tchealthsources.com"
114.119.134.224 - - [23/Oct/2022:22:19:15 -0700] "GET /TC%20Health%20Sources/logs/access_160303.log HTTP/1.1" 200 943 "https://tchealthsources.com/TC%20Health%20Sources/logs?N=D" "Mozilla/5.0 (Linux; Android 7.0;) AppleWebKit/537.36 (KHTML, like Gecko) Mobile Safari/537.36 (compatible; PetalBot;+https://webmaster.petalsearch.com/site/petalbot)" "tchealthsources.com"
114.119.136.109 - - [23/Oct/2022:22:25:02 -0700] "GET /clipart/buttons/themes/swoosh_blue/?C=M%3BO%3DA HTTP/1.1" 200 419 "http://tchealthsources.com/clipart/buttons/themes/swoosh_blue?N=A" "Mozilla/5.0 (Linux; Android 7.0;) AppleWebKit/537.36 (KHTML, like Gecko) Mobile Safari/537.36 (compatible; PetalBot;+https://webmaster.petalsearch.com/site/petalbot)" "tchealthsources.com"
51.222.253.20 - - [23/Oct/2022:22:26:43 -0700] "GET /TC%20Health%20Sources/sitebuilder/?C=D;O=D HTTP/1.1" 200 448 "-" "Mozilla/5.0 (compatible; AhrefsBot/7.0; +http://ahrefs.com/robot/)" "tchealthsources.com"
51.222.253.6 - - [23/Oct/2022:22:27:56 -0700] "GET /?C=M;O=A HTTP/1.1" 200 494 "-" "Mozilla/5.0 (compatible; AhrefsBot/7.0; +http://ahrefs.com/robot/)" "tchealthsources.com"
51.222.253.10 - - [23/Oct/2022:22:28:09 -0700] "GET /clipart/buttons/themes/designer3/?C=M;O=D HTTP/1.1" 200 417 "-" "Mozilla/5.0 (compatible; AhrefsBot/7.0; +http://ahrefs.com/robot/)" "tchealthsources.com"
51.222.253.1 - - [23/Oct/2022:22:28:19 -0700] "GET /TC%20Health%20Sources/clipart/buttons/?C=M;O=D HTTP/1.1" 200 381 "-" "Mozilla/5.0 (compatible; AhrefsBot/7.0; +http://ahrefs.com/robot/)" "tchealthsources.com"
51.222.253.11 - - [23/Oct/2022:22:28:23 -0700] "GET /?C=S;O=A HTTP/1.1" 200 495 "-" "Mozilla/5.0 (compatible; AhrefsBot/7.0; +http://ahrefs.com/robot/)" "www.tchealthsources.com"
51.222.253.12 - - [23/Oct/2022:22:28:31 -0700] "GET /clipart/buttons/themes/designer1/?C=S;O=D HTTP/1.1" 200 421 "-" "Mozilla/5.0 (compatible; AhrefsBot/7.0; +http://ahrefs.com/robot/)" "www.tchealthsources.com"
51.222.253.9 - - [23/Oct/2022:22:28:47 -0700] "GET /clipart/buttons/themes/gray/?C=S;O=D HTTP/1.1" 200 404 "-" "Mozilla/5.0 (compatible; AhrefsBot/7.0; +http://ahrefs.com/robot/)" "www.tchealthsources.com"
51.222.253.8 - - [23/Oct/2022:22:28:56 -0700] "GET /clipart/buttons/themes/gray/?C=M;O=D HTTP/1.1" 200 405 "-" "Mozilla/5.0 (compatible; AhrefsBot/7.0; +http://ahrefs.com/robot/)" "www.tchealthsources.com"
51.222.253.7 - - [23/Oct/2022:22:29:09 -0700] "GET /clipart/images/?C=M;O=D HTTP/1.1" 200 357 "-" "Mozilla/5.0 (compatible; AhrefsBot/7.0; +http://ahrefs.com/robot/)" "tchealthsources.com"
51.222.253.19 - - [23/Oct/2022:22:29:40 -0700] "GET /Index.html HTTP/1.1" 200 450 "-" "Mozilla/5.0 (compatible; AhrefsBot/7.0; +http://ahrefs.com/robot/)" "tchealthsources.com"
114.119.136.128 - - [23/Oct/2022:22:30:54 -0700] "GET /TC%20Health%20Sources/clipart/buttons/themes/designer1?S=D HTTP/1.1" 301 1447 "https://tchealthsources.com/TC%20Health%20Sources/clipart/buttons/themes/designer1?S=A" "Mozilla/5.0 (Linux; Android 7.0;) AppleWebKit/537.36 (KHTML, like Gecko) Mobile Safari/537.36 (compatible; PetalBot;+https://webmaster.petalsearch.com/site/petalbot)" "tchealthsources.com"
114.119.136.128 - - [23/Oct/2022:22:30:56 -0700] "GET /TC%20Health%20Sources/clipart/buttons/themes/designer1/?S=D HTTP/1.1" 200 446 "https://tchealthsources.com/TC%20Health%20Sources/clipart/buttons/themes/designer1?S=A" "Mozilla/5.0 (Linux; Android 7.0;) AppleWebKit/537.36 (KHTML, like Gecko) Mobile Safari/537.36 (compatible; PetalBot;+https://webmaster.petalsearch.com/site/petalbot)" "tchealthsources.com"
114.119.136.113 - - [23/Oct/2022:22:36:45 -0700] "GET /clipart/buttons/themes/view-screen?M=A HTTP/1.1" 301 1434 "http://tchealthsources.com/clipart/buttons/themes/view-screen" "Mozilla/5.0 (Linux; Android 7.0;) AppleWebKit/537.36 (KHTML, like Gecko) Mobile Safari/537.36 (compatible; PetalBot;+https://webmaster.petalsearch.com/site/petalbot)" "tchealthsources.com"
114.119.136.113 - - [23/Oct/2022:22:36:45 -0700] "GET /clipart/buttons/themes/view-screen/?M=A HTTP/1.1" 200 433 "http://tchealthsources.com/clipart/buttons/themes/view-screen" "Mozilla/5.0 (Linux; Android 7.0;) AppleWebKit/537.36 (KHTML, like Gecko) Mobile Safari/537.36 (compatible; PetalBot;+https://webmaster.petalsearch.com/site/petalbot)" "tchealthsources.com"
114.119.136.12 - - [23/Oct/2022:22:42:31 -0700] "GET /clipart/images?D=D HTTP/1.1" 301 1418 "http://tchealthsources.com/clipart/images?D=A" "Mozilla/5.0 (Linux; Android 7.0;) AppleWebKit/537.36 (KHTML, like Gecko) Mobile Safari/537.36 (compatible; PetalBot;+https://webmaster.petalsearch.com/site/petalbot)" "tchealthsources.com"
114.119.136.12 - - [23/Oct/2022:22:42:32 -0700] "GET /clipart/images/?D=D HTTP/1.1" 200 359 "http://tchealthsources.com/clipart/images?D=A" "Mozilla/5.0 (Linux; Android 7.0;) AppleWebKit/537.36 (KHTML, like Gecko) Mobile Safari/537.36 (compatible; PetalBot;+https://webmaster.petalsearch.com/site/petalbot)" "tchealthsources.com"
114.119.136.12 - - [23/Oct/2022:22:48:17 -0700] "GET /TC%20Health%20Sources/yahoo_site_admin/cache?N=A HTTP/1.1" 301 1441 "https://tchealthsources.com/TC%20Health%20Sources/yahoo_site_admin/cache?S=A" "Mozilla/5.0 (Linux; Android 7.0;) AppleWebKit/537.36 (KHTML, like Gecko) Mobile Safari/537.36 (compatible; PetalBot;+https://webmaster.petalsearch.com/site/petalbot)" "tchealthsources.com"
114.119.136.12 - - [23/Oct/2022:22:48:18 -0700] "GET /TC%20Health%20Sources/yahoo_site_admin/cache/?N=A HTTP/1.1" 200 350 "https://tchealthsources.com/TC%20Health%20Sources/yahoo_site_admin/cache?S=A" "Mozilla/5.0 (Linux; Android 7.0;) AppleWebKit/537.36 (KHTML, like Gecko) Mobile Safari/537.36 (compatible; PetalBot;+https://webmaster.petalsearch.com/site/petalbot)" "tchealthsources.com"
114.119.136.13 - - [23/Oct/2022:22:54:08 -0700] "GET /TC%20Health%20Sources/navigation_bars?C=M%3BO%3DA HTTP/1.1" 301 1446 "https://tchealthsources.com/TC%20Health%20Sources/navigation_bars?S=A" "Mozilla/5.0 (Linux; Android 7.0;) AppleWebKit/537.36 (KHTML, like Gecko) Mobile Safari/537.36 (compatible; PetalBot;+https://webmaster.petalsearch.com/site/petalbot)" "tchealthsources.com"
114.119.136.13 - - [23/Oct/2022:22:54:14 -0700] "GET /TC%20Health%20Sources/navigation_bars/?C=M%3BO%3DA HTTP/1.1" 200 415 "https://tchealthsources.com/TC%20Health%20Sources/navigation_bars?S=A" "Mozilla/5.0 (Linux; Android 7.0;) AppleWebKit/537.36 (KHTML, like Gecko) Mobile Safari/537.36 (compatible; PetalBot;+https://webmaster.petalsearch.com/site/petalbot)" "tchealthsources.com"
114.119.136.113 - - [23/Oct/2022:23:00:01 -0700] "GET /Web%20DOWNLOAD%20images?S=A HTTP/1.1" 301 1428 "http://tchealthsources.com/Web%20DOWNLOAD%20images?D=D" "Mozilla/5.0 (Linux; Android 7.0;) AppleWebKit/537.36 (KHTML, like Gecko) Mobile Safari/537.36 (compatible; PetalBot;+https://webmaster.petalsearch.com/site/petalbot)" "tchealthsources.com"
114.119.136.113 - - [23/Oct/2022:23:00:01 -0700] "GET /Web%20DOWNLOAD%20images/?S=A HTTP/1.1" 200 442 "http://tchealthsources.com/Web%20DOWNLOAD%20images?D=D" "Mozilla/5.0 (Linux; Android 7.0;) AppleWebKit/537.36 (KHTML, like Gecko) Mobile Safari/537.36 (compatible; PetalBot;+https://webmaster.petalsearch.com/site/petalbot)" "tchealthsources.com"
51.222.253.12 - - [23/Oct/2022:23:03:15 -0700] "GET /clipart/buttons/themes/jelly/?C=D;O=D HTTP/1.1" 200 412 "-" "Mozilla/5.0 (compatible; AhrefsBot/7.0; +http://ahrefs.com/robot/)" "www.tchealthsources.com"
114.119.136.12 - - [23/Oct/2022:23:05:51 -0700] "GET /TC%20Health%20Sources/tmp?S=D HTTP/1.1" 301 1429 "https://tchealthsources.com/TC%20Health%20Sources/tmp?S=A" "Mozilla/5.0 (Linux; Android 7.0;) AppleWebKit/537.36 (KHTML, like Gecko) Mobile Safari/537.36 (compatible; PetalBot;+https://webmaster.petalsearch.com/site/petalbot)" "tchealthsources.com"
114.119.136.12 - - [23/Oct/2022:23:05:52 -0700] "GET /TC%20Health%20Sources/tmp/?S=D HTTP/1.1" 200 386 "https://tchealthsources.com/TC%20Health%20Sources/tmp?S=A" "Mozilla/5.0 (Linux; Android 7.0;) AppleWebKit/537.36 (KHTML, like Gecko) Mobile Safari/537.36 (compatible; PetalBot;+https://webmaster.petalsearch.com/site/petalbot)" "tchealthsources.com"
54.188.215.83 - - [23/Oct/2022:23:13:43 -0700] "GET / HTTP/1.1" 200 493 "-" "Mozilla/5.0 (X11; Linux x86_64) AppleWebKit/537.36 (KHTML, like Gecko) Chrome/83.0.4103.97 Safari/537.36" "tchealthsources.com"
35.88.235.178 - - [23/Oct/2022:23:13:46 -0700] "GET / HTTP/1.1" 200 493 "-" "Mozilla/5.0 (X11; Linux x86_64) AppleWebKit/537.36 (KHTML, like Gecko) Chrome/83.0.4103.97 Safari/537.36" "tchealthsources.com"
34.210.232.61 - - [23/Oct/2022:23:14:08 -0700] "GET /favicon.ico HTTP/1.1" 404 88 "-" "Mozilla/5.0 (X11; Linux x86_64) AppleWebKit/537.36 (KHTML, like Gecko) Chrome/83.0.4103.97 Safari/537.36" "tchealthsources.com"
34.210.232.61 - - [23/Oct/2022:23:14:09 -0700] "GET / HTTP/1.1" 200 493 "-" "Mozilla/5.0 (X11; Linux x86_64) AppleWebKit/537.36 (KHTML, like Gecko) Chrome/83.0.4103.97 Safari/537.36" "tchealthsources.com"
54.148.3.156 - - [23/Oct/2022:23:14:11 -0700] "GET / HTTP/1.1" 200 493 "-" "Mozilla/5.0 (X11; Linux x86_64) AppleWebKit/537.36 (KHTML, like Gecko) Chrome/83.0.4103.97 Safari/537.36" "tchealthsources.com"
216.244.66.246 - - [24/Oct/2022:01:24:26 -0700] "GET /robots.txt HTTP/1.1" 404 73 "-" "Mozilla/5.0 (compatible; DotBot/1.2; +https://opensiteexplorer.org/dotbot; help@moz.com)" "tchealthsources.com"
114.119.136.128 - - [24/Oct/2022:01:40:41 -0700] "GET /TC%20Health%20Sources/yahoo_site_admin/credentials?C=D%3BO%3DA HTTP/1.1" 301 1453 "https://tchealthsources.com/TC%20Health%20Sources/yahoo_site_admin/credentials" "Mozilla/5.0 (Linux; Android 7.0;) AppleWebKit/537.36 (KHTML, like Gecko) Mobile Safari/537.36 (compatible; PetalBot;+https://webmaster.petalsearch.com/site/petalbot)" "tchealthsources.com"
114.119.136.128 - - [24/Oct/2022:01:40:43 -0700] "GET /TC%20Health%20Sources/yahoo_site_admin/credentials/?C=D%3BO%3DA HTTP/1.1" 200 399 "https://tchealthsources.com/TC%20Health%20Sources/yahoo_site_admin/credentials" "Mozilla/5.0 (Linux; Android 7.0;) AppleWebKit/537.36 (KHTML, like Gecko) Mobile Safari/537.36 (compatible; PetalBot;+https://webmaster.petalsearch.com/site/petalbot)" "tchealthsources.com"
51.222.253.13 - - [24/Oct/2022:01:50:47 -0700] "GET /clipart/buttons/themes/jelly/?C=M;O=D HTTP/1.1" 200 415 "-" "Mozilla/5.0 (compatible; AhrefsBot/7.0; +http://ahrefs.com/robot/)" "www.tchealthsources.com"
114.119.136.13 - - [24/Oct/2022:02:00:03 -0700] "GET /TC%20Health%20Sources/yahoo_site_admin?M=D HTTP/1.1" 301 1437 "https://tchealthsources.com/TC%20Health%20Sources/yahoo_site_admin?M=A" "Mozilla/5.0 (Linux; Android 7.0;) AppleWebKit/537.36 (KHTML, like Gecko) Mobile Safari/537.36 (compatible; PetalBot;+https://webmaster.petalsearch.com/site/petalbot)" "tchealthsources.com"
114.119.136.13 - - [24/Oct/2022:02:00:05 -0700] "GET /TC%20Health%20Sources/yahoo_site_admin/?M=D HTTP/1.1" 200 429 "https://tchealthsources.com/TC%20Health%20Sources/yahoo_site_admin?M=A" "Mozilla/5.0 (Linux; Android 7.0;) AppleWebKit/537.36 (KHTML, like Gecko) Mobile Safari/537.36 (compatible; PetalBot;+https://webmaster.petalsearch.com/site/petalbot)" "tchealthsources.com"
114.119.136.128 - - [24/Oct/2022:02:10:22 -0700] "GET /TC%20Health%20Sources/yahoo_site_admin/assets?C=S%3BO%3DA HTTP/1.1" 301 1451 "https://tchealthsources.com/TC%20Health%20Sources/yahoo_site_admin/assets?C=D%3BO%3DA" "Mozilla/5.0 (Linux; Android 7.0;) AppleWebKit/537.36 (KHTML, like Gecko) Mobile Safari/537.36 (compatible; PetalBot;+https://webmaster.petalsearch.com/site/petalbot)" "tchealthsources.com"
114.119.136.128 - - [24/Oct/2022:02:10:23 -0700] "GET /TC%20Health%20Sources/yahoo_site_admin/assets/?C=S%3BO%3DA HTTP/1.1" 200 389 "https://tchealthsources.com/TC%20Health%20Sources/yahoo_site_admin/assets?C=D%3BO%3DA" "Mozilla/5.0 (Linux; Android 7.0;) AppleWebKit/537.36 (KHTML, like Gecko) Mobile Safari/537.36 (compatible; PetalBot;+https://webmaster.petalsearch.com/site/petalbot)" "tchealthsources.com"
93.160.22.99 - - [24/Oct/2022:02:14:32 -0700] "GET /TC%20Health%20Sources/yahoo_site_admin/credentials/ HTTP/1.1" 200 399 "https://www.google.com/" "Mozilla/5.0 (Windows NT 10.0; Win64; x64) AppleWebKit/537.36 (KHTML, like Gecko) Chrome/106.0.0.0 Safari/537.36" "tchealthsources.com"
93.160.22.99 - - [24/Oct/2022:02:14:34 -0700] "GET /favicon.ico HTTP/1.1" 404 88 "http://tchealthsources.com/TC%20Health%20Sources/yahoo_site_admin/credentials/" "Mozilla/5.0 (Windows NT 10.0; Win64; x64) AppleWebKit/537.36 (KHTML, like Gecko) Chrome/106.0.0.0 Safari/537.36" "tchealthsources.com"
93.160.22.99 - - [24/Oct/2022:02:14:36 -0700] "GET /TC%20Health%20Sources/yahoo_site_admin/credentials/db.conf HTTP/1.1" 200 187 "http://tchealthsources.com/TC%20Health%20Sources/yahoo_site_admin/credentials/" "Mozilla/5.0 (Windows NT 10.0; Win64; x64) AppleWebKit/537.36 (KHTML, like Gecko) Chrome/106.0.0.0 Safari/537.36" "tchealthsources.com"
216.244.66.246 - - [24/Oct/2022:02:16:40 -0700] "GET /robots.txt HTTP/1.1" 404 73 "-" "Mozilla/5.0 (compatible; DotBot/1.2; +https://opensiteexplorer.org/dotbot; help@moz.com)" "tchealthsources.com"
114.119.136.109 - - [24/Oct/2022:02:34:56 -0700] "GET /TC%20Health%20Sources/clipart/images/general HTTP/1.1" 301 1437 "https://tchealthsources.com/TC%20Health%20Sources/clipart/images" "Mozilla/5.0 (Linux; Android 7.0;) AppleWebKit/537.36 (KHTML, like Gecko) Mobile Safari/537.36 (compatible; PetalBot;+https://webmaster.petalsearch.com/site/petalbot)" "tchealthsources.com"
114.119.136.109 - - [24/Oct/2022:02:34:57 -0700] "GET /TC%20Health%20Sources/clipart/images/general/ HTTP/1.1" 200 403 "https://tchealthsources.com/TC%20Health%20Sources/clipart/images" "Mozilla/5.0 (Linux; Android 7.0;) AppleWebKit/537.36 (KHTML, like Gecko) Mobile Safari/537.36 (compatible; PetalBot;+https://webmaster.petalsearch.com/site/petalbot)" "tchealthsources.com"
51.222.253.16 - - [24/Oct/2022:02:42:59 -0700] "GET /Index.html HTTP/1.1" 200 450 "-" "Mozilla/5.0 (compatible; AhrefsBot/7.0; +http://ahrefs.com/robot/)" "www.tchealthsources.com"
51.222.253.19 - - [24/Oct/2022:02:44:25 -0700] "GET /TC%20Health%20Sources/ HTTP/1.1" 200 564 "-" "Mozilla/5.0 (compatible; AhrefsBot/7.0; +http://ahrefs.com/robot/)" "tchealthsources.com"
114.119.136.128 - - [24/Oct/2022:02:47:03 -0700] "GET /clipart/buttons/themes/simple/?C=N%3BO%3DD HTTP/1.1" 200 417 "http://tchealthsources.com/clipart/buttons/themes/simple?N=A" "Mozilla/5.0 (Linux; Android 7.0;) AppleWebKit/537.36 (KHTML, like Gecko) Mobile Safari/537.36 (compatible; PetalBot;+https://webmaster.petalsearch.com/site/petalbot)" "tchealthsources.com"
114.119.136.113 - - [24/Oct/2022:02:53:01 -0700] "GET /TC%20Health%20Sources/includes/ice?S=A HTTP/1.1" 301 1433 "https://tchealthsources.com/TC%20Health%20Sources/includes/ice?S=D" "Mozilla/5.0 (Linux; Android 7.0;) AppleWebKit/537.36 (KHTML, like Gecko) Mobile Safari/537.36 (compatible; PetalBot;+https://webmaster.petalsearch.com/site/petalbot)" "tchealthsources.com"
114.119.136.113 - - [24/Oct/2022:02:53:02 -0700] "GET /TC%20Health%20Sources/includes/ice/?S=A HTTP/1.1" 200 439 "https://tchealthsources.com/TC%20Health%20Sources/includes/ice?S=D" "Mozilla/5.0 (Linux; Android 7.0;) AppleWebKit/537.36 (KHTML, like Gecko) Mobile Safari/537.36 (compatible; PetalBot;+https://webmaster.petalsearch.com/site/petalbot)" "tchealthsources.com"
114.119.136.113 - - [24/Oct/2022:03:00:10 -0700] "GET /TC%20Health%20Sources/media?N=D HTTP/1.1" 301 1430 "https://tchealthsources.com/TC%20Health%20Sources/media" "Mozilla/5.0 (Linux; Android 7.0;) AppleWebKit/537.36 (KHTML, like Gecko) Mobile Safari/537.36 (compatible; PetalBot;+https://webmaster.petalsearch.com/site/petalbot)" "tchealthsources.com"
114.119.136.113 - - [24/Oct/2022:03:00:11 -0700] "GET /TC%20Health%20Sources/media/?N=D HTTP/1.1" 200 409 "https://tchealthsources.com/TC%20Health%20Sources/media" "Mozilla/5.0 (Linux; Android 7.0;) AppleWebKit/537.36 (KHTML, like Gecko) Mobile Safari/537.36 (compatible; PetalBot;+https://webmaster.petalsearch.com/site/petalbot)" "tchealthsources.com"
114.119.136.109 - - [24/Oct/2022:03:05:59 -0700] "GET /TC%20Health%20Sources/includes/ice?D=D HTTP/1.1" 301 1433 "https://tchealthsources.com/TC%20Health%20Sources/includes/ice?D=A" "Mozilla/5.0 (Linux; Android 7.0;) AppleWebKit/537.36 (KHTML, like Gecko) Mobile Safari/537.36 (compatible; PetalBot;+https://webmaster.petalsearch.com/site/petalbot)" "tchealthsources.com"
114.119.136.109 - - [24/Oct/2022:03:06:00 -0700] "GET /TC%20Health%20Sources/includes/ice/?D=D HTTP/1.1" 200 439 "https://tchealthsources.com/TC%20Health%20Sources/includes/ice?D=A" "Mozilla/5.0 (Linux; Android 7.0;) AppleWebKit/537.36 (KHTML, like Gecko) Mobile Safari/537.36 (compatible; PetalBot;+https://webmaster.petalsearch.com/site/petalbot)" "tchealthsources.com"
216.244.66.246 - - [24/Oct/2022:03:07:04 -0700] "GET /robots.txt HTTP/1.1" 404 73 "-" "Mozilla/5.0 (compatible; DotBot/1.2; +https://opensiteexplorer.org/dotbot; help@moz.com)" "tchealthsources.com"
114.119.136.128 - - [24/Oct/2022:03:11:52 -0700] "GET /TC%20Health%20Sources/files?M=A HTTP/1.1" 301 1429 "https://tchealthsources.com/TC%20Health%20Sources/files?M=D" "Mozilla/5.0 (Linux; Android 7.0;) AppleWebKit/537.36 (KHTML, like Gecko) Mobile Safari/537.36 (compatible; PetalBot;+https://webmaster.petalsearch.com/site/petalbot)" "tchealthsources.com"
114.119.136.128 - - [24/Oct/2022:03:11:52 -0700] "GET /TC%20Health%20Sources/files/?M=A HTTP/1.1" 200 441 "https://tchealthsources.com/TC%20Health%20Sources/files?M=D" "Mozilla/5.0 (Linux; Android 7.0;) AppleWebKit/537.36 (KHTML, like Gecko) Mobile Safari/537.36 (compatible; PetalBot;+https://webmaster.petalsearch.com/site/petalbot)" "tchealthsources.com"
87.250.224.144 - - [24/Oct/2022:03:12:44 -0700] "GET /robots.txt HTTP/1.1" 404 73 "-" "Mozilla/5.0 (compatible; YandexBot/3.0; +http://yandex.com/bots)" "tchealthsources.com"
87.250.224.32 - - [24/Oct/2022:03:12:48 -0700] "GET /TC%20Health%20Sources/logs/access_160315.log HTTP/1.1" 200 1891 "-" "Mozilla/5.0 (compatible; YandexBot/3.0; +http://yandex.com/bots)" "tchealthsources.com"
114.119.136.109 - - [24/Oct/2022:03:17:53 -0700] "GET /TC%20Health%20Sources/media?S=D HTTP/1.1" 301 1429 "https://tchealthsources.com/TC%20Health%20Sources/media?S=A" "Mozilla/5.0 (Linux; Android 7.0;) AppleWebKit/537.36 (KHTML, like Gecko) Mobile Safari/537.36 (compatible; PetalBot;+https://webmaster.petalsearch.com/site/petalbot)" "tchealthsources.com"
114.119.136.109 - - [24/Oct/2022:03:17:55 -0700] "GET /TC%20Health%20Sources/media/?S=D HTTP/1.1" 200 409 "https://tchealthsources.com/TC%20Health%20Sources/media?S=A" "Mozilla/5.0 (Linux; Android 7.0;) AppleWebKit/537.36 (KHTML, like Gecko) Mobile Safari/537.36 (compatible; PetalBot;+https://webmaster.petalsearch.com/site/petalbot)" "tchealthsources.com"
109.239.58.107 - - [24/Oct/2022:03:23:25 -0700] "GET / HTTP/1.1" 200 493 "-" "Mozilla/5.0 (Windows NT 10.0; Win64; x64) AppleWebKit/537.36 (KHTML, like Gecko) Chrome/91.0.4472.114 Safari/537.36 Edg/91.0.864.54" "tchealthsources.com"
114.119.136.109 - - [24/Oct/2022:03:23:42 -0700] "GET /Web%20DOWNLOAD%20images/?C=S%3BO%3DA HTTP/1.1" 200 442 "http://tchealthsources.com/Web%20DOWNLOAD%20images/?C=M%3BO%3DA" "Mozilla/5.0 (Linux; Android 7.0;) AppleWebKit/537.36 (KHTML, like Gecko) Mobile Safari/537.36 (compatible; PetalBot;+https://webmaster.petalsearch.com/site/petalbot)" "tchealthsources.com"
114.119.136.12 - - [24/Oct/2022:03:29:33 -0700] "GET /TC%20Health%20Sources/tmp HTTP/1.1" 301 1424 "https://tchealthsources.com/TC%20Health%20Sources?M=A" "Mozilla/5.0 (Linux; Android 7.0;) AppleWebKit/537.36 (KHTML, like Gecko) Mobile Safari/537.36 (compatible; PetalBot;+https://webmaster.petalsearch.com/site/petalbot)" "tchealthsources.com"
114.119.136.12 - - [24/Oct/2022:03:29:34 -0700] "GET /TC%20Health%20Sources/tmp/ HTTP/1.1" 200 386 "https://tchealthsources.com/TC%20Health%20Sources?M=A" "Mozilla/5.0 (Linux; Android 7.0;) AppleWebKit/537.36 (KHTML, like Gecko) Mobile Safari/537.36 (compatible; PetalBot;+https://webmaster.petalsearch.com/site/petalbot)" "tchealthsources.com"
114.119.136.113 - - [24/Oct/2022:03:35:28 -0700] "GET /clipart/buttons/themes/?C=S%3BO%3DA HTTP/1.1" 200 511 "http://tchealthsources.com/clipart/buttons/themes/?C=M%3BO%3DA" "Mozilla/5.0 (Linux; Android 7.0;) AppleWebKit/537.36 (KHTML, like Gecko) Mobile Safari/537.36 (compatible; PetalBot;+https://webmaster.petalsearch.com/site/petalbot)" "tchealthsources.com"
51.222.253.19 - - [24/Oct/2022:03:37:47 -0700] "GET / HTTP/1.1" 200 493 "-" "Mozilla/5.0 (compatible; AhrefsBot/7.0; +http://ahrefs.com/robot/)" "tchealthsources.com"
114.119.136.109 - - [24/Oct/2022:03:41:23 -0700] "GET /TC%20Health%20Sources/yahoo_site_admin/cache?C=S%3BO%3DA HTTP/1.1" 301 1449 "https://tchealthsources.com/TC%20Health%20Sources/yahoo_site_admin/cache?M=D" "Mozilla/5.0 (Linux; Android 7.0;) AppleWebKit/537.36 (KHTML, like Gecko) Mobile Safari/537.36 (compatible; PetalBot;+https://webmaster.petalsearch.com/site/petalbot)" "tchealthsources.com"
114.119.136.109 - - [24/Oct/2022:03:41:25 -0700] "GET /TC%20Health%20Sources/yahoo_site_admin/cache/?C=S%3BO%3DA HTTP/1.1" 200 350 "https://tchealthsources.com/TC%20Health%20Sources/yahoo_site_admin/cache?M=D" "Mozilla/5.0 (Linux; Android 7.0;) AppleWebKit/537.36 (KHTML, like Gecko) Mobile Safari/537.36 (compatible; PetalBot;+https://webmaster.petalsearch.com/site/petalbot)" "tchealthsources.com"
64.124.8.50 - - [24/Oct/2022:03:46:10 -0700] "GET /robots.txt HTTP/1.1" 404 88 "-" "Mozilla/5.0 (X11; Linux x86_64) AppleWebKit/537.36 (KHTML, like Gecko) Chrome/61.0.3163.79 Safari/537.36" "tchealthsources.com"
64.124.8.50 - - [24/Oct/2022:03:46:10 -0700] "GET /TC%20Health%20Sources/clipart/buttons/themes/ HTTP/1.1" 200 479 "-" "Mozilla/5.0 (X11; Linux x86_64) AppleWebKit/537.36 (KHTML, like Gecko) Chrome/61.0.3163.79 Safari/537.36" "tchealthsources.com"
114.119.136.128 - - [24/Oct/2022:03:47:10 -0700] "GET /TC%20Health%20Sources/logs/access_160314.log HTTP/1.1" 200 1839 "https://tchealthsources.com/TC%20Health%20Sources/logs?N=D" "Mozilla/5.0 (Linux; Android 7.0;) AppleWebKit/537.36 (KHTML, like Gecko) Mobile Safari/537.36 (compatible; PetalBot;+https://webmaster.petalsearch.com/site/petalbot)" "tchealthsources.com"
114.119.136.128 - - [24/Oct/2022:03:52:56 -0700] "GET /TC%20Health%20Sources/navigation_bars/navbar.nav HTTP/1.1" 200 8974 "-" "Mozilla/5.0 (Linux; Android 7.0;) AppleWebKit/537.36 (KHTML, like Gecko) Mobile Safari/537.36 (compatible; PetalBot;+https://webmaster.petalsearch.com/site/petalbot)" "tchealthsources.com"
114.119.136.134 - - [24/Oct/2022:03:58:43 -0700] "GET /TC%20Health%20Sources/clipart/buttons/themes/gray/?C=M%3BO%3DA HTTP/1.1" 200 435 "https://tchealthsources.com/TC%20Health%20Sources/clipart/buttons/themes/gray?C=D%3BO%3DA" "Mozilla/5.0 (Linux; Android 7.0;) AppleWebKit/537.36 (KHTML, like Gecko) Mobile Safari/537.36 (compatible; PetalBot;+https://webmaster.petalsearch.com/site/petalbot)" "tchealthsources.com"
114.119.136.12 - - [24/Oct/2022:04:04:37 -0700] "GET /TC%20Health%20Sources/clipart/buttons/themes/designer1 HTTP/1.1" 301 1443 "https://tchealthsources.com/TC%20Health%20Sources/clipart/buttons/themes?N=D" "Mozilla/5.0 (Linux; Android 7.0;) AppleWebKit/537.36 (KHTML, like Gecko) Mobile Safari/537.36 (compatible; PetalBot;+https://webmaster.petalsearch.com/site/petalbot)" "tchealthsources.com"
114.119.136.12 - - [24/Oct/2022:04:04:37 -0700] "GET /TC%20Health%20Sources/clipart/buttons/themes/designer1/ HTTP/1.1" 200 446 "https://tchealthsources.com/TC%20Health%20Sources/clipart/buttons/themes?N=D" "Mozilla/5.0 (Linux; Android 7.0;) AppleWebKit/537.36 (KHTML, like Gecko) Mobile Safari/537.36 (compatible; PetalBot;+https://webmaster.petalsearch.com/site/petalbot)" "tchealthsources.com"
130.185.119.78 - - [24/Oct/2022:04:04:42 -0700] "GET /robots.txt HTTP/1.1" 404 73 "-" "Mozilla/5.0 (compatible; MJ12bot/v1.4.8; http://mj12bot.com/)" "www.tchealthsources.com"
130.185.119.78 - - [24/Oct/2022:04:04:48 -0700] "GET /TC%20Health%20Sources/navigation_bars/index.nav HTTP/1.1" 200 4991 "-" "Mozilla/5.0 (compatible; MJ12bot/v1.4.8; http://mj12bot.com/)" "www.tchealthsources.com"
130.185.119.78 - - [24/Oct/2022:04:04:55 -0700] "GET /TC%20Health%20Sources/navigation_bars/navbar.nav HTTP/1.1" 200 8974 "-" "Mozilla/5.0 (compatible; MJ12bot/v1.4.8; http://mj12bot.com/)" "www.tchealthsources.com"
130.185.119.78 - - [24/Oct/2022:04:05:00 -0700] "GET /TC%20Health%20Sources/sitebuilder/applets/TimeStamp.class HTTP/1.1" 200 6829 "-" "Mozilla/5.0 (compatible; MJ12bot/v1.4.8; http://mj12bot.com/)" "www.tchealthsources.com"
157.55.39.192 - - [24/Oct/2022:04:07:37 -0700] "GET / HTTP/1.1" 200 493 "-" "Mozilla/5.0 AppleWebKit/537.36 (KHTML, like Gecko; compatible; bingbot/2.0; +http://www.bing.com/bingbot.htm) Chrome/103.0.5060.134 Safari/537.36" "www.tchealthsources.com"
114.119.136.128 - - [24/Oct/2022:04:10:26 -0700] "GET /clipart/buttons/themes/jelly?C=S%3BO%3DA HTTP/1.1" 301 1437 "http://tchealthsources.com/clipart/buttons/themes/jelly?S=D" "Mozilla/5.0 (Linux; Android 7.0;) AppleWebKit/537.36 (KHTML, like Gecko) Mobile Safari/537.36 (compatible; PetalBot;+https://webmaster.petalsearch.com/site/petalbot)" "tchealthsources.com"
114.119.136.128 - - [24/Oct/2022:04:10:27 -0700] "GET /clipart/buttons/themes/jelly/?C=S%3BO%3DA HTTP/1.1" 200 416 "http://tchealthsources.com/clipart/buttons/themes/jelly?S=D" "Mozilla/5.0 (Linux; Android 7.0;) AppleWebKit/537.36 (KHTML, like Gecko) Mobile Safari/537.36 (compatible; PetalBot;+https://webmaster.petalsearch.com/site/petalbot)" "tchealthsources.com"
114.119.136.113 - - [24/Oct/2022:04:16:17 -0700] "GET /TC%20Health%20Sources/yahoo_site_admin/credentials/?C=M%3BO%3DA HTTP/1.1" 200 399 "https://tchealthsources.com/TC%20Health%20Sources/yahoo_site_admin/credentials" "Mozilla/5.0 (Linux; Android 7.0;) AppleWebKit/537.36 (KHTML, like Gecko) Mobile Safari/537.36 (compatible; PetalBot;+https://webmaster.petalsearch.com/site/petalbot)" "tchealthsources.com"
114.119.136.13 - - [24/Oct/2022:04:22:11 -0700] "GET /TC%20Health%20Sources/yahoo_site_admin/logs?M=D HTTP/1.1" 301 1440 "https://tchealthsources.com/TC%20Health%20Sources/yahoo_site_admin/logs?M=A" "Mozilla/5.0 (Linux; Android 7.0;) AppleWebKit/537.36 (KHTML, like Gecko) Mobile Safari/537.36 (compatible; PetalBot;+https://webmaster.petalsearch.com/site/petalbot)" "tchealthsources.com"
114.119.136.13 - - [24/Oct/2022:04:22:13 -0700] "GET /TC%20Health%20Sources/yahoo_site_admin/logs/?M=D HTTP/1.1" 200 396 "https://tchealthsources.com/TC%20Health%20Sources/yahoo_site_admin/logs?M=A" "Mozilla/5.0 (Linux; Android 7.0;) AppleWebKit/537.36 (KHTML, like Gecko) Mobile Safari/537.36 (compatible; PetalBot;+https://webmaster.petalsearch.com/site/petalbot)" "tchealthsources.com"
114.119.136.113 - - [24/Oct/2022:04:28:04 -0700] "GET /TC%20Health%20Sources/clipart/buttons/themes/gray?S=D HTTP/1.1" 301 1444 "https://tchealthsources.com/TC%20Health%20Sources/clipart/buttons/themes/gray?S=A" "Mozilla/5.0 (Linux; Android 7.0;) AppleWebKit/537.36 (KHTML, like Gecko) Mobile Safari/537.36 (compatible; PetalBot;+https://webmaster.petalsearch.com/site/petalbot)" "tchealthsources.com"
114.119.136.113 - - [24/Oct/2022:04:28:04 -0700] "GET /TC%20Health%20Sources/clipart/buttons/themes/gray/?S=D HTTP/1.1" 200 435 "https://tchealthsources.com/TC%20Health%20Sources/clipart/buttons/themes/gray?S=A" "Mozilla/5.0 (Linux; Android 7.0;) AppleWebKit/537.36 (KHTML, like Gecko) Mobile Safari/537.36 (compatible; PetalBot;+https://webmaster.petalsearch.com/site/petalbot)" "tchealthsources.com"
114.119.136.113 - - [24/Oct/2022:04:33:46 -0700] "GET /TC%20Health%20Sources/yahoo_site_admin1/assets/images?C=M%3BO%3DA HTTP/1.1" 301 1456 "https://tchealthsources.com/TC%20Health%20Sources/yahoo_site_admin1/assets/images?C=S%3BO%3DA" "Mozilla/5.0 (Linux; Android 7.0;) AppleWebKit/537.36 (KHTML, like Gecko) Mobile Safari/537.36 (compatible; PetalBot;+https://webmaster.petalsearch.com/site/petalbot)" "tchealthsources.com"
114.119.136.113 - - [24/Oct/2022:04:33:46 -0700] "GET /TC%20Health%20Sources/yahoo_site_admin1/assets/images/?C=M%3BO%3DA HTTP/1.1" 200 357 "https://tchealthsources.com/TC%20Health%20Sources/yahoo_site_admin1/assets/images?C=S%3BO%3DA" "Mozilla/5.0 (Linux; Android 7.0;) AppleWebKit/537.36 (KHTML, like Gecko) Mobile Safari/537.36 (compatible; PetalBot;+https://webmaster.petalsearch.com/site/petalbot)" "tchealthsources.com"
114.119.136.134 - - [24/Oct/2022:04:39:32 -0700] "GET /TC%20Health%20Sources/logs/access_160329.log HTTP/1.1" 200 1686 "https://tchealthsources.com/TC%20Health%20Sources/logs?N=D" "Mozilla/5.0 (Linux; Android 7.0;) AppleWebKit/537.36 (KHTML, like Gecko) Mobile Safari/537.36 (compatible; PetalBot;+https://webmaster.petalsearch.com/site/petalbot)" "tchealthsources.com"
114.119.136.113 - - [24/Oct/2022:04:45:17 -0700] "GET /clipart/buttons/themes/ HTTP/1.1" 200 511 "http://tchealthsources.com/clipart/buttons/?C=D%3BO%3DA" "Mozilla/5.0 (Linux; Android 7.0;) AppleWebKit/537.36 (KHTML, like Gecko) Mobile Safari/537.36 (compatible; PetalBot;+https://webmaster.petalsearch.com/site/petalbot)" "tchealthsources.com"
114.119.136.134 - - [24/Oct/2022:04:56:43 -0700] "GET /TC%20Health%20Sources/sitebuilder/applets HTTP/1.1" 301 1434 "https://tchealthsources.com/TC%20Health%20Sources/sitebuilder?M=A" "Mozilla/5.0 (Linux; Android 7.0;) AppleWebKit/537.36 (KHTML, like Gecko) Mobile Safari/537.36 (compatible; PetalBot;+https://webmaster.petalsearch.com/site/petalbot)" "tchealthsources.com"
114.119.136.134 - - [24/Oct/2022:04:56:47 -0700] "GET /TC%20Health%20Sources/sitebuilder/applets/ HTTP/1.1" 200 405 "https://tchealthsources.com/TC%20Health%20Sources/sitebuilder?M=A" "Mozilla/5.0 (Linux; Android 7.0;) AppleWebKit/537.36 (KHTML, like Gecko) Mobile Safari/537.36 (compatible; PetalBot;+https://webmaster.petalsearch.com/site/petalbot)" "tchealthsources.com"
