114.119.136.12 - - [23/Oct/2022:12:34:05 -0700] "GET /TC%20Health%20Sources/clipart/images/general/?M=A HTTP/1.1" 200 403 "https://tchealthsources.com/TC%20Health%20Sources/clipart/images/general?N=A" "Mozilla/5.0 (Linux; Android 7.0;) AppleWebKit/537.36 (KHTML, like Gecko) Mobile Safari/537.36 (compatible; PetalBot;+https://webmaster.petalsearch.com/site/petalbot)" "tchealthsources.com"
114.119.134.224 - - [23/Oct/2022:12:39:40 -0700] "GET /TC%20Health%20Sources/clipart/buttons/themes/simple/?C=N%3BO%3DD HTTP/1.1" 200 440 "https://tchealthsources.com/TC%20Health%20Sources/clipart/buttons/themes/simple?C=M%3BO%3DA" "Mozilla/5.0 (Linux; Android 7.0;) AppleWebKit/537.36 (KHTML, like Gecko) Mobile Safari/537.36 (compatible; PetalBot;+https://webmaster.petalsearch.com/site/petalbot)" "tchealthsources.com"
114.119.136.134 - - [23/Oct/2022:12:45:11 -0700] "GET /navigation_bars?C=M%3BO%3DA HTTP/1.1" 301 1433 "http://tchealthsources.com/navigation_bars?N=A" "Mozilla/5.0 (Linux; Android 7.0;) AppleWebKit/537.36 (KHTML, like Gecko) Mobile Safari/537.36 (compatible; PetalBot;+https://webmaster.petalsearch.com/site/petalbot)" "tchealthsources.com"
114.119.136.134 - - [23/Oct/2022:12:45:11 -0700] "GET /navigation_bars/?C=M%3BO%3DA HTTP/1.1" 200 390 "http://tchealthsources.com/navigation_bars?N=A" "Mozilla/5.0 (Linux; Android 7.0;) AppleWebKit/537.36 (KHTML, like Gecko) Mobile Safari/537.36 (compatible; PetalBot;+https://webmaster.petalsearch.com/site/petalbot)" "tchealthsources.com"
5.255.253.159 - - [23/Oct/2022:12:49:09 -0700] "GET /TC%20Health%20Sources/logs/access_160401.log HTTP/1.1" 200 1294 "-" "Mozilla/5.0 (compatible; YandexBot/3.0; +http://yandex.com/bots)" "tchealthsources.com"
161.35.103.104 - - [23/Oct/2022:12:49:30 -0700] "GET /wp-login.php HTTP/1.1" 404 88 "-" "Mozilla/5.0 (Windows NT 10.0; Win64; x64; rv:96.0) Gecko/20100101 Firefox/96" "tchealthsources.com"
114.119.134.224 - - [23/Oct/2022:12:50:46 -0700] "GET /clipart/buttons/themes/designer3?C=N%3BO%3DD HTTP/1.1" 301 1439 "http://tchealthsources.com/clipart/buttons/themes/designer3?N=A" "Mozilla/5.0 (Linux; Android 7.0;) AppleWebKit/537.36 (KHTML, like Gecko) Mobile Safari/537.36 (compatible; PetalBot;+https://webmaster.petalsearch.com/site/petalbot)" "tchealthsources.com"
114.119.134.224 - - [23/Oct/2022:12:50:47 -0700] "GET /clipart/buttons/themes/designer3/?C=N%3BO%3DD HTTP/1.1" 200 422 "http://tchealthsources.com/clipart/buttons/themes/designer3?N=A" "Mozilla/5.0 (Linux; Android 7.0;) AppleWebKit/537.36 (KHTML, like Gecko) Mobile Safari/537.36 (compatible; PetalBot;+https://webmaster.petalsearch.com/site/petalbot)" "tchealthsources.com"
114.119.134.224 - - [23/Oct/2022:12:56:20 -0700] "GET /TC%20Health%20Sources/yahoo_site_admin1/cache?S=A HTTP/1.1" 301 1441 "https://tchealthsources.com/TC%20Health%20Sources/yahoo_site_admin1/cache" "Mozilla/5.0 (Linux; Android 7.0;) AppleWebKit/537.36 (KHTML, like Gecko) Mobile Safari/537.36 (compatible; PetalBot;+https://webmaster.petalsearch.com/site/petalbot)" "tchealthsources.com"
114.119.134.224 - - [23/Oct/2022:12:56:21 -0700] "GET /TC%20Health%20Sources/yahoo_site_admin1/cache/?S=A HTTP/1.1" 200 351 "https://tchealthsources.com/TC%20Health%20Sources/yahoo_site_admin1/cache" "Mozilla/5.0 (Linux; Android 7.0;) AppleWebKit/537.36 (KHTML, like Gecko) Mobile Safari/537.36 (compatible; PetalBot;+https://webmaster.petalsearch.com/site/petalbot)" "tchealthsources.com"
114.119.136.128 - - [23/Oct/2022:13:01:53 -0700] "GET /TC%20Health%20Sources/yahoo_site_admin/assets?N=A HTTP/1.1" 301 1442 "https://tchealthsources.com/TC%20Health%20Sources/yahoo_site_admin/assets?M=A" "Mozilla/5.0 (Linux; Android 7.0;) AppleWebKit/537.36 (KHTML, like Gecko) Mobile Safari/537.36 (compatible; PetalBot;+https://webmaster.petalsearch.com/site/petalbot)" "tchealthsources.com"
114.119.136.128 - - [23/Oct/2022:13:01:53 -0700] "GET /TC%20Health%20Sources/yahoo_site_admin/assets/?N=A HTTP/1.1" 200 389 "https://tchealthsources.com/TC%20Health%20Sources/yahoo_site_admin/assets?M=A" "Mozilla/5.0 (Linux; Android 7.0;) AppleWebKit/537.36 (KHTML, like Gecko) Mobile Safari/537.36 (compatible; PetalBot;+https://webmaster.petalsearch.com/site/petalbot)" "tchealthsources.com"
114.119.136.109 - - [23/Oct/2022:13:07:23 -0700] "GET /TC%20Health%20Sources/yahoo_site_admin1/?C=N%3BO%3DD HTTP/1.1" 200 418 "https://tchealthsources.com/TC%20Health%20Sources/yahoo_site_admin1/?C=D%3BO%3DA" "Mozilla/5.0 (Linux; Android 7.0;) AppleWebKit/537.36 (KHTML, like Gecko) Mobile Safari/537.36 (compatible; PetalBot;+https://webmaster.petalsearch.com/site/petalbot)" "tchealthsources.com"
114.119.136.13 - - [23/Oct/2022:13:12:57 -0700] "GET /Web%20DOWNLOAD%20images/?C=M%3BO%3DA HTTP/1.1" 200 442 "http://tchealthsources.com/Web%20DOWNLOAD%20images?N=D" "Mozilla/5.0 (Linux; Android 7.0;) AppleWebKit/537.36 (KHTML, like Gecko) Mobile Safari/537.36 (compatible; PetalBot;+https://webmaster.petalsearch.com/site/petalbot)" "tchealthsources.com"
114.119.136.128 - - [23/Oct/2022:13:18:27 -0700] "GET /clipart/buttons/themes/swoosh_blue?C=D%3BO%3DA HTTP/1.1" 301 1445 "http://tchealthsources.com/clipart/buttons/themes/swoosh_blue?M=D" "Mozilla/5.0 (Linux; Android 7.0;) AppleWebKit/537.36 (KHTML, like Gecko) Mobile Safari/537.36 (compatible; PetalBot;+https://webmaster.petalsearch.com/site/petalbot)" "tchealthsources.com"
114.119.136.12 - - [23/Oct/2022:13:24:00 -0700] "GET /clipart/buttons/themes/simple?N=A HTTP/1.1" 301 1430 "http://tchealthsources.com/clipart/buttons/themes/simple?S=A" "Mozilla/5.0 (Linux; Android 7.0;) AppleWebKit/537.36 (KHTML, like Gecko) Mobile Safari/537.36 (compatible; PetalBot;+https://webmaster.petalsearch.com/site/petalbot)" "tchealthsources.com"
114.119.136.12 - - [23/Oct/2022:13:24:00 -0700] "GET /clipart/buttons/themes/simple/?N=A HTTP/1.1" 200 417 "http://tchealthsources.com/clipart/buttons/themes/simple?S=A" "Mozilla/5.0 (Linux; Android 7.0;) AppleWebKit/537.36 (KHTML, like Gecko) Mobile Safari/537.36 (compatible; PetalBot;+https://webmaster.petalsearch.com/site/petalbot)" "tchealthsources.com"
114.119.136.128 - - [23/Oct/2022:13:29:36 -0700] "GET /TC%20Health%20Sources/logs/access_160414.log HTTP/1.1" 200 1474 "https://tchealthsources.com/TC%20Health%20Sources/logs?C=N%3BO%3DD" "Mozilla/5.0 (Linux; Android 7.0;) AppleWebKit/537.36 (KHTML, like Gecko) Mobile Safari/537.36 (compatible; PetalBot;+https://webmaster.petalsearch.com/site/petalbot)" "tchealthsources.com"
114.119.136.128 - - [23/Oct/2022:13:35:14 -0700] "GET /TC%20Health%20Sources/yahoo_site_admin1/credentials/db.conf HTTP/1.1" 200 192 "https://tchealthsources.com/TC%20Health%20Sources/yahoo_site_admin1/credentials/?C=M%3BO%3DA" "Mozilla/5.0 (Linux; Android 7.0;) AppleWebKit/537.36 (KHTML, like Gecko) Mobile Safari/537.36 (compatible; PetalBot;+https://webmaster.petalsearch.com/site/petalbot)" "tchealthsources.com"
208.100.26.244 - - [23/Oct/2022:13:37:30 -0700] "GET / HTTP/1.1" 200 493 "-" "Mozilla/5.0 (Linux; Android 10; ONEPLUS A6003 Build/QKQ1.190716.003; wv) AppleWebKit/537.36 (KHTML, like Gecko) Version/4.0 Chrome/84.0.4147.89 Mobile Safari/537.36" "tchealthsources.com"
208.100.26.244 - - [23/Oct/2022:13:37:30 -0700] "GET / HTTP/1.1" 200 493 "-" "Mozilla/5.0 (Windows NT 10.0; Win64; x64) AppleWebKit/537.36 (KHTML, like Gecko) Chrome/85.0.4164.0 Safari/537.36" "tchealthsources.com"
114.119.136.109 - - [23/Oct/2022:13:40:49 -0700] "GET /navigation_bars/?C=M%3BO%3DA HTTP/1.1" 200 390 "https://tchealthsources.com/navigation_bars/?C=N%3BO%3DD" "Mozilla/5.0 (Linux; Android 7.0;) AppleWebKit/537.36 (KHTML, like Gecko) Mobile Safari/537.36 (compatible; PetalBot;+https://webmaster.petalsearch.com/site/petalbot)" "tchealthsources.com"
114.119.136.109 - - [23/Oct/2022:13:46:28 -0700] "GET /TC%20Health%20Sources/clipart/?C=N%3BO%3DD HTTP/1.1" 200 391 "https://tchealthsources.com/TC%20Health%20Sources/clipart?C=M%3BO%3DA" "Mozilla/5.0 (Linux; Android 7.0;) AppleWebKit/537.36 (KHTML, like Gecko) Mobile Safari/537.36 (compatible; PetalBot;+https://webmaster.petalsearch.com/site/petalbot)" "tchealthsources.com"
51.222.253.1 - - [23/Oct/2022:13:58:16 -0700] "GET /TC%20Health%20Sources/yahoo_site_admin1/assets/images/?C=N;O=D HTTP/1.1" 200 355 "-" "Mozilla/5.0 (compatible; AhrefsBot/7.0; +http://ahrefs.com/robot/)" "tchealthsources.com"
54.188.17.186 - - [23/Oct/2022:14:49:30 -0700] "GET / HTTP/1.1" 200 493 "-" "Mozilla/5.0 (Macintosh; Intel Mac OS X 10_8_3) AppleWebKit/537.31 (KHTML, like Gecko) Chrome/26.0.1410.65 Safari/537.31" "tchealthsources.com"
95.108.213.53 - - [23/Oct/2022:15:29:49 -0700] "GET /TC%20Health%20Sources/logs/access_160412.log HTTP/1.1" 200 2282 "-" "Mozilla/5.0 (compatible; YandexBot/3.0; +http://yandex.com/bots)" "tchealthsources.com"
40.118.69.193 - - [23/Oct/2022:15:44:43 -0700] "GET /wp-content/themes/seotheme/db.php?u HTTP/1.1" 404 88 "-" "Go-http-client/1.1" "tchealthsources.com"
178.62.82.141 - - [23/Oct/2022:16:25:46 -0700] "GET / HTTP/1.1" 200 493 "-" "Mozilla/5.0 (Windows NT 6.0) AppleWebKit/537.36 (KHTML, like Gecko) Chrome/34.0.1847.116 Safari/537.36" "tchealthsources.com"
51.222.253.16 - - [23/Oct/2022:16:38:28 -0700] "GET /robots.txt HTTP/1.1" 404 88 "-" "Mozilla/5.0 (compatible; AhrefsBot/7.0; +http://ahrefs.com/robot/)" "www.tchealthsources.com"
51.222.253.17 - - [23/Oct/2022:16:38:29 -0700] "GET /clipart/buttons/themes/view-screen/?C=D;O=D HTTP/1.1" 200 431 "-" "Mozilla/5.0 (compatible; AhrefsBot/7.0; +http://ahrefs.com/robot/)" "www.tchealthsources.com"
51.222.253.6 - - [23/Oct/2022:16:49:00 -0700] "GET /robots.txt HTTP/1.1" 404 88 "-" "Mozilla/5.0 (compatible; AhrefsBot/7.0; +http://ahrefs.com/robot/)" "tchealthsources.com"
51.222.253.13 - - [23/Oct/2022:16:49:01 -0700] "GET /clipart/buttons/themes/simple/?C=S;O=D HTTP/1.1" 200 413 "-" "Mozilla/5.0 (compatible; AhrefsBot/7.0; +http://ahrefs.com/robot/)" "tchealthsources.com"
51.222.253.10 - - [23/Oct/2022:16:50:46 -0700] "GET /clipart/buttons/themes/view-screen/?C=D;O=D HTTP/1.1" 200 431 "-" "Mozilla/5.0 (compatible; AhrefsBot/7.0; +http://ahrefs.com/robot/)" "tchealthsources.com"
51.222.253.3 - - [23/Oct/2022:16:51:40 -0700] "GET /?C=M;O=A HTTP/1.1" 200 494 "-" "Mozilla/5.0 (compatible; AhrefsBot/7.0; +http://ahrefs.com/robot/)" "tchealthsources.com"
51.222.253.3 - - [23/Oct/2022:16:52:26 -0700] "GET /robots.txt HTTP/1.1" 404 88 "-" "Mozilla/5.0 (compatible; AhrefsBot/7.0; +http://ahrefs.com/robot/)" "www.tchealthsources.com"
51.222.253.15 - - [23/Oct/2022:16:52:27 -0700] "GET /TC%20Health%20Sources/files/?C=N;O=D HTTP/1.1" 200 440 "-" "Mozilla/5.0 (compatible; AhrefsBot/7.0; +http://ahrefs.com/robot/)" "www.tchealthsources.com"
51.222.253.2 - - [23/Oct/2022:16:53:34 -0700] "GET /TC%20Health%20Sources/clipart/buttons/themes/simple/?C=M;O=D HTTP/1.1" 200 438 "-" "Mozilla/5.0 (compatible; AhrefsBot/7.0; +http://ahrefs.com/robot/)" "www.tchealthsources.com"
51.222.253.2 - - [23/Oct/2022:16:56:25 -0700] "GET /clipart/buttons/themes/simple/?C=D;O=D HTTP/1.1" 200 413 "-" "Mozilla/5.0 (compatible; AhrefsBot/7.0; +http://ahrefs.com/robot/)" "tchealthsources.com"
51.222.253.18 - - [23/Oct/2022:16:57:18 -0700] "GET /clipart/buttons/themes/view-screen/?C=M;O=D HTTP/1.1" 200 431 "-" "Mozilla/5.0 (compatible; AhrefsBot/7.0; +http://ahrefs.com/robot/)" "www.tchealthsources.com"
51.222.253.3 - - [23/Oct/2022:16:57:48 -0700] "GET /clipart/buttons/themes/view-screen/?C=S;O=D HTTP/1.1" 200 432 "-" "Mozilla/5.0 (compatible; AhrefsBot/7.0; +http://ahrefs.com/robot/)" "www.tchealthsources.com"
51.222.253.15 - - [23/Oct/2022:16:58:06 -0700] "GET /TC%20Health%20Sources/files/?C=N;O=D HTTP/1.1" 200 440 "-" "Mozilla/5.0 (compatible; AhrefsBot/7.0; +http://ahrefs.com/robot/)" "tchealthsources.com"
51.222.253.18 - - [23/Oct/2022:16:58:40 -0700] "GET /clipart/buttons/themes/view-screen/?C=S;O=D HTTP/1.1" 200 432 "-" "Mozilla/5.0 (compatible; AhrefsBot/7.0; +http://ahrefs.com/robot/)" "tchealthsources.com"
51.222.253.17 - - [23/Oct/2022:16:58:58 -0700] "GET /TC%20Health%20Sources/clipart/buttons/themes/view-screen/?C=S;O=D HTTP/1.1" 200 443 "-" "Mozilla/5.0 (compatible; AhrefsBot/7.0; +http://ahrefs.com/robot/)" "www.tchealthsources.com"
51.222.253.13 - - [23/Oct/2022:16:59:11 -0700] "GET /clipart/buttons/themes/swoosh_blue/?C=M;O=D HTTP/1.1" 200 417 "-" "Mozilla/5.0 (compatible; AhrefsBot/7.0; +http://ahrefs.com/robot/)" "www.tchealthsources.com"
51.222.253.14 - - [23/Oct/2022:16:59:27 -0700] "GET /TC%20Health%20Sources/navigation_bars/?C=D;O=D HTTP/1.1" 200 412 "-" "Mozilla/5.0 (compatible; AhrefsBot/7.0; +http://ahrefs.com/robot/)" "www.tchealthsources.com"
51.222.253.4 - - [23/Oct/2022:16:59:40 -0700] "GET /TC%20Health%20Sources/navigation_bars/?C=N;O=A HTTP/1.1" 200 415 "-" "Mozilla/5.0 (compatible; AhrefsBot/7.0; +http://ahrefs.com/robot/)" "www.tchealthsources.com"
95.108.213.53 - - [23/Oct/2022:16:59:42 -0700] "GET /robots.txt HTTP/1.1" 404 73 "-" "Mozilla/5.0 (compatible; YandexBot/3.0; +http://yandex.com/bots)" "tchealthsources.com"
87.250.224.151 - - [23/Oct/2022:16:59:45 -0700] "GET /navigation_bars/navbar.nav HTTP/1.1" 200 8974 "-" "Mozilla/5.0 (compatible; YandexBot/3.0; +http://yandex.com/bots)" "tchealthsources.com"
51.222.253.8 - - [23/Oct/2022:17:00:22 -0700] "GET /clipart/buttons/themes/view-screen/?C=M;O=D HTTP/1.1" 200 431 "-" "Mozilla/5.0 (compatible; AhrefsBot/7.0; +http://ahrefs.com/robot/)" "www.tchealthsources.com"
51.222.253.15 - - [23/Oct/2022:17:00:46 -0700] "GET /robots.txt HTTP/1.1" 404 88 "-" "Mozilla/5.0 (compatible; AhrefsBot/7.0; +http://ahrefs.com/robot/)" "tchealthsources.com"
51.222.253.17 - - [23/Oct/2022:17:00:47 -0700] "GET /clipart/buttons/themes/?C=M;O=D HTTP/1.1" 200 511 "-" "Mozilla/5.0 (compatible; AhrefsBot/7.0; +http://ahrefs.com/robot/)" "tchealthsources.com"
51.222.253.17 - - [23/Oct/2022:17:00:57 -0700] "GET /TC%20Health%20Sources/yahoo_site_admin1/?C=D;O=D HTTP/1.1" 200 416 "-" "Mozilla/5.0 (compatible; AhrefsBot/7.0; +http://ahrefs.com/robot/)" "tchealthsources.com"
51.222.253.13 - - [23/Oct/2022:17:01:03 -0700] "GET /TC%20Health%20Sources/yahoo_site_admin1/assets/images/?C=S;O=D HTTP/1.1" 200 355 "-" "Mozilla/5.0 (compatible; AhrefsBot/7.0; +http://ahrefs.com/robot/)" "www.tchealthsources.com"
51.222.253.4 - - [23/Oct/2022:17:01:07 -0700] "GET /TC%20Health%20Sources/yahoo_site_admin/?C=D;O=D HTTP/1.1" 200 427 "-" "Mozilla/5.0 (compatible; AhrefsBot/7.0; +http://ahrefs.com/robot/)" "tchealthsources.com"
51.222.253.13 - - [23/Oct/2022:17:01:09 -0700] "GET /TC%20Health%20Sources/clipart/buttons/themes/designer3/ HTTP/1.1" 200 444 "-" "Mozilla/5.0 (compatible; AhrefsBot/7.0; +http://ahrefs.com/robot/)" "www.tchealthsources.com"
51.222.253.17 - - [23/Oct/2022:17:01:11 -0700] "GET /clipart/?C=N;O=D HTTP/1.1" 200 379 "-" "Mozilla/5.0 (compatible; AhrefsBot/7.0; +http://ahrefs.com/robot/)" "tchealthsources.com"
51.222.253.20 - - [23/Oct/2022:17:01:12 -0700] "GET /clipart/buttons/themes/swoosh_blue/?C=N;O=D HTTP/1.1" 200 415 "-" "Mozilla/5.0 (compatible; AhrefsBot/7.0; +http://ahrefs.com/robot/)" "tchealthsources.com"
51.222.253.13 - - [23/Oct/2022:17:01:13 -0700] "GET /TC%20Health%20Sources/clipart/buttons/themes/sky_blue/?C=N;O=D HTTP/1.1" 200 441 "-" "Mozilla/5.0 (compatible; AhrefsBot/7.0; +http://ahrefs.com/robot/)" "tchealthsources.com"
51.222.253.19 - - [23/Oct/2022:17:01:14 -0700] "GET /TC%20Health%20Sources/clipart/buttons/themes/gray/?C=N;O=D HTTP/1.1" 200 430 "-" "Mozilla/5.0 (compatible; AhrefsBot/7.0; +http://ahrefs.com/robot/)" "tchealthsources.com"
51.222.253.5 - - [23/Oct/2022:17:01:14 -0700] "GET /TC%20Health%20Sources/yahoo_site_admin/?C=S;O=D HTTP/1.1" 200 427 "-" "Mozilla/5.0 (compatible; AhrefsBot/7.0; +http://ahrefs.com/robot/)" "tchealthsources.com"
51.222.253.4 - - [23/Oct/2022:17:01:15 -0700] "GET /clipart/buttons/themes/gray/?C=N;O=D HTTP/1.1" 200 404 "-" "Mozilla/5.0 (compatible; AhrefsBot/7.0; +http://ahrefs.com/robot/)" "tchealthsources.com"
51.222.253.17 - - [23/Oct/2022:17:01:15 -0700] "GET /TC%20Health%20Sources/clipart/buttons/themes/sky_blue/?C=N;O=D HTTP/1.1" 200 441 "-" "Mozilla/5.0 (compatible; AhrefsBot/7.0; +http://ahrefs.com/robot/)" "tchealthsources.com"
51.222.253.13 - - [23/Oct/2022:17:01:16 -0700] "GET /TC%20Health%20Sources/clipart/buttons/themes/simple/?C=N;O=D HTTP/1.1" 200 435 "-" "Mozilla/5.0 (compatible; AhrefsBot/7.0; +http://ahrefs.com/robot/)" "tchealthsources.com"
51.222.253.1 - - [23/Oct/2022:17:01:16 -0700] "GET /TC%20Health%20Sources/sitebuilder/?C=S;O=D HTTP/1.1" 200 448 "-" "Mozilla/5.0 (compatible; AhrefsBot/7.0; +http://ahrefs.com/robot/)" "tchealthsources.com"
51.222.253.10 - - [23/Oct/2022:17:01:17 -0700] "GET /Index.html HTTP/1.1" 200 450 "-" "Mozilla/5.0 (compatible; AhrefsBot/7.0; +http://ahrefs.com/robot/)" "tchealthsources.com"
51.222.253.15 - - [23/Oct/2022:17:01:17 -0700] "GET /TC%20Health%20Sources/clipart/buttons/themes/designer3/?C=N;O=D HTTP/1.1" 200 440 "-" "Mozilla/5.0 (compatible; AhrefsBot/7.0; +http://ahrefs.com/robot/)" "www.tchealthsources.com"
51.222.253.4 - - [23/Oct/2022:17:01:18 -0700] "GET /TC%20Health%20Sources/clipart/buttons/themes/simple/?C=M;O=D HTTP/1.1" 200 438 "-" "Mozilla/5.0 (compatible; AhrefsBot/7.0; +http://ahrefs.com/robot/)" "tchealthsources.com"
51.222.253.5 - - [23/Oct/2022:17:01:20 -0700] "GET /TC%20Health%20Sources/navigation_bars/?C=M;O=D HTTP/1.1" 200 412 "-" "Mozilla/5.0 (compatible; AhrefsBot/7.0; +http://ahrefs.com/robot/)" "tchealthsources.com"
51.222.253.12 - - [23/Oct/2022:17:01:20 -0700] "GET /TC%20Health%20Sources/clipart/buttons/themes/designer1/?C=N;O=D HTTP/1.1" 200 441 "-" "Mozilla/5.0 (compatible; AhrefsBot/7.0; +http://ahrefs.com/robot/)" "tchealthsources.com"
51.222.253.13 - - [23/Oct/2022:17:01:21 -0700] "GET /TC%20Health%20Sources/yahoo_site_admin1/?C=M;O=A HTTP/1.1" 200 418 "-" "Mozilla/5.0 (compatible; AhrefsBot/7.0; +http://ahrefs.com/robot/)" "tchealthsources.com"
51.222.253.11 - - [23/Oct/2022:17:01:22 -0700] "GET /Web%20DOWNLOAD%20images/ HTTP/1.1" 200 442 "-" "Mozilla/5.0 (compatible; AhrefsBot/7.0; +http://ahrefs.com/robot/)" "www.tchealthsources.com"
51.222.253.17 - - [23/Oct/2022:17:01:22 -0700] "GET /clipart/buttons/themes/?C=S;O=D HTTP/1.1" 200 510 "-" "Mozilla/5.0 (compatible; AhrefsBot/7.0; +http://ahrefs.com/robot/)" "tchealthsources.com"
51.222.253.10 - - [23/Oct/2022:17:01:22 -0700] "GET /clipart/buttons/themes/designer3/?C=S;O=D HTTP/1.1" 200 420 "-" "Mozilla/5.0 (compatible; AhrefsBot/7.0; +http://ahrefs.com/robot/)" "tchealthsources.com"
51.222.253.12 - - [23/Oct/2022:17:01:23 -0700] "GET /clipart/buttons/themes/swoosh_blue/?C=N;O=D HTTP/1.1" 200 415 "-" "Mozilla/5.0 (compatible; AhrefsBot/7.0; +http://ahrefs.com/robot/)" "www.tchealthsources.com"
51.222.253.16 - - [23/Oct/2022:17:01:24 -0700] "GET /TC%20Health%20Sources/sitebuilder/?C=N;O=D HTTP/1.1" 200 448 "-" "Mozilla/5.0 (compatible; AhrefsBot/7.0; +http://ahrefs.com/robot/)" "www.tchealthsources.com"
51.222.253.12 - - [23/Oct/2022:17:01:24 -0700] "GET /clipart/buttons/themes/ HTTP/1.1" 200 511 "-" "Mozilla/5.0 (compatible; AhrefsBot/7.0; +http://ahrefs.com/robot/)" "www.tchealthsources.com"
51.222.253.13 - - [23/Oct/2022:17:01:25 -0700] "GET /?C=N;O=D HTTP/1.1" 200 492 "-" "Mozilla/5.0 (compatible; AhrefsBot/7.0; +http://ahrefs.com/robot/)" "www.tchealthsources.com"
51.222.253.10 - - [23/Oct/2022:17:01:25 -0700] "GET /?C=D;O=A HTTP/1.1" 200 493 "-" "Mozilla/5.0 (compatible; AhrefsBot/7.0; +http://ahrefs.com/robot/)" "www.tchealthsources.com"
51.222.253.7 - - [23/Oct/2022:17:01:26 -0700] "GET /clipart/ HTTP/1.1" 200 380 "-" "Mozilla/5.0 (compatible; AhrefsBot/7.0; +http://ahrefs.com/robot/)" "www.tchealthsources.com"
51.222.253.19 - - [23/Oct/2022:17:01:26 -0700] "GET /?C=S;O=A HTTP/1.1" 200 495 "-" "Mozilla/5.0 (compatible; AhrefsBot/7.0; +http://ahrefs.com/robot/)" "tchealthsources.com"
51.222.253.12 - - [23/Oct/2022:17:01:27 -0700] "GET /Web%20DOWNLOAD%20images/ HTTP/1.1" 200 442 "-" "Mozilla/5.0 (compatible; AhrefsBot/7.0; +http://ahrefs.com/robot/)" "tchealthsources.com"
51.222.253.7 - - [23/Oct/2022:17:01:27 -0700] "GET /navigation_bars/ HTTP/1.1" 200 390 "-" "Mozilla/5.0 (compatible; AhrefsBot/7.0; +http://ahrefs.com/robot/)" "tchealthsources.com"
51.222.253.13 - - [23/Oct/2022:17:01:28 -0700] "GET /Web%20DOWNLOAD%20images/ HTTP/1.1" 200 442 "-" "Mozilla/5.0 (compatible; AhrefsBot/7.0; +http://ahrefs.com/robot/)" "tchealthsources.com"
51.222.253.14 - - [23/Oct/2022:17:01:29 -0700] "GET /?C=N;O=D HTTP/1.1" 200 492 "-" "Mozilla/5.0 (compatible; AhrefsBot/7.0; +http://ahrefs.com/robot/)" "tchealthsources.com"
51.222.253.6 - - [23/Oct/2022:17:01:29 -0700] "GET /?C=D;O=A HTTP/1.1" 200 493 "-" "Mozilla/5.0 (compatible; AhrefsBot/7.0; +http://ahrefs.com/robot/)" "tchealthsources.com"
51.222.253.2 - - [23/Oct/2022:17:05:45 -0700] "GET /TC%20Health%20Sources/yahoo_site_admin1/cache/?C=D;O=D HTTP/1.1" 200 349 "-" "Mozilla/5.0 (compatible; AhrefsBot/7.0; +http://ahrefs.com/robot/)" "tchealthsources.com"
5.45.207.71 - - [23/Oct/2022:17:26:30 -0700] "GET /TC%20Health%20Sources/logs/access_160418.log HTTP/1.1" 200 853 "-" "Mozilla/5.0 (compatible; YandexBot/3.0; +http://yandex.com/bots)" "tchealthsources.com"
66.249.79.158 - - [23/Oct/2022:17:29:15 -0700] "GET /robots.txt HTTP/1.1" 404 88 "-" "Mozilla/5.0 (compatible; Googlebot/2.1; +http://www.google.com/bot.html)" "www.tchealthsources.com"
114.119.136.12 - - [23/Oct/2022:17:45:08 -0700] "GET /TC%20Health%20Sources/tmp/?C=N%3BO%3DD HTTP/1.1" 200 386 "https://tchealthsources.com/TC%20Health%20Sources/tmp?C=M%3BO%3DA" "Mozilla/5.0 (Linux; Android 7.0;) AppleWebKit/537.36 (KHTML, like Gecko) Mobile Safari/537.36 (compatible; PetalBot;+https://webmaster.petalsearch.com/site/petalbot)" "tchealthsources.com"
114.119.136.128 - - [23/Oct/2022:18:00:55 -0700] "GET /TC%20Health%20Sources/_private?M=D HTTP/1.1" 301 1432 "https://tchealthsources.com/TC%20Health%20Sources/_private?M=A" "Mozilla/5.0 (Linux; Android 7.0;) AppleWebKit/537.36 (KHTML, like Gecko) Mobile Safari/537.36 (compatible; PetalBot;+https://webmaster.petalsearch.com/site/petalbot)" "tchealthsources.com"
114.119.136.128 - - [23/Oct/2022:18:00:59 -0700] "GET /TC%20Health%20Sources/_private/?M=D HTTP/1.1" 200 341 "https://tchealthsources.com/TC%20Health%20Sources/_private?M=A" "Mozilla/5.0 (Linux; Android 7.0;) AppleWebKit/537.36 (KHTML, like Gecko) Mobile Safari/537.36 (compatible; PetalBot;+https://webmaster.petalsearch.com/site/petalbot)" "tchealthsources.com"
51.222.253.2 - - [23/Oct/2022:18:14:12 -0700] "GET /TC%20Health%20Sources/clipart/buttons/themes/simple/?C=D;O=D HTTP/1.1" 200 435 "-" "Mozilla/5.0 (compatible; AhrefsBot/7.0; +http://ahrefs.com/robot/)" "www.tchealthsources.com"
51.222.253.20 - - [23/Oct/2022:18:15:16 -0700] "GET /TC%20Health%20Sources/clipart/buttons/themes/simple/?C=S;O=D HTTP/1.1" 200 435 "-" "Mozilla/5.0 (compatible; AhrefsBot/7.0; +http://ahrefs.com/robot/)" "www.tchealthsources.com"
95.108.213.53 - - [23/Oct/2022:18:16:02 -0700] "GET /TC%20Health%20Sources/clipart/buttons/themes/designer3/ HTTP/1.1" 200 444 "-" "Mozilla/5.0 (compatible; YandexBot/3.0; +http://yandex.com/bots)" "tchealthsources.com"
114.119.148.49 - - [23/Oct/2022:18:19:13 -0700] "GET /robots.txt HTTP/1.1" 404 88 "-" "Mozilla/5.0 (compatible;PetalBot;+https://webmaster.petalsearch.com/site/petalbot)" "tchealthsources.com"
114.119.136.134 - - [23/Oct/2022:18:19:41 -0700] "GET /TC%20Health%20Sources/yahoo_site_admin/logs?C=M%3BO%3DA HTTP/1.1" 301 1449 "https://tchealthsources.com/TC%20Health%20Sources/yahoo_site_admin/logs" "Mozilla/5.0 (Linux; Android 7.0;) AppleWebKit/537.36 (KHTML, like Gecko) Mobile Safari/537.36 (compatible; PetalBot;+https://webmaster.petalsearch.com/site/petalbot)" "tchealthsources.com"
114.119.136.134 - - [23/Oct/2022:18:19:41 -0700] "GET /TC%20Health%20Sources/yahoo_site_admin/logs/?C=M%3BO%3DA HTTP/1.1" 200 396 "https://tchealthsources.com/TC%20Health%20Sources/yahoo_site_admin/logs" "Mozilla/5.0 (Linux; Android 7.0;) AppleWebKit/537.36 (KHTML, like Gecko) Mobile Safari/537.36 (compatible; PetalBot;+https://webmaster.petalsearch.com/site/petalbot)" "tchealthsources.com"
54.193.95.108 - - [23/Oct/2022:18:23:00 -0700] "GET / HTTP/1.1" 200 493 "-" "Mozilla/5.0 (compatible; Orbbot/1.1;)" "tchealthsources.com"
54.193.95.108 - - [23/Oct/2022:18:23:00 -0700] "GET / HTTP/1.1" 200 493 "-" "Mozilla/5.0 (compatible; Orbbot/1.1;)" "tchealthsources.com"
54.219.62.62 - - [23/Oct/2022:18:23:01 -0700] "GET /robots.txt HTTP/1.1" 404 88 "-" "Mozilla/5.0 (compatible; Orbbot/1.1;)" "tchealthsources.com"
54.177.45.17 - - [23/Oct/2022:18:23:01 -0700] "GET /robots.txt HTTP/1.1" 404 88 "-" "Mozilla/5.0 (compatible; Orbbot/1.1;)" "tchealthsources.com"
54.241.59.169 - - [23/Oct/2022:18:23:01 -0700] "GET /robots.txt HTTP/1.1" 404 88 "-" "Mozilla/5.0 (compatible; Orbbot/1.1;)" "tchealthsources.com"
54.219.62.62 - - [23/Oct/2022:18:23:01 -0700] "GET /_private/ HTTP/1.1" 403 170 "-" "Mozilla/5.0 (compatible; Orbbot/1.1;)" "tchealthsources.com"
54.177.45.17 - - [23/Oct/2022:18:23:01 -0700] "GET /clipart/ HTTP/1.1" 200 380 "-" "Mozilla/5.0 (compatible; Orbbot/1.1;)" "tchealthsources.com"
54.241.59.169 - - [23/Oct/2022:18:23:01 -0700] "GET /TC%20Health%20Sources/ HTTP/1.1" 200 564 "-" "Mozilla/5.0 (compatible; Orbbot/1.1;)" "tchealthsources.com"
54.219.176.29 - - [23/Oct/2022:18:23:01 -0700] "GET /_private/ HTTP/1.1" 403 170 "-" "Mozilla/5.0 (X11; Linux x86_64) AppleWebKit/537.36 (KHTML, like Gecko) HeadlessChrome/71.0.3542.0 Safari/537.36" "tchealthsources.com"
54.153.47.152 - - [23/Oct/2022:18:23:01 -0700] "GET /Index.html HTTP/1.1" 200 450 "-" "Mozilla/5.0 (compatible; Orbbot/1.1;)" "tchealthsources.com"
54.177.152.67 - - [23/Oct/2022:18:23:01 -0700] "GET /navigation_bars/ HTTP/1.1" 200 390 "-" "Mozilla/5.0 (compatible; Orbbot/1.1;)" "tchealthsources.com"
13.56.213.82 - - [23/Oct/2022:18:23:01 -0700] "GET /Web%20DOWNLOAD%20images/ HTTP/1.1" 200 442 "-" "Mozilla/5.0 (compatible; Orbbot/1.1;)" "tchealthsources.com"
184.169.215.29 - - [23/Oct/2022:18:23:03 -0700] "GET /Index.html HTTP/1.1" 200 450 "-" "Mozilla/5.0 (X11; Linux x86_64) AppleWebKit/537.36 (KHTML, like Gecko) HeadlessChrome/71.0.3542.0 Safari/537.36" "tchealthsources.com"
184.169.215.29 - - [23/Oct/2022:18:23:03 -0700] "GET /Web%20DOWNLOAD%20images/Header%20Banner.jpg HTTP/1.1" 200 139024 "http://tchealthsources.com/Index.html" "Mozilla/5.0 (X11; Linux x86_64) AppleWebKit/537.36 (KHTML, like Gecko) HeadlessChrome/71.0.3542.0 Safari/537.36" "tchealthsources.com"
114.119.136.113 - - [23/Oct/2022:18:25:45 -0700] "GET /TC%20Health%20Sources/clipart/images?N=D HTTP/1.1" 301 1435 "https://tchealthsources.com/TC%20Health%20Sources/clipart/images?N=A" "Mozilla/5.0 (Linux; Android 7.0;) AppleWebKit/537.36 (KHTML, like Gecko) Mobile Safari/537.36 (compatible; PetalBot;+https://webmaster.petalsearch.com/site/petalbot)" "tchealthsources.com"
114.119.136.113 - - [23/Oct/2022:18:25:47 -0700] "GET /TC%20Health%20Sources/clipart/images/?N=D HTTP/1.1" 200 382 "https://tchealthsources.com/TC%20Health%20Sources/clipart/images?N=A" "Mozilla/5.0 (Linux; Android 7.0;) AppleWebKit/537.36 (KHTML, like Gecko) Mobile Safari/537.36 (compatible; PetalBot;+https://webmaster.petalsearch.com/site/petalbot)" "tchealthsources.com"
114.119.136.13 - - [23/Oct/2022:18:33:29 -0700] "GET /TC%20Health%20Sources/clipart/images/general/ HTTP/1.1" 200 403 "https://tchealthsources.com/TC%20Health%20Sources/clipart/images?S=A" "Mozilla/5.0 (Linux; Android 7.0;) AppleWebKit/537.36 (KHTML, like Gecko) Mobile Safari/537.36 (compatible; PetalBot;+https://webmaster.petalsearch.com/site/petalbot)" "tchealthsources.com"
114.119.136.113 - - [23/Oct/2022:18:39:29 -0700] "GET /TC%20Health%20Sources/yahoo_site_admin1/ HTTP/1.1" 200 418 "https://tchealthsources.com/TC%20Health%20Sources?S=A" "Mozilla/5.0 (Linux; Android 7.0;) AppleWebKit/537.36 (KHTML, like Gecko) Mobile Safari/537.36 (compatible; PetalBot;+https://webmaster.petalsearch.com/site/petalbot)" "tchealthsources.com"
114.119.136.109 - - [23/Oct/2022:18:45:21 -0700] "GET /TC%20Health%20Sources/clipart/images/general/?C=M%3BO%3DA HTTP/1.1" 200 403 "https://tchealthsources.com/TC%20Health%20Sources/clipart/images/general?N=A" "Mozilla/5.0 (Linux; Android 7.0;) AppleWebKit/537.36 (KHTML, like Gecko) Mobile Safari/537.36 (compatible; PetalBot;+https://webmaster.petalsearch.com/site/petalbot)" "tchealthsources.com"
114.119.136.113 - - [23/Oct/2022:18:51:12 -0700] "GET /clipart/buttons/themes/gray HTTP/1.1" 301 1423 "http://tchealthsources.com/clipart/buttons/themes?C=N%3BO%3DD" "Mozilla/5.0 (Linux; Android 7.0;) AppleWebKit/537.36 (KHTML, like Gecko) Mobile Safari/537.36 (compatible; PetalBot;+https://webmaster.petalsearch.com/site/petalbot)" "tchealthsources.com"
114.119.136.113 - - [23/Oct/2022:18:51:13 -0700] "GET /clipart/buttons/themes/gray/ HTTP/1.1" 200 409 "http://tchealthsources.com/clipart/buttons/themes?C=N%3BO%3DD" "Mozilla/5.0 (Linux; Android 7.0;) AppleWebKit/537.36 (KHTML, like Gecko) Mobile Safari/537.36 (compatible; PetalBot;+https://webmaster.petalsearch.com/site/petalbot)" "tchealthsources.com"
114.119.136.12 - - [23/Oct/2022:18:57:08 -0700] "GET /TC%20Health%20Sources/yahoo_site_admin/logs?S=D HTTP/1.1" 301 1440 "https://tchealthsources.com/TC%20Health%20Sources/yahoo_site_admin/logs?S=A" "Mozilla/5.0 (Linux; Android 7.0;) AppleWebKit/537.36 (KHTML, like Gecko) Mobile Safari/537.36 (compatible; PetalBot;+https://webmaster.petalsearch.com/site/petalbot)" "tchealthsources.com"
114.119.136.12 - - [23/Oct/2022:18:57:10 -0700] "GET /TC%20Health%20Sources/yahoo_site_admin/logs/?S=D HTTP/1.1" 200 396 "https://tchealthsources.com/TC%20Health%20Sources/yahoo_site_admin/logs?S=A" "Mozilla/5.0 (Linux; Android 7.0;) AppleWebKit/537.36 (KHTML, like Gecko) Mobile Safari/537.36 (compatible; PetalBot;+https://webmaster.petalsearch.com/site/petalbot)" "tchealthsources.com"
5.255.253.159 - - [23/Oct/2022:19:09:14 -0700] "GET /robots.txt HTTP/1.1" 404 73 "-" "Mozilla/5.0 (compatible; YandexBot/3.0; +http://yandex.com/bots)" "tchealthsources.com"
87.250.224.151 - - [23/Oct/2022:19:09:18 -0700] "GET /clipart/buttons/themes/swoosh_blue/ HTTP/1.1" 200 419 "-" "Mozilla/5.0 (compatible; YandexBot/3.0; +http://yandex.com/bots)" "tchealthsources.com"
114.119.136.128 - - [23/Oct/2022:19:17:32 -0700] "GET /TC%20Health%20Sources/_private?N=A HTTP/1.1" 301 1432 "https://tchealthsources.com/TC%20Health%20Sources/_private?N=D" "Mozilla/5.0 (Linux; Android 7.0;) AppleWebKit/537.36 (KHTML, like Gecko) Mobile Safari/537.36 (compatible; PetalBot;+https://webmaster.petalsearch.com/site/petalbot)" "tchealthsources.com"
114.119.136.128 - - [23/Oct/2022:19:17:32 -0700] "GET /TC%20Health%20Sources/_private/?N=A HTTP/1.1" 200 341 "https://tchealthsources.com/TC%20Health%20Sources/_private?N=D" "Mozilla/5.0 (Linux; Android 7.0;) AppleWebKit/537.36 (KHTML, like Gecko) Mobile Safari/537.36 (compatible; PetalBot;+https://webmaster.petalsearch.com/site/petalbot)" "tchealthsources.com"
114.119.136.113 - - [23/Oct/2022:19:23:42 -0700] "GET /clipart/images?C=N%3BO%3DD HTTP/1.1" 301 1427 "http://tchealthsources.com/clipart/images?C=S%3BO%3DA" "Mozilla/5.0 (Linux; Android 7.0;) AppleWebKit/537.36 (KHTML, like Gecko) Mobile Safari/537.36 (compatible; PetalBot;+https://webmaster.petalsearch.com/site/petalbot)" "tchealthsources.com"
114.119.136.113 - - [23/Oct/2022:19:23:42 -0700] "GET /clipart/images/?C=N%3BO%3DD HTTP/1.1" 200 359 "http://tchealthsources.com/clipart/images?C=S%3BO%3DA" "Mozilla/5.0 (Linux; Android 7.0;) AppleWebKit/537.36 (KHTML, like Gecko) Mobile Safari/537.36 (compatible; PetalBot;+https://webmaster.petalsearch.com/site/petalbot)" "tchealthsources.com"
66.249.79.146 - - [23/Oct/2022:19:25:32 -0700] "GET /robots.txt HTTP/1.1" 404 88 "-" "Mozilla/5.0 (compatible; Googlebot/2.1; +http://www.google.com/bot.html)" "www.tchealthsources.com"
66.249.79.146 - - [23/Oct/2022:19:25:54 -0700] "GET /favicon.ico HTTP/1.1" 404 88 "-" "Googlebot-Image/1.0" "www.tchealthsources.com"
51.222.253.17 - - [23/Oct/2022:19:27:15 -0700] "GET /TC%20Health%20Sources/media/?C=D;O=D HTTP/1.1" 200 408 "-" "Mozilla/5.0 (compatible; AhrefsBot/7.0; +http://ahrefs.com/robot/)" "tchealthsources.com"
114.119.136.134 - - [23/Oct/2022:19:29:45 -0700] "GET /TC%20Health%20Sources/yahoo_site_admin1?M=A HTTP/1.1" 301 1438 "https://tchealthsources.com/TC%20Health%20Sources/yahoo_site_admin1?N=D" "Mozilla/5.0 (Linux; Android 7.0;) AppleWebKit/537.36 (KHTML, like Gecko) Mobile Safari/537.36 (compatible; PetalBot;+https://webmaster.petalsearch.com/site/petalbot)" "tchealthsources.com"
114.119.136.134 - - [23/Oct/2022:19:29:46 -0700] "GET /TC%20Health%20Sources/yahoo_site_admin1/?M=A HTTP/1.1" 200 418 "https://tchealthsources.com/TC%20Health%20Sources/yahoo_site_admin1?N=D" "Mozilla/5.0 (Linux; Android 7.0;) AppleWebKit/537.36 (KHTML, like Gecko) Mobile Safari/537.36 (compatible; PetalBot;+https://webmaster.petalsearch.com/site/petalbot)" "tchealthsources.com"
149.202.82.11 - - [23/Oct/2022:19:29:59 -0700] "GET /robots.txt HTTP/1.1" 404 73 "-" "Mozilla/5.0 (compatible; MJ12bot/v1.4.8; http://mj12bot.com/)" "www.tchealthsources.com"
149.202.82.11 - - [23/Oct/2022:19:30:01 -0700] "GET /TC%20Health%20Sources/includes/?D=A HTTP/1.1" 200 376 "-" "Mozilla/5.0 (compatible; MJ12bot/v1.4.8; http://mj12bot.com/)" "www.tchealthsources.com"
149.202.82.11 - - [23/Oct/2022:19:30:03 -0700] "GET /TC%20Health%20Sources/includes/?D=D HTTP/1.1" 200 376 "-" "Mozilla/5.0 (compatible; MJ12bot/v1.4.8; http://mj12bot.com/)" "www.tchealthsources.com"
149.202.82.11 - - [23/Oct/2022:19:30:05 -0700] "GET /TC%20Health%20Sources/includes/?M=A HTTP/1.1" 200 376 "-" "Mozilla/5.0 (compatible; MJ12bot/v1.4.8; http://mj12bot.com/)" "www.tchealthsources.com"
149.202.82.11 - - [23/Oct/2022:19:30:07 -0700] "GET /TC%20Health%20Sources/includes/?M=D HTTP/1.1" 200 376 "-" "Mozilla/5.0 (compatible; MJ12bot/v1.4.8; http://mj12bot.com/)" "www.tchealthsources.com"
149.202.82.11 - - [23/Oct/2022:19:30:10 -0700] "GET /TC%20Health%20Sources/includes/?N=A HTTP/1.1" 200 376 "-" "Mozilla/5.0 (compatible; MJ12bot/v1.4.8; http://mj12bot.com/)" "www.tchealthsources.com"
149.202.82.11 - - [23/Oct/2022:19:30:12 -0700] "GET /TC%20Health%20Sources/includes/?N=D HTTP/1.1" 200 376 "-" "Mozilla/5.0 (compatible; MJ12bot/v1.4.8; http://mj12bot.com/)" "www.tchealthsources.com"
149.202.82.11 - - [23/Oct/2022:19:30:15 -0700] "GET /TC%20Health%20Sources/includes/?S=A HTTP/1.1" 200 376 "-" "Mozilla/5.0 (compatible; MJ12bot/v1.4.8; http://mj12bot.com/)" "www.tchealthsources.com"
149.202.82.11 - - [23/Oct/2022:19:30:18 -0700] "GET /TC%20Health%20Sources/includes/?S=D HTTP/1.1" 200 376 "-" "Mozilla/5.0 (compatible; MJ12bot/v1.4.8; http://mj12bot.com/)" "www.tchealthsources.com"
149.202.82.11 - - [23/Oct/2022:19:30:22 -0700] "GET /TC%20Health%20Sources/includes/ice/?D=A HTTP/1.1" 200 439 "-" "Mozilla/5.0 (compatible; MJ12bot/v1.4.8; http://mj12bot.com/)" "www.tchealthsources.com"
149.202.82.11 - - [23/Oct/2022:19:30:27 -0700] "GET /TC%20Health%20Sources/includes/ice/?D=D HTTP/1.1" 200 439 "-" "Mozilla/5.0 (compatible; MJ12bot/v1.4.8; http://mj12bot.com/)" "www.tchealthsources.com"
149.202.82.11 - - [23/Oct/2022:19:30:33 -0700] "GET /TC%20Health%20Sources/includes/ice/?M=A HTTP/1.1" 200 439 "-" "Mozilla/5.0 (compatible; MJ12bot/v1.4.8; http://mj12bot.com/)" "www.tchealthsources.com"
149.202.82.11 - - [23/Oct/2022:19:30:39 -0700] "GET /TC%20Health%20Sources/includes/ice/?M=D HTTP/1.1" 200 439 "-" "Mozilla/5.0 (compatible; MJ12bot/v1.4.8; http://mj12bot.com/)" "www.tchealthsources.com"
149.202.82.11 - - [23/Oct/2022:19:30:51 -0700] "GET /TC%20Health%20Sources/includes/ice/?N=A HTTP/1.1" 200 439 "-" "Mozilla/5.0 (compatible; MJ12bot/v1.4.8; http://mj12bot.com/)" "www.tchealthsources.com"
149.202.82.11 - - [23/Oct/2022:19:31:00 -0700] "GET /TC%20Health%20Sources/includes/ice/?N=D HTTP/1.1" 200 439 "-" "Mozilla/5.0 (compatible; MJ12bot/v1.4.8; http://mj12bot.com/)" "www.tchealthsources.com"
149.202.82.11 - - [23/Oct/2022:19:31:06 -0700] "GET /TC%20Health%20Sources/includes/ice/?S=A HTTP/1.1" 200 439 "-" "Mozilla/5.0 (compatible; MJ12bot/v1.4.8; http://mj12bot.com/)" "www.tchealthsources.com"
149.202.82.11 - - [23/Oct/2022:19:31:12 -0700] "GET /TC%20Health%20Sources/includes/ice/?S=D HTTP/1.1" 200 439 "-" "Mozilla/5.0 (compatible; MJ12bot/v1.4.8; http://mj12bot.com/)" "www.tchealthsources.com"
149.202.82.11 - - [23/Oct/2022:19:31:18 -0700] "GET /TC%20Health%20Sources/logs/?D=A HTTP/1.1" 200 1066 "-" "Mozilla/5.0 (compatible; MJ12bot/v1.4.8; http://mj12bot.com/)" "www.tchealthsources.com"
149.202.82.11 - - [23/Oct/2022:19:31:27 -0700] "GET /TC%20Health%20Sources/logs/?D=D HTTP/1.1" 200 1066 "-" "Mozilla/5.0 (compatible; MJ12bot/v1.4.8; http://mj12bot.com/)" "www.tchealthsources.com"
149.202.82.11 - - [23/Oct/2022:19:31:38 -0700] "GET /TC%20Health%20Sources/logs/?M=A HTTP/1.1" 200 1066 "-" "Mozilla/5.0 (compatible; MJ12bot/v1.4.8; http://mj12bot.com/)" "www.tchealthsources.com"
149.202.82.11 - - [23/Oct/2022:19:31:44 -0700] "GET /TC%20Health%20Sources/logs/?M=D HTTP/1.1" 200 1066 "-" "Mozilla/5.0 (compatible; MJ12bot/v1.4.8; http://mj12bot.com/)" "www.tchealthsources.com"
149.202.82.11 - - [23/Oct/2022:19:31:54 -0700] "GET /TC%20Health%20Sources/logs/?N=A HTTP/1.1" 200 1066 "-" "Mozilla/5.0 (compatible; MJ12bot/v1.4.8; http://mj12bot.com/)" "www.tchealthsources.com"
149.202.82.11 - - [23/Oct/2022:19:32:03 -0700] "GET /TC%20Health%20Sources/logs/?N=D HTTP/1.1" 200 1066 "-" "Mozilla/5.0 (compatible; MJ12bot/v1.4.8; http://mj12bot.com/)" "www.tchealthsources.com"
149.202.82.11 - - [23/Oct/2022:19:32:23 -0700] "GET /TC%20Health%20Sources/logs/?S=A HTTP/1.1" 200 1066 "-" "Mozilla/5.0 (compatible; MJ12bot/v1.4.8; http://mj12bot.com/)" "www.tchealthsources.com"
149.202.82.11 - - [23/Oct/2022:19:32:46 -0700] "GET /TC%20Health%20Sources/logs/?S=D HTTP/1.1" 200 1066 "-" "Mozilla/5.0 (compatible; MJ12bot/v1.4.8; http://mj12bot.com/)" "www.tchealthsources.com"
149.202.82.11 - - [23/Oct/2022:19:33:00 -0700] "GET /TC%20Health%20Sources/media/?C=D;O=A HTTP/1.1" 200 409 "-" "Mozilla/5.0 (compatible; MJ12bot/v1.4.8; http://mj12bot.com/)" "www.tchealthsources.com"
149.202.82.11 - - [23/Oct/2022:19:33:20 -0700] "GET /TC%20Health%20Sources/media/?C=D;O=D HTTP/1.1" 200 408 "-" "Mozilla/5.0 (compatible; MJ12bot/v1.4.8; http://mj12bot.com/)" "www.tchealthsources.com"
149.202.82.11 - - [23/Oct/2022:19:33:38 -0700] "GET /TC%20Health%20Sources/media/?C=M;O=A HTTP/1.1" 200 409 "-" "Mozilla/5.0 (compatible; MJ12bot/v1.4.8; http://mj12bot.com/)" "www.tchealthsources.com"
149.202.82.11 - - [23/Oct/2022:19:33:47 -0700] "GET /TC%20Health%20Sources/media/?C=M;O=D HTTP/1.1" 200 408 "-" "Mozilla/5.0 (compatible; MJ12bot/v1.4.8; http://mj12bot.com/)" "www.tchealthsources.com"
149.202.82.11 - - [23/Oct/2022:19:34:13 -0700] "GET /TC%20Health%20Sources/media/?C=N;O=A HTTP/1.1" 200 409 "-" "Mozilla/5.0 (compatible; MJ12bot/v1.4.8; http://mj12bot.com/)" "www.tchealthsources.com"
149.202.82.11 - - [23/Oct/2022:19:34:44 -0700] "GET /TC%20Health%20Sources/media/?C=N;O=D HTTP/1.1" 200 408 "-" "Mozilla/5.0 (compatible; MJ12bot/v1.4.8; http://mj12bot.com/)" "www.tchealthsources.com"
149.202.82.11 - - [23/Oct/2022:19:35:14 -0700] "GET /TC%20Health%20Sources/media/?C=S;O=A HTTP/1.1" 200 410 "-" "Mozilla/5.0 (compatible; MJ12bot/v1.4.8; http://mj12bot.com/)" "www.tchealthsources.com"
149.202.82.11 - - [23/Oct/2022:19:35:21 -0700] "GET /TC%20Health%20Sources/media/?C=S;O=D HTTP/1.1" 200 408 "-" "Mozilla/5.0 (compatible; MJ12bot/v1.4.8; http://mj12bot.com/)" "www.tchealthsources.com"
149.202.82.11 - - [23/Oct/2022:19:35:42 -0700] "GET /TC%20Health%20Sources/media/?D=A HTTP/1.1" 200 409 "-" "Mozilla/5.0 (compatible; MJ12bot/v1.4.8; http://mj12bot.com/)" "www.tchealthsources.com"
114.119.136.128 - - [23/Oct/2022:19:35:42 -0700] "GET /TC%20Health%20Sources/logs?C=S%3BO%3DA HTTP/1.1" 301 1438 "https://tchealthsources.com/TC%20Health%20Sources/logs?D=A" "Mozilla/5.0 (Linux; Android 7.0;) AppleWebKit/537.36 (KHTML, like Gecko) Mobile Safari/537.36 (compatible; PetalBot;+https://webmaster.petalsearch.com/site/petalbot)" "tchealthsources.com"
114.119.136.128 - - [23/Oct/2022:19:35:43 -0700] "GET /TC%20Health%20Sources/logs/?C=S%3BO%3DA HTTP/1.1" 200 1066 "https://tchealthsources.com/TC%20Health%20Sources/logs?D=A" "Mozilla/5.0 (Linux; Android 7.0;) AppleWebKit/537.36 (KHTML, like Gecko) Mobile Safari/537.36 (compatible; PetalBot;+https://webmaster.petalsearch.com/site/petalbot)" "tchealthsources.com"
149.202.82.11 - - [23/Oct/2022:19:36:08 -0700] "GET /TC%20Health%20Sources/media/?M=A HTTP/1.1" 200 409 "-" "Mozilla/5.0 (compatible; MJ12bot/v1.4.8; http://mj12bot.com/)" "www.tchealthsources.com"
149.202.82.11 - - [23/Oct/2022:19:36:26 -0700] "GET /TC%20Health%20Sources/media/?M=D HTTP/1.1" 200 409 "-" "Mozilla/5.0 (compatible; MJ12bot/v1.4.8; http://mj12bot.com/)" "www.tchealthsources.com"
149.202.82.11 - - [23/Oct/2022:19:36:47 -0700] "GET /TC%20Health%20Sources/media/?N=A HTTP/1.1" 200 409 "-" "Mozilla/5.0 (compatible; MJ12bot/v1.4.8; http://mj12bot.com/)" "www.tchealthsources.com"
149.202.82.11 - - [23/Oct/2022:19:37:11 -0700] "GET /TC%20Health%20Sources/media/?N=D HTTP/1.1" 200 409 "-" "Mozilla/5.0 (compatible; MJ12bot/v1.4.8; http://mj12bot.com/)" "www.tchealthsources.com"
149.202.82.11 - - [23/Oct/2022:19:37:46 -0700] "GET /TC%20Health%20Sources/media/?S=A HTTP/1.1" 200 409 "-" "Mozilla/5.0 (compatible; MJ12bot/v1.4.8; http://mj12bot.com/)" "www.tchealthsources.com"
149.202.82.11 - - [23/Oct/2022:19:38:23 -0700] "GET /TC%20Health%20Sources/navigation_bars/?C=D;O=A HTTP/1.1" 200 415 "-" "Mozilla/5.0 (compatible; MJ12bot/v1.4.8; http://mj12bot.com/)" "www.tchealthsources.com"
149.202.82.11 - - [23/Oct/2022:19:38:46 -0700] "GET /TC%20Health%20Sources/navigation_bars/?C=D;O=D HTTP/1.1" 200 412 "-" "Mozilla/5.0 (compatible; MJ12bot/v1.4.8; http://mj12bot.com/)" "www.tchealthsources.com"
149.202.82.11 - - [23/Oct/2022:19:39:21 -0700] "GET /TC%20Health%20Sources/navigation_bars/?C=M;O=A HTTP/1.1" 200 415 "-" "Mozilla/5.0 (compatible; MJ12bot/v1.4.8; http://mj12bot.com/)" "www.tchealthsources.com"
149.202.82.11 - - [23/Oct/2022:19:39:51 -0700] "GET /TC%20Health%20Sources/navigation_bars/?C=M;O=D HTTP/1.1" 200 412 "-" "Mozilla/5.0 (compatible; MJ12bot/v1.4.8; http://mj12bot.com/)" "www.tchealthsources.com"
149.202.82.11 - - [23/Oct/2022:19:40:10 -0700] "GET /TC%20Health%20Sources/navigation_bars/?C=N;O=A HTTP/1.1" 200 415 "-" "Mozilla/5.0 (compatible; MJ12bot/v1.4.8; http://mj12bot.com/)" "www.tchealthsources.com"
149.202.82.11 - - [23/Oct/2022:19:40:42 -0700] "GET /TC%20Health%20Sources/navigation_bars/?C=N;O=D HTTP/1.1" 200 412 "-" "Mozilla/5.0 (compatible; MJ12bot/v1.4.8; http://mj12bot.com/)" "www.tchealthsources.com"
149.202.82.11 - - [23/Oct/2022:19:41:10 -0700] "GET /TC%20Health%20Sources/navigation_bars/?C=S;O=A HTTP/1.1" 200 415 "-" "Mozilla/5.0 (compatible; MJ12bot/v1.4.8; http://mj12bot.com/)" "www.tchealthsources.com"
149.202.82.11 - - [23/Oct/2022:19:41:23 -0700] "GET /TC%20Health%20Sources/navigation_bars/?C=S;O=D HTTP/1.1" 200 412 "-" "Mozilla/5.0 (compatible; MJ12bot/v1.4.8; http://mj12bot.com/)" "www.tchealthsources.com"
114.119.134.224 - - [23/Oct/2022:19:41:40 -0700] "GET /TC%20Health%20Sources/clipart/buttons/themes/sky_blue/?C=D%3BO%3DA HTTP/1.1" 200 445 "https://tchealthsources.com/TC%20Health%20Sources/clipart/buttons/themes/sky_blue?S=D" "Mozilla/5.0 (Linux; Android 7.0;) AppleWebKit/537.36 (KHTML, like Gecko) Mobile Safari/537.36 (compatible; PetalBot;+https://webmaster.petalsearch.com/site/petalbot)" "tchealthsources.com"
149.202.82.11 - - [23/Oct/2022:19:41:49 -0700] "GET /TC%20Health%20Sources/navigation_bars/?D=D HTTP/1.1" 200 415 "-" "Mozilla/5.0 (compatible; MJ12bot/v1.4.8; http://mj12bot.com/)" "www.tchealthsources.com"
149.202.82.11 - - [23/Oct/2022:19:42:11 -0700] "GET /TC%20Health%20Sources/navigation_bars/?M=A HTTP/1.1" 200 415 "-" "Mozilla/5.0 (compatible; MJ12bot/v1.4.8; http://mj12bot.com/)" "www.tchealthsources.com"
149.202.82.11 - - [23/Oct/2022:19:42:28 -0700] "GET /TC%20Health%20Sources/navigation_bars/?M=D HTTP/1.1" 200 415 "-" "Mozilla/5.0 (compatible; MJ12bot/v1.4.8; http://mj12bot.com/)" "www.tchealthsources.com"
149.202.82.11 - - [23/Oct/2022:19:42:52 -0700] "GET /TC%20Health%20Sources/navigation_bars/?N=A HTTP/1.1" 200 415 "-" "Mozilla/5.0 (compatible; MJ12bot/v1.4.8; http://mj12bot.com/)" "www.tchealthsources.com"
149.202.82.11 - - [23/Oct/2022:19:43:20 -0700] "GET /TC%20Health%20Sources/navigation_bars/?N=D HTTP/1.1" 200 415 "-" "Mozilla/5.0 (compatible; MJ12bot/v1.4.8; http://mj12bot.com/)" "www.tchealthsources.com"
149.202.82.11 - - [23/Oct/2022:19:44:48 -0700] "GET /TC%20Health%20Sources/navigation_bars/?S=D HTTP/1.1" 200 415 "-" "Mozilla/5.0 (compatible; MJ12bot/v1.4.8; http://mj12bot.com/)" "www.tchealthsources.com"
149.202.82.11 - - [23/Oct/2022:19:45:13 -0700] "GET /TC%20Health%20Sources/sitebuilder/?C=D;O=A HTTP/1.1" 200 446 "-" "Mozilla/5.0 (compatible; MJ12bot/v1.4.8; http://mj12bot.com/)" "www.tchealthsources.com"
149.202.82.11 - - [23/Oct/2022:19:45:38 -0700] "GET /TC%20Health%20Sources/sitebuilder/?C=D;O=D HTTP/1.1" 200 448 "-" "Mozilla/5.0 (compatible; MJ12bot/v1.4.8; http://mj12bot.com/)" "www.tchealthsources.com"
149.202.82.11 - - [23/Oct/2022:19:46:08 -0700] "GET /TC%20Health%20Sources/sitebuilder/?C=M;O=A HTTP/1.1" 200 450 "-" "Mozilla/5.0 (compatible; MJ12bot/v1.4.8; http://mj12bot.com/)" "www.tchealthsources.com"
149.202.82.11 - - [23/Oct/2022:19:46:35 -0700] "GET /TC%20Health%20Sources/sitebuilder/?C=M;O=D HTTP/1.1" 200 443 "-" "Mozilla/5.0 (compatible; MJ12bot/v1.4.8; http://mj12bot.com/)" "www.tchealthsources.com"
149.202.82.11 - - [23/Oct/2022:19:47:04 -0700] "GET /TC%20Health%20Sources/sitebuilder/?C=N;O=A HTTP/1.1" 200 446 "-" "Mozilla/5.0 (compatible; MJ12bot/v1.4.8; http://mj12bot.com/)" "www.tchealthsources.com"
149.202.82.11 - - [23/Oct/2022:19:47:26 -0700] "GET /TC%20Health%20Sources/sitebuilder/?C=N;O=D HTTP/1.1" 200 448 "-" "Mozilla/5.0 (compatible; MJ12bot/v1.4.8; http://mj12bot.com/)" "www.tchealthsources.com"
114.119.136.128 - - [23/Oct/2022:19:47:35 -0700] "GET /clipart/buttons/themes?N=D HTTP/1.1" 301 1424 "http://tchealthsources.com/clipart/buttons/themes" "Mozilla/5.0 (Linux; Android 7.0;) AppleWebKit/537.36 (KHTML, like Gecko) Mobile Safari/537.36 (compatible; PetalBot;+https://webmaster.petalsearch.com/site/petalbot)" "tchealthsources.com"
114.119.136.128 - - [23/Oct/2022:19:47:35 -0700] "GET /clipart/buttons/themes/?N=D HTTP/1.1" 200 511 "http://tchealthsources.com/clipart/buttons/themes" "Mozilla/5.0 (Linux; Android 7.0;) AppleWebKit/537.36 (KHTML, like Gecko) Mobile Safari/537.36 (compatible; PetalBot;+https://webmaster.petalsearch.com/site/petalbot)" "tchealthsources.com"
149.202.82.11 - - [23/Oct/2022:19:48:06 -0700] "GET /TC%20Health%20Sources/sitebuilder/?C=S;O=A HTTP/1.1" 200 446 "-" "Mozilla/5.0 (compatible; MJ12bot/v1.4.8; http://mj12bot.com/)" "www.tchealthsources.com"
149.202.82.11 - - [23/Oct/2022:19:48:34 -0700] "GET /TC%20Health%20Sources/sitebuilder/?C=S;O=D HTTP/1.1" 200 448 "-" "Mozilla/5.0 (compatible; MJ12bot/v1.4.8; http://mj12bot.com/)" "www.tchealthsources.com"
66.249.68.10 - - [23/Oct/2022:19:48:55 -0700] "GET /robots.txt HTTP/1.1" 404 88 "-" "Mozilla/5.0 (compatible; Googlebot/2.1; +http://www.google.com/bot.html)" "tchealthsources.com"
149.202.82.11 - - [23/Oct/2022:19:49:10 -0700] "GET /TC%20Health%20Sources/sitebuilder/?D=A HTTP/1.1" 200 446 "-" "Mozilla/5.0 (compatible; MJ12bot/v1.4.8; http://mj12bot.com/)" "www.tchealthsources.com"
149.202.82.11 - - [23/Oct/2022:19:49:34 -0700] "GET /TC%20Health%20Sources/sitebuilder/?D=D HTTP/1.1" 200 446 "-" "Mozilla/5.0 (compatible; MJ12bot/v1.4.8; http://mj12bot.com/)" "www.tchealthsources.com"
149.202.82.11 - - [23/Oct/2022:19:50:06 -0700] "GET /TC%20Health%20Sources/sitebuilder/?M=A HTTP/1.1" 200 446 "-" "Mozilla/5.0 (compatible; MJ12bot/v1.4.8; http://mj12bot.com/)" "www.tchealthsources.com"
149.202.82.11 - - [23/Oct/2022:19:50:34 -0700] "GET /TC%20Health%20Sources/sitebuilder/?M=D HTTP/1.1" 200 446 "-" "Mozilla/5.0 (compatible; MJ12bot/v1.4.8; http://mj12bot.com/)" "www.tchealthsources.com"
149.202.82.11 - - [23/Oct/2022:19:50:57 -0700] "GET /TC%20Health%20Sources/sitebuilder/?N=A HTTP/1.1" 200 446 "-" "Mozilla/5.0 (compatible; MJ12bot/v1.4.8; http://mj12bot.com/)" "www.tchealthsources.com"
149.202.82.11 - - [23/Oct/2022:19:51:19 -0700] "GET /TC%20Health%20Sources/sitebuilder/?N=D HTTP/1.1" 200 446 "-" "Mozilla/5.0 (compatible; MJ12bot/v1.4.8; http://mj12bot.com/)" "www.tchealthsources.com"
149.202.82.11 - - [23/Oct/2022:19:51:43 -0700] "GET /TC%20Health%20Sources/sitebuilder/?S=A HTTP/1.1" 200 446 "-" "Mozilla/5.0 (compatible; MJ12bot/v1.4.8; http://mj12bot.com/)" "www.tchealthsources.com"
149.202.82.11 - - [23/Oct/2022:19:52:14 -0700] "GET /TC%20Health%20Sources/sitebuilder/?S=D HTTP/1.1" 200 446 "-" "Mozilla/5.0 (compatible; MJ12bot/v1.4.8; http://mj12bot.com/)" "www.tchealthsources.com"
51.222.253.20 - - [23/Oct/2022:19:52:39 -0700] "GET /clipart/ HTTP/1.1" 200 380 "-" "Mozilla/5.0 (compatible; AhrefsBot/7.0; +http://ahrefs.com/robot/)" "tchealthsources.com"
149.202.82.11 - - [23/Oct/2022:19:52:45 -0700] "GET /TC%20Health%20Sources/sitebuilder/applets/ HTTP/1.1" 200 405 "-" "Mozilla/5.0 (compatible; MJ12bot/v1.4.8; http://mj12bot.com/)" "www.tchealthsources.com"
149.202.82.11 - - [23/Oct/2022:19:53:11 -0700] "GET /TC%20Health%20Sources/sitebuilder/applets/?C=D;O=A HTTP/1.1" 200 405 "-" "Mozilla/5.0 (compatible; MJ12bot/v1.4.8; http://mj12bot.com/)" "www.tchealthsources.com"
114.119.136.134 - - [23/Oct/2022:19:53:31 -0700] "GET /TC%20Health%20Sources/tmp/ HTTP/1.1" 200 386 "https://tchealthsources.com/TC%20Health%20Sources?S=A" "Mozilla/5.0 (Linux; Android 7.0;) AppleWebKit/537.36 (KHTML, like Gecko) Mobile Safari/537.36 (compatible; PetalBot;+https://webmaster.petalsearch.com/site/petalbot)" "tchealthsources.com"
