192.151.197.50 - - [04/Oct/2022:22:27:04 -0700] "GET /alfa.php HTTP/1.1" 404 88 "www.bing.com" "wp_is_mobile" "tchealthsources.com"
192.151.197.50 - - [04/Oct/2022:22:27:04 -0700] "GET /config.php HTTP/1.1" 404 88 "www.bing.com" "wp_is_mobile" "tchealthsources.com"
192.151.197.50 - - [04/Oct/2022:22:27:04 -0700] "GET /templates/beez3/index.php HTTP/1.1" 404 88 "www.bing.com" "wp_is_mobile" "tchealthsources.com"
192.151.197.50 - - [04/Oct/2022:22:27:05 -0700] "GET /about.php HTTP/1.1" 404 88 "www.bing.com" "wp_is_mobile" "tchealthsources.com"
192.151.197.50 - - [04/Oct/2022:22:27:05 -0700] "GET /shells.php HTTP/1.1" 404 88 "www.bing.com" "wp_is_mobile" "tchealthsources.com"
114.119.136.109 - - [04/Oct/2022:22:27:45 -0700] "GET /TC%20Health%20Sources/yahoo_site_admin1/cache?M=A HTTP/1.1" 301 1441 "https://tchealthsources.com/TC%20Health%20Sources/yahoo_site_admin1/cache" "Mozilla/5.0 (Linux; Android 7.0;) AppleWebKit/537.36 (KHTML, like Gecko) Mobile Safari/537.36 (compatible; PetalBot;+https://webmaster.petalsearch.com/site/petalbot)" "tchealthsources.com"
114.119.136.109 - - [04/Oct/2022:22:27:46 -0700] "GET /TC%20Health%20Sources/yahoo_site_admin1/cache/?M=A HTTP/1.1" 200 351 "https://tchealthsources.com/TC%20Health%20Sources/yahoo_site_admin1/cache" "Mozilla/5.0 (Linux; Android 7.0;) AppleWebKit/537.36 (KHTML, like Gecko) Mobile Safari/537.36 (compatible; PetalBot;+https://webmaster.petalsearch.com/site/petalbot)" "tchealthsources.com"
185.191.171.39 - - [04/Oct/2022:22:30:31 -0700] "GET /TC%20Health%20Sources/files/?C=N%3BO%3DD HTTP/1.1" 200 441 "-" "Mozilla/5.0 (compatible; SemrushBot/7~bl; +http://www.semrush.com/bot.html)" "tchealthsources.com"
185.191.171.39 - - [04/Oct/2022:22:32:43 -0700] "GET /TC%20Health%20Sources/logs/access_160409.log HTTP/1.1" 200 1476 "-" "Mozilla/5.0 (compatible; SemrushBot/7~bl; +http://www.semrush.com/bot.html)" "tchealthsources.com"
114.119.136.128 - - [04/Oct/2022:22:33:53 -0700] "GET /TC%20Health%20Sources/clipart/buttons/themes/sky_blue?S=D HTTP/1.1" 301 1450 "https://tchealthsources.com/TC%20Health%20Sources/clipart/buttons/themes/sky_blue?S=A" "Mozilla/5.0 (Linux; Android 7.0;) AppleWebKit/537.36 (KHTML, like Gecko) Mobile Safari/537.36 (compatible; PetalBot;+https://webmaster.petalsearch.com/site/petalbot)" "tchealthsources.com"
114.119.136.128 - - [04/Oct/2022:22:33:54 -0700] "GET /TC%20Health%20Sources/clipart/buttons/themes/sky_blue/?S=D HTTP/1.1" 200 445 "https://tchealthsources.com/TC%20Health%20Sources/clipart/buttons/themes/sky_blue?S=A" "Mozilla/5.0 (Linux; Android 7.0;) AppleWebKit/537.36 (KHTML, like Gecko) Mobile Safari/537.36 (compatible; PetalBot;+https://webmaster.petalsearch.com/site/petalbot)" "tchealthsources.com"
114.119.136.13 - - [04/Oct/2022:22:40:09 -0700] "GET /TC%20Health%20Sources/clipart/images?S=A HTTP/1.1" 301 1435 "https://tchealthsources.com/TC%20Health%20Sources/clipart/images?D=A" "Mozilla/5.0 (Linux; Android 7.0;) AppleWebKit/537.36 (KHTML, like Gecko) Mobile Safari/537.36 (compatible; PetalBot;+https://webmaster.petalsearch.com/site/petalbot)" "tchealthsources.com"
114.119.136.13 - - [04/Oct/2022:22:40:12 -0700] "GET /TC%20Health%20Sources/clipart/images/?S=A HTTP/1.1" 200 382 "https://tchealthsources.com/TC%20Health%20Sources/clipart/images?D=A" "Mozilla/5.0 (Linux; Android 7.0;) AppleWebKit/537.36 (KHTML, like Gecko) Mobile Safari/537.36 (compatible; PetalBot;+https://webmaster.petalsearch.com/site/petalbot)" "tchealthsources.com"
185.191.171.19 - - [04/Oct/2022:22:41:49 -0700] "GET /robots.txt HTTP/1.1" 404 88 "-" "Mozilla/5.0 (compatible; SemrushBot/7~bl; +http://www.semrush.com/bot.html)" "tchealthsources.com"
185.191.171.33 - - [04/Oct/2022:22:41:50 -0700] "GET /clipart/buttons/themes/gray/?C=N%3BO%3DD HTTP/1.1" 200 409 "-" "Mozilla/5.0 (compatible; SemrushBot/7~bl; +http://www.semrush.com/bot.html)" "tchealthsources.com"
185.191.171.40 - - [04/Oct/2022:22:42:54 -0700] "GET /clipart/images/?C=N%3BO%3DD HTTP/1.1" 200 359 "-" "Mozilla/5.0 (compatible; SemrushBot/7~bl; +http://www.semrush.com/bot.html)" "tchealthsources.com"
116.202.128.228 - - [04/Oct/2022:22:43:43 -0700] "GET /robots.txt HTTP/1.1" 404 88 "-" "Mozilla/5.0 (compatible; BLEXBot/1.0; +http://webmeup-crawler.com/)" "tchealthsources.com"
114.119.136.109 - - [04/Oct/2022:22:46:15 -0700] "GET /clipart/buttons/themes/view-screen/?C=D%3BO%3DA HTTP/1.1" 200 433 "http://tchealthsources.com/clipart/buttons/themes/view-screen?S=D" "Mozilla/5.0 (Linux; Android 7.0;) AppleWebKit/537.36 (KHTML, like Gecko) Mobile Safari/537.36 (compatible; PetalBot;+https://webmaster.petalsearch.com/site/petalbot)" "tchealthsources.com"
185.191.171.22 - - [04/Oct/2022:22:49:27 -0700] "GET /TC%20Health%20Sources/clipart/images/?C=D%3BO%3DA HTTP/1.1" 200 382 "-" "Mozilla/5.0 (compatible; SemrushBot/7~bl; +http://www.semrush.com/bot.html)" "tchealthsources.com"
114.119.136.113 - - [04/Oct/2022:22:52:17 -0700] "GET /TC%20Health%20Sources/clipart/images/general/ HTTP/1.1" 200 403 "https://tchealthsources.com/TC%20Health%20Sources/clipart/images?D=A" "Mozilla/5.0 (Linux; Android 7.0;) AppleWebKit/537.36 (KHTML, like Gecko) Mobile Safari/537.36 (compatible; PetalBot;+https://webmaster.petalsearch.com/site/petalbot)" "tchealthsources.com"
185.191.171.7 - - [04/Oct/2022:22:54:16 -0700] "GET /TC%20Health%20Sources/clipart/buttons/?C=M%3BO%3DA HTTP/1.1" 200 383 "-" "Mozilla/5.0 (compatible; SemrushBot/7~bl; +http://www.semrush.com/bot.html)" "tchealthsources.com"
185.191.171.16 - - [04/Oct/2022:22:56:08 -0700] "GET /TC%20Health%20Sources/tmp/?C=S%3BO%3DA HTTP/1.1" 200 386 "-" "Mozilla/5.0 (compatible; SemrushBot/7~bl; +http://www.semrush.com/bot.html)" "tchealthsources.com"
185.191.171.26 - - [04/Oct/2022:22:57:47 -0700] "GET /TC%20Health%20Sources/_private/?C=M%3BO%3DA HTTP/1.1" 200 341 "-" "Mozilla/5.0 (compatible; SemrushBot/7~bl; +http://www.semrush.com/bot.html)" "tchealthsources.com"
185.191.171.21 - - [04/Oct/2022:22:57:49 -0700] "GET /navigation_bars/index.nav HTTP/1.1" 200 4991 "-" "Mozilla/5.0 (compatible; SemrushBot/7~bl; +http://www.semrush.com/bot.html)" "tchealthsources.com"
114.119.136.128 - - [04/Oct/2022:22:58:26 -0700] "GET /TC%20Health%20Sources/includes/ice/ice.conf.js HTTP/1.1" 200 735 "https://tchealthsources.com/TC%20Health%20Sources/includes/ice/?C=N%3BO%3DD" "Mozilla/5.0 (Linux; Android 7.0;) AppleWebKit/537.36 (KHTML, like Gecko) Mobile Safari/537.36 (compatible; PetalBot;+https://webmaster.petalsearch.com/site/petalbot)" "tchealthsources.com"
185.191.171.9 - - [04/Oct/2022:23:01:00 -0700] "GET /TC%20Health%20Sources/clipart/buttons/themes/jelly/ HTTP/1.1" 200 439 "-" "Mozilla/5.0 (compatible; SemrushBot/7~bl; +http://www.semrush.com/bot.html)" "tchealthsources.com"
114.119.136.128 - - [04/Oct/2022:23:04:29 -0700] "GET /TC%20Health%20Sources/clipart/buttons/themes/gray?D=A HTTP/1.1" 301 1445 "https://tchealthsources.com/TC%20Health%20Sources/clipart/buttons/themes/gray?M=A" "Mozilla/5.0 (Linux; Android 7.0;) AppleWebKit/537.36 (KHTML, like Gecko) Mobile Safari/537.36 (compatible; PetalBot;+https://webmaster.petalsearch.com/site/petalbot)" "tchealthsources.com"
114.119.136.128 - - [04/Oct/2022:23:04:31 -0700] "GET /TC%20Health%20Sources/clipart/buttons/themes/gray/?D=A HTTP/1.1" 200 435 "https://tchealthsources.com/TC%20Health%20Sources/clipart/buttons/themes/gray?M=A" "Mozilla/5.0 (Linux; Android 7.0;) AppleWebKit/537.36 (KHTML, like Gecko) Mobile Safari/537.36 (compatible; PetalBot;+https://webmaster.petalsearch.com/site/petalbot)" "tchealthsources.com"
185.191.171.17 - - [04/Oct/2022:23:05:08 -0700] "GET /TC%20Health%20Sources/clipart/buttons/themes/swoosh_blue/ HTTP/1.1" 200 441 "-" "Mozilla/5.0 (compatible; SemrushBot/7~bl; +http://www.semrush.com/bot.html)" "tchealthsources.com"
114.119.136.128 - - [04/Oct/2022:23:10:26 -0700] "GET /clipart/buttons/themes/designer3?C=N%3BO%3DD HTTP/1.1" 301 1439 "http://tchealthsources.com/clipart/buttons/themes/designer3?N=A" "Mozilla/5.0 (Linux; Android 7.0;) AppleWebKit/537.36 (KHTML, like Gecko) Mobile Safari/537.36 (compatible; PetalBot;+https://webmaster.petalsearch.com/site/petalbot)" "tchealthsources.com"
114.119.136.128 - - [04/Oct/2022:23:10:27 -0700] "GET /clipart/buttons/themes/designer3/?C=N%3BO%3DD HTTP/1.1" 200 422 "http://tchealthsources.com/clipart/buttons/themes/designer3?N=A" "Mozilla/5.0 (Linux; Android 7.0;) AppleWebKit/537.36 (KHTML, like Gecko) Mobile Safari/537.36 (compatible; PetalBot;+https://webmaster.petalsearch.com/site/petalbot)" "tchealthsources.com"
185.191.171.44 - - [04/Oct/2022:23:10:44 -0700] "GET /TC%20Health%20Sources/clipart/buttons/themes/sky_blue/?C=N%3BO%3DD HTTP/1.1" 200 445 "-" "Mozilla/5.0 (compatible; SemrushBot/7~bl; +http://www.semrush.com/bot.html)" "tchealthsources.com"
185.191.171.21 - - [04/Oct/2022:23:13:19 -0700] "GET /clipart/?C=M%3BO%3DA HTTP/1.1" 200 380 "-" "Mozilla/5.0 (compatible; SemrushBot/7~bl; +http://www.semrush.com/bot.html)" "tchealthsources.com"
185.191.171.18 - - [04/Oct/2022:23:15:09 -0700] "GET /TC%20Health%20Sources/includes/?C=N%3BO%3DD HTTP/1.1" 200 376 "-" "Mozilla/5.0 (compatible; SemrushBot/7~bl; +http://www.semrush.com/bot.html)" "tchealthsources.com"
114.119.136.13 - - [04/Oct/2022:23:16:33 -0700] "GET /TC%20Health%20Sources/clipart/buttons/themes/designer1?C=M%3BO%3DA HTTP/1.1" 301 1456 "https://tchealthsources.com/TC%20Health%20Sources/clipart/buttons/themes/designer1?C=N%3BO%3DD" "Mozilla/5.0 (Linux; Android 7.0;) AppleWebKit/537.36 (KHTML, like Gecko) Mobile Safari/537.36 (compatible; PetalBot;+https://webmaster.petalsearch.com/site/petalbot)" "tchealthsources.com"
114.119.136.13 - - [04/Oct/2022:23:16:36 -0700] "GET /TC%20Health%20Sources/clipart/buttons/themes/designer1/?C=M%3BO%3DA HTTP/1.1" 200 446 "https://tchealthsources.com/TC%20Health%20Sources/clipart/buttons/themes/designer1?C=N%3BO%3DD" "Mozilla/5.0 (Linux; Android 7.0;) AppleWebKit/537.36 (KHTML, like Gecko) Mobile Safari/537.36 (compatible; PetalBot;+https://webmaster.petalsearch.com/site/petalbot)" "tchealthsources.com"
185.191.171.12 - - [04/Oct/2022:23:22:19 -0700] "GET /TC%20Health%20Sources/media/?C=S%3BO%3DA HTTP/1.1" 200 409 "-" "Mozilla/5.0 (compatible; SemrushBot/7~bl; +http://www.semrush.com/bot.html)" "tchealthsources.com"
114.119.136.13 - - [04/Oct/2022:23:22:44 -0700] "GET /TC%20Health%20Sources/includes/ice/?C=S%3BO%3DA HTTP/1.1" 200 439 "https://tchealthsources.com/TC%20Health%20Sources/includes/ice/?C=N%3BO%3DD" "Mozilla/5.0 (Linux; Android 7.0;) AppleWebKit/537.36 (KHTML, like Gecko) Mobile Safari/537.36 (compatible; PetalBot;+https://webmaster.petalsearch.com/site/petalbot)" "tchealthsources.com"
185.191.171.8 - - [04/Oct/2022:23:23:29 -0700] "GET /TC%20Health%20Sources/images/?C=M%3BO%3DA HTTP/1.1" 200 1393 "-" "Mozilla/5.0 (compatible; SemrushBot/7~bl; +http://www.semrush.com/bot.html)" "tchealthsources.com"
185.191.171.21 - - [04/Oct/2022:23:28:05 -0700] "GET /TC%20Health%20Sources/clipart/buttons/?C=M%3BO%3DA HTTP/1.1" 200 383 "-" "Mozilla/5.0 (compatible; SemrushBot/7~bl; +http://www.semrush.com/bot.html)" "tchealthsources.com"
185.191.171.9 - - [04/Oct/2022:23:28:36 -0700] "GET /TC%20Health%20Sources/yahoo_site_admin1/credentials/db.conf HTTP/1.1" 200 192 "-" "Mozilla/5.0 (compatible; SemrushBot/7~bl; +http://www.semrush.com/bot.html)" "tchealthsources.com"
114.119.136.128 - - [04/Oct/2022:23:28:54 -0700] "GET /TC%20Health%20Sources/logs?D=A HTTP/1.1" 301 1429 "https://tchealthsources.com/TC%20Health%20Sources/logs" "Mozilla/5.0 (Linux; Android 7.0;) AppleWebKit/537.36 (KHTML, like Gecko) Mobile Safari/537.36 (compatible; PetalBot;+https://webmaster.petalsearch.com/site/petalbot)" "tchealthsources.com"
114.119.136.128 - - [04/Oct/2022:23:28:55 -0700] "GET /TC%20Health%20Sources/logs/?D=A HTTP/1.1" 200 1066 "https://tchealthsources.com/TC%20Health%20Sources/logs" "Mozilla/5.0 (Linux; Android 7.0;) AppleWebKit/537.36 (KHTML, like Gecko) Mobile Safari/537.36 (compatible; PetalBot;+https://webmaster.petalsearch.com/site/petalbot)" "tchealthsources.com"
185.191.171.41 - - [04/Oct/2022:23:33:30 -0700] "GET /TC%20Health%20Sources/sitebuilder/scripts/?C=M%3BO%3DA HTTP/1.1" 200 399 "-" "Mozilla/5.0 (compatible; SemrushBot/7~bl; +http://www.semrush.com/bot.html)" "tchealthsources.com"
114.119.134.224 - - [04/Oct/2022:23:35:03 -0700] "GET /TC%20Health%20Sources/clipart/buttons/themes/simple?N=A HTTP/1.1" 301 1446 "https://tchealthsources.com/TC%20Health%20Sources/clipart/buttons/themes/simple?D=D" "Mozilla/5.0 (Linux; Android 7.0;) AppleWebKit/537.36 (KHTML, like Gecko) Mobile Safari/537.36 (compatible; PetalBot;+https://webmaster.petalsearch.com/site/petalbot)" "tchealthsources.com"
114.119.134.224 - - [04/Oct/2022:23:35:05 -0700] "GET /TC%20Health%20Sources/clipart/buttons/themes/simple/?N=A HTTP/1.1" 200 440 "https://tchealthsources.com/TC%20Health%20Sources/clipart/buttons/themes/simple?D=D" "Mozilla/5.0 (Linux; Android 7.0;) AppleWebKit/537.36 (KHTML, like Gecko) Mobile Safari/537.36 (compatible; PetalBot;+https://webmaster.petalsearch.com/site/petalbot)" "tchealthsources.com"
185.191.171.15 - - [04/Oct/2022:23:39:23 -0700] "GET /TC%20Health%20Sources/clipart/images/?C=S%3BO%3DA HTTP/1.1" 200 382 "-" "Mozilla/5.0 (compatible; SemrushBot/7~bl; +http://www.semrush.com/bot.html)" "tchealthsources.com"
114.119.136.12 - - [04/Oct/2022:23:41:09 -0700] "GET /TC%20Health%20Sources/yahoo_site_admin/credentials?S=A HTTP/1.1" 301 1445 "https://tchealthsources.com/TC%20Health%20Sources/yahoo_site_admin/credentials?N=A" "Mozilla/5.0 (Linux; Android 7.0;) AppleWebKit/537.36 (KHTML, like Gecko) Mobile Safari/537.36 (compatible; PetalBot;+https://webmaster.petalsearch.com/site/petalbot)" "tchealthsources.com"
114.119.136.12 - - [04/Oct/2022:23:41:11 -0700] "GET /TC%20Health%20Sources/yahoo_site_admin/credentials/?S=A HTTP/1.1" 200 399 "https://tchealthsources.com/TC%20Health%20Sources/yahoo_site_admin/credentials?N=A" "Mozilla/5.0 (Linux; Android 7.0;) AppleWebKit/537.36 (KHTML, like Gecko) Mobile Safari/537.36 (compatible; PetalBot;+https://webmaster.petalsearch.com/site/petalbot)" "tchealthsources.com"
185.191.171.26 - - [04/Oct/2022:23:41:29 -0700] "GET /TC%20Health%20Sources/sitebuilder/scripts/?C=N%3BO%3DD HTTP/1.1" 200 399 "-" "Mozilla/5.0 (compatible; SemrushBot/7~bl; +http://www.semrush.com/bot.html)" "tchealthsources.com"
185.191.171.26 - - [04/Oct/2022:23:43:47 -0700] "GET /robots.txt HTTP/1.1" 404 88 "-" "Mozilla/5.0 (compatible; SemrushBot/7~bl; +http://www.semrush.com/bot.html)" "tchealthsources.com"
185.191.171.20 - - [04/Oct/2022:23:43:47 -0700] "GET /clipart/buttons/themes/?C=D%3BO%3DA HTTP/1.1" 200 511 "-" "Mozilla/5.0 (compatible; SemrushBot/7~bl; +http://www.semrush.com/bot.html)" "tchealthsources.com"
185.191.171.20 - - [04/Oct/2022:23:46:44 -0700] "GET /TC%20Health%20Sources/navigation_bars/index.nav HTTP/1.1" 200 4991 "-" "Mozilla/5.0 (compatible; SemrushBot/7~bl; +http://www.semrush.com/bot.html)" "tchealthsources.com"
114.119.134.224 - - [04/Oct/2022:23:47:18 -0700] "GET /TC%20Health%20Sources/images?N=D HTTP/1.1" 301 1430 "http://tchealthsources.com/TC%20Health%20Sources/images/" "Mozilla/5.0 (Linux; Android 7.0;) AppleWebKit/537.36 (KHTML, like Gecko) Mobile Safari/537.36 (compatible; PetalBot;+https://webmaster.petalsearch.com/site/petalbot)" "tchealthsources.com"
114.119.134.224 - - [04/Oct/2022:23:47:21 -0700] "GET /TC%20Health%20Sources/images/?N=D HTTP/1.1" 200 1393 "http://tchealthsources.com/TC%20Health%20Sources/images/" "Mozilla/5.0 (Linux; Android 7.0;) AppleWebKit/537.36 (KHTML, like Gecko) Mobile Safari/537.36 (compatible; PetalBot;+https://webmaster.petalsearch.com/site/petalbot)" "tchealthsources.com"
185.191.171.3 - - [04/Oct/2022:23:53:11 -0700] "GET /TC%20Health%20Sources/clipart/buttons/themes/designer3/?C=N%3BO%3DD HTTP/1.1" 200 444 "-" "Mozilla/5.0 (compatible; SemrushBot/7~bl; +http://www.semrush.com/bot.html)" "tchealthsources.com"
114.119.134.224 - - [04/Oct/2022:23:53:20 -0700] "GET /TC%20Health%20Sources/navigation_bars?C=S%3BO%3DA HTTP/1.1" 301 1446 "https://tchealthsources.com/TC%20Health%20Sources/navigation_bars?S=A" "Mozilla/5.0 (Linux; Android 7.0;) AppleWebKit/537.36 (KHTML, like Gecko) Mobile Safari/537.36 (compatible; PetalBot;+https://webmaster.petalsearch.com/site/petalbot)" "tchealthsources.com"
114.119.134.224 - - [04/Oct/2022:23:53:21 -0700] "GET /TC%20Health%20Sources/navigation_bars/?C=S%3BO%3DA HTTP/1.1" 200 415 "https://tchealthsources.com/TC%20Health%20Sources/navigation_bars?S=A" "Mozilla/5.0 (Linux; Android 7.0;) AppleWebKit/537.36 (KHTML, like Gecko) Mobile Safari/537.36 (compatible; PetalBot;+https://webmaster.petalsearch.com/site/petalbot)" "tchealthsources.com"
185.191.171.1 - - [04/Oct/2022:23:54:57 -0700] "GET /TC%20Health%20Sources/sitebuilder/applets/?C=M%3BO%3DA HTTP/1.1" 200 405 "-" "Mozilla/5.0 (compatible; SemrushBot/7~bl; +http://www.semrush.com/bot.html)" "tchealthsources.com"
185.191.171.23 - - [04/Oct/2022:23:55:16 -0700] "GET /TC%20Health%20Sources/clipart/buttons/?C=D%3BO%3DA HTTP/1.1" 200 383 "-" "Mozilla/5.0 (compatible; SemrushBot/7~bl; +http://www.semrush.com/bot.html)" "tchealthsources.com"
185.191.171.12 - - [04/Oct/2022:23:58:06 -0700] "GET /TC%20Health%20Sources/sitebuilder/images/?C=S%3BO%3DA HTTP/1.1" 200 2382 "-" "Mozilla/5.0 (compatible; SemrushBot/7~bl; +http://www.semrush.com/bot.html)" "tchealthsources.com"
185.191.171.15 - - [04/Oct/2022:23:59:10 -0700] "GET /TC%20Health%20Sources/yahoo_site_admin/assets/?C=M%3BO%3DA HTTP/1.1" 200 389 "-" "Mozilla/5.0 (compatible; SemrushBot/7~bl; +http://www.semrush.com/bot.html)" "tchealthsources.com"
185.191.171.23 - - [04/Oct/2022:23:59:11 -0700] "GET /TC%20Health%20Sources/clipart/buttons/themes/designer3/?C=M%3BO%3DA HTTP/1.1" 200 444 "-" "Mozilla/5.0 (compatible; SemrushBot/7~bl; +http://www.semrush.com/bot.html)" "tchealthsources.com"
185.191.171.6 - - [05/Oct/2022:00:06:24 -0700] "GET /TC%20Health%20Sources/clipart/buttons/themes/gray/?C=M%3BO%3DA HTTP/1.1" 200 435 "-" "Mozilla/5.0 (compatible; SemrushBot/7~bl; +http://www.semrush.com/bot.html)" "tchealthsources.com"
185.191.171.23 - - [05/Oct/2022:00:07:23 -0700] "GET /TC%20Health%20Sources/clipart/buttons/themes/sky_blue/ HTTP/1.1" 200 445 "-" "Mozilla/5.0 (compatible; SemrushBot/7~bl; +http://www.semrush.com/bot.html)" "tchealthsources.com"
185.191.171.34 - - [05/Oct/2022:00:08:09 -0700] "GET /Web%20DOWNLOAD%20images/?C=M%3BO%3DA HTTP/1.1" 200 442 "-" "Mozilla/5.0 (compatible; SemrushBot/7~bl; +http://www.semrush.com/bot.html)" "tchealthsources.com"
185.191.171.14 - - [05/Oct/2022:00:12:06 -0700] "GET /clipart/buttons/themes/designer3/?C=M%3BO%3DA HTTP/1.1" 200 422 "-" "Mozilla/5.0 (compatible; SemrushBot/7~bl; +http://www.semrush.com/bot.html)" "tchealthsources.com"
185.191.171.40 - - [05/Oct/2022:00:12:51 -0700] "GET /TC%20Health%20Sources/sitebuilder/scripts/?C=D%3BO%3DA HTTP/1.1" 200 399 "-" "Mozilla/5.0 (compatible; SemrushBot/7~bl; +http://www.semrush.com/bot.html)" "tchealthsources.com"
185.191.171.6 - - [05/Oct/2022:00:19:28 -0700] "GET /clipart/images/?C=S%3BO%3DA HTTP/1.1" 200 359 "-" "Mozilla/5.0 (compatible; SemrushBot/7~bl; +http://www.semrush.com/bot.html)" "tchealthsources.com"
185.191.171.39 - - [05/Oct/2022:00:19:47 -0700] "GET /TC%20Health%20Sources/yahoo_site_admin/assets/images/ HTTP/1.1" 200 356 "-" "Mozilla/5.0 (compatible; SemrushBot/7~bl; +http://www.semrush.com/bot.html)" "tchealthsources.com"
185.191.171.42 - - [05/Oct/2022:00:27:08 -0700] "GET /Web%20DOWNLOAD%20images/?C=D%3BO%3DA HTTP/1.1" 200 442 "-" "Mozilla/5.0 (compatible; SemrushBot/7~bl; +http://www.semrush.com/bot.html)" "tchealthsources.com"
185.191.171.9 - - [05/Oct/2022:00:30:21 -0700] "GET /TC%20Health%20Sources/clipart/buttons/themes/?C=N%3BO%3DD HTTP/1.1" 200 479 "-" "Mozilla/5.0 (compatible; SemrushBot/7~bl; +http://www.semrush.com/bot.html)" "tchealthsources.com"
185.191.171.34 - - [05/Oct/2022:00:31:03 -0700] "GET /TC%20Health%20Sources/sitebuilder/applets/?C=D%3BO%3DA HTTP/1.1" 200 405 "-" "Mozilla/5.0 (compatible; SemrushBot/7~bl; +http://www.semrush.com/bot.html)" "tchealthsources.com"
185.191.171.21 - - [05/Oct/2022:00:33:25 -0700] "GET /TC%20Health%20Sources/clipart/buttons/themes/designer1/?C=S%3BO%3DA HTTP/1.1" 200 446 "-" "Mozilla/5.0 (compatible; SemrushBot/7~bl; +http://www.semrush.com/bot.html)" "tchealthsources.com"
185.191.171.13 - - [05/Oct/2022:00:39:17 -0700] "GET /TC%20Health%20Sources/clipart/buttons/themes/jelly/?C=M%3BO%3DA HTTP/1.1" 200 439 "-" "Mozilla/5.0 (compatible; SemrushBot/7~bl; +http://www.semrush.com/bot.html)" "tchealthsources.com"
185.191.171.21 - - [05/Oct/2022:00:40:28 -0700] "GET /TC%20Health%20Sources/yahoo_site_admin/cache/?C=D%3BO%3DA HTTP/1.1" 200 350 "-" "Mozilla/5.0 (compatible; SemrushBot/7~bl; +http://www.semrush.com/bot.html)" "tchealthsources.com"
185.191.171.39 - - [05/Oct/2022:00:40:38 -0700] "GET /Web%20DOWNLOAD%20images/?C=N%3BO%3DD HTTP/1.1" 200 442 "-" "Mozilla/5.0 (compatible; SemrushBot/7~bl; +http://www.semrush.com/bot.html)" "tchealthsources.com"
114.119.136.113 - - [05/Oct/2022:00:41:03 -0700] "GET /TC%20Health%20Sources/clipart/images/ HTTP/1.1" 200 382 "https://tchealthsources.com/TC%20Health%20Sources/clipart/" "Mozilla/5.0 (Linux; Android 7.0;) AppleWebKit/537.36 (KHTML, like Gecko) Mobile Safari/537.36 (compatible; PetalBot;+https://webmaster.petalsearch.com/site/petalbot)" "tchealthsources.com"
185.191.171.7 - - [05/Oct/2022:00:42:03 -0700] "GET /TC%20Health%20Sources/clipart/buttons/themes/sky_blue/?C=M%3BO%3DA HTTP/1.1" 200 445 "-" "Mozilla/5.0 (compatible; SemrushBot/7~bl; +http://www.semrush.com/bot.html)" "tchealthsources.com"
185.191.171.45 - - [05/Oct/2022:00:42:45 -0700] "GET /clipart/buttons/themes/jelly/?C=S%3BO%3DA HTTP/1.1" 200 416 "-" "Mozilla/5.0 (compatible; SemrushBot/7~bl; +http://www.semrush.com/bot.html)" "tchealthsources.com"
185.191.171.19 - - [05/Oct/2022:00:44:11 -0700] "GET /robots.txt HTTP/1.1" 404 88 "-" "Mozilla/5.0 (compatible; SemrushBot/7~bl; +http://www.semrush.com/bot.html)" "tchealthsources.com"
185.191.171.15 - - [05/Oct/2022:00:44:11 -0700] "GET /clipart/buttons/?C=N%3BO%3DD HTTP/1.1" 200 360 "-" "Mozilla/5.0 (compatible; SemrushBot/7~bl; +http://www.semrush.com/bot.html)" "tchealthsources.com"
185.191.171.2 - - [05/Oct/2022:00:45:02 -0700] "GET /clipart/images/?C=D%3BO%3DA HTTP/1.1" 200 359 "-" "Mozilla/5.0 (compatible; SemrushBot/7~bl; +http://www.semrush.com/bot.html)" "tchealthsources.com"
185.191.171.25 - - [05/Oct/2022:00:47:24 -0700] "GET /clipart/buttons/themes/simple/?C=S%3BO%3DA HTTP/1.1" 200 417 "-" "Mozilla/5.0 (compatible; SemrushBot/7~bl; +http://www.semrush.com/bot.html)" "tchealthsources.com"
185.191.171.1 - - [05/Oct/2022:00:55:53 -0700] "GET /TC%20Health%20Sources/sitebuilder/images/ HTTP/1.1" 200 2382 "-" "Mozilla/5.0 (compatible; SemrushBot/7~bl; +http://www.semrush.com/bot.html)" "tchealthsources.com"
185.191.171.9 - - [05/Oct/2022:00:57:59 -0700] "GET /TC%20Health%20Sources/logs/access_160326.log HTTP/1.1" 200 1826 "-" "Mozilla/5.0 (compatible; SemrushBot/7~bl; +http://www.semrush.com/bot.html)" "tchealthsources.com"
65.108.110.26 - - [05/Oct/2022:00:59:30 -0700] "GET /robots.txt HTTP/1.1" 404 73 "-" "Mozilla/5.0 (compatible; MJ12bot/v1.4.8; http://mj12bot.com/)" "tchealthsources.com"
65.108.110.26 - - [05/Oct/2022:00:59:32 -0700] "GET /TC%20Health%20Sources/navigation_bars/?C=N;O=A HTTP/1.1" 200 415 "-" "Mozilla/5.0 (compatible; MJ12bot/v1.4.8; http://mj12bot.com/)" "tchealthsources.com"
185.191.171.7 - - [05/Oct/2022:01:07:27 -0700] "GET /TC%20Health%20Sources/Index.html HTTP/1.1" 200 2664 "-" "Mozilla/5.0 (compatible; SemrushBot/7~bl; +http://www.semrush.com/bot.html)" "tchealthsources.com"
185.191.171.38 - - [05/Oct/2022:01:08:05 -0700] "GET /clipart/buttons/themes/simple/?C=M%3BO%3DA HTTP/1.1" 200 417 "-" "Mozilla/5.0 (compatible; SemrushBot/7~bl; +http://www.semrush.com/bot.html)" "tchealthsources.com"
185.191.171.5 - - [05/Oct/2022:01:09:46 -0700] "GET /TC%20Health%20Sources/?C=S%3BO%3DA HTTP/1.1" 200 564 "-" "Mozilla/5.0 (compatible; SemrushBot/7~bl; +http://www.semrush.com/bot.html)" "tchealthsources.com"
185.191.171.36 - - [05/Oct/2022:01:11:18 -0700] "GET /TC%20Health%20Sources/sitebuilder/images/?C=N%3BO%3DD HTTP/1.1" 200 2382 "-" "Mozilla/5.0 (compatible; SemrushBot/7~bl; +http://www.semrush.com/bot.html)" "tchealthsources.com"
185.191.171.14 - - [05/Oct/2022:01:12:50 -0700] "GET /clipart/buttons/themes/designer1/?C=S%3BO%3DA HTTP/1.1" 200 423 "-" "Mozilla/5.0 (compatible; SemrushBot/7~bl; +http://www.semrush.com/bot.html)" "tchealthsources.com"
185.191.171.13 - - [05/Oct/2022:01:14:44 -0700] "GET /TC%20Health%20Sources/?C=S%3BO%3DA HTTP/1.1" 200 564 "-" "Mozilla/5.0 (compatible; SemrushBot/7~bl; +http://www.semrush.com/bot.html)" "tchealthsources.com"
185.191.171.5 - - [05/Oct/2022:01:19:56 -0700] "GET /clipart/buttons/?C=S%3BO%3DA HTTP/1.1" 200 360 "-" "Mozilla/5.0 (compatible; SemrushBot/7~bl; +http://www.semrush.com/bot.html)" "tchealthsources.com"
185.191.171.39 - - [05/Oct/2022:01:21:42 -0700] "GET /clipart/buttons/themes/view-screen/?C=N%3BO%3DD HTTP/1.1" 200 433 "-" "Mozilla/5.0 (compatible; SemrushBot/7~bl; +http://www.semrush.com/bot.html)" "tchealthsources.com"
185.191.171.39 - - [05/Oct/2022:01:24:39 -0700] "GET /TC%20Health%20Sources/includes/ice/?C=S%3BO%3DA HTTP/1.1" 200 439 "-" "Mozilla/5.0 (compatible; SemrushBot/7~bl; +http://www.semrush.com/bot.html)" "tchealthsources.com"
185.191.171.6 - - [05/Oct/2022:01:27:49 -0700] "GET /TC%20Health%20Sources/includes/ice/?C=M%3BO%3DA HTTP/1.1" 200 439 "-" "Mozilla/5.0 (compatible; SemrushBot/7~bl; +http://www.semrush.com/bot.html)" "tchealthsources.com"
114.119.136.128 - - [05/Oct/2022:01:30:05 -0700] "GET /TC%20Health%20Sources/clipart/buttons/themes/view-screen?D=D HTTP/1.1" 301 1449 "https://tchealthsources.com/TC%20Health%20Sources/clipart/buttons/themes/view-screen?D=A" "Mozilla/5.0 (Linux; Android 7.0;) AppleWebKit/537.36 (KHTML, like Gecko) Mobile Safari/537.36 (compatible; PetalBot;+https://webmaster.petalsearch.com/site/petalbot)" "tchealthsources.com"
114.119.136.128 - - [05/Oct/2022:01:30:06 -0700] "GET /TC%20Health%20Sources/clipart/buttons/themes/view-screen/?D=D HTTP/1.1" 200 442 "https://tchealthsources.com/TC%20Health%20Sources/clipart/buttons/themes/view-screen?D=A" "Mozilla/5.0 (Linux; Android 7.0;) AppleWebKit/537.36 (KHTML, like Gecko) Mobile Safari/537.36 (compatible; PetalBot;+https://webmaster.petalsearch.com/site/petalbot)" "tchealthsources.com"
185.191.171.39 - - [05/Oct/2022:01:31:25 -0700] "GET /clipart/buttons/themes/designer3/?C=S%3BO%3DA HTTP/1.1" 200 422 "-" "Mozilla/5.0 (compatible; SemrushBot/7~bl; +http://www.semrush.com/bot.html)" "tchealthsources.com"
185.191.171.3 - - [05/Oct/2022:01:32:37 -0700] "GET /TC%20Health%20Sources/navigation_bars/?C=M%3BO%3DA HTTP/1.1" 200 415 "-" "Mozilla/5.0 (compatible; SemrushBot/7~bl; +http://www.semrush.com/bot.html)" "tchealthsources.com"
185.191.171.36 - - [05/Oct/2022:01:35:05 -0700] "GET /TC%20Health%20Sources/logs/access_160401.log HTTP/1.1" 200 1294 "-" "Mozilla/5.0 (compatible; SemrushBot/7~bl; +http://www.semrush.com/bot.html)" "tchealthsources.com"
114.119.136.134 - - [05/Oct/2022:01:36:09 -0700] "GET /TC%20Health%20Sources/logs/access_160318.log HTTP/1.1" 200 1796 "https://tchealthsources.com/TC%20Health%20Sources/logs?C=D%3BO%3DA" "Mozilla/5.0 (Linux; Android 7.0;) AppleWebKit/537.36 (KHTML, like Gecko) Mobile Safari/537.36 (compatible; PetalBot;+https://webmaster.petalsearch.com/site/petalbot)" "tchealthsources.com"
185.191.171.1 - - [05/Oct/2022:01:37:10 -0700] "GET /TC%20Health%20Sources/logs/access_160407.log HTTP/1.1" 200 1052 "-" "Mozilla/5.0 (compatible; SemrushBot/7~bl; +http://www.semrush.com/bot.html)" "tchealthsources.com"
185.191.171.24 - - [05/Oct/2022:01:39:03 -0700] "GET /TC%20Health%20Sources/sitebuilder/scripts/ HTTP/1.1" 200 399 "-" "Mozilla/5.0 (compatible; SemrushBot/7~bl; +http://www.semrush.com/bot.html)" "tchealthsources.com"
114.119.136.12 - - [05/Oct/2022:01:42:08 -0700] "GET /TC%20Health%20Sources/yahoo_site_admin1/?N=D HTTP/1.1" 200 418 "https://tchealthsources.com/TC%20Health%20Sources/yahoo_site_admin1?N=A" "Mozilla/5.0 (Linux; Android 7.0;) AppleWebKit/537.36 (KHTML, like Gecko) Mobile Safari/537.36 (compatible; PetalBot;+https://webmaster.petalsearch.com/site/petalbot)" "tchealthsources.com"
185.191.171.4 - - [05/Oct/2022:01:48:57 -0700] "GET /robots.txt HTTP/1.1" 404 88 "-" "Mozilla/5.0 (compatible; SemrushBot/7~bl; +http://www.semrush.com/bot.html)" "tchealthsources.com"
185.191.171.2 - - [05/Oct/2022:01:48:58 -0700] "GET /TC%20Health%20Sources/navigation_bars/?C=D%3BO%3DA HTTP/1.1" 200 415 "-" "Mozilla/5.0 (compatible; SemrushBot/7~bl; +http://www.semrush.com/bot.html)" "tchealthsources.com"
185.191.171.16 - - [05/Oct/2022:01:50:01 -0700] "GET /TC%20Health%20Sources/logs/access_160318.log HTTP/1.1" 200 1796 "-" "Mozilla/5.0 (compatible; SemrushBot/7~bl; +http://www.semrush.com/bot.html)" "tchealthsources.com"
185.191.171.8 - - [05/Oct/2022:01:50:08 -0700] "GET /clipart/buttons/themes/designer1/?C=D%3BO%3DA HTTP/1.1" 200 423 "-" "Mozilla/5.0 (compatible; SemrushBot/7~bl; +http://www.semrush.com/bot.html)" "tchealthsources.com"
185.191.171.39 - - [05/Oct/2022:01:50:24 -0700] "GET /TC%20Health%20Sources/includes/ HTTP/1.1" 200 376 "-" "Mozilla/5.0 (compatible; SemrushBot/7~bl; +http://www.semrush.com/bot.html)" "tchealthsources.com"
185.191.171.8 - - [05/Oct/2022:01:53:26 -0700] "GET /clipart/images/?C=N%3BO%3DD HTTP/1.1" 200 359 "-" "Mozilla/5.0 (compatible; SemrushBot/7~bl; +http://www.semrush.com/bot.html)" "tchealthsources.com"
185.191.171.18 - - [05/Oct/2022:01:55:38 -0700] "GET /clipart/?C=D%3BO%3DA HTTP/1.1" 200 380 "-" "Mozilla/5.0 (compatible; SemrushBot/7~bl; +http://www.semrush.com/bot.html)" "tchealthsources.com"
185.191.171.3 - - [05/Oct/2022:01:57:11 -0700] "GET /TC%20Health%20Sources/yahoo_site_admin1/assets/?C=D%3BO%3DA HTTP/1.1" 200 390 "-" "Mozilla/5.0 (compatible; SemrushBot/7~bl; +http://www.semrush.com/bot.html)" "tchealthsources.com"
185.191.171.43 - - [05/Oct/2022:02:04:31 -0700] "GET /TC%20Health%20Sources/yahoo_site_admin/?C=S%3BO%3DA HTTP/1.1" 200 429 "-" "Mozilla/5.0 (compatible; SemrushBot/7~bl; +http://www.semrush.com/bot.html)" "tchealthsources.com"
185.191.171.5 - - [05/Oct/2022:02:06:43 -0700] "GET /TC%20Health%20Sources/logs/access_160408.log HTTP/1.1" 200 1053 "-" "Mozilla/5.0 (compatible; SemrushBot/7~bl; +http://www.semrush.com/bot.html)" "tchealthsources.com"
185.191.171.33 - - [05/Oct/2022:02:09:51 -0700] "GET /TC%20Health%20Sources/media/?C=N%3BO%3DD HTTP/1.1" 200 409 "-" "Mozilla/5.0 (compatible; SemrushBot/7~bl; +http://www.semrush.com/bot.html)" "tchealthsources.com"
185.191.171.33 - - [05/Oct/2022:02:11:31 -0700] "GET /TC%20Health%20Sources/logs/access_160401.log HTTP/1.1" 200 1294 "-" "Mozilla/5.0 (compatible; SemrushBot/7~bl; +http://www.semrush.com/bot.html)" "tchealthsources.com"
114.119.136.12 - - [05/Oct/2022:02:16:05 -0700] "GET /TC%20Health%20Sources/clipart/buttons?S=D HTTP/1.1" 301 1436 "https://tchealthsources.com/TC%20Health%20Sources/clipart/buttons?S=A" "Mozilla/5.0 (Linux; Android 7.0;) AppleWebKit/537.36 (KHTML, like Gecko) Mobile Safari/537.36 (compatible; PetalBot;+https://webmaster.petalsearch.com/site/petalbot)" "tchealthsources.com"
114.119.136.12 - - [05/Oct/2022:02:16:06 -0700] "GET /TC%20Health%20Sources/clipart/buttons/?S=D HTTP/1.1" 200 383 "https://tchealthsources.com/TC%20Health%20Sources/clipart/buttons?S=A" "Mozilla/5.0 (Linux; Android 7.0;) AppleWebKit/537.36 (KHTML, like Gecko) Mobile Safari/537.36 (compatible; PetalBot;+https://webmaster.petalsearch.com/site/petalbot)" "tchealthsources.com"
185.191.171.20 - - [05/Oct/2022:02:19:27 -0700] "GET /clipart/buttons/themes/designer1/?C=M%3BO%3DA HTTP/1.1" 200 423 "-" "Mozilla/5.0 (compatible; SemrushBot/7~bl; +http://www.semrush.com/bot.html)" "tchealthsources.com"
185.191.171.23 - - [05/Oct/2022:02:19:51 -0700] "GET /clipart/buttons/themes/swoosh_blue/?C=S%3BO%3DA HTTP/1.1" 200 419 "-" "Mozilla/5.0 (compatible; SemrushBot/7~bl; +http://www.semrush.com/bot.html)" "tchealthsources.com"
77.88.5.220 - - [05/Oct/2022:02:20:56 -0700] "GET /robots.txt HTTP/1.1" 404 73 "-" "Mozilla/5.0 (compatible; YandexBot/3.0; +http://yandex.com/bots)" "tchealthsources.com"
77.88.5.220 - - [05/Oct/2022:02:21:00 -0700] "GET / HTTP/1.1" 200 493 "-" "Mozilla/5.0 (compatible; YandexBot/3.0; +http://yandex.com/bots)" "tchealthsources.com"
185.191.171.1 - - [05/Oct/2022:02:23:41 -0700] "GET /TC%20Health%20Sources/files/International_health_insurance.htm HTTP/1.1" 200 5116 "-" "Mozilla/5.0 (compatible; SemrushBot/7~bl; +http://www.semrush.com/bot.html)" "tchealthsources.com"
185.191.171.22 - - [05/Oct/2022:02:24:18 -0700] "GET /TC%20Health%20Sources/files/ HTTP/1.1" 200 441 "-" "Mozilla/5.0 (compatible; SemrushBot/7~bl; +http://www.semrush.com/bot.html)" "tchealthsources.com"
185.191.171.37 - - [05/Oct/2022:02:24:38 -0700] "GET /clipart/buttons/themes/sky_blue/ HTTP/1.1" 200 422 "-" "Mozilla/5.0 (compatible; SemrushBot/7~bl; +http://www.semrush.com/bot.html)" "tchealthsources.com"
185.191.171.40 - - [05/Oct/2022:02:25:41 -0700] "GET /TC%20Health%20Sources/logs/access_160317.log HTTP/1.1" 200 967 "-" "Mozilla/5.0 (compatible; SemrushBot/7~bl; +http://www.semrush.com/bot.html)" "tchealthsources.com"
185.191.171.5 - - [05/Oct/2022:02:26:29 -0700] "GET /TC%20Health%20Sources/yahoo_site_admin/?C=D%3BO%3DA HTTP/1.1" 200 429 "-" "Mozilla/5.0 (compatible; SemrushBot/7~bl; +http://www.semrush.com/bot.html)" "tchealthsources.com"
146.148.12.228 - - [05/Oct/2022:02:29:25 -0700] "GET / HTTP/1.1" 200 1331 "-" "Mozilla/5.0 (Windows NT 10.0; Win64; x64) AppleWebKit/537.36 (KHTML, like Gecko) Chrome/84.0.4147.105 Safari/537.36" "www.tchealthsources.com"
185.191.171.38 - - [05/Oct/2022:02:31:32 -0700] "GET /TC%20Health%20Sources/clipart/images/general/?C=M%3BO%3DA HTTP/1.1" 200 403 "-" "Mozilla/5.0 (compatible; SemrushBot/7~bl; +http://www.semrush.com/bot.html)" "tchealthsources.com"
185.191.171.7 - - [05/Oct/2022:02:32:03 -0700] "GET /clipart/buttons/?C=M%3BO%3DA HTTP/1.1" 200 360 "-" "Mozilla/5.0 (compatible; SemrushBot/7~bl; +http://www.semrush.com/bot.html)" "tchealthsources.com"
185.191.171.13 - - [05/Oct/2022:02:33:13 -0700] "GET /TC%20Health%20Sources/yahoo_site_admin/assets/images/?C=N%3BO%3DD HTTP/1.1" 200 356 "-" "Mozilla/5.0 (compatible; SemrushBot/7~bl; +http://www.semrush.com/bot.html)" "tchealthsources.com"
185.191.171.22 - - [05/Oct/2022:02:33:17 -0700] "GET /clipart/images/general/ HTTP/1.1" 200 376 "-" "Mozilla/5.0 (compatible; SemrushBot/7~bl; +http://www.semrush.com/bot.html)" "tchealthsources.com"
51.222.253.11 - - [05/Oct/2022:02:36:00 -0700] "GET /robots.txt HTTP/1.1" 404 88 "-" "Mozilla/5.0 (compatible; AhrefsBot/7.0; +http://ahrefs.com/robot/)" "www.tchealthsources.com"
51.222.253.12 - - [05/Oct/2022:02:36:02 -0700] "GET /TC%20Health%20Sources/includes/?C=N;O=A HTTP/1.1" 200 376 "-" "Mozilla/5.0 (compatible; AhrefsBot/7.0; +http://ahrefs.com/robot/)" "www.tchealthsources.com"
114.119.136.134 - - [05/Oct/2022:02:37:00 -0700] "GET /clipart/buttons/themes/designer3?S=D HTTP/1.1" 301 1431 "http://tchealthsources.com/clipart/buttons/themes/designer3?S=A" "Mozilla/5.0 (Linux; Android 7.0;) AppleWebKit/537.36 (KHTML, like Gecko) Mobile Safari/537.36 (compatible; PetalBot;+https://webmaster.petalsearch.com/site/petalbot)" "tchealthsources.com"
114.119.136.134 - - [05/Oct/2022:02:37:00 -0700] "GET /clipart/buttons/themes/designer3/?S=D HTTP/1.1" 200 422 "http://tchealthsources.com/clipart/buttons/themes/designer3?S=A" "Mozilla/5.0 (Linux; Android 7.0;) AppleWebKit/537.36 (KHTML, like Gecko) Mobile Safari/537.36 (compatible; PetalBot;+https://webmaster.petalsearch.com/site/petalbot)" "tchealthsources.com"
185.191.171.4 - - [05/Oct/2022:02:38:27 -0700] "GET /TC%20Health%20Sources/logs/access_160311.log HTTP/1.1" 200 2345 "-" "Mozilla/5.0 (compatible; SemrushBot/7~bl; +http://www.semrush.com/bot.html)" "tchealthsources.com"
23.29.32.74 - - [05/Oct/2022:02:40:41 -0700] "GET / HTTP/1.1" 200 493 "-" "Mozilla/5.0 (X11; Linux x86_64) AppleWebKit/535.21 (KHTML, like Gecko) Chrome/19.0.1042.0 Safari/535.21" "tchealthsources.com"
185.191.171.24 - - [05/Oct/2022:02:43:38 -0700] "GET /TC%20Health%20Sources/includes/ice/ HTTP/1.1" 200 439 "-" "Mozilla/5.0 (compatible; SemrushBot/7~bl; +http://www.semrush.com/bot.html)" "tchealthsources.com"
185.191.171.34 - - [05/Oct/2022:02:43:46 -0700] "GET /TC%20Health%20Sources/tmp/?C=M%3BO%3DA HTTP/1.1" 200 386 "-" "Mozilla/5.0 (compatible; SemrushBot/7~bl; +http://www.semrush.com/bot.html)" "tchealthsources.com"
185.191.171.4 - - [05/Oct/2022:02:46:41 -0700] "GET /TC%20Health%20Sources/logs/?C=N%3BO%3DD HTTP/1.1" 200 1066 "-" "Mozilla/5.0 (compatible; SemrushBot/7~bl; +http://www.semrush.com/bot.html)" "tchealthsources.com"
114.119.136.128 - - [05/Oct/2022:02:49:08 -0700] "GET /clipart/?M=A HTTP/1.1" 200 380 "http://tchealthsources.com/clipart/" "Mozilla/5.0 (Linux; Android 7.0;) AppleWebKit/537.36 (KHTML, like Gecko) Mobile Safari/537.36 (compatible; PetalBot;+https://webmaster.petalsearch.com/site/petalbot)" "tchealthsources.com"
185.191.171.12 - - [05/Oct/2022:02:53:16 -0700] "GET /robots.txt HTTP/1.1" 404 88 "-" "Mozilla/5.0 (compatible; SemrushBot/7~bl; +http://www.semrush.com/bot.html)" "tchealthsources.com"
185.191.171.6 - - [05/Oct/2022:02:53:16 -0700] "GET /TC%20Health%20Sources/logs/?C=S%3BO%3DA HTTP/1.1" 200 1066 "-" "Mozilla/5.0 (compatible; SemrushBot/7~bl; +http://www.semrush.com/bot.html)" "tchealthsources.com"
185.191.171.16 - - [05/Oct/2022:02:54:33 -0700] "GET /TC%20Health%20Sources/sitebuilder/images/?C=D%3BO%3DA HTTP/1.1" 200 2382 "-" "Mozilla/5.0 (compatible; SemrushBot/7~bl; +http://www.semrush.com/bot.html)" "tchealthsources.com"
114.119.136.134 - - [05/Oct/2022:02:55:16 -0700] "GET /clipart/buttons/themes?S=A HTTP/1.1" 301 1424 "http://tchealthsources.com/clipart/buttons/themes" "Mozilla/5.0 (Linux; Android 7.0;) AppleWebKit/537.36 (KHTML, like Gecko) Mobile Safari/537.36 (compatible; PetalBot;+https://webmaster.petalsearch.com/site/petalbot)" "tchealthsources.com"
114.119.136.134 - - [05/Oct/2022:02:55:16 -0700] "GET /clipart/buttons/themes/?S=A HTTP/1.1" 200 511 "http://tchealthsources.com/clipart/buttons/themes" "Mozilla/5.0 (Linux; Android 7.0;) AppleWebKit/537.36 (KHTML, like Gecko) Mobile Safari/537.36 (compatible; PetalBot;+https://webmaster.petalsearch.com/site/petalbot)" "tchealthsources.com"
185.191.171.8 - - [05/Oct/2022:02:57:48 -0700] "GET /TC%20Health%20Sources/yahoo_site_admin1/?C=S%3BO%3DA HTTP/1.1" 200 418 "-" "Mozilla/5.0 (compatible; SemrushBot/7~bl; +http://www.semrush.com/bot.html)" "tchealthsources.com"
185.191.171.22 - - [05/Oct/2022:02:59:46 -0700] "GET /TC%20Health%20Sources/clipart/buttons/themes/swoosh_blue/?C=M%3BO%3DA HTTP/1.1" 200 441 "-" "Mozilla/5.0 (compatible; SemrushBot/7~bl; +http://www.semrush.com/bot.html)" "tchealthsources.com"
185.191.171.16 - - [05/Oct/2022:03:02:53 -0700] "GET /TC%20Health%20Sources/yahoo_site_admin1/assets/images/?C=N%3BO%3DD HTTP/1.1" 200 357 "-" "Mozilla/5.0 (compatible; SemrushBot/7~bl; +http://www.semrush.com/bot.html)" "tchealthsources.com"
185.191.171.37 - - [05/Oct/2022:03:05:26 -0700] "GET /clipart/images/ HTTP/1.1" 200 359 "-" "Mozilla/5.0 (compatible; SemrushBot/7~bl; +http://www.semrush.com/bot.html)" "tchealthsources.com"
185.191.171.6 - - [05/Oct/2022:03:12:35 -0700] "GET /TC%20Health%20Sources/tmp/?C=M%3BO%3DA HTTP/1.1" 200 386 "-" "Mozilla/5.0 (compatible; SemrushBot/7~bl; +http://www.semrush.com/bot.html)" "tchealthsources.com"
185.191.171.43 - - [05/Oct/2022:03:13:43 -0700] "GET /TC%20Health%20Sources/tmp/mailError.log HTTP/1.1" 200 104 "-" "Mozilla/5.0 (compatible; SemrushBot/7~bl; +http://www.semrush.com/bot.html)" "tchealthsources.com"
114.119.136.109 - - [05/Oct/2022:03:15:00 -0700] "GET /TC%20Health%20Sources/sitebuilder/images?D=A HTTP/1.1" 301 1438 "https://tchealthsources.com/TC%20Health%20Sources/sitebuilder/images" "Mozilla/5.0 (Linux; Android 7.0;) AppleWebKit/537.36 (KHTML, like Gecko) Mobile Safari/537.36 (compatible; PetalBot;+https://webmaster.petalsearch.com/site/petalbot)" "tchealthsources.com"
114.119.136.109 - - [05/Oct/2022:03:15:01 -0700] "GET /TC%20Health%20Sources/sitebuilder/images/?D=A HTTP/1.1" 200 2382 "https://tchealthsources.com/TC%20Health%20Sources/sitebuilder/images" "Mozilla/5.0 (Linux; Android 7.0;) AppleWebKit/537.36 (KHTML, like Gecko) Mobile Safari/537.36 (compatible; PetalBot;+https://webmaster.petalsearch.com/site/petalbot)" "tchealthsources.com"
114.119.136.134 - - [05/Oct/2022:03:21:09 -0700] "GET /TC%20Health%20Sources/logs?C=S%3BO%3DA HTTP/1.1" 301 1438 "https://tchealthsources.com/TC%20Health%20Sources/logs?D=A" "Mozilla/5.0 (Linux; Android 7.0;) AppleWebKit/537.36 (KHTML, like Gecko) Mobile Safari/537.36 (compatible; PetalBot;+https://webmaster.petalsearch.com/site/petalbot)" "tchealthsources.com"
114.119.136.134 - - [05/Oct/2022:03:21:11 -0700] "GET /TC%20Health%20Sources/logs/?C=S%3BO%3DA HTTP/1.1" 200 1066 "https://tchealthsources.com/TC%20Health%20Sources/logs?D=A" "Mozilla/5.0 (Linux; Android 7.0;) AppleWebKit/537.36 (KHTML, like Gecko) Mobile Safari/537.36 (compatible; PetalBot;+https://webmaster.petalsearch.com/site/petalbot)" "tchealthsources.com"
185.191.171.20 - - [05/Oct/2022:03:24:44 -0700] "GET /TC%20Health%20Sources/logs/access_160301.log HTTP/1.1" 200 2216 "-" "Mozilla/5.0 (compatible; SemrushBot/7~bl; +http://www.semrush.com/bot.html)" "tchealthsources.com"
185.191.171.25 - - [05/Oct/2022:03:25:13 -0700] "GET /TC%20Health%20Sources/logs/access_160303.log HTTP/1.1" 200 943 "-" "Mozilla/5.0 (compatible; SemrushBot/7~bl; +http://www.semrush.com/bot.html)" "tchealthsources.com"
185.191.171.22 - - [05/Oct/2022:03:25:48 -0700] "GET /TC%20Health%20Sources/logs/access_160404.log HTTP/1.1" 200 1375 "-" "Mozilla/5.0 (compatible; SemrushBot/7~bl; +http://www.semrush.com/bot.html)" "tchealthsources.com"
114.119.136.13 - - [05/Oct/2022:03:27:10 -0700] "GET /TC%20Health%20Sources?S=A HTTP/1.1" 301 1425 "https://tchealthsources.com/TC%20Health%20Sources?N=A" "Mozilla/5.0 (Linux; Android 7.0;) AppleWebKit/537.36 (KHTML, like Gecko) Mobile Safari/537.36 (compatible; PetalBot;+https://webmaster.petalsearch.com/site/petalbot)" "tchealthsources.com"
114.119.136.13 - - [05/Oct/2022:03:27:13 -0700] "GET /TC%20Health%20Sources/?S=A HTTP/1.1" 200 564 "https://tchealthsources.com/TC%20Health%20Sources?N=A" "Mozilla/5.0 (Linux; Android 7.0;) AppleWebKit/537.36 (KHTML, like Gecko) Mobile Safari/537.36 (compatible; PetalBot;+https://webmaster.petalsearch.com/site/petalbot)" "tchealthsources.com"
185.191.171.19 - - [05/Oct/2022:03:28:55 -0700] "GET /clipart/buttons/themes/gray/?C=M%3BO%3DA HTTP/1.1" 200 409 "-" "Mozilla/5.0 (compatible; SemrushBot/7~bl; +http://www.semrush.com/bot.html)" "tchealthsources.com"
185.191.171.39 - - [05/Oct/2022:03:29:23 -0700] "GET /TC%20Health%20Sources/yahoo_site_admin1/assets/?C=S%3BO%3DA HTTP/1.1" 200 390 "-" "Mozilla/5.0 (compatible; SemrushBot/7~bl; +http://www.semrush.com/bot.html)" "tchealthsources.com"
185.191.171.16 - - [05/Oct/2022:03:29:36 -0700] "GET /TC%20Health%20Sources/clipart/buttons/themes/designer3/?C=D%3BO%3DA HTTP/1.1" 200 444 "-" "Mozilla/5.0 (compatible; SemrushBot/7~bl; +http://www.semrush.com/bot.html)" "tchealthsources.com"
114.119.136.13 - - [05/Oct/2022:03:34:00 -0700] "GET /navigation_bars/index.nav HTTP/1.1" 200 4991 "-" "Mozilla/5.0 (Linux; Android 7.0;) AppleWebKit/537.36 (KHTML, like Gecko) Mobile Safari/537.36 (compatible; PetalBot;+https://webmaster.petalsearch.com/site/petalbot)" "tchealthsources.com"
185.191.171.10 - - [05/Oct/2022:03:37:22 -0700] "GET /TC%20Health%20Sources/sitebuilder/applets/ HTTP/1.1" 200 405 "-" "Mozilla/5.0 (compatible; SemrushBot/7~bl; +http://www.semrush.com/bot.html)" "tchealthsources.com"
114.119.136.12 - - [05/Oct/2022:03:39:22 -0700] "GET /TC%20Health%20Sources/clipart/buttons/themes/jelly/?C=D%3BO%3DA HTTP/1.1" 200 439 "https://tchealthsources.com/TC%20Health%20Sources/clipart/buttons/themes/jelly/?C=S%3BO%3DA" "Mozilla/5.0 (Linux; Android 7.0;) AppleWebKit/537.36 (KHTML, like Gecko) Mobile Safari/537.36 (compatible; PetalBot;+https://webmaster.petalsearch.com/site/petalbot)" "tchealthsources.com"
54.36.148.228 - - [05/Oct/2022:03:40:13 -0700] "GET /robots.txt HTTP/1.1" 404 88 "-" "Mozilla/5.0 (compatible; AhrefsBot/7.0; +http://ahrefs.com/robot/)" "www.tchealthsources.com"
51.222.253.4 - - [05/Oct/2022:03:40:14 -0700] "GET /Index.html HTTP/1.1" 200 450 "-" "Mozilla/5.0 (compatible; AhrefsBot/7.0; +http://ahrefs.com/robot/)" "www.tchealthsources.com"
114.119.136.12 - - [05/Oct/2022:03:45:33 -0700] "GET /clipart/buttons/themes/sky_blue?C=M%3BO%3DA HTTP/1.1" 301 1443 "http://tchealthsources.com/clipart/buttons/themes/sky_blue?D=A" "Mozilla/5.0 (Linux; Android 7.0;) AppleWebKit/537.36 (KHTML, like Gecko) Mobile Safari/537.36 (compatible; PetalBot;+https://webmaster.petalsearch.com/site/petalbot)" "tchealthsources.com"
114.119.136.12 - - [05/Oct/2022:03:45:34 -0700] "GET /clipart/buttons/themes/sky_blue/?C=M%3BO%3DA HTTP/1.1" 200 422 "http://tchealthsources.com/clipart/buttons/themes/sky_blue?D=A" "Mozilla/5.0 (Linux; Android 7.0;) AppleWebKit/537.36 (KHTML, like Gecko) Mobile Safari/537.36 (compatible; PetalBot;+https://webmaster.petalsearch.com/site/petalbot)" "tchealthsources.com"
107.175.58.60 - - [05/Oct/2022:03:46:46 -0700] "GET / HTTP/1.1" 200 493 "-" "Mozilla/5.0 (Macintosh; Intel Mac OS X 10_13_2) AppleWebKit/537.36 (KHTML, like Gecko) Chrome/63.0.3239.84 Safari/537.36" "tchealthsources.com"
185.191.171.6 - - [05/Oct/2022:03:48:40 -0700] "GET /TC%20Health%20Sources/clipart/buttons/themes/jelly/?C=N%3BO%3DD HTTP/1.1" 200 439 "-" "Mozilla/5.0 (compatible; SemrushBot/7~bl; +http://www.semrush.com/bot.html)" "tchealthsources.com"
185.191.171.24 - - [05/Oct/2022:03:49:14 -0700] "GET /TC%20Health%20Sources/logs/access_160308.log HTTP/1.1" 200 1010 "-" "Mozilla/5.0 (compatible; SemrushBot/7~bl; +http://www.semrush.com/bot.html)" "tchealthsources.com"
114.119.136.12 - - [05/Oct/2022:03:51:35 -0700] "GET /TC%20Health%20Sources/clipart/buttons/themes/designer3/?C=N%3BO%3DD HTTP/1.1" 200 444 "https://tchealthsources.com/TC%20Health%20Sources/clipart/buttons/themes/designer3?M=A" "Mozilla/5.0 (Linux; Android 7.0;) AppleWebKit/537.36 (KHTML, like Gecko) Mobile Safari/537.36 (compatible; PetalBot;+https://webmaster.petalsearch.com/site/petalbot)" "tchealthsources.com"
185.191.171.4 - - [05/Oct/2022:03:55:41 -0700] "GET /robots.txt HTTP/1.1" 404 88 "-" "Mozilla/5.0 (compatible; SemrushBot/7~bl; +http://www.semrush.com/bot.html)" "tchealthsources.com"
185.191.171.7 - - [05/Oct/2022:03:55:42 -0700] "GET /TC%20Health%20Sources/clipart/buttons/themes/view-screen/?C=M%3BO%3DA HTTP/1.1" 200 442 "-" "Mozilla/5.0 (compatible; SemrushBot/7~bl; +http://www.semrush.com/bot.html)" "tchealthsources.com"
185.191.171.2 - - [05/Oct/2022:03:56:58 -0700] "GET /TC%20Health%20Sources/navigation_bars/ HTTP/1.1" 200 415 "-" "Mozilla/5.0 (compatible; SemrushBot/7~bl; +http://www.semrush.com/bot.html)" "tchealthsources.com"
114.119.136.109 - - [05/Oct/2022:03:57:40 -0700] "GET /clipart/buttons/themes/swoosh_blue?C=M%3BO%3DA HTTP/1.1" 301 1445 "http://tchealthsources.com/clipart/buttons/themes/swoosh_blue?M=D" "Mozilla/5.0 (Linux; Android 7.0;) AppleWebKit/537.36 (KHTML, like Gecko) Mobile Safari/537.36 (compatible; PetalBot;+https://webmaster.petalsearch.com/site/petalbot)" "tchealthsources.com"
114.119.136.109 - - [05/Oct/2022:03:57:41 -0700] "GET /clipart/buttons/themes/swoosh_blue/?C=M%3BO%3DA HTTP/1.1" 200 419 "http://tchealthsources.com/clipart/buttons/themes/swoosh_blue?M=D" "Mozilla/5.0 (Linux; Android 7.0;) AppleWebKit/537.36 (KHTML, like Gecko) Mobile Safari/537.36 (compatible; PetalBot;+https://webmaster.petalsearch.com/site/petalbot)" "tchealthsources.com"
185.191.171.18 - - [05/Oct/2022:03:57:41 -0700] "GET /clipart/images/general/ HTTP/1.1" 200 376 "-" "Mozilla/5.0 (compatible; SemrushBot/7~bl; +http://www.semrush.com/bot.html)" "tchealthsources.com"
185.191.171.43 - - [05/Oct/2022:04:00:37 -0700] "GET /TC%20Health%20Sources/logs/access_160330.log HTTP/1.1" 200 1413 "-" "Mozilla/5.0 (compatible; SemrushBot/7~bl; +http://www.semrush.com/bot.html)" "tchealthsources.com"
114.119.136.109 - - [05/Oct/2022:04:03:33 -0700] "GET /TC%20Health%20Sources/tmp/ HTTP/1.1" 200 386 "https://tchealthsources.com/TC%20Health%20Sources?S=A" "Mozilla/5.0 (Linux; Android 7.0;) AppleWebKit/537.36 (KHTML, like Gecko) Mobile Safari/537.36 (compatible; PetalBot;+https://webmaster.petalsearch.com/site/petalbot)" "tchealthsources.com"
114.119.136.113 - - [05/Oct/2022:04:09:40 -0700] "GET /TC%20Health%20Sources/logs/access_160307.log HTTP/1.1" 200 945 "https://tchealthsources.com/TC%20Health%20Sources/logs?C=D%3BO%3DA" "Mozilla/5.0 (Linux; Android 7.0;) AppleWebKit/537.36 (KHTML, like Gecko) Mobile Safari/537.36 (compatible; PetalBot;+https://webmaster.petalsearch.com/site/petalbot)" "tchealthsources.com"
185.191.171.3 - - [05/Oct/2022:04:10:35 -0700] "GET /TC%20Health%20Sources/yahoo_site_admin/logs/?C=N%3BO%3DD HTTP/1.1" 200 396 "-" "Mozilla/5.0 (compatible; SemrushBot/7~bl; +http://www.semrush.com/bot.html)" "tchealthsources.com"
185.191.171.17 - - [05/Oct/2022:04:11:05 -0700] "GET /TC%20Health%20Sources/yahoo_site_admin/credentials/?C=N%3BO%3DD HTTP/1.1" 200 399 "-" "Mozilla/5.0 (compatible; SemrushBot/7~bl; +http://www.semrush.com/bot.html)" "tchealthsources.com"
114.119.136.134 - - [05/Oct/2022:04:15:43 -0700] "GET /TC%20Health%20Sources/yahoo_site_admin/cache?D=A HTTP/1.1" 301 1440 "https://tchealthsources.com/TC%20Health%20Sources/yahoo_site_admin/cache?S=A" "Mozilla/5.0 (Linux; Android 7.0;) AppleWebKit/537.36 (KHTML, like Gecko) Mobile Safari/537.36 (compatible; PetalBot;+https://webmaster.petalsearch.com/site/petalbot)" "tchealthsources.com"
