114.119.136.128 - - [29/Sep/2022:14:22:10 -0700] "GET /TC%20Health%20Sources/clipart/buttons/themes/jelly/?N=D HTTP/1.1" 200 439 "https://tchealthsources.com/TC%20Health%20Sources/clipart/buttons/themes/jelly" "Mozilla/5.0 (Linux; Android 7.0;) AppleWebKit/537.36 (KHTML, like Gecko) Mobile Safari/537.36 (compatible; PetalBot;+https://webmaster.petalsearch.com/site/petalbot)" "tchealthsources.com"
114.119.136.109 - - [29/Sep/2022:14:28:12 -0700] "GET /TC%20Health%20Sources/logs/access_160319.log HTTP/1.1" 200 1758 "https://tchealthsources.com/TC%20Health%20Sources/logs/?C=D%3BO%3DA" "Mozilla/5.0 (Linux; Android 7.0;) AppleWebKit/537.36 (KHTML, like Gecko) Mobile Safari/537.36 (compatible; PetalBot;+https://webmaster.petalsearch.com/site/petalbot)" "tchealthsources.com"
207.46.13.145 - - [29/Sep/2022:14:32:13 -0700] "GET /clipart/ HTTP/1.1" 200 380 "-" "Mozilla/5.0 (compatible; bingbot/2.0; +http://www.bing.com/bingbot.htm)" "tchealthsources.com"
114.119.136.13 - - [29/Sep/2022:14:34:15 -0700] "GET /TC%20Health%20Sources/yahoo_site_admin/logs?S=D HTTP/1.1" 301 1440 "https://tchealthsources.com/TC%20Health%20Sources/yahoo_site_admin/logs?S=A" "Mozilla/5.0 (Linux; Android 7.0;) AppleWebKit/537.36 (KHTML, like Gecko) Mobile Safari/537.36 (compatible; PetalBot;+https://webmaster.petalsearch.com/site/petalbot)" "tchealthsources.com"
114.119.136.13 - - [29/Sep/2022:14:34:16 -0700] "GET /TC%20Health%20Sources/yahoo_site_admin/logs/?S=D HTTP/1.1" 200 396 "https://tchealthsources.com/TC%20Health%20Sources/yahoo_site_admin/logs?S=A" "Mozilla/5.0 (Linux; Android 7.0;) AppleWebKit/537.36 (KHTML, like Gecko) Mobile Safari/537.36 (compatible; PetalBot;+https://webmaster.petalsearch.com/site/petalbot)" "tchealthsources.com"
114.119.136.12 - - [29/Sep/2022:14:40:19 -0700] "GET /TC%20Health%20Sources/sitebuilder/scripts?N=A HTTP/1.1" 301 1439 "https://tchealthsources.com/TC%20Health%20Sources/sitebuilder/scripts?M=A" "Mozilla/5.0 (Linux; Android 7.0;) AppleWebKit/537.36 (KHTML, like Gecko) Mobile Safari/537.36 (compatible; PetalBot;+https://webmaster.petalsearch.com/site/petalbot)" "tchealthsources.com"
114.119.136.12 - - [29/Sep/2022:14:40:22 -0700] "GET /TC%20Health%20Sources/sitebuilder/scripts/?N=A HTTP/1.1" 200 399 "https://tchealthsources.com/TC%20Health%20Sources/sitebuilder/scripts?M=A" "Mozilla/5.0 (Linux; Android 7.0;) AppleWebKit/537.36 (KHTML, like Gecko) Mobile Safari/537.36 (compatible; PetalBot;+https://webmaster.petalsearch.com/site/petalbot)" "tchealthsources.com"
114.119.134.224 - - [29/Sep/2022:14:46:24 -0700] "GET /Web%20DOWNLOAD%20images?M=A HTTP/1.1" 301 1433 "http://tchealthsources.com/Web%20DOWNLOAD%20images?D=D" "Mozilla/5.0 (Linux; Android 7.0;) AppleWebKit/537.36 (KHTML, like Gecko) Mobile Safari/537.36 (compatible; PetalBot;+https://webmaster.petalsearch.com/site/petalbot)" "tchealthsources.com"
114.119.134.224 - - [29/Sep/2022:14:46:26 -0700] "GET /Web%20DOWNLOAD%20images/?M=A HTTP/1.1" 200 442 "http://tchealthsources.com/Web%20DOWNLOAD%20images?D=D" "Mozilla/5.0 (Linux; Android 7.0;) AppleWebKit/537.36 (KHTML, like Gecko) Mobile Safari/537.36 (compatible; PetalBot;+https://webmaster.petalsearch.com/site/petalbot)" "tchealthsources.com"
114.119.136.113 - - [29/Sep/2022:14:52:26 -0700] "GET /TC%20Health%20Sources/sitebuilder?D=A HTTP/1.1" 301 1434 "https://tchealthsources.com/TC%20Health%20Sources/sitebuilder" "Mozilla/5.0 (Linux; Android 7.0;) AppleWebKit/537.36 (KHTML, like Gecko) Mobile Safari/537.36 (compatible; PetalBot;+https://webmaster.petalsearch.com/site/petalbot)" "tchealthsources.com"
114.119.136.113 - - [29/Sep/2022:14:52:29 -0700] "GET /TC%20Health%20Sources/sitebuilder/?D=A HTTP/1.1" 200 446 "https://tchealthsources.com/TC%20Health%20Sources/sitebuilder" "Mozilla/5.0 (Linux; Android 7.0;) AppleWebKit/537.36 (KHTML, like Gecko) Mobile Safari/537.36 (compatible; PetalBot;+https://webmaster.petalsearch.com/site/petalbot)" "tchealthsources.com"
114.119.136.12 - - [29/Sep/2022:14:58:26 -0700] "GET /TC%20Health%20Sources/clipart/buttons/themes/jelly/ HTTP/1.1" 200 439 "https://tchealthsources.com/TC%20Health%20Sources/clipart/buttons/themes?C=N%3BO%3DD" "Mozilla/5.0 (Linux; Android 7.0;) AppleWebKit/537.36 (KHTML, like Gecko) Mobile Safari/537.36 (compatible; PetalBot;+https://webmaster.petalsearch.com/site/petalbot)" "tchealthsources.com"
114.119.136.113 - - [29/Sep/2022:15:04:36 -0700] "GET /clipart/buttons/themes/designer3/?C=M%3BO%3DA HTTP/1.1" 200 422 "http://tchealthsources.com/clipart/buttons/themes/designer3?M=D" "Mozilla/5.0 (Linux; Android 7.0;) AppleWebKit/537.36 (KHTML, like Gecko) Mobile Safari/537.36 (compatible; PetalBot;+https://webmaster.petalsearch.com/site/petalbot)" "tchealthsources.com"
114.119.136.113 - - [29/Sep/2022:15:10:41 -0700] "GET /TC%20Health%20Sources/clipart/buttons/themes/gray?D=A HTTP/1.1" 301 1445 "https://tchealthsources.com/TC%20Health%20Sources/clipart/buttons/themes/gray?M=A" "Mozilla/5.0 (Linux; Android 7.0;) AppleWebKit/537.36 (KHTML, like Gecko) Mobile Safari/537.36 (compatible; PetalBot;+https://webmaster.petalsearch.com/site/petalbot)" "tchealthsources.com"
114.119.136.113 - - [29/Sep/2022:15:10:42 -0700] "GET /TC%20Health%20Sources/clipart/buttons/themes/gray/?D=A HTTP/1.1" 200 435 "https://tchealthsources.com/TC%20Health%20Sources/clipart/buttons/themes/gray?M=A" "Mozilla/5.0 (Linux; Android 7.0;) AppleWebKit/537.36 (KHTML, like Gecko) Mobile Safari/537.36 (compatible; PetalBot;+https://webmaster.petalsearch.com/site/petalbot)" "tchealthsources.com"
114.119.134.224 - - [29/Sep/2022:15:16:40 -0700] "GET /clipart/buttons/themes/simple?S=D HTTP/1.1" 301 1430 "http://tchealthsources.com/clipart/buttons/themes/simple?S=A" "Mozilla/5.0 (Linux; Android 7.0;) AppleWebKit/537.36 (KHTML, like Gecko) Mobile Safari/537.36 (compatible; PetalBot;+https://webmaster.petalsearch.com/site/petalbot)" "tchealthsources.com"
114.119.134.224 - - [29/Sep/2022:15:16:43 -0700] "GET /clipart/buttons/themes/simple/?S=D HTTP/1.1" 200 417 "http://tchealthsources.com/clipart/buttons/themes/simple?S=A" "Mozilla/5.0 (Linux; Android 7.0;) AppleWebKit/537.36 (KHTML, like Gecko) Mobile Safari/537.36 (compatible; PetalBot;+https://webmaster.petalsearch.com/site/petalbot)" "tchealthsources.com"
114.119.136.13 - - [29/Sep/2022:15:22:41 -0700] "GET /TC%20Health%20Sources/logs/access_160302.log HTTP/1.1" 200 3493 "https://tchealthsources.com/TC%20Health%20Sources/logs/?C=D%3BO%3DA" "Mozilla/5.0 (Linux; Android 7.0;) AppleWebKit/537.36 (KHTML, like Gecko) Mobile Safari/537.36 (compatible; PetalBot;+https://webmaster.petalsearch.com/site/petalbot)" "tchealthsources.com"
114.119.136.134 - - [29/Sep/2022:15:28:39 -0700] "GET /TC%20Health%20Sources/sitebuilder?M=A HTTP/1.1" 301 1434 "https://tchealthsources.com/TC%20Health%20Sources/sitebuilder?D=A" "Mozilla/5.0 (Linux; Android 7.0;) AppleWebKit/537.36 (KHTML, like Gecko) Mobile Safari/537.36 (compatible; PetalBot;+https://webmaster.petalsearch.com/site/petalbot)" "tchealthsources.com"
114.119.136.134 - - [29/Sep/2022:15:28:40 -0700] "GET /TC%20Health%20Sources/sitebuilder/?M=A HTTP/1.1" 200 446 "https://tchealthsources.com/TC%20Health%20Sources/sitebuilder?D=A" "Mozilla/5.0 (Linux; Android 7.0;) AppleWebKit/537.36 (KHTML, like Gecko) Mobile Safari/537.36 (compatible; PetalBot;+https://webmaster.petalsearch.com/site/petalbot)" "tchealthsources.com"
114.119.136.128 - - [29/Sep/2022:15:34:37 -0700] "GET /Web%20DOWNLOAD%20images/?C=D%3BO%3DA HTTP/1.1" 200 442 "http://tchealthsources.com/Web%20DOWNLOAD%20images?D=D" "Mozilla/5.0 (Linux; Android 7.0;) AppleWebKit/537.36 (KHTML, like Gecko) Mobile Safari/537.36 (compatible; PetalBot;+https://webmaster.petalsearch.com/site/petalbot)" "tchealthsources.com"
114.119.136.113 - - [29/Sep/2022:15:40:42 -0700] "GET /clipart/buttons/themes/?C=S%3BO%3DA HTTP/1.1" 200 511 "http://tchealthsources.com/clipart/buttons/themes/?C=N%3BO%3DD" "Mozilla/5.0 (Linux; Android 7.0;) AppleWebKit/537.36 (KHTML, like Gecko) Mobile Safari/537.36 (compatible; PetalBot;+https://webmaster.petalsearch.com/site/petalbot)" "tchealthsources.com"
114.119.134.224 - - [29/Sep/2022:15:46:39 -0700] "GET /TC%20Health%20Sources/clipart/buttons/themes/sky_blue HTTP/1.1" 301 1446 "https://tchealthsources.com/TC%20Health%20Sources/clipart/buttons/themes?N=D" "Mozilla/5.0 (Linux; Android 7.0;) AppleWebKit/537.36 (KHTML, like Gecko) Mobile Safari/537.36 (compatible; PetalBot;+https://webmaster.petalsearch.com/site/petalbot)" "tchealthsources.com"
114.119.134.224 - - [29/Sep/2022:15:46:41 -0700] "GET /TC%20Health%20Sources/clipart/buttons/themes/sky_blue/ HTTP/1.1" 200 445 "https://tchealthsources.com/TC%20Health%20Sources/clipart/buttons/themes?N=D" "Mozilla/5.0 (Linux; Android 7.0;) AppleWebKit/537.36 (KHTML, like Gecko) Mobile Safari/537.36 (compatible; PetalBot;+https://webmaster.petalsearch.com/site/petalbot)" "tchealthsources.com"
114.119.136.134 - - [29/Sep/2022:15:52:34 -0700] "GET /clipart/images/general?N=A HTTP/1.1" 301 1425 "http://tchealthsources.com/clipart/images/general?M=D" "Mozilla/5.0 (Linux; Android 7.0;) AppleWebKit/537.36 (KHTML, like Gecko) Mobile Safari/537.36 (compatible; PetalBot;+https://webmaster.petalsearch.com/site/petalbot)" "tchealthsources.com"
114.119.136.134 - - [29/Sep/2022:15:52:34 -0700] "GET /clipart/images/general/?N=A HTTP/1.1" 200 376 "http://tchealthsources.com/clipart/images/general?M=D" "Mozilla/5.0 (Linux; Android 7.0;) AppleWebKit/537.36 (KHTML, like Gecko) Mobile Safari/537.36 (compatible; PetalBot;+https://webmaster.petalsearch.com/site/petalbot)" "tchealthsources.com"
114.119.136.134 - - [29/Sep/2022:16:06:51 -0700] "GET /TC%20Health%20Sources/clipart/images/general?C=S%3BO%3DA HTTP/1.1" 301 1450 "https://tchealthsources.com/TC%20Health%20Sources/clipart/images/general?S=D" "Mozilla/5.0 (Linux; Android 7.0;) AppleWebKit/537.36 (KHTML, like Gecko) Mobile Safari/537.36 (compatible; PetalBot;+https://webmaster.petalsearch.com/site/petalbot)" "tchealthsources.com"
114.119.136.134 - - [29/Sep/2022:16:06:52 -0700] "GET /TC%20Health%20Sources/clipart/images/general/?C=S%3BO%3DA HTTP/1.1" 200 403 "https://tchealthsources.com/TC%20Health%20Sources/clipart/images/general?S=D" "Mozilla/5.0 (Linux; Android 7.0;) AppleWebKit/537.36 (KHTML, like Gecko) Mobile Safari/537.36 (compatible; PetalBot;+https://webmaster.petalsearch.com/site/petalbot)" "tchealthsources.com"
34.211.251.126 - - [29/Sep/2022:16:09:38 -0700] "GET / HTTP/1.1" 200 493 "-" "Mozilla/5.0 (Windows NT 10.0; Win64; x64)AppleWebKit/537.36 (KHTML, like Gecko) Chrome/66.0.3359.181 Safari/537.36" "tchealthsources.com"
52.12.40.134 - - [29/Sep/2022:16:12:48 -0700] "GET / HTTP/1.1" 200 493 "-" "Mozilla/5.0 (X11; Linux x86_64) AppleWebKit/537.36 (KHTML, like Gecko) Chrome/83.0.4103.97 Safari/537.36" "tchealthsources.com"
54.188.211.202 - - [29/Sep/2022:16:12:52 -0700] "GET / HTTP/1.1" 200 493 "-" "Mozilla/5.0 (X11; Linux x86_64) AppleWebKit/537.36 (KHTML, like Gecko) Chrome/83.0.4103.97 Safari/537.36" "tchealthsources.com"
54.203.156.187 - - [29/Sep/2022:16:13:15 -0700] "GET / HTTP/1.1" 200 493 "-" "Mozilla/5.0 (X11; Linux x86_64) AppleWebKit/537.36 (KHTML, like Gecko) Chrome/83.0.4103.97 Safari/537.36" "tchealthsources.com"
52.12.40.134 - - [29/Sep/2022:16:14:41 -0700] "GET / HTTP/1.1" 200 493 "-" "Mozilla/5.0 (X11; Linux x86_64) AppleWebKit/537.36 (KHTML, like Gecko) Chrome/83.0.4103.97 Safari/537.36" "tchealthsources.com"
54.203.156.187 - - [29/Sep/2022:16:15:29 -0700] "GET / HTTP/1.1" 200 493 "-" "Mozilla/5.0 (X11; Linux x86_64) AppleWebKit/537.36 (KHTML, like Gecko) Chrome/83.0.4103.97 Safari/537.36" "tchealthsources.com"
35.91.149.23 - - [29/Sep/2022:16:16:01 -0700] "GET / HTTP/1.1" 200 493 "-" "Mozilla/5.0 (X11; Linux x86_64) AppleWebKit/537.36 (KHTML, like Gecko) Chrome/83.0.4103.97 Safari/537.36" "tchealthsources.com"
34.218.229.40 - - [29/Sep/2022:16:17:28 -0700] "GET / HTTP/1.1" 200 493 "-" "Mozilla/5.0 (X11; Linux x86_64) AppleWebKit/537.36 (KHTML, like Gecko) Chrome/83.0.4103.97 Safari/537.36" "tchealthsources.com"
18.236.106.156 - - [29/Sep/2022:16:17:49 -0700] "GET /favicon.ico HTTP/1.1" 404 88 "-" "Mozilla/5.0 (X11; Linux x86_64) AppleWebKit/537.36 (KHTML, like Gecko) Chrome/83.0.4103.97 Safari/537.36" "tchealthsources.com"
18.236.106.156 - - [29/Sep/2022:16:17:49 -0700] "GET / HTTP/1.1" 200 493 "-" "Mozilla/5.0 (X11; Linux x86_64) AppleWebKit/537.36 (KHTML, like Gecko) Chrome/83.0.4103.97 Safari/537.36" "tchealthsources.com"
35.166.47.180 - - [29/Sep/2022:16:18:07 -0700] "GET /favicon.ico HTTP/1.1" 404 88 "-" "Mozilla/5.0 (X11; Linux x86_64) AppleWebKit/537.36 (KHTML, like Gecko) Chrome/83.0.4103.97 Safari/537.36" "tchealthsources.com"
35.166.47.180 - - [29/Sep/2022:16:18:07 -0700] "GET / HTTP/1.1" 200 493 "-" "Mozilla/5.0 (X11; Linux x86_64) AppleWebKit/537.36 (KHTML, like Gecko) Chrome/83.0.4103.97 Safari/537.36" "tchealthsources.com"
35.91.149.23 - - [29/Sep/2022:16:18:11 -0700] "GET / HTTP/1.1" 200 493 "-" "Mozilla/5.0 (X11; Linux x86_64) AppleWebKit/537.36 (KHTML, like Gecko) Chrome/83.0.4103.97 Safari/537.36" "tchealthsources.com"
18.236.106.156 - - [29/Sep/2022:16:19:34 -0700] "GET /favicon.ico HTTP/1.1" 404 88 "-" "Mozilla/5.0 (X11; Linux x86_64) AppleWebKit/537.36 (KHTML, like Gecko) Chrome/83.0.4103.97 Safari/537.36" "tchealthsources.com"
18.236.106.156 - - [29/Sep/2022:16:19:34 -0700] "GET / HTTP/1.1" 200 493 "-" "Mozilla/5.0 (X11; Linux x86_64) AppleWebKit/537.36 (KHTML, like Gecko) Chrome/83.0.4103.97 Safari/537.36" "tchealthsources.com"
114.119.136.12 - - [29/Sep/2022:16:19:54 -0700] "GET /TC%20Health%20Sources/logs/access_160505.log HTTP/1.1" 200 933 "https://tchealthsources.com/TC%20Health%20Sources/logs/?C=D%3BO%3DA" "Mozilla/5.0 (Linux; Android 7.0;) AppleWebKit/537.36 (KHTML, like Gecko) Mobile Safari/537.36 (compatible; PetalBot;+https://webmaster.petalsearch.com/site/petalbot)" "tchealthsources.com"
54.186.53.10 - - [29/Sep/2022:16:21:00 -0700] "GET /favicon.ico HTTP/1.1" 404 88 "-" "Mozilla/5.0 (X11; Linux x86_64) AppleWebKit/537.36 (KHTML, like Gecko) Chrome/83.0.4103.97 Safari/537.36" "tchealthsources.com"
54.186.53.10 - - [29/Sep/2022:16:21:02 -0700] "GET / HTTP/1.1" 200 493 "-" "Mozilla/5.0 (X11; Linux x86_64) AppleWebKit/537.36 (KHTML, like Gecko) Chrome/83.0.4103.97 Safari/537.36" "tchealthsources.com"
35.166.47.180 - - [29/Sep/2022:16:21:59 -0700] "GET /favicon.ico HTTP/1.1" 404 88 "-" "Mozilla/5.0 (X11; Linux x86_64) AppleWebKit/537.36 (KHTML, like Gecko) Chrome/83.0.4103.97 Safari/537.36" "tchealthsources.com"
35.166.47.180 - - [29/Sep/2022:16:21:59 -0700] "GET / HTTP/1.1" 200 493 "-" "Mozilla/5.0 (X11; Linux x86_64) AppleWebKit/537.36 (KHTML, like Gecko) Chrome/83.0.4103.97 Safari/537.36" "tchealthsources.com"
114.119.136.12 - - [29/Sep/2022:16:33:36 -0700] "GET /TC%20Health%20Sources/clipart/buttons/themes/sky_blue/?C=S%3BO%3DA HTTP/1.1" 200 445 "https://tchealthsources.com/TC%20Health%20Sources/clipart/buttons/themes/sky_blue?S=A" "Mozilla/5.0 (Linux; Android 7.0;) AppleWebKit/537.36 (KHTML, like Gecko) Mobile Safari/537.36 (compatible; PetalBot;+https://webmaster.petalsearch.com/site/petalbot)" "tchealthsources.com"
147.78.47.249 - - [29/Sep/2022:17:13:24 -0700] "GET /public/_ignition/health-check/ HTTP/1.1" 404 88 "-" "Mozilla/5.0 (Windows NT 10.0; Win64; x64) AppleWebKit/537.36 (KHTML, like Gecko) Chrome/105.0.0.0 Safari/537.36" "tchealthsources.com"
147.78.47.249 - - [29/Sep/2022:17:13:26 -0700] "GET /_ignition/health-check/ HTTP/1.1" 404 88 "-" "Mozilla/5.0 (Windows NT 10.0; Win64; x64) AppleWebKit/537.36 (KHTML, like Gecko) Chrome/105.0.0.0 Safari/537.36" "tchealthsources.com"
147.78.47.249 - - [29/Sep/2022:17:13:28 -0700] "GET /wp-includes/wlwmanifest.xml HTTP/1.1" 404 88 "-" "Mozilla/5.0 (Windows NT 10.0; Win64; x64) AppleWebKit/537.36 (KHTML, like Gecko) Chrome/105.0.0.0 Safari/537.36" "tchealthsources.com"
207.46.13.229 - - [29/Sep/2022:17:21:21 -0700] "GET /robots.txt HTTP/1.1" 404 88 "-" "Mozilla/5.0 (compatible; bingbot/2.0; +http://www.bing.com/bingbot.htm)" "tchealthsources.com"
114.119.136.109 - - [29/Sep/2022:17:21:57 -0700] "GET /TC%20Health%20Sources/includes/?C=D%3BO%3DA HTTP/1.1" 200 376 "https://tchealthsources.com/TC%20Health%20Sources/includes?M=D" "Mozilla/5.0 (Linux; Android 7.0;) AppleWebKit/537.36 (KHTML, like Gecko) Mobile Safari/537.36 (compatible; PetalBot;+https://webmaster.petalsearch.com/site/petalbot)" "tchealthsources.com"
85.208.98.23 - - [29/Sep/2022:18:19:34 -0700] "GET /robots.txt HTTP/1.1" 404 88 "-" "Mozilla/5.0 (compatible; SemrushBot-BA; +http://www.semrush.com/bot.html)" "www.tchealthsources.com"
85.208.98.23 - - [29/Sep/2022:18:19:34 -0700] "GET /robots.txt HTTP/1.1" 404 88 "-" "Mozilla/5.0 (compatible; SemrushBot-BA; +http://www.semrush.com/bot.html)" "tchealthsources.com"
85.208.98.19 - - [29/Sep/2022:18:20:09 -0700] "GET /TC%20Health%20Sources/files/International_health_insurance.htm HTTP/1.1" 200 5116 "-" "Mozilla/5.0 (compatible; SemrushBot-BA; +http://www.semrush.com/bot.html)" "www.tchealthsources.com"
114.119.134.224 - - [29/Sep/2022:18:46:14 -0700] "GET /TC%20Health%20Sources/logs/access_160506.log HTTP/1.1" 200 2383 "https://tchealthsources.com/TC%20Health%20Sources/logs/?C=D%3BO%3DA" "Mozilla/5.0 (Linux; Android 7.0;) AppleWebKit/537.36 (KHTML, like Gecko) Mobile Safari/537.36 (compatible; PetalBot;+https://webmaster.petalsearch.com/site/petalbot)" "tchealthsources.com"
85.208.98.23 - - [29/Sep/2022:18:50:09 -0700] "GET /robots.txt HTTP/1.1" 404 88 "-" "Mozilla/5.0 (compatible; SemrushBot-BA; +http://www.semrush.com/bot.html)" "www.tchealthsources.com"
85.208.98.23 - - [29/Sep/2022:18:50:10 -0700] "GET /robots.txt HTTP/1.1" 404 88 "-" "Mozilla/5.0 (compatible; SemrushBot-BA; +http://www.semrush.com/bot.html)" "tchealthsources.com"
85.208.98.19 - - [29/Sep/2022:18:50:31 -0700] "GET /TC%20Health%20Sources/files/International_health_insurance.htm HTTP/1.1" 200 5116 "-" "Mozilla/5.0 (compatible; SemrushBot-BA; +http://www.semrush.com/bot.html)" "tchealthsources.com"
114.119.136.134 - - [29/Sep/2022:19:04:31 -0700] "GET /TC%20Health%20Sources/images?N=D HTTP/1.1" 301 1430 "http://tchealthsources.com/TC%20Health%20Sources/images/" "Mozilla/5.0 (Linux; Android 7.0;) AppleWebKit/537.36 (KHTML, like Gecko) Mobile Safari/537.36 (compatible; PetalBot;+https://webmaster.petalsearch.com/site/petalbot)" "tchealthsources.com"
114.119.136.134 - - [29/Sep/2022:19:04:31 -0700] "GET /TC%20Health%20Sources/images/?N=D HTTP/1.1" 200 1393 "http://tchealthsources.com/TC%20Health%20Sources/images/" "Mozilla/5.0 (Linux; Android 7.0;) AppleWebKit/537.36 (KHTML, like Gecko) Mobile Safari/537.36 (compatible; PetalBot;+https://webmaster.petalsearch.com/site/petalbot)" "tchealthsources.com"
44.232.72.86 - - [29/Sep/2022:19:14:01 -0700] "GET / HTTP/1.1" 200 493 "-" "python-requests/2.25.1" "www.tchealthsources.com"
114.119.136.13 - - [29/Sep/2022:19:37:11 -0700] "GET /TC%20Health%20Sources/includes/ice/?C=D%3BO%3DA HTTP/1.1" 200 439 "https://tchealthsources.com/TC%20Health%20Sources/includes/ice?S=D" "Mozilla/5.0 (Linux; Android 7.0;) AppleWebKit/537.36 (KHTML, like Gecko) Mobile Safari/537.36 (compatible; PetalBot;+https://webmaster.petalsearch.com/site/petalbot)" "tchealthsources.com"
114.119.136.134 - - [29/Sep/2022:19:50:43 -0700] "GET /TC%20Health%20Sources/yahoo_site_admin/credentials?M=A HTTP/1.1" 301 1445 "https://tchealthsources.com/TC%20Health%20Sources/yahoo_site_admin/credentials?N=A" "Mozilla/5.0 (Linux; Android 7.0;) AppleWebKit/537.36 (KHTML, like Gecko) Mobile Safari/537.36 (compatible; PetalBot;+https://webmaster.petalsearch.com/site/petalbot)" "tchealthsources.com"
114.119.136.134 - - [29/Sep/2022:19:50:44 -0700] "GET /TC%20Health%20Sources/yahoo_site_admin/credentials/?M=A HTTP/1.1" 200 399 "https://tchealthsources.com/TC%20Health%20Sources/yahoo_site_admin/credentials?N=A" "Mozilla/5.0 (Linux; Android 7.0;) AppleWebKit/537.36 (KHTML, like Gecko) Mobile Safari/537.36 (compatible; PetalBot;+https://webmaster.petalsearch.com/site/petalbot)" "tchealthsources.com"
114.119.136.128 - - [29/Sep/2022:19:56:49 -0700] "GET /TC%20Health%20Sources/_private?C=D%3BO%3DA HTTP/1.1" 301 1441 "https://tchealthsources.com/TC%20Health%20Sources/_private?C=M%3BO%3DA" "Mozilla/5.0 (Linux; Android 7.0;) AppleWebKit/537.36 (KHTML, like Gecko) Mobile Safari/537.36 (compatible; PetalBot;+https://webmaster.petalsearch.com/site/petalbot)" "tchealthsources.com"
114.119.136.128 - - [29/Sep/2022:19:56:50 -0700] "GET /TC%20Health%20Sources/_private/?C=D%3BO%3DA HTTP/1.1" 200 341 "https://tchealthsources.com/TC%20Health%20Sources/_private?C=M%3BO%3DA" "Mozilla/5.0 (Linux; Android 7.0;) AppleWebKit/537.36 (KHTML, like Gecko) Mobile Safari/537.36 (compatible; PetalBot;+https://webmaster.petalsearch.com/site/petalbot)" "tchealthsources.com"
114.119.136.13 - - [29/Sep/2022:20:02:40 -0700] "GET /TC%20Health%20Sources/sitebuilder/images?N=A HTTP/1.1" 301 1438 "https://tchealthsources.com/TC%20Health%20Sources/sitebuilder/images?N=D" "Mozilla/5.0 (Linux; Android 7.0;) AppleWebKit/537.36 (KHTML, like Gecko) Mobile Safari/537.36 (compatible; PetalBot;+https://webmaster.petalsearch.com/site/petalbot)" "tchealthsources.com"
114.119.136.13 - - [29/Sep/2022:20:02:41 -0700] "GET /TC%20Health%20Sources/sitebuilder/images/?N=A HTTP/1.1" 200 2382 "https://tchealthsources.com/TC%20Health%20Sources/sitebuilder/images?N=D" "Mozilla/5.0 (Linux; Android 7.0;) AppleWebKit/537.36 (KHTML, like Gecko) Mobile Safari/537.36 (compatible; PetalBot;+https://webmaster.petalsearch.com/site/petalbot)" "tchealthsources.com"
114.119.136.13 - - [29/Sep/2022:20:08:31 -0700] "GET /TC%20Health%20Sources/clipart/buttons/themes/designer3 HTTP/1.1" 301 1443 "https://tchealthsources.com/TC%20Health%20Sources/clipart/buttons/themes?N=D" "Mozilla/5.0 (Linux; Android 7.0;) AppleWebKit/537.36 (KHTML, like Gecko) Mobile Safari/537.36 (compatible; PetalBot;+https://webmaster.petalsearch.com/site/petalbot)" "tchealthsources.com"
114.119.136.13 - - [29/Sep/2022:20:08:33 -0700] "GET /TC%20Health%20Sources/clipart/buttons/themes/designer3/ HTTP/1.1" 200 444 "https://tchealthsources.com/TC%20Health%20Sources/clipart/buttons/themes?N=D" "Mozilla/5.0 (Linux; Android 7.0;) AppleWebKit/537.36 (KHTML, like Gecko) Mobile Safari/537.36 (compatible; PetalBot;+https://webmaster.petalsearch.com/site/petalbot)" "tchealthsources.com"
114.119.134.224 - - [29/Sep/2022:20:15:09 -0700] "GET /clipart/buttons/themes/view-screen/?C=M%3BO%3DA HTTP/1.1" 200 433 "http://tchealthsources.com/clipart/buttons/themes/view-screen?C=N%3BO%3DD" "Mozilla/5.0 (Linux; Android 7.0;) AppleWebKit/537.36 (KHTML, like Gecko) Mobile Safari/537.36 (compatible; PetalBot;+https://webmaster.petalsearch.com/site/petalbot)" "tchealthsources.com"
114.119.136.128 - - [29/Sep/2022:20:20:48 -0700] "GET /clipart/buttons/themes/gray?N=D HTTP/1.1" 301 1428 "http://tchealthsources.com/clipart/buttons/themes/gray" "Mozilla/5.0 (Linux; Android 7.0;) AppleWebKit/537.36 (KHTML, like Gecko) Mobile Safari/537.36 (compatible; PetalBot;+https://webmaster.petalsearch.com/site/petalbot)" "tchealthsources.com"
114.119.136.128 - - [29/Sep/2022:20:20:48 -0700] "GET /clipart/buttons/themes/gray/?N=D HTTP/1.1" 200 409 "http://tchealthsources.com/clipart/buttons/themes/gray" "Mozilla/5.0 (Linux; Android 7.0;) AppleWebKit/537.36 (KHTML, like Gecko) Mobile Safari/537.36 (compatible; PetalBot;+https://webmaster.petalsearch.com/site/petalbot)" "tchealthsources.com"
113.35.251.98 - - [29/Sep/2022:20:26:12 -0700] "GET / HTTP/1.1" 200 493 "-" "Python/3.9 aiohttp/3.8.1" "tchealthsources.com"
207.46.13.232 - - [29/Sep/2022:20:32:13 -0700] "GET /robots.txt HTTP/1.1" 404 88 "-" "Mozilla/5.0 AppleWebKit/537.36 (KHTML, like Gecko; compatible; bingbot/2.0; +http://www.bing.com/bingbot.htm) Chrome/103.0.5060.134 Safari/537.36" "www.tchealthsources.com"
207.46.13.232 - - [29/Sep/2022:20:32:13 -0700] "GET /robots.txt HTTP/1.1" 404 88 "-" "Mozilla/5.0 AppleWebKit/537.36 (KHTML, like Gecko; compatible; bingbot/2.0; +http://www.bing.com/bingbot.htm) Chrome/103.0.5060.134 Safari/537.36" "www.tchealthsources.com"
207.46.13.195 - - [29/Sep/2022:20:32:14 -0700] "GET /TC%20Health%20Sources/logs/access_160324.log HTTP/1.1" 200 1169 "-" "Mozilla/5.0 (compatible; bingbot/2.0; +http://www.bing.com/bingbot.htm)" "www.tchealthsources.com"
94.130.230.198 - - [29/Sep/2022:23:57:09 -0700] "GET / HTTP/1.1" 200 1331 "-" "Mozilla/5.0 (Macintosh; Intel Mac OS X 10_10_1) AppleWebKit/537.36 (KHTML, like Gecko) Chrome/39.0.2171.95 Safari/537.36" "tchealthsources.com"
114.119.136.12 - - [30/Sep/2022:00:06:30 -0700] "GET /clipart?S=D HTTP/1.1" 301 1413 "http://tchealthsources.com/clipart?S=A" "Mozilla/5.0 (Linux; Android 7.0;) AppleWebKit/537.36 (KHTML, like Gecko) Mobile Safari/537.36 (compatible; PetalBot;+https://webmaster.petalsearch.com/site/petalbot)" "tchealthsources.com"
114.119.136.12 - - [30/Sep/2022:00:06:30 -0700] "GET /clipart/?S=D HTTP/1.1" 200 380 "http://tchealthsources.com/clipart?S=A" "Mozilla/5.0 (Linux; Android 7.0;) AppleWebKit/537.36 (KHTML, like Gecko) Mobile Safari/537.36 (compatible; PetalBot;+https://webmaster.petalsearch.com/site/petalbot)" "tchealthsources.com"
173.252.95.116 - - [30/Sep/2022:00:09:14 -0700] "GET / HTTP/1.1" 206 493 "-" "facebookexternalhit/1.1 (+http://www.facebook.com/externalhit_uatext.php)" "tchealthsources.com"
114.119.136.128 - - [30/Sep/2022:00:28:20 -0700] "GET /TC%20Health%20Sources/sitebuilder/scripts?N=D HTTP/1.1" 301 1439 "https://tchealthsources.com/TC%20Health%20Sources/sitebuilder/scripts?N=A" "Mozilla/5.0 (Linux; Android 7.0;) AppleWebKit/537.36 (KHTML, like Gecko) Mobile Safari/537.36 (compatible; PetalBot;+https://webmaster.petalsearch.com/site/petalbot)" "tchealthsources.com"
114.119.136.128 - - [30/Sep/2022:00:28:21 -0700] "GET /TC%20Health%20Sources/sitebuilder/scripts/?N=D HTTP/1.1" 200 399 "https://tchealthsources.com/TC%20Health%20Sources/sitebuilder/scripts?N=A" "Mozilla/5.0 (Linux; Android 7.0;) AppleWebKit/537.36 (KHTML, like Gecko) Mobile Safari/537.36 (compatible; PetalBot;+https://webmaster.petalsearch.com/site/petalbot)" "tchealthsources.com"
114.119.136.134 - - [30/Sep/2022:00:34:02 -0700] "GET /TC%20Health%20Sources/clipart/images/general?M=A HTTP/1.1" 301 1441 "https://tchealthsources.com/TC%20Health%20Sources/clipart/images/general?N=A" "Mozilla/5.0 (Linux; Android 7.0;) AppleWebKit/537.36 (KHTML, like Gecko) Mobile Safari/537.36 (compatible; PetalBot;+https://webmaster.petalsearch.com/site/petalbot)" "tchealthsources.com"
114.119.136.134 - - [30/Sep/2022:00:34:05 -0700] "GET /TC%20Health%20Sources/clipart/images/general/?M=A HTTP/1.1" 200 403 "https://tchealthsources.com/TC%20Health%20Sources/clipart/images/general?N=A" "Mozilla/5.0 (Linux; Android 7.0;) AppleWebKit/537.36 (KHTML, like Gecko) Mobile Safari/537.36 (compatible; PetalBot;+https://webmaster.petalsearch.com/site/petalbot)" "tchealthsources.com"
114.119.136.128 - - [30/Sep/2022:00:39:31 -0700] "GET /TC%20Health%20Sources/sitebuilder/applets/TimeStamp.class HTTP/1.1" 200 6829 "https://tchealthsources.com/TC%20Health%20Sources/sitebuilder/applets?S=D" "Mozilla/5.0 (Linux; Android 7.0;) AppleWebKit/537.36 (KHTML, like Gecko) Mobile Safari/537.36 (compatible; PetalBot;+https://webmaster.petalsearch.com/site/petalbot)" "tchealthsources.com"
114.119.136.113 - - [30/Sep/2022:00:44:59 -0700] "GET /TC%20Health%20Sources/yahoo_site_admin/cache?M=A HTTP/1.1" 301 1440 "https://tchealthsources.com/TC%20Health%20Sources/yahoo_site_admin/cache?S=A" "Mozilla/5.0 (Linux; Android 7.0;) AppleWebKit/537.36 (KHTML, like Gecko) Mobile Safari/537.36 (compatible; PetalBot;+https://webmaster.petalsearch.com/site/petalbot)" "tchealthsources.com"
114.119.136.113 - - [30/Sep/2022:00:45:01 -0700] "GET /TC%20Health%20Sources/yahoo_site_admin/cache/?M=A HTTP/1.1" 200 350 "https://tchealthsources.com/TC%20Health%20Sources/yahoo_site_admin/cache?S=A" "Mozilla/5.0 (Linux; Android 7.0;) AppleWebKit/537.36 (KHTML, like Gecko) Mobile Safari/537.36 (compatible; PetalBot;+https://webmaster.petalsearch.com/site/petalbot)" "tchealthsources.com"
114.119.136.109 - - [30/Sep/2022:00:50:31 -0700] "GET /TC%20Health%20Sources/includes/ice?C=S%3BO%3DA HTTP/1.1" 301 1442 "https://tchealthsources.com/TC%20Health%20Sources/includes/ice?D=D" "Mozilla/5.0 (Linux; Android 7.0;) AppleWebKit/537.36 (KHTML, like Gecko) Mobile Safari/537.36 (compatible; PetalBot;+https://webmaster.petalsearch.com/site/petalbot)" "tchealthsources.com"
114.119.136.109 - - [30/Sep/2022:00:50:31 -0700] "GET /TC%20Health%20Sources/includes/ice/?C=S%3BO%3DA HTTP/1.1" 200 439 "https://tchealthsources.com/TC%20Health%20Sources/includes/ice?D=D" "Mozilla/5.0 (Linux; Android 7.0;) AppleWebKit/537.36 (KHTML, like Gecko) Mobile Safari/537.36 (compatible; PetalBot;+https://webmaster.petalsearch.com/site/petalbot)" "tchealthsources.com"
114.119.136.12 - - [30/Sep/2022:00:55:59 -0700] "GET /TC%20Health%20Sources/sitebuilder/images?C=M%3BO%3DA HTTP/1.1" 301 1447 "https://tchealthsources.com/TC%20Health%20Sources/sitebuilder/images?S=D" "Mozilla/5.0 (Linux; Android 7.0;) AppleWebKit/537.36 (KHTML, like Gecko) Mobile Safari/537.36 (compatible; PetalBot;+https://webmaster.petalsearch.com/site/petalbot)" "tchealthsources.com"
114.119.136.12 - - [30/Sep/2022:00:56:00 -0700] "GET /TC%20Health%20Sources/sitebuilder/images/?C=M%3BO%3DA HTTP/1.1" 200 2382 "https://tchealthsources.com/TC%20Health%20Sources/sitebuilder/images?S=D" "Mozilla/5.0 (Linux; Android 7.0;) AppleWebKit/537.36 (KHTML, like Gecko) Mobile Safari/537.36 (compatible; PetalBot;+https://webmaster.petalsearch.com/site/petalbot)" "tchealthsources.com"
114.119.136.12 - - [30/Sep/2022:01:01:29 -0700] "GET /TC%20Health%20Sources/yahoo_site_admin1/assets/images?S=A HTTP/1.1" 301 1447 "https://tchealthsources.com/TC%20Health%20Sources/yahoo_site_admin1/assets/images?D=D" "Mozilla/5.0 (Linux; Android 7.0;) AppleWebKit/537.36 (KHTML, like Gecko) Mobile Safari/537.36 (compatible; PetalBot;+https://webmaster.petalsearch.com/site/petalbot)" "tchealthsources.com"
114.119.136.12 - - [30/Sep/2022:01:01:30 -0700] "GET /TC%20Health%20Sources/yahoo_site_admin1/assets/images/?S=A HTTP/1.1" 200 357 "https://tchealthsources.com/TC%20Health%20Sources/yahoo_site_admin1/assets/images?D=D" "Mozilla/5.0 (Linux; Android 7.0;) AppleWebKit/537.36 (KHTML, like Gecko) Mobile Safari/537.36 (compatible; PetalBot;+https://webmaster.petalsearch.com/site/petalbot)" "tchealthsources.com"
114.119.136.134 - - [30/Sep/2022:01:07:01 -0700] "GET /TC%20Health%20Sources/logs/access_160322.log HTTP/1.1" 200 1052 "https://tchealthsources.com/TC%20Health%20Sources/logs?C=D%3BO%3DA" "Mozilla/5.0 (Linux; Android 7.0;) AppleWebKit/537.36 (KHTML, like Gecko) Mobile Safari/537.36 (compatible; PetalBot;+https://webmaster.petalsearch.com/site/petalbot)" "tchealthsources.com"
114.119.136.113 - - [30/Sep/2022:01:12:29 -0700] "GET /TC%20Health%20Sources/logs/access_160304.log HTTP/1.1" 200 1092 "https://tchealthsources.com/TC%20Health%20Sources/logs?C=D%3BO%3DA" "Mozilla/5.0 (Linux; Android 7.0;) AppleWebKit/537.36 (KHTML, like Gecko) Mobile Safari/537.36 (compatible; PetalBot;+https://webmaster.petalsearch.com/site/petalbot)" "tchealthsources.com"
114.119.136.13 - - [30/Sep/2022:01:17:57 -0700] "GET /TC%20Health%20Sources/yahoo_site_admin1/assets/images HTTP/1.1" 301 1442 "https://tchealthsources.com/TC%20Health%20Sources/yahoo_site_admin1/assets?N=A" "Mozilla/5.0 (Linux; Android 7.0;) AppleWebKit/537.36 (KHTML, like Gecko) Mobile Safari/537.36 (compatible; PetalBot;+https://webmaster.petalsearch.com/site/petalbot)" "tchealthsources.com"
114.119.136.13 - - [30/Sep/2022:01:17:58 -0700] "GET /TC%20Health%20Sources/yahoo_site_admin1/assets/images/ HTTP/1.1" 200 357 "https://tchealthsources.com/TC%20Health%20Sources/yahoo_site_admin1/assets?N=A" "Mozilla/5.0 (Linux; Android 7.0;) AppleWebKit/537.36 (KHTML, like Gecko) Mobile Safari/537.36 (compatible; PetalBot;+https://webmaster.petalsearch.com/site/petalbot)" "tchealthsources.com"
114.119.136.13 - - [30/Sep/2022:01:23:26 -0700] "GET /TC%20Health%20Sources/sitebuilder/scripts/?C=D%3BO%3DA HTTP/1.1" 200 399 "https://tchealthsources.com/TC%20Health%20Sources/sitebuilder/scripts/?C=M%3BO%3DA" "Mozilla/5.0 (Linux; Android 7.0;) AppleWebKit/537.36 (KHTML, like Gecko) Mobile Safari/537.36 (compatible; PetalBot;+https://webmaster.petalsearch.com/site/petalbot)" "tchealthsources.com"
114.119.136.113 - - [30/Sep/2022:01:28:55 -0700] "GET /TC%20Health%20Sources/tmp HTTP/1.1" 301 1424 "https://tchealthsources.com/TC%20Health%20Sources?M=A" "Mozilla/5.0 (Linux; Android 7.0;) AppleWebKit/537.36 (KHTML, like Gecko) Mobile Safari/537.36 (compatible; PetalBot;+https://webmaster.petalsearch.com/site/petalbot)" "tchealthsources.com"
114.119.136.113 - - [30/Sep/2022:01:28:56 -0700] "GET /TC%20Health%20Sources/tmp/ HTTP/1.1" 200 386 "https://tchealthsources.com/TC%20Health%20Sources?M=A" "Mozilla/5.0 (Linux; Android 7.0;) AppleWebKit/537.36 (KHTML, like Gecko) Mobile Safari/537.36 (compatible; PetalBot;+https://webmaster.petalsearch.com/site/petalbot)" "tchealthsources.com"
114.119.136.128 - - [30/Sep/2022:01:34:22 -0700] "GET /clipart/buttons?C=D%3BO%3DA HTTP/1.1" 301 1428 "http://tchealthsources.com/clipart/buttons?M=D" "Mozilla/5.0 (Linux; Android 7.0;) AppleWebKit/537.36 (KHTML, like Gecko) Mobile Safari/537.36 (compatible; PetalBot;+https://webmaster.petalsearch.com/site/petalbot)" "tchealthsources.com"
114.119.136.128 - - [30/Sep/2022:01:34:22 -0700] "GET /clipart/buttons/?C=D%3BO%3DA HTTP/1.1" 200 360 "http://tchealthsources.com/clipart/buttons?M=D" "Mozilla/5.0 (Linux; Android 7.0;) AppleWebKit/537.36 (KHTML, like Gecko) Mobile Safari/537.36 (compatible; PetalBot;+https://webmaster.petalsearch.com/site/petalbot)" "tchealthsources.com"
114.119.134.224 - - [30/Sep/2022:01:39:51 -0700] "GET /clipart/buttons/themes/view-screen?D=A HTTP/1.1" 301 1434 "http://tchealthsources.com/clipart/buttons/themes/view-screen" "Mozilla/5.0 (Linux; Android 7.0;) AppleWebKit/537.36 (KHTML, like Gecko) Mobile Safari/537.36 (compatible; PetalBot;+https://webmaster.petalsearch.com/site/petalbot)" "tchealthsources.com"
114.119.134.224 - - [30/Sep/2022:01:39:51 -0700] "GET /clipart/buttons/themes/view-screen/?D=A HTTP/1.1" 200 433 "http://tchealthsources.com/clipart/buttons/themes/view-screen" "Mozilla/5.0 (Linux; Android 7.0;) AppleWebKit/537.36 (KHTML, like Gecko) Mobile Safari/537.36 (compatible; PetalBot;+https://webmaster.petalsearch.com/site/petalbot)" "tchealthsources.com"
114.119.136.113 - - [30/Sep/2022:01:45:20 -0700] "GET /TC%20Health%20Sources/images?C=D%3BO%3DA HTTP/1.1" 301 1434 "https://tchealthsources.com/TC%20Health%20Sources/images" "Mozilla/5.0 (Linux; Android 7.0;) AppleWebKit/537.36 (KHTML, like Gecko) Mobile Safari/537.36 (compatible; PetalBot;+https://webmaster.petalsearch.com/site/petalbot)" "tchealthsources.com"
114.119.136.113 - - [30/Sep/2022:01:45:20 -0700] "GET /TC%20Health%20Sources/images/?C=D%3BO%3DA HTTP/1.1" 200 1393 "https://tchealthsources.com/TC%20Health%20Sources/images" "Mozilla/5.0 (Linux; Android 7.0;) AppleWebKit/537.36 (KHTML, like Gecko) Mobile Safari/537.36 (compatible; PetalBot;+https://webmaster.petalsearch.com/site/petalbot)" "tchealthsources.com"
14.116.150.68 - - [30/Sep/2022:01:48:37 -0700] "GET / HTTP/1.1" 200 493 "-" "Mozilla/5.0 (iPhone; CPU iPhone OS 13_2_3 like Mac OS X) AppleWebKit/605.1.15 (KHTML, like Gecko) Version/13.0.3 Mobile/15E148 Safari/604.1" "www.tchealthsources.com"
114.119.136.12 - - [30/Sep/2022:01:50:47 -0700] "GET /TC%20Health%20Sources/yahoo_site_admin/logs?C=N%3BO%3DD HTTP/1.1" 301 1449 "https://tchealthsources.com/TC%20Health%20Sources/yahoo_site_admin/logs" "Mozilla/5.0 (Linux; Android 7.0;) AppleWebKit/537.36 (KHTML, like Gecko) Mobile Safari/537.36 (compatible; PetalBot;+https://webmaster.petalsearch.com/site/petalbot)" "tchealthsources.com"
114.119.136.12 - - [30/Sep/2022:01:50:48 -0700] "GET /TC%20Health%20Sources/yahoo_site_admin/logs/?C=N%3BO%3DD HTTP/1.1" 200 396 "https://tchealthsources.com/TC%20Health%20Sources/yahoo_site_admin/logs" "Mozilla/5.0 (Linux; Android 7.0;) AppleWebKit/537.36 (KHTML, like Gecko) Mobile Safari/537.36 (compatible; PetalBot;+https://webmaster.petalsearch.com/site/petalbot)" "tchealthsources.com"
114.119.136.113 - - [30/Sep/2022:01:56:15 -0700] "GET /TC%20Health%20Sources/logs?C=S%3BO%3DA HTTP/1.1" 301 1438 "https://tchealthsources.com/TC%20Health%20Sources/logs?D=A" "Mozilla/5.0 (Linux; Android 7.0;) AppleWebKit/537.36 (KHTML, like Gecko) Mobile Safari/537.36 (compatible; PetalBot;+https://webmaster.petalsearch.com/site/petalbot)" "tchealthsources.com"
114.119.136.113 - - [30/Sep/2022:01:56:16 -0700] "GET /TC%20Health%20Sources/logs/?C=S%3BO%3DA HTTP/1.1" 200 1066 "https://tchealthsources.com/TC%20Health%20Sources/logs?D=A" "Mozilla/5.0 (Linux; Android 7.0;) AppleWebKit/537.36 (KHTML, like Gecko) Mobile Safari/537.36 (compatible; PetalBot;+https://webmaster.petalsearch.com/site/petalbot)" "tchealthsources.com"
114.119.136.113 - - [30/Sep/2022:02:01:43 -0700] "GET /TC%20Health%20Sources/yahoo_site_admin1/credentials?D=A HTTP/1.1" 301 1445 "https://tchealthsources.com/TC%20Health%20Sources/yahoo_site_admin1/credentials?N=D" "Mozilla/5.0 (Linux; Android 7.0;) AppleWebKit/537.36 (KHTML, like Gecko) Mobile Safari/537.36 (compatible; PetalBot;+https://webmaster.petalsearch.com/site/petalbot)" "tchealthsources.com"
114.119.136.113 - - [30/Sep/2022:02:01:44 -0700] "GET /TC%20Health%20Sources/yahoo_site_admin1/credentials/?D=A HTTP/1.1" 200 400 "https://tchealthsources.com/TC%20Health%20Sources/yahoo_site_admin1/credentials?N=D" "Mozilla/5.0 (Linux; Android 7.0;) AppleWebKit/537.36 (KHTML, like Gecko) Mobile Safari/537.36 (compatible; PetalBot;+https://webmaster.petalsearch.com/site/petalbot)" "tchealthsources.com"
114.119.136.13 - - [30/Sep/2022:02:07:08 -0700] "GET /TC%20Health%20Sources/yahoo_site_admin/assets HTTP/1.1" 301 1437 "https://tchealthsources.com/TC%20Health%20Sources/yahoo_site_admin?D=A" "Mozilla/5.0 (Linux; Android 7.0;) AppleWebKit/537.36 (KHTML, like Gecko) Mobile Safari/537.36 (compatible; PetalBot;+https://webmaster.petalsearch.com/site/petalbot)" "tchealthsources.com"
114.119.136.13 - - [30/Sep/2022:02:07:09 -0700] "GET /TC%20Health%20Sources/yahoo_site_admin/assets/ HTTP/1.1" 200 389 "https://tchealthsources.com/TC%20Health%20Sources/yahoo_site_admin?D=A" "Mozilla/5.0 (Linux; Android 7.0;) AppleWebKit/537.36 (KHTML, like Gecko) Mobile Safari/537.36 (compatible; PetalBot;+https://webmaster.petalsearch.com/site/petalbot)" "tchealthsources.com"
114.119.134.224 - - [30/Sep/2022:02:18:04 -0700] "GET /TC%20Health%20Sources/yahoo_site_admin/credentials?S=D HTTP/1.1" 301 1444 "https://tchealthsources.com/TC%20Health%20Sources/yahoo_site_admin/credentials?S=A" "Mozilla/5.0 (Linux; Android 7.0;) AppleWebKit/537.36 (KHTML, like Gecko) Mobile Safari/537.36 (compatible; PetalBot;+https://webmaster.petalsearch.com/site/petalbot)" "tchealthsources.com"
114.119.134.224 - - [30/Sep/2022:02:18:06 -0700] "GET /TC%20Health%20Sources/yahoo_site_admin/credentials/?S=D HTTP/1.1" 200 399 "https://tchealthsources.com/TC%20Health%20Sources/yahoo_site_admin/credentials?S=A" "Mozilla/5.0 (Linux; Android 7.0;) AppleWebKit/537.36 (KHTML, like Gecko) Mobile Safari/537.36 (compatible; PetalBot;+https://webmaster.petalsearch.com/site/petalbot)" "tchealthsources.com"
114.119.134.224 - - [30/Sep/2022:02:23:30 -0700] "GET /clipart/buttons/themes/simple?C=S%3BO%3DA HTTP/1.1" 301 1437 "http://tchealthsources.com/clipart/buttons/themes/simple?C=N%3BO%3DD" "Mozilla/5.0 (Linux; Android 7.0;) AppleWebKit/537.36 (KHTML, like Gecko) Mobile Safari/537.36 (compatible; PetalBot;+https://webmaster.petalsearch.com/site/petalbot)" "tchealthsources.com"
114.119.134.224 - - [30/Sep/2022:02:23:31 -0700] "GET /clipart/buttons/themes/simple/?C=S%3BO%3DA HTTP/1.1" 200 417 "http://tchealthsources.com/clipart/buttons/themes/simple?C=N%3BO%3DD" "Mozilla/5.0 (Linux; Android 7.0;) AppleWebKit/537.36 (KHTML, like Gecko) Mobile Safari/537.36 (compatible; PetalBot;+https://webmaster.petalsearch.com/site/petalbot)" "tchealthsources.com"
114.119.136.134 - - [30/Sep/2022:02:28:57 -0700] "GET /TC%20Health%20Sources/logs/access_160505.log HTTP/1.1" 200 933 "https://tchealthsources.com/TC%20Health%20Sources/logs?C=D%3BO%3DA" "Mozilla/5.0 (Linux; Android 7.0;) AppleWebKit/537.36 (KHTML, like Gecko) Mobile Safari/537.36 (compatible; PetalBot;+https://webmaster.petalsearch.com/site/petalbot)" "tchealthsources.com"
114.119.136.128 - - [30/Sep/2022:02:34:27 -0700] "GET /TC%20Health%20Sources/clipart/images/general?N=A HTTP/1.1" 301 1441 "https://tchealthsources.com/TC%20Health%20Sources/clipart/images/general?M=A" "Mozilla/5.0 (Linux; Android 7.0;) AppleWebKit/537.36 (KHTML, like Gecko) Mobile Safari/537.36 (compatible; PetalBot;+https://webmaster.petalsearch.com/site/petalbot)" "tchealthsources.com"
114.119.136.128 - - [30/Sep/2022:02:34:28 -0700] "GET /TC%20Health%20Sources/clipart/images/general/?N=A HTTP/1.1" 200 403 "https://tchealthsources.com/TC%20Health%20Sources/clipart/images/general?M=A" "Mozilla/5.0 (Linux; Android 7.0;) AppleWebKit/537.36 (KHTML, like Gecko) Mobile Safari/537.36 (compatible; PetalBot;+https://webmaster.petalsearch.com/site/petalbot)" "tchealthsources.com"
114.119.136.128 - - [30/Sep/2022:02:39:55 -0700] "GET /clipart/buttons/themes/swoosh_blue?C=N%3BO%3DD HTTP/1.1" 301 1445 "http://tchealthsources.com/clipart/buttons/themes/swoosh_blue?M=D" "Mozilla/5.0 (Linux; Android 7.0;) AppleWebKit/537.36 (KHTML, like Gecko) Mobile Safari/537.36 (compatible; PetalBot;+https://webmaster.petalsearch.com/site/petalbot)" "tchealthsources.com"
114.119.136.128 - - [30/Sep/2022:02:39:55 -0700] "GET /clipart/buttons/themes/swoosh_blue/?C=N%3BO%3DD HTTP/1.1" 200 419 "http://tchealthsources.com/clipart/buttons/themes/swoosh_blue?M=D" "Mozilla/5.0 (Linux; Android 7.0;) AppleWebKit/537.36 (KHTML, like Gecko) Mobile Safari/537.36 (compatible; PetalBot;+https://webmaster.petalsearch.com/site/petalbot)" "tchealthsources.com"
114.119.136.128 - - [30/Sep/2022:02:45:25 -0700] "GET /TC%20Health%20Sources/clipart/images/general?S=A HTTP/1.1" 301 1441 "https://tchealthsources.com/TC%20Health%20Sources/clipart/images/general?M=A" "Mozilla/5.0 (Linux; Android 7.0;) AppleWebKit/537.36 (KHTML, like Gecko) Mobile Safari/537.36 (compatible; PetalBot;+https://webmaster.petalsearch.com/site/petalbot)" "tchealthsources.com"
114.119.136.128 - - [30/Sep/2022:02:45:26 -0700] "GET /TC%20Health%20Sources/clipart/images/general/?S=A HTTP/1.1" 200 403 "https://tchealthsources.com/TC%20Health%20Sources/clipart/images/general?M=A" "Mozilla/5.0 (Linux; Android 7.0;) AppleWebKit/537.36 (KHTML, like Gecko) Mobile Safari/537.36 (compatible; PetalBot;+https://webmaster.petalsearch.com/site/petalbot)" "tchealthsources.com"
114.119.136.12 - - [30/Sep/2022:02:50:52 -0700] "GET /TC%20Health%20Sources/clipart/buttons/themes/sky_blue/ HTTP/1.1" 200 445 "https://tchealthsources.com/TC%20Health%20Sources/clipart/buttons/themes?N=D" "Mozilla/5.0 (Linux; Android 7.0;) AppleWebKit/537.36 (KHTML, like Gecko) Mobile Safari/537.36 (compatible; PetalBot;+https://webmaster.petalsearch.com/site/petalbot)" "tchealthsources.com"
114.119.134.224 - - [30/Sep/2022:02:56:18 -0700] "GET /TC%20Health%20Sources/sitebuilder/scripts?M=D HTTP/1.1" 301 1439 "https://tchealthsources.com/TC%20Health%20Sources/sitebuilder/scripts?M=A" "Mozilla/5.0 (Linux; Android 7.0;) AppleWebKit/537.36 (KHTML, like Gecko) Mobile Safari/537.36 (compatible; PetalBot;+https://webmaster.petalsearch.com/site/petalbot)" "tchealthsources.com"
114.119.134.224 - - [30/Sep/2022:02:56:20 -0700] "GET /TC%20Health%20Sources/sitebuilder/scripts/?M=D HTTP/1.1" 200 399 "https://tchealthsources.com/TC%20Health%20Sources/sitebuilder/scripts?M=A" "Mozilla/5.0 (Linux; Android 7.0;) AppleWebKit/537.36 (KHTML, like Gecko) Mobile Safari/537.36 (compatible; PetalBot;+https://webmaster.petalsearch.com/site/petalbot)" "tchealthsources.com"
114.119.136.134 - - [30/Sep/2022:03:01:47 -0700] "GET /TC%20Health%20Sources/yahoo_site_admin/?C=D%3BO%3DA HTTP/1.1" 200 429 "https://tchealthsources.com/TC%20Health%20Sources/yahoo_site_admin?D=A" "Mozilla/5.0 (Linux; Android 7.0;) AppleWebKit/537.36 (KHTML, like Gecko) Mobile Safari/537.36 (compatible; PetalBot;+https://webmaster.petalsearch.com/site/petalbot)" "tchealthsources.com"
114.119.136.134 - - [30/Sep/2022:03:07:12 -0700] "GET /TC%20Health%20Sources/includes/ice?C=M%3BO%3DA HTTP/1.1" 301 1442 "https://tchealthsources.com/TC%20Health%20Sources/includes/ice?D=D" "Mozilla/5.0 (Linux; Android 7.0;) AppleWebKit/537.36 (KHTML, like Gecko) Mobile Safari/537.36 (compatible; PetalBot;+https://webmaster.petalsearch.com/site/petalbot)" "tchealthsources.com"
114.119.136.134 - - [30/Sep/2022:03:07:14 -0700] "GET /TC%20Health%20Sources/includes/ice/?C=M%3BO%3DA HTTP/1.1" 200 439 "https://tchealthsources.com/TC%20Health%20Sources/includes/ice?D=D" "Mozilla/5.0 (Linux; Android 7.0;) AppleWebKit/537.36 (KHTML, like Gecko) Mobile Safari/537.36 (compatible; PetalBot;+https://webmaster.petalsearch.com/site/petalbot)" "tchealthsources.com"
114.119.136.13 - - [30/Sep/2022:03:12:41 -0700] "GET /TC%20Health%20Sources/logs/access_160309.log HTTP/1.1" 200 1446 "https://tchealthsources.com/TC%20Health%20Sources/logs?C=D%3BO%3DA" "Mozilla/5.0 (Linux; Android 7.0;) AppleWebKit/537.36 (KHTML, like Gecko) Mobile Safari/537.36 (compatible; PetalBot;+https://webmaster.petalsearch.com/site/petalbot)" "tchealthsources.com"
114.119.134.224 - - [30/Sep/2022:03:18:08 -0700] "GET /clipart/buttons/themes/swoosh_blue?C=S%3BO%3DA HTTP/1.1" 301 1445 "http://tchealthsources.com/clipart/buttons/themes/swoosh_blue?M=D" "Mozilla/5.0 (Linux; Android 7.0;) AppleWebKit/537.36 (KHTML, like Gecko) Mobile Safari/537.36 (compatible; PetalBot;+https://webmaster.petalsearch.com/site/petalbot)" "tchealthsources.com"
114.119.134.224 - - [30/Sep/2022:03:18:08 -0700] "GET /clipart/buttons/themes/swoosh_blue/?C=S%3BO%3DA HTTP/1.1" 200 419 "http://tchealthsources.com/clipart/buttons/themes/swoosh_blue?M=D" "Mozilla/5.0 (Linux; Android 7.0;) AppleWebKit/537.36 (KHTML, like Gecko) Mobile Safari/537.36 (compatible; PetalBot;+https://webmaster.petalsearch.com/site/petalbot)" "tchealthsources.com"
114.119.136.12 - - [30/Sep/2022:03:23:35 -0700] "GET /clipart/buttons/themes?M=A HTTP/1.1" 301 1424 "http://tchealthsources.com/clipart/buttons/themes" "Mozilla/5.0 (Linux; Android 7.0;) AppleWebKit/537.36 (KHTML, like Gecko) Mobile Safari/537.36 (compatible; PetalBot;+https://webmaster.petalsearch.com/site/petalbot)" "tchealthsources.com"
114.119.136.12 - - [30/Sep/2022:03:23:36 -0700] "GET /clipart/buttons/themes/?M=A HTTP/1.1" 200 511 "http://tchealthsources.com/clipart/buttons/themes" "Mozilla/5.0 (Linux; Android 7.0;) AppleWebKit/537.36 (KHTML, like Gecko) Mobile Safari/537.36 (compatible; PetalBot;+https://webmaster.petalsearch.com/site/petalbot)" "tchealthsources.com"
114.119.136.13 - - [30/Sep/2022:03:29:02 -0700] "GET /TC%20Health%20Sources/clipart/buttons/themes HTTP/1.1" 301 1437 "https://tchealthsources.com/TC%20Health%20Sources/clipart/buttons/themes/view-screen?C=S%3BO%3DA" "Mozilla/5.0 (Linux; Android 7.0;) AppleWebKit/537.36 (KHTML, like Gecko) Mobile Safari/537.36 (compatible; PetalBot;+https://webmaster.petalsearch.com/site/petalbot)" "tchealthsources.com"
114.119.136.13 - - [30/Sep/2022:03:29:03 -0700] "GET /TC%20Health%20Sources/clipart/buttons/themes/ HTTP/1.1" 200 479 "https://tchealthsources.com/TC%20Health%20Sources/clipart/buttons/themes/view-screen?C=S%3BO%3DA" "Mozilla/5.0 (Linux; Android 7.0;) AppleWebKit/537.36 (KHTML, like Gecko) Mobile Safari/537.36 (compatible; PetalBot;+https://webmaster.petalsearch.com/site/petalbot)" "tchealthsources.com"
114.119.134.224 - - [30/Sep/2022:03:34:28 -0700] "GET /_private/ HTTP/1.1" 403 170 "http://tchealthsources.com/?C=S%3BO%3DA" "Mozilla/5.0 (Linux; Android 7.0;) AppleWebKit/537.36 (KHTML, like Gecko) Mobile Safari/537.36 (compatible; PetalBot;+https://webmaster.petalsearch.com/site/petalbot)" "tchealthsources.com"
114.119.134.224 - - [30/Sep/2022:03:39:57 -0700] "GET /clipart/buttons/themes/gray/?C=D%3BO%3DA HTTP/1.1" 200 409 "http://tchealthsources.com/clipart/buttons/themes/gray?C=N%3BO%3DD" "Mozilla/5.0 (Linux; Android 7.0;) AppleWebKit/537.36 (KHTML, like Gecko) Mobile Safari/537.36 (compatible; PetalBot;+https://webmaster.petalsearch.com/site/petalbot)" "tchealthsources.com"
20.23.232.215 - - [30/Sep/2022:04:50:12 -0700] "GET / HTTP/1.1" 200 1331 "-" "Mozilla/5.0 (Windows NT 10.0; Win64; x64) AppleWebKit/537.36 (KHTML, like Gecko) Chrome/88.0.4240.193 Safari/537.36" "tchealthsources.com"
20.23.232.215 - - [30/Sep/2022:04:50:13 -0700] "GET / HTTP/1.1" 200 1331 "-" "Mozilla/5.0 (Windows NT 10.0; Win64; x64) AppleWebKit/537.36 (KHTML, like Gecko) Chrome/88.0.4240.193 Safari/537.36" "tchealthsources.com"
20.23.232.215 - - [30/Sep/2022:04:51:14 -0700] "GET /xmlrpc.php?rsd HTTP/1.1" 404 73 "-" "Mozilla/5.0 (Windows NT 10.0; Win64; x64) AppleWebKit/537.36 (KHTML, like Gecko) Chrome/88.0.4240.193 Safari/537.36" "tchealthsources.com"
20.23.232.215 - - [30/Sep/2022:04:51:14 -0700] "GET / HTTP/1.1" 200 1331 "-" "Mozilla/5.0 (Windows NT 10.0; Win64; x64) AppleWebKit/537.36 (KHTML, like Gecko) Chrome/88.0.4240.193 Safari/537.36" "tchealthsources.com"
20.23.232.215 - - [30/Sep/2022:04:51:17 -0700] "GET /blog/wp-includes/wlwmanifest.xml HTTP/1.1" 404 73 "-" "Mozilla/5.0 (Windows NT 10.0; Win64; x64) AppleWebKit/537.36 (KHTML, like Gecko) Chrome/88.0.4240.193 Safari/537.36" "tchealthsources.com"
20.23.232.215 - - [30/Sep/2022:04:51:17 -0700] "GET /web/wp-includes/wlwmanifest.xml HTTP/1.1" 404 73 "-" "Mozilla/5.0 (Windows NT 10.0; Win64; x64) AppleWebKit/537.36 (KHTML, like Gecko) Chrome/88.0.4240.193 Safari/537.36" "tchealthsources.com"
